CRAN Package Check Results for Package RcmdrPlugin.orloca

Last updated on 2017-02-26 17:51:39.

Flavor Version Tinstall Tcheck Ttotal Status Flags
r-devel-linux-x86_64-debian-clang 4.1 5.27 58.81 64.08 NOTE
r-devel-linux-x86_64-debian-gcc 4.1 5.35 60.14 65.49 NOTE
r-devel-linux-x86_64-fedora-clang 4.1 134.56 NOTE --no-stop-on-test-error
r-devel-linux-x86_64-fedora-gcc 4.1 133.55 NOTE --no-stop-on-test-error
r-devel-macos-x86_64-clang 4.1 108.23 NOTE --no-stop-on-test-error
r-devel-windows-ix86+x86_64 4.1 49.00 160.00 209.00 NOTE
r-patched-linux-x86_64 4.1 5.42 53.22 58.64 NOTE
r-patched-solaris-sparc 4.1 723.80 NOTE
r-patched-solaris-x86 4.1 161.60 NOTE
r-release-linux-x86_64 4.1 5.39 53.85 59.24 NOTE
r-release-osx-x86_64-mavericks 4.1 WARN
r-release-windows-ix86+x86_64 4.1 40.00 167.00 207.00 NOTE
r-oldrel-windows-ix86+x86_64 4.1 49.00 97.00 146.00 NOTE

Check Details

Version: 4.1
Check: dependencies in R code
Result: NOTE
    Packages in Depends field not imported from:
     ‘orloca’ ‘orloca.es’
     These packages need to be imported from (in the NAMESPACE file)
     for when this namespace is loaded but not attached.
Flavors: r-devel-linux-x86_64-debian-clang, r-devel-linux-x86_64-debian-gcc, r-devel-windows-ix86+x86_64, r-patched-linux-x86_64, r-patched-solaris-sparc, r-patched-solaris-x86, r-release-linux-x86_64, r-release-windows-ix86+x86_64, r-oldrel-windows-ix86+x86_64

Version: 4.1
Check: R code for possible problems
Result: NOTE
    Rcmdr.new.loca.p: no visible binding for global variable ‘top’
    Rcmdr.new.loca.p: no visible binding for global variable ‘buttonsFrame’
    Rcmdr.orloca.norm: no visible binding for global variable ‘top’
    Rcmdr.orloca.norm : onOK: no visible binding for global variable
     ‘normaVariable’
    Rcmdr.orloca.norm: no visible binding for global variable ‘normaFrame’
    Rcmdr.orloca.norm: no visible binding for global variable
     ‘buttonsFrame’
    Rcmdr.rloca.p: no visible binding for global variable ‘top’
    Rcmdr.rloca.p: no visible binding for global variable ‘buttonsFrame’
    Rcmdr.zsum: no visible binding for global variable ‘top’
    Rcmdr.zsum: no visible binding for global variable ‘buttonsFrame’
    Rcmdr.zsummin: no visible binding for global variable ‘top’
    Rcmdr.zsummin : onOK: no visible binding for global variable
     ‘algorithmVariable’
    Rcmdr.zsummin : onOK: no visible binding for global variable ‘.sol’
    Rcmdr.zsummin: no visible binding for global variable ‘algorithmFrame’
    Rcmdr.zsummin: no visible binding for global variable ‘buttonsFrame’
    Undefined global functions or variables:
     .sol algorithmFrame algorithmVariable buttonsFrame normaFrame
     normaVariable top
Flavors: r-devel-linux-x86_64-debian-clang, r-devel-linux-x86_64-debian-gcc, r-devel-windows-ix86+x86_64, r-patched-linux-x86_64, r-patched-solaris-sparc, r-patched-solaris-x86, r-release-linux-x86_64, r-release-windows-ix86+x86_64

Version: 4.1
Flags: --no-stop-on-test-error
Check: dependencies in R code
Result: NOTE
    Packages in Depends field not imported from:
     ‘orloca’ ‘orloca.es’
     These packages need to be imported from (in the NAMESPACE file)
     for when this namespace is loaded but not attached.
Flavors: r-devel-linux-x86_64-fedora-clang, r-devel-linux-x86_64-fedora-gcc, r-devel-macos-x86_64-clang

Version: 4.1
Flags: --no-stop-on-test-error
Check: R code for possible problems
Result: NOTE
    Rcmdr.new.loca.p: no visible binding for global variable ‘top’
    Rcmdr.new.loca.p: no visible binding for global variable ‘buttonsFrame’
    Rcmdr.orloca.norm: no visible binding for global variable ‘top’
    Rcmdr.orloca.norm : onOK: no visible binding for global variable
     ‘normaVariable’
    Rcmdr.orloca.norm: no visible binding for global variable ‘normaFrame’
    Rcmdr.orloca.norm: no visible binding for global variable
     ‘buttonsFrame’
    Rcmdr.rloca.p: no visible binding for global variable ‘top’
    Rcmdr.rloca.p: no visible binding for global variable ‘buttonsFrame’
    Rcmdr.zsum: no visible binding for global variable ‘top’
    Rcmdr.zsum: no visible binding for global variable ‘buttonsFrame’
    Rcmdr.zsummin: no visible binding for global variable ‘top’
    Rcmdr.zsummin : onOK: no visible binding for global variable
     ‘algorithmVariable’
    Rcmdr.zsummin : onOK: no visible binding for global variable ‘.sol’
    Rcmdr.zsummin: no visible binding for global variable ‘algorithmFrame’
    Rcmdr.zsummin: no visible binding for global variable ‘buttonsFrame’
    Undefined global functions or variables:
     .sol algorithmFrame algorithmVariable buttonsFrame normaFrame
     normaVariable top
Flavors: r-devel-linux-x86_64-fedora-clang, r-devel-linux-x86_64-fedora-gcc, r-devel-macos-x86_64-clang

Version: 4.1
Check: dependencies in R code
Result: NOTE
    Invalid MIT-MAGIC-COOKIE-1 keyPackages in Depends field not imported from:
     ‘orloca’ ‘orloca.es’
     These packages need to be imported from (in the NAMESPACE file)
     for when this namespace is loaded but not attached.
Flavor: r-release-osx-x86_64-mavericks

Version: 4.1
Check: S3 generic/method consistency
Result: WARN
    Invalid MIT-MAGIC-COOKIE-1 key
    See section ‘Generic functions and methods’ in the ‘Writing R
    Extensions’ manual.
Flavor: r-release-osx-x86_64-mavericks

Version: 4.1
Check: replacement functions
Result: WARN
    Invalid MIT-MAGIC-COOKIE-1 key
    The argument of a replacement function which corresponds to the right
    hand side must be named ‘value’.
Flavor: r-release-osx-x86_64-mavericks

Version: 4.1
Check: foreign function calls
Result: NOTE
    Invalid MIT-MAGIC-COOKIE-1 key
    See chapter ‘System and foreign language interfaces’ in the ‘Writing R
    Extensions’ manual.
Flavor: r-release-osx-x86_64-mavericks

Version: 4.1
Check: R code for possible problems
Result: NOTE
    Invalid MIT-MAGIC-COOKIE-1 keyRcmdr.new.loca.p: no visible binding for global variable ‘top’
    Rcmdr.new.loca.p: no visible binding for global variable ‘buttonsFrame’
    Rcmdr.orloca.norm: no visible binding for global variable ‘top’
    Rcmdr.orloca.norm : onOK: no visible binding for global variable
     ‘normaVariable’
    Rcmdr.orloca.norm: no visible binding for global variable ‘normaFrame’
    Rcmdr.orloca.norm: no visible binding for global variable
     ‘buttonsFrame’
    Rcmdr.rloca.p: no visible binding for global variable ‘top’
    Rcmdr.rloca.p: no visible binding for global variable ‘buttonsFrame’
    Rcmdr.zsum: no visible binding for global variable ‘top’
    Rcmdr.zsum: no visible binding for global variable ‘buttonsFrame’
    Rcmdr.zsummin: no visible binding for global variable ‘top’
    Rcmdr.zsummin : onOK: no visible binding for global variable
     ‘algorithmVariable’
    Rcmdr.zsummin : onOK: no visible binding for global variable ‘.sol’
    Rcmdr.zsummin: no visible binding for global variable ‘algorithmFrame’
    Rcmdr.zsummin: no visible binding for global variable ‘buttonsFrame’
    Undefined global functions or variables:
     .sol algorithmFrame algorithmVariable buttonsFrame normaFrame
     normaVariable top
Flavor: r-release-osx-x86_64-mavericks

Version: 4.1
Check: for missing documentation entries
Result: WARN
    Invalid MIT-MAGIC-COOKIE-1 key
    All user-level objects in a package should have documentation entries.
    See chapter ‘Writing R documentation files’ in the ‘Writing R
    Extensions’ manual.
Flavor: r-release-osx-x86_64-mavericks

Version: 4.1
Check: for code/documentation mismatches
Result: WARN
    Invalid MIT-MAGIC-COOKIE-1 key
    Invalid MIT-MAGIC-COOKIE-1 key
    Invalid MIT-MAGIC-COOKIE-1 key
Flavor: r-release-osx-x86_64-mavericks

Version: 4.1
Check: Rd \usage sections
Result: NOTE
    Invalid MIT-MAGIC-COOKIE-1 key
    The \usage entries for S3 methods should use the \method markup and not
    their full name.
    See chapter ‘Writing R documentation files’ in the ‘Writing R
    Extensions’ manual.
Flavor: r-release-osx-x86_64-mavericks

Version: 4.1
Check: R code for possible problems
Result: NOTE
    Rcmdr.new.loca.p: no visible binding for global variable 'top'
    Rcmdr.new.loca.p: no visible binding for global variable 'buttonsFrame'
    Rcmdr.orloca.norm: no visible binding for global variable 'top'
    Rcmdr.orloca.norm : onOK: no visible binding for global variable
     'normaVariable'
    Rcmdr.orloca.norm: no visible binding for global variable 'normaFrame'
    Rcmdr.orloca.norm: no visible binding for global variable
     'buttonsFrame'
    Rcmdr.rloca.p: no visible binding for global variable 'top'
    Rcmdr.rloca.p: no visible binding for global variable 'buttonsFrame'
    Rcmdr.zsum: no visible binding for global variable 'top'
    Rcmdr.zsum: no visible binding for global variable 'buttonsFrame'
    Rcmdr.zsummin: no visible binding for global variable 'top'
    Rcmdr.zsummin : onOK: no visible binding for global variable
     'algorithmVariable'
    Rcmdr.zsummin : onOK: no visible binding for global variable '.sol'
    Rcmdr.zsummin: no visible binding for global variable 'algorithmFrame'
    Rcmdr.zsummin: no visible binding for global variable 'buttonsFrame'
Flavor: r-oldrel-windows-ix86+x86_64