CRAN Package Check Results for Package RcmdrPlugin.orloca

Last updated on 2016-04-29 11:48:40.

Flavor Version Tinstall Tcheck Ttotal Status Flags
r-devel-linux-x86_64-debian-gcc 4.1 5.02 49.48 54.50 NOTE
r-devel-linux-x86_64-fedora-clang 4.1 105.21 NOTE
r-devel-linux-x86_64-fedora-gcc 4.1 103.09 NOTE
r-devel-osx-x86_64-clang 4.1 119.26 NOTE
r-devel-windows-ix86+x86_64 4.1 46.00 97.00 143.00 NOTE
r-patched-linux-x86_64 4.1 4.72 50.32 55.04 NOTE
r-patched-solaris-sparc 4.1 626.10 NOTE
r-patched-solaris-x86 4.1 155.80 NOTE
r-release-linux-x86_64 4.1 5.70 56.51 62.22 NOTE
r-release-osx-x86_64-mavericks 4.1 NOTE
r-release-windows-ix86+x86_64 4.1 41.00 96.00 137.00 NOTE
r-oldrel-windows-ix86+x86_64 4.1 69.00 202.00 271.00 NOTE

Check Details

Version: 4.1
Check: dependencies in R code
Result: NOTE
    Packages in Depends field not imported from:
     ‘orloca’ ‘orloca.es’
     These packages need to be imported from (in the NAMESPACE file)
     for when this namespace is loaded but not attached.
Flavors: r-devel-linux-x86_64-debian-gcc, r-devel-linux-x86_64-fedora-clang, r-devel-linux-x86_64-fedora-gcc, r-devel-osx-x86_64-clang, r-devel-windows-ix86+x86_64, r-patched-linux-x86_64, r-patched-solaris-sparc, r-patched-solaris-x86, r-release-linux-x86_64, r-release-osx-x86_64-mavericks, r-release-windows-ix86+x86_64, r-oldrel-windows-ix86+x86_64

Version: 4.1
Check: R code for possible problems
Result: NOTE
    Rcmdr.new.loca.p: no visible binding for global variable ‘top’
    Rcmdr.new.loca.p: no visible binding for global variable ‘buttonsFrame’
    Rcmdr.orloca.norm: no visible binding for global variable ‘top’
    Rcmdr.orloca.norm : onOK: no visible binding for global variable
     ‘normaVariable’
    Rcmdr.orloca.norm: no visible binding for global variable ‘normaFrame’
    Rcmdr.orloca.norm: no visible binding for global variable
     ‘buttonsFrame’
    Rcmdr.rloca.p: no visible binding for global variable ‘top’
    Rcmdr.rloca.p: no visible binding for global variable ‘buttonsFrame’
    Rcmdr.zsum: no visible binding for global variable ‘top’
    Rcmdr.zsum: no visible binding for global variable ‘buttonsFrame’
    Rcmdr.zsummin: no visible binding for global variable ‘top’
    Rcmdr.zsummin : onOK: no visible binding for global variable
     ‘algorithmVariable’
    Rcmdr.zsummin : onOK: no visible binding for global variable ‘.sol’
    Rcmdr.zsummin: no visible binding for global variable ‘algorithmFrame’
    Rcmdr.zsummin: no visible binding for global variable ‘buttonsFrame’
    Undefined global functions or variables:
     .sol algorithmFrame algorithmVariable buttonsFrame normaFrame
     normaVariable top
Flavors: r-devel-linux-x86_64-debian-gcc, r-devel-linux-x86_64-fedora-clang, r-devel-linux-x86_64-fedora-gcc, r-devel-osx-x86_64-clang, r-devel-windows-ix86+x86_64, r-patched-linux-x86_64, r-patched-solaris-sparc, r-patched-solaris-x86

Version: 4.1
Check: R code for possible problems
Result: NOTE
    Rcmdr.new.loca.p: no visible binding for global variable ‘top’
    Rcmdr.new.loca.p: no visible binding for global variable ‘buttonsFrame’
    Rcmdr.orloca.norm: no visible binding for global variable ‘top’
    Rcmdr.orloca.norm : onOK: no visible binding for global variable
     ‘normaVariable’
    Rcmdr.orloca.norm: no visible binding for global variable ‘normaFrame’
    Rcmdr.orloca.norm: no visible binding for global variable
     ‘buttonsFrame’
    Rcmdr.rloca.p: no visible binding for global variable ‘top’
    Rcmdr.rloca.p: no visible binding for global variable ‘buttonsFrame’
    Rcmdr.zsum: no visible binding for global variable ‘top’
    Rcmdr.zsum: no visible binding for global variable ‘buttonsFrame’
    Rcmdr.zsummin: no visible binding for global variable ‘top’
    Rcmdr.zsummin : onOK: no visible binding for global variable
     ‘algorithmVariable’
    Rcmdr.zsummin : onOK: no visible binding for global variable ‘.sol’
    Rcmdr.zsummin: no visible binding for global variable ‘algorithmFrame’
    Rcmdr.zsummin: no visible binding for global variable ‘buttonsFrame’
Flavors: r-release-linux-x86_64, r-release-osx-x86_64-mavericks, r-release-windows-ix86+x86_64, r-oldrel-windows-ix86+x86_64