CRAN Package Check Results for Package RcmdrPlugin.orloca

Last updated on 2017-11-20 23:49:59 CET.

Flavor Version Tinstall Tcheck Ttotal Status Flags
r-devel-linux-x86_64-debian-clang 4.1 4.72 54.67 59.39 NOTE
r-devel-linux-x86_64-debian-gcc 4.1 6.44 133.85 140.29 NOTE
r-devel-linux-x86_64-fedora-clang 4.1 104.86 NOTE
r-devel-linux-x86_64-fedora-gcc 4.1 103.56 NOTE
r-devel-windows-ix86+x86_64 4.1 36.00 114.00 150.00 NOTE
r-patched-linux-x86_64 4.1 5.75 62.51 68.25 NOTE
r-patched-solaris-x86 4.1 214.00 NOTE
r-release-linux-x86_64 4.1 5.69 64.45 70.15 NOTE
r-release-windows-ix86+x86_64 4.1 47.00 102.00 149.00 NOTE
r-release-osx-x86_64 4.1 NOTE
r-oldrel-windows-ix86+x86_64 4.1 43.00 167.00 210.00 NOTE
r-oldrel-osx-x86_64 4.1 WARN

Check Details

Version: 4.1
Check: dependencies in R code
Result: NOTE
    Packages in Depends field not imported from:
     ‘orloca’ ‘orloca.es’
     These packages need to be imported from (in the NAMESPACE file)
     for when this namespace is loaded but not attached.
Flavors: r-devel-linux-x86_64-debian-clang, r-devel-linux-x86_64-debian-gcc, r-devel-linux-x86_64-fedora-clang, r-devel-linux-x86_64-fedora-gcc, r-devel-windows-ix86+x86_64, r-patched-linux-x86_64, r-patched-solaris-x86, r-release-linux-x86_64, r-release-windows-ix86+x86_64, r-release-osx-x86_64, r-oldrel-windows-ix86+x86_64

Version: 4.1
Check: R code for possible problems
Result: NOTE
    Rcmdr.new.loca.p: no visible binding for global variable ‘top’
    Rcmdr.new.loca.p: no visible binding for global variable ‘buttonsFrame’
    Rcmdr.orloca.norm: no visible binding for global variable ‘top’
    Rcmdr.orloca.norm : onOK: no visible binding for global variable
     ‘normaVariable’
    Rcmdr.orloca.norm: no visible binding for global variable ‘normaFrame’
    Rcmdr.orloca.norm: no visible binding for global variable
     ‘buttonsFrame’
    Rcmdr.rloca.p: no visible binding for global variable ‘top’
    Rcmdr.rloca.p: no visible binding for global variable ‘buttonsFrame’
    Rcmdr.zsum: no visible binding for global variable ‘top’
    Rcmdr.zsum: no visible binding for global variable ‘buttonsFrame’
    Rcmdr.zsummin: no visible binding for global variable ‘top’
    Rcmdr.zsummin : onOK: no visible binding for global variable
     ‘algorithmVariable’
    Rcmdr.zsummin : onOK: no visible binding for global variable ‘.sol’
    Rcmdr.zsummin: no visible binding for global variable ‘algorithmFrame’
    Rcmdr.zsummin: no visible binding for global variable ‘buttonsFrame’
    Undefined global functions or variables:
     .sol algorithmFrame algorithmVariable buttonsFrame normaFrame
     normaVariable top
Flavors: r-devel-linux-x86_64-debian-clang, r-devel-linux-x86_64-debian-gcc, r-devel-linux-x86_64-fedora-clang, r-devel-linux-x86_64-fedora-gcc, r-devel-windows-ix86+x86_64, r-patched-linux-x86_64, r-patched-solaris-x86, r-release-linux-x86_64, r-release-windows-ix86+x86_64, r-release-osx-x86_64, r-oldrel-windows-ix86+x86_64

Version: 4.1
Check: dependencies in R code
Result: NOTE
    Invalid MIT-MAGIC-COOKIE-1 keyPackages in Depends field not imported from:
     ‘orloca’ ‘orloca.es’
     These packages need to be imported from (in the NAMESPACE file)
     for when this namespace is loaded but not attached.
Flavor: r-oldrel-osx-x86_64

Version: 4.1
Check: S3 generic/method consistency
Result: WARN
    Invalid MIT-MAGIC-COOKIE-1 key
    See section ‘Generic functions and methods’ in the ‘Writing R
    Extensions’ manual.
Flavor: r-oldrel-osx-x86_64

Version: 4.1
Check: replacement functions
Result: WARN
    Invalid MIT-MAGIC-COOKIE-1 key
    The argument of a replacement function which corresponds to the right
    hand side must be named ‘value’.
Flavor: r-oldrel-osx-x86_64

Version: 4.1
Check: foreign function calls
Result: NOTE
    Invalid MIT-MAGIC-COOKIE-1 key
    See chapter ‘System and foreign language interfaces’ in the ‘Writing R
    Extensions’ manual.
Flavor: r-oldrel-osx-x86_64

Version: 4.1
Check: R code for possible problems
Result: NOTE
    Invalid MIT-MAGIC-COOKIE-1 keyRcmdr.new.loca.p: no visible binding for global variable ‘top’
    Rcmdr.new.loca.p: no visible binding for global variable ‘buttonsFrame’
    Rcmdr.orloca.norm: no visible binding for global variable ‘top’
    Rcmdr.orloca.norm : onOK: no visible binding for global variable
     ‘normaVariable’
    Rcmdr.orloca.norm: no visible binding for global variable ‘normaFrame’
    Rcmdr.orloca.norm: no visible binding for global variable
     ‘buttonsFrame’
    Rcmdr.rloca.p: no visible binding for global variable ‘top’
    Rcmdr.rloca.p: no visible binding for global variable ‘buttonsFrame’
    Rcmdr.zsum: no visible binding for global variable ‘top’
    Rcmdr.zsum: no visible binding for global variable ‘buttonsFrame’
    Rcmdr.zsummin: no visible binding for global variable ‘top’
    Rcmdr.zsummin : onOK: no visible binding for global variable
     ‘algorithmVariable’
    Rcmdr.zsummin : onOK: no visible binding for global variable ‘.sol’
    Rcmdr.zsummin: no visible binding for global variable ‘algorithmFrame’
    Rcmdr.zsummin: no visible binding for global variable ‘buttonsFrame’
    Undefined global functions or variables:
     .sol algorithmFrame algorithmVariable buttonsFrame normaFrame
     normaVariable top
Flavor: r-oldrel-osx-x86_64

Version: 4.1
Check: for missing documentation entries
Result: WARN
    Invalid MIT-MAGIC-COOKIE-1 key
    All user-level objects in a package should have documentation entries.
    See chapter ‘Writing R documentation files’ in the ‘Writing R
    Extensions’ manual.
Flavor: r-oldrel-osx-x86_64

Version: 4.1
Check: for code/documentation mismatches
Result: WARN
    Invalid MIT-MAGIC-COOKIE-1 key
    Invalid MIT-MAGIC-COOKIE-1 key
    Invalid MIT-MAGIC-COOKIE-1 key
Flavor: r-oldrel-osx-x86_64

Version: 4.1
Check: Rd \usage sections
Result: NOTE
    Invalid MIT-MAGIC-COOKIE-1 key
    The \usage entries for S3 methods should use the \method markup and not
    their full name.
    See chapter ‘Writing R documentation files’ in the ‘Writing R
    Extensions’ manual.
Flavor: r-oldrel-osx-x86_64