CRAN Package Check Results for Package RcmdrPlugin.orloca

Last updated on 2015-03-05 02:47:48.

Flavor Version Tinstall Tcheck Ttotal Status Flags
r-devel-linux-x86_64-debian-clang 4.1 4.61 48.02 52.62 NOTE
r-devel-linux-x86_64-debian-gcc 4.1 4.42 46.06 50.48 NOTE
r-devel-linux-x86_64-fedora-clang 4.1 107.91 NOTE
r-devel-linux-x86_64-fedora-gcc 4.1 104.63 NOTE
r-devel-osx-x86_64-clang 4.1 104.84 NOTE
r-devel-windows-ix86+x86_64 4.1 39.00 88.00 127.00 NOTE
r-patched-linux-x86_64 4.1 13.05 123.76 136.81 NOTE
r-patched-solaris-sparc 4.1 1167.90 NOTE
r-patched-solaris-x86 4.1 314.10 NOTE
r-release-linux-ix86 4.1 10.56 105.25 115.81 NOTE
r-release-linux-x86_64 4.1 12.36 118.94 131.30 NOTE
r-release-osx-x86_64-mavericks 4.1 NOTE
r-release-osx-x86_64-snowleopard 4.1 NOTE
r-release-windows-ix86+x86_64 4.1 65.00 179.00 244.00 NOTE
r-oldrel-windows-ix86+x86_64 4.1 58.00 173.00 231.00 NOTE

Check Details

Version: 4.1
Check: dependencies in R code
Result: NOTE
    Packages in Depends field not imported from:
     ‘orloca’ ‘orloca.es’
     These packages need to be imported from (in the NAMESPACE file)
     for when this namespace is loaded but not attached.
Flavors: r-devel-linux-x86_64-debian-clang, r-devel-linux-x86_64-debian-gcc, r-devel-linux-x86_64-fedora-clang, r-devel-linux-x86_64-fedora-gcc, r-devel-osx-x86_64-clang, r-devel-windows-ix86+x86_64, r-patched-linux-x86_64, r-patched-solaris-sparc, r-patched-solaris-x86

Version: 4.1
Check: R code for possible problems
Result: NOTE
    Rcmdr.new.loca.p: no visible binding for global variable ‘top’
    Rcmdr.new.loca.p: no visible binding for global variable ‘buttonsFrame’
    Rcmdr.orloca.norm: no visible binding for global variable ‘top’
    Rcmdr.orloca.norm : onOK: no visible binding for global variable
     ‘normaVariable’
    Rcmdr.orloca.norm: no visible binding for global variable ‘normaFrame’
    Rcmdr.orloca.norm: no visible binding for global variable
     ‘buttonsFrame’
    Rcmdr.rloca.p: no visible binding for global variable ‘top’
    Rcmdr.rloca.p: no visible binding for global variable ‘buttonsFrame’
    Rcmdr.zsum: no visible binding for global variable ‘top’
    Rcmdr.zsum: no visible binding for global variable ‘buttonsFrame’
    Rcmdr.zsummin: no visible binding for global variable ‘top’
    Rcmdr.zsummin : onOK: no visible binding for global variable
     ‘algorithmVariable’
    Rcmdr.zsummin : onOK: no visible binding for global variable ‘.sol’
    Rcmdr.zsummin: no visible binding for global variable ‘algorithmFrame’
    Rcmdr.zsummin: no visible binding for global variable ‘buttonsFrame’
Flavors: r-devel-linux-x86_64-debian-clang, r-devel-linux-x86_64-debian-gcc, r-devel-linux-x86_64-fedora-clang, r-devel-linux-x86_64-fedora-gcc, r-devel-osx-x86_64-clang, r-devel-windows-ix86+x86_64, r-patched-linux-x86_64, r-patched-solaris-sparc, r-patched-solaris-x86, r-release-linux-ix86, r-release-linux-x86_64, r-release-osx-x86_64-mavericks, r-release-osx-x86_64-snowleopard, r-release-windows-ix86+x86_64, r-oldrel-windows-ix86+x86_64

Version: 4.1
Check: dependencies in R code
Result: NOTE
    Packages in Depends field not imported from:
     ‘orloca’ ‘orloca.es’
     These packages need to be imported from (in the NAMESPACE file)
     for when this namespace is loaded but not attached.
    See the information on DESCRIPTION files in the chapter ‘Creating R
    packages’ of the ‘Writing R Extensions’ manual.
Flavors: r-release-linux-ix86, r-release-linux-x86_64, r-release-osx-x86_64-mavericks, r-release-windows-ix86+x86_64, r-oldrel-windows-ix86+x86_64

Version: 4.1
Check: dependencies in R code
Result: NOTE
    Packages in Depends field not imported from:
     'orloca' 'orloca.es'
     These packages need to be imported from for the case when
     this namespace is loaded but not attached.
    See the information on DESCRIPTION files in the chapter 'Creating R
    packages' of the 'Writing R Extensions' manual.
Flavor: r-release-osx-x86_64-snowleopard