CRAN Package Check Results for Package RcmdrPlugin.plotByGroup

Last updated on 2018-04-27 04:50:58 CEST.

Flavor Version Tinstall Tcheck Ttotal Status Flags
r-devel-linux-x86_64-debian-clang 0.1-0 6.46 74.14 80.60 NOTE
r-devel-linux-x86_64-debian-gcc 0.1-0 5.74 64.49 70.23 NOTE
r-devel-linux-x86_64-fedora-clang 0.1-0 108.68 NOTE
r-devel-linux-x86_64-fedora-gcc 0.1-0 105.85 NOTE
r-devel-windows-ix86+x86_64 0.1-0 47.00 170.00 217.00 NOTE
r-patched-linux-x86_64 0.1-0 6.96 80.18 87.14 NOTE
r-patched-solaris-x86 0.1-0 176.30 NOTE
r-release-linux-x86_64 0.1-0 6.50 81.50 88.00 NOTE
r-release-windows-ix86+x86_64 0.1-0 47.00 170.00 217.00 NOTE
r-release-osx-x86_64 0.1-0 NOTE
r-oldrel-windows-ix86+x86_64 0.1-0 47.00 119.00 166.00 NOTE
r-oldrel-osx-x86_64 0.1-0 NOTE

Check Details

Version: 0.1-0
Check: DESCRIPTION meta-information
Result: NOTE
    Malformed Description field: should contain one or more complete sentences.
Flavors: r-devel-linux-x86_64-debian-clang, r-devel-linux-x86_64-debian-gcc, r-devel-linux-x86_64-fedora-clang, r-devel-linux-x86_64-fedora-gcc, r-devel-windows-ix86+x86_64, r-patched-linux-x86_64, r-patched-solaris-x86, r-release-linux-x86_64, r-release-windows-ix86+x86_64, r-release-osx-x86_64, r-oldrel-windows-ix86+x86_64, r-oldrel-osx-x86_64

Version: 0.1-0
Check: R code for possible problems
Result: NOTE
    BOXWP: no visible binding for global variable ‘top’
    BOXWP: no visible binding for global variable ‘buttonsFrame’
    HIST: no visible binding for global variable ‘top’
    HIST: no visible binding for global variable ‘buttonsFrame’
    QQN: no visible binding for global variable ‘top’
    QQN: no visible binding for global variable ‘buttonsFrame’
    Undefined global functions or variables:
     buttonsFrame top
Flavors: r-devel-linux-x86_64-debian-clang, r-devel-linux-x86_64-debian-gcc, r-devel-linux-x86_64-fedora-clang, r-devel-linux-x86_64-fedora-gcc, r-devel-windows-ix86+x86_64, r-patched-linux-x86_64, r-patched-solaris-x86, r-release-linux-x86_64, r-release-windows-ix86+x86_64, r-release-osx-x86_64, r-oldrel-windows-ix86+x86_64, r-oldrel-osx-x86_64