CRAN Package Check Results for Package RcmdrPlugin.plotByGroup

Last updated on 2015-01-30 08:51:33.

Flavor Version Tinstall Tcheck Ttotal Status Flags
r-devel-linux-x86_64-debian-clang 0.1-0 1.44 17.05 18.49 NOTE
r-devel-linux-x86_64-debian-gcc 0.1-0 1.48 16.71 18.20 NOTE
r-devel-linux-x86_64-fedora-clang 0.1-0 41.61 NOTE
r-devel-linux-x86_64-fedora-gcc 0.1-0 40.65 NOTE
r-devel-osx-x86_64-clang 0.1-0 59.40 NOTE
r-devel-windows-ix86+x86_64 0.1-0 27.00 45.00 72.00 NOTE
r-patched-linux-x86_64 0.1-0 1.70 36.64 38.34 NOTE
r-patched-solaris-sparc 0.1-0 319.40 NOTE
r-patched-solaris-x86 0.1-0 97.60 NOTE
r-release-linux-ix86 0.1-0 2.26 34.40 36.66 NOTE
r-release-linux-x86_64 0.1-0 1.70 37.26 38.96 NOTE
r-release-osx-x86_64-mavericks 0.1-0 NOTE
r-release-osx-x86_64-snowleopard 0.1-0 NOTE
r-release-windows-ix86+x86_64 0.1-0 35.00 70.00 105.00 NOTE
r-oldrel-windows-ix86+x86_64 0.1-0 36.00 77.00 113.00 NOTE

Check Details

Version: 0.1-0
Check: R code for possible problems
Result: NOTE
    BOXWP: no visible binding for global variable ‘top’
    BOXWP: no visible binding for global variable ‘buttonsFrame’
    HIST: no visible binding for global variable ‘top’
    HIST: no visible binding for global variable ‘buttonsFrame’
    QQN: no visible binding for global variable ‘top’
    QQN: no visible binding for global variable ‘buttonsFrame’
Flavors: r-devel-linux-x86_64-debian-clang, r-devel-linux-x86_64-debian-gcc, r-devel-linux-x86_64-fedora-clang, r-devel-linux-x86_64-fedora-gcc, r-devel-osx-x86_64-clang, r-devel-windows-ix86+x86_64, r-patched-linux-x86_64, r-patched-solaris-sparc, r-patched-solaris-x86, r-release-linux-ix86, r-release-linux-x86_64, r-release-osx-x86_64-mavericks, r-release-osx-x86_64-snowleopard, r-release-windows-ix86+x86_64, r-oldrel-windows-ix86+x86_64