CRAN Package Check Results for Package RcmdrPlugin.plotByGroup

Last updated on 2018-06-21 11:50:21 CEST.

Flavor Version Tinstall Tcheck Ttotal Status Flags
r-devel-linux-x86_64-debian-clang 0.1-0 7.95 90.73 98.68 NOTE
r-devel-linux-x86_64-debian-gcc 0.1-0 7.62 78.21 85.83 NOTE
r-devel-linux-x86_64-fedora-clang 0.1-0 132.78 NOTE
r-devel-linux-x86_64-fedora-gcc 0.1-0 122.37 NOTE
r-devel-windows-ix86+x86_64 0.1-0 52.00 125.00 177.00 NOTE
r-patched-linux-x86_64 0.1-0 6.81 81.73 88.54 NOTE
r-patched-solaris-x86 0.1-0 177.40 NOTE
r-release-linux-x86_64 0.1-0 6.42 82.24 88.66 NOTE
r-release-windows-ix86+x86_64 0.1-0 40.00 121.00 161.00 NOTE
r-release-osx-x86_64 0.1-0 NOTE
r-oldrel-windows-ix86+x86_64 0.1-0 43.00 108.00 151.00 NOTE
r-oldrel-osx-x86_64 0.1-0 NOTE

Check Details

Version: 0.1-0
Check: DESCRIPTION meta-information
Result: NOTE
    Malformed Description field: should contain one or more complete sentences.
Flavors: r-devel-linux-x86_64-debian-clang, r-devel-linux-x86_64-debian-gcc, r-devel-linux-x86_64-fedora-clang, r-devel-linux-x86_64-fedora-gcc, r-devel-windows-ix86+x86_64, r-patched-linux-x86_64, r-patched-solaris-x86, r-release-linux-x86_64, r-release-windows-ix86+x86_64, r-release-osx-x86_64, r-oldrel-windows-ix86+x86_64, r-oldrel-osx-x86_64

Version: 0.1-0
Check: R code for possible problems
Result: NOTE
    BOXWP: no visible binding for global variable ‘top’
    BOXWP: no visible binding for global variable ‘buttonsFrame’
    HIST: no visible binding for global variable ‘top’
    HIST: no visible binding for global variable ‘buttonsFrame’
    QQN: no visible binding for global variable ‘top’
    QQN: no visible binding for global variable ‘buttonsFrame’
    Undefined global functions or variables:
     buttonsFrame top
Flavors: r-devel-linux-x86_64-debian-clang, r-devel-linux-x86_64-debian-gcc, r-devel-linux-x86_64-fedora-clang, r-devel-linux-x86_64-fedora-gcc, r-devel-windows-ix86+x86_64, r-patched-linux-x86_64, r-patched-solaris-x86, r-release-linux-x86_64, r-release-windows-ix86+x86_64, r-release-osx-x86_64, r-oldrel-windows-ix86+x86_64, r-oldrel-osx-x86_64