CRAN Package Check Results for Package RcmdrPlugin.plotByGroup

Last updated on 2014-07-24 22:48:42.

Flavor Version Tinstall Tcheck Ttotal Status Flags
r-devel-linux-x86_64-debian-clang 0.1-0 1.01 13.84 14.85 NOTE
r-devel-linux-x86_64-debian-gcc 0.1-0 1.01 13.78 14.79 NOTE
r-devel-linux-x86_64-fedora-clang 0.1-0 30.11 NOTE
r-devel-linux-x86_64-fedora-gcc 0.1-0 28.56 NOTE
r-devel-osx-x86_64-clang 0.1-0 34.06 NOTE
r-devel-windows-ix86+x86_64 0.1-0 23.00 34.00 57.00 NOTE
r-patched-linux-x86_64 0.1-0 0.96 14.36 15.31 NOTE
r-patched-solaris-sparc 0.1-0 187.50 NOTE
r-patched-solaris-x86 0.1-0 46.40 NOTE
r-release-linux-ix86 0.1-0 1.54 21.85 23.39 NOTE
r-release-linux-x86_64 0.1-0 1.06 14.95 16.01 NOTE
r-release-osx-x86_64-mavericks 0.1-0 NOTE
r-release-osx-x86_64-snowleopard 0.1-0 NOTE
r-release-windows-ix86+x86_64 0.1-0 25.00 39.00 64.00 NOTE
r-oldrel-windows-ix86+x86_64 0.1-0 23.00 37.00 60.00 NOTE

Check Details

Version: 0.1-0
Check: R code for possible problems
Result: NOTE
    BOXWP: no visible binding for global variable ‘top’
    BOXWP: no visible binding for global variable ‘buttonsFrame’
    HIST: no visible binding for global variable ‘top’
    HIST: no visible binding for global variable ‘buttonsFrame’
    QQN: no visible binding for global variable ‘top’
    QQN: no visible binding for global variable ‘buttonsFrame’
Flavors: r-devel-linux-x86_64-debian-clang, r-devel-linux-x86_64-debian-gcc, r-devel-linux-x86_64-fedora-clang, r-devel-linux-x86_64-fedora-gcc, r-devel-osx-x86_64-clang, r-devel-windows-ix86+x86_64, r-patched-linux-x86_64, r-patched-solaris-sparc, r-patched-solaris-x86, r-release-linux-ix86, r-release-linux-x86_64, r-release-osx-x86_64-mavericks, r-release-osx-x86_64-snowleopard, r-release-windows-ix86+x86_64, r-oldrel-windows-ix86+x86_64