CRAN Package Check Results for Package RcmdrPlugin.plotByGroup

Last updated on 2014-10-31 05:47:28.

Flavor Version Tinstall Tcheck Ttotal Status Flags
r-devel-linux-x86_64-debian-clang 0.1-0 2.01 39.36 41.37 NOTE
r-devel-linux-x86_64-debian-gcc 0.1-0 1.65 32.97 34.62 NOTE
r-devel-linux-x86_64-fedora-clang 0.1-0 61.16 NOTE
r-devel-linux-x86_64-fedora-gcc 0.1-0 58.57 NOTE
r-devel-osx-x86_64-clang 0.1-0 62.36 NOTE
r-devel-windows-ix86+x86_64 0.1-0 39.00 70.00 109.00 NOTE
r-patched-linux-x86_64 0.1-0 1.91 38.50 40.40 NOTE
r-patched-solaris-sparc 0.1-0 309.40 NOTE
r-patched-solaris-x86 0.1-0 97.90 NOTE
r-release-linux-ix86 0.1-0 0.41 1.70 2.11 ERROR
r-release-linux-x86_64 0.1-0 1.90 41.27 43.16 NOTE
r-release-osx-x86_64-mavericks 0.1-0 NOTE
r-release-osx-x86_64-snowleopard 0.1-0 NOTE
r-release-windows-ix86+x86_64 0.1-0 44.00 129.00 173.00 NOTE
r-oldrel-windows-ix86+x86_64 0.1-0 37.00 79.00 116.00 NOTE

Check Details

Version: 0.1-0
Check: R code for possible problems
Result: NOTE
    BOXWP: no visible binding for global variable ‘top’
    BOXWP: no visible binding for global variable ‘buttonsFrame’
    HIST: no visible binding for global variable ‘top’
    HIST: no visible binding for global variable ‘buttonsFrame’
    QQN: no visible binding for global variable ‘top’
    QQN: no visible binding for global variable ‘buttonsFrame’
Flavors: r-devel-linux-x86_64-debian-clang, r-devel-linux-x86_64-debian-gcc, r-devel-linux-x86_64-fedora-clang, r-devel-linux-x86_64-fedora-gcc, r-devel-osx-x86_64-clang, r-devel-windows-ix86+x86_64, r-patched-linux-x86_64, r-patched-solaris-sparc, r-patched-solaris-x86, r-release-linux-x86_64, r-release-osx-x86_64-mavericks, r-release-osx-x86_64-snowleopard, r-release-windows-ix86+x86_64, r-oldrel-windows-ix86+x86_64

Version: 0.1-0
Check: package dependencies
Result: ERROR
    Package required but not available: ‘Rcmdr’
    
    See the information on DESCRIPTION files in the chapter ‘Creating R
    packages’ of the ‘Writing R Extensions’ manual.
Flavor: r-release-linux-ix86