CRAN Package Check Results for Package RcmdrPlugin.plotByGroup

Last updated on 2014-12-22 06:48:45.

Flavor Version Tinstall Tcheck Ttotal Status Flags
r-devel-linux-x86_64-debian-clang 0.1-0 1.74 37.14 38.89 NOTE
r-devel-linux-x86_64-debian-gcc 0.1-0 1.60 36.56 38.16 NOTE
r-devel-linux-x86_64-fedora-clang 0.1-0 59.37 NOTE
r-devel-linux-x86_64-fedora-gcc 0.1-0 55.79 NOTE
r-devel-osx-x86_64-clang 0.1-0 58.83 NOTE
r-devel-windows-ix86+x86_64 0.1-0 42.00 120.00 162.00 NOTE
r-patched-linux-x86_64 0.1-0 1.72 34.26 35.98 NOTE
r-patched-solaris-sparc 0.1-0 319.20 NOTE
r-patched-solaris-x86 0.1-0 90.70 NOTE
r-release-linux-ix86 0.1-0 2.28 34.44 36.72 NOTE
r-release-linux-x86_64 0.1-0 1.75 34.16 35.91 NOTE
r-release-osx-x86_64-mavericks 0.1-0 NOTE
r-release-osx-x86_64-snowleopard 0.1-0 NOTE
r-release-windows-ix86+x86_64 0.1-0 40.00 107.00 147.00 NOTE
r-oldrel-windows-ix86+x86_64 0.1-0 38.00 76.00 114.00 NOTE

Check Details

Version: 0.1-0
Check: R code for possible problems
Result: NOTE
    BOXWP: no visible binding for global variable ‘top’
    BOXWP: no visible binding for global variable ‘buttonsFrame’
    HIST: no visible binding for global variable ‘top’
    HIST: no visible binding for global variable ‘buttonsFrame’
    QQN: no visible binding for global variable ‘top’
    QQN: no visible binding for global variable ‘buttonsFrame’
Flavors: r-devel-linux-x86_64-debian-clang, r-devel-linux-x86_64-debian-gcc, r-devel-linux-x86_64-fedora-clang, r-devel-linux-x86_64-fedora-gcc, r-devel-osx-x86_64-clang, r-devel-windows-ix86+x86_64, r-patched-linux-x86_64, r-patched-solaris-sparc, r-patched-solaris-x86, r-release-linux-ix86, r-release-linux-x86_64, r-release-osx-x86_64-mavericks, r-release-osx-x86_64-snowleopard, r-release-windows-ix86+x86_64, r-oldrel-windows-ix86+x86_64