CRAN Package Check Results for Package RcmdrPlugin.plotByGroup

Last updated on 2015-05-23 09:48:34.

Flavor Version Tinstall Tcheck Ttotal Status Flags
r-devel-linux-x86_64-debian-clang 0.1-0 4.49 46.25 50.74 NOTE
r-devel-linux-x86_64-debian-gcc 0.1-0 4.36 44.32 48.68 NOTE
r-devel-linux-x86_64-fedora-clang 0.1-0 105.58 NOTE
r-devel-linux-x86_64-fedora-gcc 0.1-0 104.28 NOTE
r-devel-osx-x86_64-clang 0.1-0 94.16 NOTE
r-devel-windows-ix86+x86_64 0.1-0 40.00 85.00 125.00 NOTE
r-patched-linux-x86_64 0.1-0 4.44 45.02 49.45 NOTE
r-patched-solaris-sparc 0.1-0 610.00 NOTE
r-patched-solaris-x86 0.1-0 152.00 NOTE
r-release-linux-x86_64 0.1-0 4.31 45.32 49.63 NOTE
r-release-osx-x86_64-mavericks 0.1-0 NOTE
r-release-osx-x86_64-snowleopard 0.1-0 ERROR
r-release-windows-ix86+x86_64 0.1-0 37.00 84.00 121.00 NOTE
r-oldrel-windows-ix86+x86_64 0.1-0 63.00 157.00 220.00 NOTE

Check Details

Version: 0.1-0
Check: DESCRIPTION meta-information
Result: NOTE
    Malformed Description field: should contain one or more complete sentences.
Flavors: r-devel-linux-x86_64-debian-clang, r-devel-linux-x86_64-debian-gcc, r-devel-linux-x86_64-fedora-clang, r-devel-linux-x86_64-fedora-gcc, r-devel-osx-x86_64-clang, r-devel-windows-ix86+x86_64, r-patched-linux-x86_64, r-patched-solaris-sparc, r-patched-solaris-x86, r-release-linux-x86_64, r-release-osx-x86_64-mavericks, r-release-windows-ix86+x86_64

Version: 0.1-0
Check: R code for possible problems
Result: NOTE
    BOXWP: no visible binding for global variable ‘top’
    BOXWP: no visible binding for global variable ‘buttonsFrame’
    HIST: no visible binding for global variable ‘top’
    HIST: no visible binding for global variable ‘buttonsFrame’
    QQN: no visible binding for global variable ‘top’
    QQN: no visible binding for global variable ‘buttonsFrame’
Flavors: r-devel-linux-x86_64-debian-clang, r-devel-linux-x86_64-debian-gcc, r-devel-linux-x86_64-fedora-clang, r-devel-linux-x86_64-fedora-gcc, r-devel-osx-x86_64-clang, r-devel-windows-ix86+x86_64, r-patched-linux-x86_64, r-patched-solaris-sparc, r-patched-solaris-x86, r-release-linux-x86_64, r-release-osx-x86_64-mavericks, r-release-windows-ix86+x86_64, r-oldrel-windows-ix86+x86_64

Version: 0.1-0
Check: package dependencies
Result: ERROR
    Package required but not available: ‘Rcmdr’
    
    See section ‘The DESCRIPTION file’ in the ‘Writing R Extensions’
    manual.
Flavor: r-release-osx-x86_64-snowleopard