CRAN Package Check Results for Package RcmdrPlugin.plotByGroup

Last updated on 2016-07-27 12:50:44.

Flavor Version Tinstall Tcheck Ttotal Status Flags
r-devel-linux-x86_64-debian-clang 0.1-0 5.10 54.66 59.76 NOTE
r-devel-linux-x86_64-debian-gcc 0.1-0 5.39 53.97 59.36 NOTE
r-devel-linux-x86_64-fedora-clang 0.1-0 106.30 NOTE
r-devel-linux-x86_64-fedora-gcc 0.1-0 99.72 NOTE
r-devel-osx-x86_64-clang 0.1-0 85.91 NOTE
r-devel-windows-ix86+x86_64 0.1-0 40.00 139.00 179.00 NOTE
r-patched-linux-x86_64 0.1-0 5.11 52.64 57.74 NOTE
r-patched-solaris-sparc 0.1-0 583.00 NOTE
r-patched-solaris-x86 0.1-0 141.40 NOTE
r-release-linux-x86_64 0.1-0 4.79 52.47 57.26 NOTE
r-release-osx-x86_64-mavericks 0.1-0 WARN
r-release-windows-ix86+x86_64 0.1-0 50.00 137.00 187.00 NOTE
r-oldrel-windows-ix86+x86_64 0.1-0 46.00 111.00 157.00 NOTE

Check Details

Version: 0.1-0
Check: DESCRIPTION meta-information
Result: NOTE
    Malformed Description field: should contain one or more complete sentences.
Flavors: r-devel-linux-x86_64-debian-clang, r-devel-linux-x86_64-debian-gcc, r-devel-linux-x86_64-fedora-clang, r-devel-linux-x86_64-fedora-gcc, r-devel-osx-x86_64-clang, r-devel-windows-ix86+x86_64, r-patched-linux-x86_64, r-patched-solaris-sparc, r-patched-solaris-x86, r-release-linux-x86_64, r-release-osx-x86_64-mavericks, r-release-windows-ix86+x86_64, r-oldrel-windows-ix86+x86_64

Version: 0.1-0
Check: R code for possible problems
Result: NOTE
    BOXWP: no visible binding for global variable ‘top’
    BOXWP: no visible binding for global variable ‘buttonsFrame’
    HIST: no visible binding for global variable ‘top’
    HIST: no visible binding for global variable ‘buttonsFrame’
    QQN: no visible binding for global variable ‘top’
    QQN: no visible binding for global variable ‘buttonsFrame’
    Undefined global functions or variables:
     buttonsFrame top
Flavors: r-devel-linux-x86_64-debian-clang, r-devel-linux-x86_64-debian-gcc, r-devel-linux-x86_64-fedora-clang, r-devel-linux-x86_64-fedora-gcc, r-devel-osx-x86_64-clang, r-devel-windows-ix86+x86_64, r-patched-linux-x86_64, r-patched-solaris-sparc, r-patched-solaris-x86, r-release-linux-x86_64, r-release-windows-ix86+x86_64

Version: 0.1-0
Check: dependencies in R code
Result: NOTE
    Invalid MIT-MAGIC-COOKIE-1 key
Flavor: r-release-osx-x86_64-mavericks

Version: 0.1-0
Check: S3 generic/method consistency
Result: WARN
    Invalid MIT-MAGIC-COOKIE-1 key
    See section ‘Generic functions and methods’ in the ‘Writing R
    Extensions’ manual.
Flavor: r-release-osx-x86_64-mavericks

Version: 0.1-0
Check: replacement functions
Result: WARN
    Invalid MIT-MAGIC-COOKIE-1 key
    The argument of a replacement function which corresponds to the right
    hand side must be named ‘value’.
Flavor: r-release-osx-x86_64-mavericks

Version: 0.1-0
Check: foreign function calls
Result: NOTE
    Invalid MIT-MAGIC-COOKIE-1 key
    See chapter ‘System and foreign language interfaces’ in the ‘Writing R
    Extensions’ manual.
Flavor: r-release-osx-x86_64-mavericks

Version: 0.1-0
Check: R code for possible problems
Result: NOTE
    Invalid MIT-MAGIC-COOKIE-1 keyBOXWP: no visible binding for global variable ‘top’
    BOXWP: no visible binding for global variable ‘buttonsFrame’
    HIST: no visible binding for global variable ‘top’
    HIST: no visible binding for global variable ‘buttonsFrame’
    QQN: no visible binding for global variable ‘top’
    QQN: no visible binding for global variable ‘buttonsFrame’
    Undefined global functions or variables:
     buttonsFrame top
Flavor: r-release-osx-x86_64-mavericks

Version: 0.1-0
Check: for missing documentation entries
Result: WARN
    Invalid MIT-MAGIC-COOKIE-1 key
    All user-level objects in a package should have documentation entries.
    See chapter ‘Writing R documentation files’ in the ‘Writing R
    Extensions’ manual.
Flavor: r-release-osx-x86_64-mavericks

Version: 0.1-0
Check: for code/documentation mismatches
Result: WARN
    Invalid MIT-MAGIC-COOKIE-1 key
    Invalid MIT-MAGIC-COOKIE-1 key
    Invalid MIT-MAGIC-COOKIE-1 key
Flavor: r-release-osx-x86_64-mavericks

Version: 0.1-0
Check: Rd \usage sections
Result: NOTE
    Invalid MIT-MAGIC-COOKIE-1 key
    The \usage entries for S3 methods should use the \method markup and not
    their full name.
    See chapter ‘Writing R documentation files’ in the ‘Writing R
    Extensions’ manual.
Flavor: r-release-osx-x86_64-mavericks

Version: 0.1-0
Check: R code for possible problems
Result: NOTE
    BOXWP: no visible binding for global variable 'top'
    BOXWP: no visible binding for global variable 'buttonsFrame'
    HIST: no visible binding for global variable 'top'
    HIST: no visible binding for global variable 'buttonsFrame'
    QQN: no visible binding for global variable 'top'
    QQN: no visible binding for global variable 'buttonsFrame'
Flavor: r-oldrel-windows-ix86+x86_64