CRAN Package Check Results for Package RcmdrPlugin.plotByGroup

Last updated on 2014-04-24 11:48:53.

Flavor Version Tinstall Tcheck Ttotal Status Flags
r-devel-linux-x86_64-debian-clang 0.1-0 1.06 14.72 15.77 NOTE
r-devel-linux-x86_64-debian-gcc 0.1-0 1.05 14.80 15.85 NOTE
r-devel-linux-x86_64-fedora-clang 0.1-0 30.38 NOTE
r-devel-linux-x86_64-fedora-gcc 0.1-0 28.01 NOTE
r-devel-osx-x86_64-clang 0.1-0 35.64 NOTE
r-devel-osx-x86_64-gcc 0.1-0 ERROR
r-devel-windows-ix86+x86_64 0.1-0 23.00 34.00 57.00 NOTE
r-patched-linux-x86_64 0.1-0 1.04 14.81 15.85 NOTE
r-patched-solaris-sparc 0.1-0 187.50 NOTE
r-patched-solaris-x86 0.1-0 56.80 NOTE
r-release-linux-ix86 0.1-0 2.00 31.00 33.00 NOTE
r-release-linux-x86_64 0.1-0 1.05 14.68 15.72 NOTE
r-release-osx-x86_64-mavericks 0.1-0 WARN
r-release-osx-x86_64-snowleopard 0.1-0 NOTE
r-release-windows-ix86+x86_64 0.1-0 21.00 33.00 54.00 NOTE
r-oldrel-windows-ix86+x86_64 0.1-0 18.00 37.00 55.00 NOTE

Check Details

Version: 0.1-0
Check: R code for possible problems
Result: NOTE
    BOXWP: no visible binding for global variable ‘top’
    BOXWP: no visible binding for global variable ‘buttonsFrame’
    HIST: no visible binding for global variable ‘top’
    HIST: no visible binding for global variable ‘buttonsFrame’
    QQN: no visible binding for global variable ‘top’
    QQN: no visible binding for global variable ‘buttonsFrame’
Flavors: r-devel-linux-x86_64-debian-clang, r-devel-linux-x86_64-debian-gcc, r-devel-linux-x86_64-fedora-clang, r-devel-linux-x86_64-fedora-gcc, r-devel-osx-x86_64-clang, r-devel-windows-ix86+x86_64, r-patched-linux-x86_64, r-patched-solaris-sparc, r-patched-solaris-x86, r-release-linux-ix86, r-release-linux-x86_64, r-release-osx-x86_64-mavericks, r-release-osx-x86_64-snowleopard, r-release-windows-ix86+x86_64, r-oldrel-windows-ix86+x86_64

Version: 0.1-0
Check: package dependencies
Result: ERROR
    Package required but not available: ‘Rcmdr’
    
    See the information on DESCRIPTION files in the chapter ‘Creating R
    packages’ of the ‘Writing R Extensions’ manual.
Flavor: r-devel-osx-x86_64-gcc

Version: 0.1-0
Check: PDF version of manual
Result: WARNING
    LaTeX errors when creating PDF version.
    This typically indicates Rd problems.
    LaTeX errors found:
    ! LaTeX Error: File `upquote.sty' not found.
    
    Type X to quit or <RETURN> to proceed,
    or enter new name. (Default extension: sty)
    
    b16db2f/Rd2.tex:8: ==> Fatal error occurred, no output PDF file produced!
Flavor: r-release-osx-x86_64-mavericks