CRAN Package Check Results for Package RcmdrPlugin.plotByGroup

Last updated on 2015-03-06 21:48:30.

Flavor Version Tinstall Tcheck Ttotal Status Flags
r-devel-linux-x86_64-debian-clang 0.1-0 4.59 44.90 49.49 NOTE
r-devel-linux-x86_64-debian-gcc 0.1-0 4.27 45.11 49.38 NOTE
r-devel-linux-x86_64-fedora-clang 0.1-0 101.96 NOTE
r-devel-linux-x86_64-fedora-gcc 0.1-0 98.22 NOTE
r-devel-osx-x86_64-clang 0.1-0 95.80 NOTE
r-devel-windows-ix86+x86_64 0.1-0 40.00 81.00 121.00 NOTE
r-patched-linux-x86_64 0.1-0 11.76 99.85 111.62 NOTE
r-patched-solaris-sparc 0.1-0 954.60 NOTE
r-patched-solaris-x86 0.1-0 247.90 NOTE
r-release-linux-ix86 0.1-0 8.80 83.94 92.74 NOTE
r-release-linux-x86_64 0.1-0 11.59 101.98 113.56 NOTE
r-release-osx-x86_64-mavericks 0.1-0 NOTE
r-release-osx-x86_64-snowleopard 0.1-0 NOTE
r-release-windows-ix86+x86_64 0.1-0 61.00 153.00 214.00 NOTE
r-oldrel-windows-ix86+x86_64 0.1-0 53.00 157.00 210.00 NOTE

Check Details

Version: 0.1-0
Check: DESCRIPTION meta-information
Result: NOTE
    Malformed Description field: should contain one or more complete sentences.
Flavors: r-devel-linux-x86_64-debian-clang, r-devel-linux-x86_64-debian-gcc, r-devel-linux-x86_64-fedora-clang, r-devel-linux-x86_64-fedora-gcc, r-devel-osx-x86_64-clang, r-devel-windows-ix86+x86_64

Version: 0.1-0
Check: R code for possible problems
Result: NOTE
    BOXWP: no visible binding for global variable ‘top’
    BOXWP: no visible binding for global variable ‘buttonsFrame’
    HIST: no visible binding for global variable ‘top’
    HIST: no visible binding for global variable ‘buttonsFrame’
    QQN: no visible binding for global variable ‘top’
    QQN: no visible binding for global variable ‘buttonsFrame’
Flavors: r-devel-linux-x86_64-debian-clang, r-devel-linux-x86_64-debian-gcc, r-devel-linux-x86_64-fedora-clang, r-devel-linux-x86_64-fedora-gcc, r-devel-osx-x86_64-clang, r-devel-windows-ix86+x86_64, r-patched-linux-x86_64, r-patched-solaris-sparc, r-patched-solaris-x86, r-release-linux-ix86, r-release-linux-x86_64, r-release-osx-x86_64-mavericks, r-release-osx-x86_64-snowleopard, r-release-windows-ix86+x86_64, r-oldrel-windows-ix86+x86_64