CRAN Package Check Results for Package RcmdrPlugin.plotByGroup

Last updated on 2014-09-20 08:51:52.

Flavor Version Tinstall Tcheck Ttotal Status Flags
r-devel-linux-x86_64-debian-clang 0.1-0 1.84 40.52 42.35 NOTE
r-devel-linux-x86_64-debian-gcc 0.1-0 2.10 40.99 43.09 NOTE
r-devel-linux-x86_64-fedora-clang 0.1-0 61.20 NOTE
r-devel-linux-x86_64-fedora-gcc 0.1-0 59.09 NOTE
r-devel-osx-x86_64-clang 0.1-0 64.00 NOTE
r-devel-windows-ix86+x86_64 0.1-0 45.00 82.00 127.00 NOTE
r-patched-linux-x86_64 0.1-0 1.87 40.85 42.72 NOTE
r-patched-solaris-sparc 0.1-0 165.20 NOTE
r-patched-solaris-x86 0.1-0 98.00 NOTE
r-release-linux-ix86 0.1-0 2.59 39.48 42.07 NOTE
r-release-linux-x86_64 0.1-0 1.97 41.24 43.20 NOTE
r-release-osx-x86_64-mavericks 0.1-0 NOTE
r-release-osx-x86_64-snowleopard 0.1-0 NOTE
r-release-windows-ix86+x86_64 0.1-0 38.00 78.00 116.00 NOTE
r-oldrel-windows-ix86+x86_64 0.1-0 43.00 83.00 126.00 NOTE

Check Details

Version: 0.1-0
Check: R code for possible problems
Result: NOTE
    BOXWP: no visible binding for global variable ‘top’
    BOXWP: no visible binding for global variable ‘buttonsFrame’
    HIST: no visible binding for global variable ‘top’
    HIST: no visible binding for global variable ‘buttonsFrame’
    QQN: no visible binding for global variable ‘top’
    QQN: no visible binding for global variable ‘buttonsFrame’
Flavors: r-devel-linux-x86_64-debian-clang, r-devel-linux-x86_64-debian-gcc, r-devel-linux-x86_64-fedora-clang, r-devel-linux-x86_64-fedora-gcc, r-devel-osx-x86_64-clang, r-devel-windows-ix86+x86_64, r-patched-linux-x86_64, r-patched-solaris-sparc, r-patched-solaris-x86, r-release-linux-ix86, r-release-linux-x86_64, r-release-osx-x86_64-mavericks, r-release-osx-x86_64-snowleopard, r-release-windows-ix86+x86_64, r-oldrel-windows-ix86+x86_64