CRAN Package Check Results for Package RcmdrPlugin.plotByGroup

Last updated on 2015-04-19 11:51:18.

Flavor Version Tinstall Tcheck Ttotal Status Flags
r-devel-linux-x86_64-debian-clang 0.1-0 5.48 45.16 50.65 NOTE
r-devel-linux-x86_64-debian-gcc 0.1-0 4.32 44.87 49.19 NOTE
r-devel-linux-x86_64-fedora-clang 0.1-0 104.96 NOTE
r-devel-linux-x86_64-fedora-gcc 0.1-0 104.34 NOTE
r-devel-osx-x86_64-clang 0.1-0 100.80 NOTE
r-devel-windows-ix86+x86_64 0.1-0 35.00 119.00 154.00 NOTE
r-patched-linux-x86_64 0.1-0 4.50 45.43 49.94 NOTE
r-patched-solaris-sparc 0.1-0 587.80 NOTE
r-patched-solaris-x86 0.1-0 139.10 NOTE
r-release-linux-x86_64 0.1-0 4.30 44.32 48.62 NOTE
r-release-osx-x86_64-mavericks 0.1-0 NOTE
r-release-osx-x86_64-snowleopard 0.1-0 ERROR
r-release-windows-ix86+x86_64 0.1-0 42.00 70.00 112.00 NOTE
r-oldrel-windows-ix86+x86_64 0.1-0 61.00 221.00 282.00 NOTE

Check Details

Version: 0.1-0
Check: DESCRIPTION meta-information
Result: NOTE
    Malformed Description field: should contain one or more complete sentences.
Flavors: r-devel-linux-x86_64-debian-clang, r-devel-linux-x86_64-debian-gcc, r-devel-linux-x86_64-fedora-clang, r-devel-linux-x86_64-fedora-gcc, r-devel-osx-x86_64-clang, r-devel-windows-ix86+x86_64, r-patched-linux-x86_64, r-patched-solaris-sparc, r-patched-solaris-x86, r-release-linux-x86_64, r-release-osx-x86_64-mavericks, r-release-windows-ix86+x86_64

Version: 0.1-0
Check: R code for possible problems
Result: NOTE
    BOXWP: no visible binding for global variable ‘top’
    BOXWP: no visible binding for global variable ‘buttonsFrame’
    HIST: no visible binding for global variable ‘top’
    HIST: no visible binding for global variable ‘buttonsFrame’
    QQN: no visible binding for global variable ‘top’
    QQN: no visible binding for global variable ‘buttonsFrame’
Flavors: r-devel-linux-x86_64-debian-clang, r-devel-linux-x86_64-debian-gcc, r-devel-linux-x86_64-fedora-clang, r-devel-linux-x86_64-fedora-gcc, r-devel-osx-x86_64-clang, r-devel-windows-ix86+x86_64, r-patched-linux-x86_64, r-patched-solaris-sparc, r-patched-solaris-x86, r-release-linux-x86_64, r-release-osx-x86_64-mavericks, r-release-windows-ix86+x86_64, r-oldrel-windows-ix86+x86_64

Version: 0.1-0
Check: package dependencies
Result: ERROR
    Package required but not available: ‘Rcmdr’
    
    See section ‘The DESCRIPTION file’ in the ‘Writing R Extensions’
    manual.
Flavor: r-release-osx-x86_64-snowleopard