CRAN Package Check Results for Package RcmdrPlugin.plotByGroup

Last updated on 2014-08-30 08:50:13.

Flavor Version Tinstall Tcheck Ttotal Status Flags
r-devel-linux-x86_64-debian-clang 0.1-0 1.70 36.70 38.39 NOTE
r-devel-linux-x86_64-debian-gcc 0.1-0 1.67 36.48 38.15 NOTE
r-devel-linux-x86_64-fedora-clang 0.1-0 65.59 NOTE
r-devel-linux-x86_64-fedora-gcc 0.1-0 58.72 NOTE
r-devel-osx-x86_64-clang 0.1-0 58.64 NOTE
r-devel-windows-ix86+x86_64 0.1-0 40.00 69.00 109.00 NOTE
r-patched-linux-x86_64 0.1-0 1.80 36.18 37.99 NOTE
r-patched-solaris-sparc 0.1-0 165.20 NOTE
r-patched-solaris-x86 0.1-0 87.80 NOTE
r-release-linux-ix86 0.1-0 2.50 37.44 39.95 NOTE
r-release-linux-x86_64 0.1-0 1.85 38.16 40.01 NOTE
r-release-osx-x86_64-mavericks 0.1-0 NOTE
r-release-osx-x86_64-snowleopard 0.1-0 NOTE
r-release-windows-ix86+x86_64 0.1-0 39.00 82.00 121.00 NOTE
r-oldrel-windows-ix86+x86_64 0.1-0 41.00 78.00 119.00 NOTE

Check Details

Version: 0.1-0
Check: R code for possible problems
Result: NOTE
    BOXWP: no visible binding for global variable ‘top’
    BOXWP: no visible binding for global variable ‘buttonsFrame’
    HIST: no visible binding for global variable ‘top’
    HIST: no visible binding for global variable ‘buttonsFrame’
    QQN: no visible binding for global variable ‘top’
    QQN: no visible binding for global variable ‘buttonsFrame’
Flavors: r-devel-linux-x86_64-debian-clang, r-devel-linux-x86_64-debian-gcc, r-devel-linux-x86_64-fedora-clang, r-devel-linux-x86_64-fedora-gcc, r-devel-osx-x86_64-clang, r-devel-windows-ix86+x86_64, r-patched-linux-x86_64, r-patched-solaris-sparc, r-patched-solaris-x86, r-release-linux-ix86, r-release-linux-x86_64, r-release-osx-x86_64-mavericks, r-release-osx-x86_64-snowleopard, r-release-windows-ix86+x86_64, r-oldrel-windows-ix86+x86_64