CRAN Package Check Results for Package RcmdrPlugin.pointG

Last updated on 2015-05-05 17:47:30.

Flavor Version Tinstall Tcheck Ttotal Status Flags
r-devel-linux-x86_64-debian-clang 0.6.6 5.12 55.96 61.08 NOTE
r-devel-linux-x86_64-debian-gcc 0.6.6 4.98 54.41 59.39 NOTE
r-devel-linux-x86_64-fedora-clang 0.6.6 122.61 NOTE
r-devel-linux-x86_64-fedora-gcc 0.6.6 115.97 NOTE
r-devel-osx-x86_64-clang 0.6.6 112.13 NOTE
r-devel-windows-ix86+x86_64 0.6.6 41.00 91.00 132.00 NOTE
r-patched-linux-x86_64 0.6.6 4.82 53.96 58.78 NOTE
r-patched-solaris-sparc 0.6.6 719.80 NOTE
r-patched-solaris-x86 0.6.6 185.60 NOTE
r-release-linux-x86_64 0.6.6 4.79 54.62 59.41 NOTE
r-release-osx-x86_64-mavericks 0.6.6 NOTE
r-release-osx-x86_64-snowleopard 0.6.6 ERROR
r-release-windows-ix86+x86_64 0.6.6 41.00 131.00 172.00 NOTE
r-oldrel-windows-ix86+x86_64 0.6.6 52.00 222.00 274.00 NOTE

Check Details

Version: 0.6.6
Check: R code for possible problems
Result: NOTE
    bigraphe0: no visible global function definition for ‘qgraph’
    bisummarize0: no visible global function definition for ‘dudi.coa’
    chalandise.DEP0: no visible global function definition for ‘map’
    histbackback0: no visible global function definition for ‘mgp.axis’
    mapAFC: no visible global function definition for ‘scatter’
    mapAFC: no visible global function definition for ‘dudi.coa’
    multivariate0: no visible global function definition for ‘dudi.mix’
    plotCat2: no visible global function definition for ‘s.class’
    plotLikert1: no visible global function definition for ‘trellis.device’
    plotLikert1: no visible global function definition for ‘dotplot’
    plotLikert1: no visible global function definition for ‘simpleKey’
    plotMissing: no visible global function definition for ‘whatis’
    plotNum: no visible global function definition for ‘s.corcircle’
    plotTabCont0: no visible global function definition for ‘assoc’
    plotTabCont0: no visible binding for global variable ‘shading_hcl’
    plotTabCont0: no visible global function definition for ‘corresp’
    sortAnova: no visible global function definition for ‘Anova’
    statMissing: no visible global function definition for ‘whatis’
    vpAFC: no visible global function definition for ‘dudi.coa’
Flavors: r-devel-linux-x86_64-debian-clang, r-devel-linux-x86_64-debian-gcc, r-devel-linux-x86_64-fedora-clang, r-devel-linux-x86_64-fedora-gcc, r-devel-osx-x86_64-clang, r-devel-windows-ix86+x86_64, r-patched-linux-x86_64, r-patched-solaris-sparc, r-patched-solaris-x86, r-release-linux-x86_64, r-release-osx-x86_64-mavericks, r-release-windows-ix86+x86_64, r-oldrel-windows-ix86+x86_64

Version: 0.6.6
Check: package dependencies
Result: ERROR
    Package required but not available: ‘Rcmdr’
    
    Packages suggested but not available for checking: ‘qgraph’ ‘car’ ‘Hmisc’
    
    See section ‘The DESCRIPTION file’ in the ‘Writing R Extensions’
    manual.
Flavor: r-release-osx-x86_64-snowleopard