CRAN Package Check Results for Package RcmdrPlugin.pointG

Last updated on 2014-12-18 07:49:30.

Flavor Version Tinstall Tcheck Ttotal Status Flags
r-devel-linux-x86_64-debian-clang 0.6.6 1.88 41.64 43.52 NOTE
r-devel-linux-x86_64-debian-gcc 0.6.6 1.87 41.58 43.44 NOTE
r-devel-linux-x86_64-fedora-clang 0.6.6 69.80 NOTE
r-devel-linux-x86_64-fedora-gcc 0.6.6 65.28 NOTE
r-devel-osx-x86_64-clang 0.6.6 69.54 NOTE
r-devel-windows-ix86+x86_64 0.6.6 32.00 74.00 106.00 NOTE
r-patched-linux-x86_64 0.6.6 2.24 41.12 43.36 NOTE
r-patched-solaris-sparc 0.6.6 380.90 NOTE
r-patched-solaris-x86 0.6.6 102.90 NOTE
r-release-linux-ix86 0.6.6 2.68 42.71 45.38 NOTE
r-release-linux-x86_64 0.6.6 1.94 40.42 42.37 NOTE
r-release-osx-x86_64-mavericks 0.6.6 OK
r-release-osx-x86_64-snowleopard 0.6.6 OK
r-release-windows-ix86+x86_64 0.6.6 32.00 75.00 107.00 NOTE
r-oldrel-windows-ix86+x86_64 0.6.6 30.00 120.00 150.00 OK

Check Details

Version: 0.6.6
Check: R code for possible problems
Result: NOTE
    bigraphe0: no visible global function definition for ‘qgraph’
    bisummarize0: no visible global function definition for ‘dudi.coa’
    chalandise.DEP0: no visible global function definition for ‘map’
    histbackback0: no visible global function definition for ‘mgp.axis’
    mapAFC: no visible global function definition for ‘scatter’
    mapAFC: no visible global function definition for ‘dudi.coa’
    multivariate0: no visible global function definition for ‘dudi.mix’
    plotCat2: no visible global function definition for ‘s.class’
    plotLikert1: no visible global function definition for ‘trellis.device’
    plotLikert1: no visible global function definition for ‘dotplot’
    plotLikert1: no visible global function definition for ‘simpleKey’
    plotMissing: no visible global function definition for ‘whatis’
    plotNum: no visible global function definition for ‘s.corcircle’
    plotTabCont0: no visible global function definition for ‘assoc’
    plotTabCont0: no visible binding for global variable ‘shading_hcl’
    plotTabCont0: no visible global function definition for ‘corresp’
    sortAnova: no visible global function definition for ‘Anova’
    statMissing: no visible global function definition for ‘whatis’
    vpAFC: no visible global function definition for ‘dudi.coa’
Flavors: r-devel-linux-x86_64-debian-clang, r-devel-linux-x86_64-debian-gcc, r-devel-linux-x86_64-fedora-clang, r-devel-linux-x86_64-fedora-gcc, r-devel-osx-x86_64-clang, r-devel-windows-ix86+x86_64, r-patched-linux-x86_64, r-patched-solaris-sparc, r-patched-solaris-x86, r-release-linux-ix86, r-release-linux-x86_64, r-release-windows-ix86+x86_64