CRAN Package Check Results for Package RcmdrPlugin.pointG

Last updated on 2015-01-30 09:54:29.

Flavor Version Tinstall Tcheck Ttotal Status Flags
r-devel-linux-x86_64-debian-clang 0.6.6 1.70 23.10 24.80 NOTE
r-devel-linux-x86_64-debian-gcc 0.6.6 1.66 23.06 24.72 NOTE
r-devel-linux-x86_64-fedora-clang 0.6.6 51.14 NOTE
r-devel-linux-x86_64-fedora-gcc 0.6.6 51.29 NOTE
r-devel-osx-x86_64-clang 0.6.6 70.78 NOTE
r-devel-windows-ix86+x86_64 0.6.6 24.00 41.00 65.00 NOTE
r-patched-linux-x86_64 0.6.6 2.08 43.51 45.58 NOTE
r-patched-solaris-sparc 0.6.6 388.00 NOTE
r-patched-solaris-x86 0.6.6 109.90 NOTE
r-release-linux-ix86 0.6.6 2.65 43.29 45.94 NOTE
r-release-linux-x86_64 0.6.6 2.09 42.64 44.74 NOTE
r-release-osx-x86_64-mavericks 0.6.6 NOTE
r-release-osx-x86_64-snowleopard 0.6.6 OK
r-release-windows-ix86+x86_64 0.6.6 36.00 73.00 109.00 NOTE
r-oldrel-windows-ix86+x86_64 0.6.6 30.00 80.00 110.00 OK

Check Details

Version: 0.6.6
Check: R code for possible problems
Result: NOTE
    bigraphe0: no visible global function definition for ‘qgraph’
    bisummarize0: no visible global function definition for ‘dudi.coa’
    chalandise.DEP0: no visible global function definition for ‘map’
    histbackback0: no visible global function definition for ‘mgp.axis’
    mapAFC: no visible global function definition for ‘scatter’
    mapAFC: no visible global function definition for ‘dudi.coa’
    multivariate0: no visible global function definition for ‘dudi.mix’
    plotCat2: no visible global function definition for ‘s.class’
    plotLikert1: no visible global function definition for ‘trellis.device’
    plotLikert1: no visible global function definition for ‘dotplot’
    plotLikert1: no visible global function definition for ‘simpleKey’
    plotMissing: no visible global function definition for ‘whatis’
    plotNum: no visible global function definition for ‘s.corcircle’
    plotTabCont0: no visible global function definition for ‘assoc’
    plotTabCont0: no visible binding for global variable ‘shading_hcl’
    plotTabCont0: no visible global function definition for ‘corresp’
    sortAnova: no visible global function definition for ‘Anova’
    statMissing: no visible global function definition for ‘whatis’
    vpAFC: no visible global function definition for ‘dudi.coa’
Flavors: r-devel-linux-x86_64-debian-clang, r-devel-linux-x86_64-debian-gcc, r-devel-linux-x86_64-fedora-clang, r-devel-linux-x86_64-fedora-gcc, r-devel-osx-x86_64-clang, r-devel-windows-ix86+x86_64, r-patched-linux-x86_64, r-patched-solaris-sparc, r-patched-solaris-x86, r-release-linux-ix86, r-release-linux-x86_64, r-release-osx-x86_64-mavericks, r-release-windows-ix86+x86_64