CRAN Package Check Results for Package RcmdrPlugin.pointG

Last updated on 2014-09-03 03:50:36.

Flavor Version Tinstall Tcheck Ttotal Status Flags
r-devel-linux-x86_64-debian-clang 0.6.6 1.93 42.07 44.00 NOTE
r-devel-linux-x86_64-debian-gcc 0.6.6 2.15 42.04 44.19 NOTE
r-devel-linux-x86_64-fedora-clang 0.6.6 70.62 NOTE
r-devel-linux-x86_64-fedora-gcc 0.6.6 68.00 NOTE
r-devel-osx-x86_64-clang 0.6.6 71.79 NOTE
r-devel-windows-ix86+x86_64 0.6.6 33.00 78.00 111.00 NOTE
r-patched-linux-x86_64 0.6.6 2.46 46.11 48.57 OK
r-patched-solaris-sparc 0.6.6 263.50 OK
r-patched-solaris-x86 0.6.6 120.70 OK
r-release-linux-ix86 0.6.6 2.86 50.49 53.35 OK
r-release-linux-x86_64 0.6.6 2.15 46.92 49.06 OK
r-release-osx-x86_64-mavericks 0.6.6 OK
r-release-osx-x86_64-snowleopard 0.6.6 OK
r-release-windows-ix86+x86_64 0.6.6 39.00 96.00 135.00 OK
r-oldrel-windows-ix86+x86_64 0.6.6 40.00 96.00 136.00 OK

Check Details

Version: 0.6.6
Check: R code for possible problems
Result: NOTE
    bigraphe0: no visible global function definition for ‘qgraph’
    bisummarize0: no visible global function definition for ‘dudi.coa’
    chalandise.DEP0: no visible global function definition for ‘map’
    histbackback0: no visible global function definition for ‘mgp.axis’
    mapAFC: no visible global function definition for ‘scatter’
    mapAFC: no visible global function definition for ‘dudi.coa’
    multivariate0: no visible global function definition for ‘dudi.mix’
    plotCat2: no visible global function definition for ‘s.class’
    plotLikert1: no visible global function definition for ‘trellis.device’
    plotLikert1: no visible global function definition for ‘dotplot’
    plotLikert1: no visible global function definition for ‘simpleKey’
    plotMissing: no visible global function definition for ‘whatis’
    plotNum: no visible global function definition for ‘s.corcircle’
    plotTabCont0: no visible global function definition for ‘assoc’
    plotTabCont0: no visible binding for global variable ‘shading_hcl’
    plotTabCont0: no visible global function definition for ‘corresp’
    sortAnova: no visible global function definition for ‘Anova’
    statMissing: no visible global function definition for ‘whatis’
    vpAFC: no visible global function definition for ‘dudi.coa’
Flavors: r-devel-linux-x86_64-debian-clang, r-devel-linux-x86_64-debian-gcc, r-devel-linux-x86_64-fedora-clang, r-devel-linux-x86_64-fedora-gcc, r-devel-osx-x86_64-clang, r-devel-windows-ix86+x86_64