CRAN Package Check Results for Package RcmdrPlugin.pointG

Last updated on 2016-07-27 07:47:44.

Flavor Version Tinstall Tcheck Ttotal Status Flags
r-devel-linux-x86_64-debian-clang 0.6.6 7.04 71.89 78.92 NOTE
r-devel-linux-x86_64-debian-gcc 0.6.6 6.73 70.86 77.59 NOTE
r-devel-linux-x86_64-fedora-clang 0.6.6 123.49 NOTE
r-devel-linux-x86_64-fedora-gcc 0.6.6 118.75 NOTE
r-devel-osx-x86_64-clang 0.6.6 103.71 NOTE
r-devel-windows-ix86+x86_64 0.6.6 50.00 151.00 201.00 NOTE
r-patched-linux-x86_64 0.6.6 6.33 69.30 75.63 NOTE
r-patched-solaris-sparc 0.6.6 723.50 NOTE
r-patched-solaris-x86 0.6.6 178.30 NOTE
r-release-linux-x86_64 0.6.6 6.52 69.33 75.85 NOTE
r-release-osx-x86_64-mavericks 0.6.6 WARN
r-release-windows-ix86+x86_64 0.6.6 48.00 153.00 201.00 NOTE
r-oldrel-windows-ix86+x86_64 0.6.6 26.00 131.00 157.00 NOTE

Check Details

Version: 0.6.6
Check: R code for possible problems
Result: NOTE
    Summaryfactor0: no visible global function definition for ‘na.omit’
    Summarynumeric0: no visible global function definition for ‘na.omit’
    Summarynumeric0: no visible global function definition for ‘sd’
    Summaryordered0: no visible global function definition for ‘na.omit’
    Yule01: no visible global function definition for ‘chisq.test’
    Yule02: no visible global function definition for ‘chisq.test’
    Yule04: no visible global function definition for ‘na.omit’
    Yule04: no visible global function definition for ‘dotchart’
    Yule04: no visible global function definition for ‘abline’
    Yule04: no visible global function definition for ‘segments’
    bigraphe0: no visible global function definition for ‘chisq.test’
    bigraphe0: no visible global function definition for ‘lm’
    bigraphe0: no visible global function definition for ‘pf’
    bigraphe0: no visible global function definition for ‘qgraph’
    bisummarize0: no visible global function definition for ‘chisq.test’
    bisummarize0: no visible global function definition for ‘dudi.coa’
    bisummarize0: no visible global function definition for ‘lm’
    bisummarize0: no visible global function definition for ‘pf’
    bivariate0: no visible global function definition for ‘dev.new’
    bivariate0: no visible global function definition for ‘par’
    bivariate0: no visible global function definition for ‘n2mfrow’
    bivariate0: no visible global function definition for ‘mosaicplot’
    bivariate0: no visible global function definition for ‘plot’
    bivariate0: no visible global function definition for ‘boxplot’
    bref.variable0: no visible global function definition for ‘na.omit’
    chalandise.DEP0: no visible global function definition for ‘map’
    chalandise.DEP0: no visible global function definition for ‘symbols’
    cohenW: no visible global function definition for ‘chisq.test’
    cramerV: no visible global function definition for ‘chisq.test’
    histbackback0: no visible global function definition for ‘hist’
    histbackback0: no visible global function definition for ‘barplot’
    histbackback0: no visible global function definition for ‘par’
    histbackback0: no visible global function definition for ‘mgp.axis’
    histbackback0: no visible global function definition for ‘title’
    histbackback0: no visible global function definition for ‘abline’
    histbackback0: no visible global function definition for ‘box’
    mapAFC: no visible global function definition for ‘scatter’
    mapAFC: no visible global function definition for ‘dudi.coa’
    multivariate0: no visible global function definition for ‘na.omit’
    multivariate0: no visible global function definition for ‘dudi.mix’
    multivariate0: no visible global function definition for ‘dev.new’
    multivariate0: no visible global function definition for ‘barplot’
    plotCat2: no visible global function definition for ‘dev.new’
    plotCat2: no visible global function definition for ‘n2mfrow’
    plotCat2: no visible global function definition for ‘par’
    plotCat2: no visible global function definition for ‘s.class’
    plotLikert0: no visible global function definition for ‘dotchart’
    plotLikert1: no visible global function definition for ‘trellis.device’
    plotLikert1: no visible global function definition for ‘dotplot’
    plotLikert1: no visible global function definition for ‘simpleKey’
    plotLikert1: no visible global function definition for ‘reorder’
    plotMissing: no visible global function definition for ‘whatis’
    plotMissing: no visible global function definition for ‘dotchart’
    plotNum: no visible global function definition for ‘dev.new’
    plotNum: no visible global function definition for ‘s.corcircle’
    plotNum: no visible global function definition for ‘cor’
    plotTabCont0: no visible global function definition for ‘barplot’
    plotTabCont0: no visible global function definition for ‘devAskNewPage’
    plotTabCont0: no visible global function definition for ‘assoc’
    plotTabCont0: no visible binding for global variable ‘shading_hcl’
    plotTabCont0: no visible global function definition for ‘mosaicplot’
    plotTabCont0: no visible global function definition for ‘biplot’
    plotTabCont0: no visible global function definition for ‘corresp’
    pyramide0: no visible global function definition for ‘na.omit’
    sortAnova: no visible global function definition for ‘Anova’
    statLikert1: no visible global function definition for ‘aov’
    statMissing: no visible global function definition for ‘whatis’
    univariate0: no visible global function definition for ‘dev.new’
    univariate0: no visible global function definition for ‘par’
    univariate0: no visible global function definition for ‘n2mfrow’
    univariate0: no visible global function definition for ‘barplot’
    univariate0: no visible global function definition for ‘pie’
    univariate0: no visible global function definition for ‘dotchart’
    univariate0: no visible global function definition for ‘hist’
    univariate0: no visible global function definition for ‘plot’
    univariate0: no visible global function definition for ‘axis’
    vpAFC: no visible global function definition for ‘dudi.coa’
    Undefined global functions or variables:
     Anova abline aov assoc axis barplot biplot box boxplot chisq.test cor
     corresp dev.new devAskNewPage dotchart dotplot dudi.coa dudi.mix hist
     lm map mgp.axis mosaicplot n2mfrow na.omit par pf pie plot qgraph
     reorder s.class s.corcircle scatter sd segments shading_hcl simpleKey
     symbols title trellis.device whatis
    Consider adding
     importFrom("grDevices", "dev.new", "devAskNewPage", "n2mfrow")
     importFrom("graphics", "abline", "axis", "barplot", "box", "boxplot",
     "dotchart", "hist", "mosaicplot", "par", "pie", "plot",
     "segments", "symbols", "title")
     importFrom("stats", "aov", "biplot", "chisq.test", "cor", "lm",
     "na.omit", "pf", "reorder", "sd")
    to your NAMESPACE file.
Flavors: r-devel-linux-x86_64-debian-clang, r-devel-linux-x86_64-debian-gcc, r-devel-linux-x86_64-fedora-clang, r-devel-linux-x86_64-fedora-gcc, r-devel-osx-x86_64-clang, r-devel-windows-ix86+x86_64, r-patched-linux-x86_64, r-patched-solaris-sparc, r-patched-solaris-x86, r-release-linux-x86_64, r-release-windows-ix86+x86_64

Version: 0.6.6
Check: dependencies in R code
Result: NOTE
    Invalid MIT-MAGIC-COOKIE-1 key
Flavor: r-release-osx-x86_64-mavericks

Version: 0.6.6
Check: S3 generic/method consistency
Result: WARN
    Invalid MIT-MAGIC-COOKIE-1 key
    See section ‘Generic functions and methods’ in the ‘Writing R
    Extensions’ manual.
Flavor: r-release-osx-x86_64-mavericks

Version: 0.6.6
Check: replacement functions
Result: WARN
    Invalid MIT-MAGIC-COOKIE-1 key
    The argument of a replacement function which corresponds to the right
    hand side must be named ‘value’.
Flavor: r-release-osx-x86_64-mavericks

Version: 0.6.6
Check: foreign function calls
Result: NOTE
    Invalid MIT-MAGIC-COOKIE-1 key
    See chapter ‘System and foreign language interfaces’ in the ‘Writing R
    Extensions’ manual.
Flavor: r-release-osx-x86_64-mavericks

Version: 0.6.6
Check: R code for possible problems
Result: NOTE
    Invalid MIT-MAGIC-COOKIE-1 keySummaryfactor0: no visible global function definition for ‘na.omit’
    Summarynumeric0: no visible global function definition for ‘na.omit’
    Summarynumeric0: no visible global function definition for ‘sd’
    Summaryordered0: no visible global function definition for ‘na.omit’
    Yule01: no visible global function definition for ‘chisq.test’
    Yule02: no visible global function definition for ‘chisq.test’
    Yule04: no visible global function definition for ‘na.omit’
    Yule04: no visible global function definition for ‘dotchart’
    Yule04: no visible global function definition for ‘abline’
    Yule04: no visible global function definition for ‘segments’
    bigraphe0: no visible global function definition for ‘chisq.test’
    bigraphe0: no visible global function definition for ‘lm’
    bigraphe0: no visible global function definition for ‘pf’
    bigraphe0: no visible global function definition for ‘qgraph’
    bisummarize0: no visible global function definition for ‘chisq.test’
    bisummarize0: no visible global function definition for ‘dudi.coa’
    bisummarize0: no visible global function definition for ‘lm’
    bisummarize0: no visible global function definition for ‘pf’
    bivariate0: no visible global function definition for ‘dev.new’
    bivariate0: no visible global function definition for ‘par’
    bivariate0: no visible global function definition for ‘n2mfrow’
    bivariate0: no visible global function definition for ‘mosaicplot’
    bivariate0: no visible global function definition for ‘plot’
    bivariate0: no visible global function definition for ‘boxplot’
    bref.variable0: no visible global function definition for ‘na.omit’
    chalandise.DEP0: no visible global function definition for ‘map’
    chalandise.DEP0: no visible global function definition for ‘symbols’
    cohenW: no visible global function definition for ‘chisq.test’
    cramerV: no visible global function definition for ‘chisq.test’
    histbackback0: no visible global function definition for ‘hist’
    histbackback0: no visible global function definition for ‘barplot’
    histbackback0: no visible global function definition for ‘par’
    histbackback0: no visible global function definition for ‘mgp.axis’
    histbackback0: no visible global function definition for ‘title’
    histbackback0: no visible global function definition for ‘abline’
    histbackback0: no visible global function definition for ‘box’
    mapAFC: no visible global function definition for ‘scatter’
    mapAFC: no visible global function definition for ‘dudi.coa’
    multivariate0: no visible global function definition for ‘na.omit’
    multivariate0: no visible global function definition for ‘dudi.mix’
    multivariate0: no visible global function definition for ‘dev.new’
    multivariate0: no visible global function definition for ‘barplot’
    plotCat2: no visible global function definition for ‘dev.new’
    plotCat2: no visible global function definition for ‘n2mfrow’
    plotCat2: no visible global function definition for ‘par’
    plotCat2: no visible global function definition for ‘s.class’
    plotLikert0: no visible global function definition for ‘dotchart’
    plotLikert1: no visible global function definition for ‘trellis.device’
    plotLikert1: no visible global function definition for ‘dotplot’
    plotLikert1: no visible global function definition for ‘simpleKey’
    plotLikert1: no visible global function definition for ‘reorder’
    plotMissing: no visible global function definition for ‘whatis’
    plotMissing: no visible global function definition for ‘dotchart’
    plotNum: no visible global function definition for ‘dev.new’
    plotNum: no visible global function definition for ‘s.corcircle’
    plotNum: no visible global function definition for ‘cor’
    plotTabCont0: no visible global function definition for ‘barplot’
    plotTabCont0: no visible global function definition for ‘devAskNewPage’
    plotTabCont0: no visible global function definition for ‘assoc’
    plotTabCont0: no visible binding for global variable ‘shading_hcl’
    plotTabCont0: no visible global function definition for ‘mosaicplot’
    plotTabCont0: no visible global function definition for ‘biplot’
    plotTabCont0: no visible global function definition for ‘corresp’
    pyramide0: no visible global function definition for ‘na.omit’
    sortAnova: no visible global function definition for ‘Anova’
    statLikert1: no visible global function definition for ‘aov’
    statMissing: no visible global function definition for ‘whatis’
    univariate0: no visible global function definition for ‘dev.new’
    univariate0: no visible global function definition for ‘par’
    univariate0: no visible global function definition for ‘n2mfrow’
    univariate0: no visible global function definition for ‘barplot’
    univariate0: no visible global function definition for ‘pie’
    univariate0: no visible global function definition for ‘dotchart’
    univariate0: no visible global function definition for ‘hist’
    univariate0: no visible global function definition for ‘plot’
    univariate0: no visible global function definition for ‘axis’
    vpAFC: no visible global function definition for ‘dudi.coa’
    Undefined global functions or variables:
     Anova abline aov assoc axis barplot biplot box boxplot chisq.test cor
     corresp dev.new devAskNewPage dotchart dotplot dudi.coa dudi.mix hist
     lm map mgp.axis mosaicplot n2mfrow na.omit par pf pie plot qgraph
     reorder s.class s.corcircle scatter sd segments shading_hcl simpleKey
     symbols title trellis.device whatis
    Consider adding
     importFrom("grDevices", "dev.new", "devAskNewPage", "n2mfrow")
     importFrom("graphics", "abline", "axis", "barplot", "box", "boxplot",
     "dotchart", "hist", "mosaicplot", "par", "pie", "plot",
     "segments", "symbols", "title")
     importFrom("stats", "aov", "biplot", "chisq.test", "cor", "lm",
     "na.omit", "pf", "reorder", "sd")
    to your NAMESPACE file.
Flavor: r-release-osx-x86_64-mavericks

Version: 0.6.6
Check: for missing documentation entries
Result: WARN
    Invalid MIT-MAGIC-COOKIE-1 key
    All user-level objects in a package should have documentation entries.
    See chapter ‘Writing R documentation files’ in the ‘Writing R
    Extensions’ manual.
Flavor: r-release-osx-x86_64-mavericks

Version: 0.6.6
Check: for code/documentation mismatches
Result: WARN
    Invalid MIT-MAGIC-COOKIE-1 key
    Invalid MIT-MAGIC-COOKIE-1 key
    Invalid MIT-MAGIC-COOKIE-1 key
Flavor: r-release-osx-x86_64-mavericks

Version: 0.6.6
Check: Rd \usage sections
Result: NOTE
    Invalid MIT-MAGIC-COOKIE-1 key
    The \usage entries for S3 methods should use the \method markup and not
    their full name.
    See chapter ‘Writing R documentation files’ in the ‘Writing R
    Extensions’ manual.
Flavor: r-release-osx-x86_64-mavericks

Version: 0.6.6
Check: R code for possible problems
Result: NOTE
    bigraphe0: no visible global function definition for 'qgraph'
    bisummarize0: no visible global function definition for 'dudi.coa'
    chalandise.DEP0: no visible global function definition for 'map'
    histbackback0: no visible global function definition for 'mgp.axis'
    mapAFC: no visible global function definition for 'scatter'
    mapAFC: no visible global function definition for 'dudi.coa'
    multivariate0: no visible global function definition for 'dudi.mix'
    plotCat2: no visible global function definition for 's.class'
    plotLikert1: no visible global function definition for 'trellis.device'
    plotLikert1: no visible global function definition for 'dotplot'
    plotLikert1: no visible global function definition for 'simpleKey'
    plotMissing: no visible global function definition for 'whatis'
    plotNum: no visible global function definition for 's.corcircle'
    plotTabCont0: no visible global function definition for 'assoc'
    plotTabCont0: no visible binding for global variable 'shading_hcl'
    plotTabCont0: no visible global function definition for 'corresp'
    sortAnova: no visible global function definition for 'Anova'
    statMissing: no visible global function definition for 'whatis'
    vpAFC: no visible global function definition for 'dudi.coa'
Flavor: r-oldrel-windows-ix86+x86_64