CRAN Package Check Results for Package RcmdrPlugin.pointG

Last updated on 2014-08-21 07:49:21.

Flavor Version Tinstall Tcheck Ttotal Status Flags
r-devel-linux-x86_64-debian-clang 0.6.6 1.09 22.72 23.81 OK
r-devel-linux-x86_64-debian-gcc 0.6.6 1.17 22.60 23.77 OK
r-devel-linux-x86_64-fedora-clang 0.6.6 42.52 NOTE
r-devel-linux-x86_64-fedora-gcc 0.6.6 38.11 NOTE
r-devel-osx-x86_64-clang 0.6.6 44.65 NOTE
r-devel-windows-ix86+x86_64 0.6.6 15.00 53.00 68.00 OK
r-patched-linux-x86_64 0.6.6 1.10 22.45 23.55 OK
r-patched-solaris-sparc 0.6.6 263.50 OK
r-patched-solaris-x86 0.6.6 70.40 OK
r-release-linux-ix86 0.6.6 1.74 33.82 35.56 OK
r-release-linux-x86_64 0.6.6 1.15 23.42 24.57 OK
r-release-osx-x86_64-mavericks 0.6.6 OK
r-release-osx-x86_64-snowleopard 0.6.6 OK
r-release-windows-ix86+x86_64 0.6.6 17.00 46.00 63.00 OK
r-oldrel-windows-ix86+x86_64 0.6.6 13.00 53.00 66.00 OK

Check Details

Version: 0.6.6
Check: R code for possible problems
Result: NOTE
    bigraphe0: no visible global function definition for ‘qgraph’
    bisummarize0: no visible global function definition for ‘dudi.coa’
    chalandise.DEP0: no visible global function definition for ‘map’
    histbackback0: no visible global function definition for ‘mgp.axis’
    mapAFC: no visible global function definition for ‘scatter’
    mapAFC: no visible global function definition for ‘dudi.coa’
    multivariate0: no visible global function definition for ‘dudi.mix’
    plotCat2: no visible global function definition for ‘s.class’
    plotLikert1: no visible global function definition for ‘trellis.device’
    plotLikert1: no visible global function definition for ‘dotplot’
    plotLikert1: no visible global function definition for ‘simpleKey’
    plotMissing: no visible global function definition for ‘whatis’
    plotNum: no visible global function definition for ‘s.corcircle’
    plotTabCont0: no visible global function definition for ‘assoc’
    plotTabCont0: no visible binding for global variable ‘shading_hcl’
    plotTabCont0: no visible global function definition for ‘corresp’
    sortAnova: no visible global function definition for ‘Anova’
    statMissing: no visible global function definition for ‘whatis’
    vpAFC: no visible global function definition for ‘dudi.coa’
Flavors: r-devel-linux-x86_64-fedora-clang, r-devel-linux-x86_64-fedora-gcc, r-devel-osx-x86_64-clang