CRAN Package Check Results for Package RcmdrPlugin.pointG

Last updated on 2014-04-25 09:52:21.

Flavor Version Tinstall Tcheck Ttotal Status Flags
r-devel-linux-x86_64-debian-clang 0.6.6 1.30 24.36 25.66 OK
r-devel-linux-x86_64-debian-gcc 0.6.6 1.69 24.55 26.24 OK
r-devel-linux-x86_64-fedora-clang 0.6.6 47.75 OK
r-devel-linux-x86_64-fedora-gcc 0.6.6 45.53 OK
r-devel-osx-x86_64-clang 0.6.6 53.39 OK
r-devel-osx-x86_64-gcc 0.6.6 ERROR
r-devel-windows-ix86+x86_64 0.6.6 16.00 47.00 63.00 OK
r-patched-linux-x86_64 0.6.6 1.29 24.40 25.69 OK
r-patched-solaris-sparc 0.6.6 280.40 OK
r-patched-solaris-x86 0.6.6 82.20 OK
r-release-linux-ix86 0.6.6 2.00 46.00 48.00 OK
r-release-linux-x86_64 0.6.6 1.19 24.19 25.38 OK
r-release-osx-x86_64-mavericks 0.6.6 WARN
r-release-osx-x86_64-snowleopard 0.6.6 OK
r-release-windows-ix86+x86_64 0.6.6 22.00 49.00 71.00 OK
r-oldrel-windows-ix86+x86_64 0.6.6 17.00 46.00 63.00 OK

Check Details

Version: 0.6.6
Check: package dependencies
Result: ERROR
    Package required but not available: ‘Rcmdr’
    
    Packages suggested but not available for checking: ‘qgraph’ ‘car’ ‘Hmisc’
    
    See the information on DESCRIPTION files in the chapter ‘Creating R
    packages’ of the ‘Writing R Extensions’ manual.
Flavor: r-devel-osx-x86_64-gcc

Version: 0.6.6
Check: PDF version of manual
Result: WARNING
    LaTeX errors when creating PDF version.
    This typically indicates Rd problems.
    LaTeX errors found:
    ! LaTeX Error: File `upquote.sty' not found.
    
    Type X to quit or <RETURN> to proceed,
    or enter new name. (Default extension: sty)
    
    7004dd2/Rd2.tex:8: ==> Fatal error occurred, no output PDF file produced!
Flavor: r-release-osx-x86_64-mavericks