CRAN Package Check Results for Package RcmdrPlugin.pointG

Last updated on 2015-07-02 17:47:37.

Flavor Version Tinstall Tcheck Ttotal Status Flags
r-devel-linux-x86_64-debian-clang 0.6.6 5.09 54.68 59.77 NOTE
r-devel-linux-x86_64-debian-gcc 0.6.6 4.80 53.93 58.73 NOTE
r-devel-linux-x86_64-fedora-clang 0.6.6 121.71 NOTE
r-devel-linux-x86_64-fedora-gcc 0.6.6 120.01 NOTE
r-devel-osx-x86_64-clang 0.6.6 112.05 NOTE
r-devel-windows-ix86+x86_64 0.6.6 44.00 94.00 138.00 NOTE
r-patched-linux-x86_64 0.6.6 4.96 54.70 59.66 NOTE
r-patched-solaris-sparc 0.6.6 736.70 NOTE
r-patched-solaris-x86 0.6.6 193.90 NOTE
r-release-linux-x86_64 0.6.6 4.82 56.02 60.85 NOTE
r-release-osx-x86_64-mavericks 0.6.6 NOTE
r-release-windows-ix86+x86_64 0.6.6 35.00 99.00 134.00 NOTE
r-oldrel-windows-ix86+x86_64 0.6.6 66.00 166.00 232.00 NOTE

Check Details

Version: 0.6.6
Check: R code for possible problems
Result: NOTE
    Summaryfactor0: no visible global function definition for ‘na.omit’
    Summarynumeric0: no visible global function definition for ‘na.omit’
    Summarynumeric0: no visible global function definition for ‘sd’
    Summaryordered0: no visible global function definition for ‘na.omit’
    Yule01: no visible global function definition for ‘chisq.test’
    Yule02: no visible global function definition for ‘chisq.test’
    Yule04: no visible global function definition for ‘na.omit’
    Yule04: no visible global function definition for ‘dotchart’
    Yule04: no visible global function definition for ‘abline’
    Yule04: no visible global function definition for ‘segments’
    bigraphe0: no visible global function definition for ‘chisq.test’
    bigraphe0: no visible global function definition for ‘lm’
    bigraphe0: no visible global function definition for ‘pf’
    bigraphe0: no visible global function definition for ‘qgraph’
    bisummarize0: no visible global function definition for ‘chisq.test’
    bisummarize0: no visible global function definition for ‘dudi.coa’
    bisummarize0: no visible global function definition for ‘lm’
    bisummarize0: no visible global function definition for ‘pf’
    bivariate0: no visible global function definition for ‘dev.new’
    bivariate0: no visible global function definition for ‘par’
    bivariate0: no visible global function definition for ‘n2mfrow’
    bivariate0: no visible global function definition for ‘mosaicplot’
    bivariate0: no visible global function definition for ‘plot’
    bivariate0: no visible global function definition for ‘boxplot’
    bref.variable0: no visible global function definition for ‘na.omit’
    chalandise.DEP0: no visible global function definition for ‘map’
    chalandise.DEP0: no visible global function definition for ‘symbols’
    cohenW: no visible global function definition for ‘chisq.test’
    cramerV: no visible global function definition for ‘chisq.test’
    histbackback0: no visible global function definition for ‘hist’
    histbackback0: no visible global function definition for ‘barplot’
    histbackback0: no visible global function definition for ‘par’
    histbackback0: no visible global function definition for ‘mgp.axis’
    histbackback0: no visible global function definition for ‘title’
    histbackback0: no visible global function definition for ‘abline’
    histbackback0: no visible global function definition for ‘box’
    mapAFC: no visible global function definition for ‘scatter’
    mapAFC: no visible global function definition for ‘dudi.coa’
    multivariate0: no visible global function definition for ‘na.omit’
    multivariate0: no visible global function definition for ‘dudi.mix’
    multivariate0: no visible global function definition for ‘dev.new’
    multivariate0: no visible global function definition for ‘barplot’
    plotCat2: no visible global function definition for ‘dev.new’
    plotCat2: no visible global function definition for ‘n2mfrow’
    plotCat2: no visible global function definition for ‘par’
    plotCat2: no visible global function definition for ‘s.class’
    plotLikert0: no visible global function definition for ‘dotchart’
    plotLikert1: no visible global function definition for ‘trellis.device’
    plotLikert1: no visible global function definition for ‘dotplot’
    plotLikert1: no visible global function definition for ‘simpleKey’
    plotLikert1: no visible global function definition for ‘reorder’
    plotMissing: no visible global function definition for ‘whatis’
    plotMissing: no visible global function definition for ‘dotchart’
    plotNum: no visible global function definition for ‘dev.new’
    plotNum: no visible global function definition for ‘s.corcircle’
    plotNum: no visible global function definition for ‘cor’
    plotTabCont0: no visible global function definition for ‘barplot’
    plotTabCont0: no visible global function definition for ‘devAskNewPage’
    plotTabCont0: no visible global function definition for ‘assoc’
    plotTabCont0: no visible binding for global variable ‘shading_hcl’
    plotTabCont0: no visible global function definition for ‘mosaicplot’
    plotTabCont0: no visible global function definition for ‘biplot’
    plotTabCont0: no visible global function definition for ‘corresp’
    pyramide0: no visible global function definition for ‘na.omit’
    sortAnova: no visible global function definition for ‘Anova’
    statLikert1: no visible global function definition for ‘aov’
    statMissing: no visible global function definition for ‘whatis’
    univariate0: no visible global function definition for ‘dev.new’
    univariate0: no visible global function definition for ‘par’
    univariate0: no visible global function definition for ‘n2mfrow’
    univariate0: no visible global function definition for ‘barplot’
    univariate0: no visible global function definition for ‘pie’
    univariate0: no visible global function definition for ‘dotchart’
    univariate0: no visible global function definition for ‘hist’
    univariate0: no visible global function definition for ‘plot’
    univariate0: no visible global function definition for ‘axis’
    vpAFC: no visible global function definition for ‘dudi.coa’
Flavors: r-devel-linux-x86_64-debian-clang, r-devel-linux-x86_64-debian-gcc, r-devel-windows-ix86+x86_64

Version: 0.6.6
Check: R code for possible problems
Result: NOTE
    Summaryfactor0: no visible global function definition for ‘na.omit’
    Summarynumeric0: no visible global function definition for ‘na.omit’
    Summarynumeric0: no visible global function definition for ‘sd’
    Summaryordered0: no visible global function definition for ‘na.omit’
    Yule01: no visible global function definition for ‘chisq.test’
    Yule02: no visible global function definition for ‘chisq.test’
    Yule04: no visible global function definition for ‘na.omit’
    Yule04: no visible global function definition for ‘dotchart’
    Yule04: no visible global function definition for ‘abline’
    Yule04: no visible global function definition for ‘segments’
    bigraphe0: no visible global function definition for ‘chisq.test’
    bigraphe0: no visible global function definition for ‘lm’
    bigraphe0: no visible global function definition for ‘pf’
    bigraphe0: no visible global function definition for ‘qgraph’
    bisummarize0: no visible global function definition for ‘chisq.test’
    bisummarize0: no visible global function definition for ‘dudi.coa’
    bisummarize0: no visible global function definition for ‘lm’
    bisummarize0: no visible global function definition for ‘pf’
    bivariate0: no visible global function definition for ‘dev.new’
    bivariate0: no visible global function definition for ‘par’
    bivariate0: no visible global function definition for ‘n2mfrow’
    bivariate0: no visible global function definition for ‘mosaicplot’
    bivariate0: no visible global function definition for ‘plot’
    bivariate0: no visible global function definition for ‘boxplot’
    bref.variable0: no visible global function definition for ‘na.omit’
    chalandise.DEP0: no visible global function definition for ‘map’
    chalandise.DEP0: no visible global function definition for ‘symbols’
    cohenW: no visible global function definition for ‘chisq.test’
    cramerV: no visible global function definition for ‘chisq.test’
    histbackback0: no visible global function definition for ‘hist’
    histbackback0: no visible global function definition for ‘barplot’
    histbackback0: no visible global function definition for ‘par’
    histbackback0: no visible global function definition for ‘mgp.axis’
    histbackback0: no visible global function definition for ‘title’
    histbackback0: no visible global function definition for ‘abline’
    histbackback0: no visible global function definition for ‘box’
    mapAFC: no visible global function definition for ‘scatter’
    mapAFC: no visible global function definition for ‘dudi.coa’
    multivariate0: no visible global function definition for ‘na.omit’
    multivariate0: no visible global function definition for ‘dudi.mix’
    multivariate0: no visible global function definition for ‘dev.new’
    multivariate0: no visible global function definition for ‘barplot’
    plotCat2: no visible global function definition for ‘dev.new’
    plotCat2: no visible global function definition for ‘n2mfrow’
    plotCat2: no visible global function definition for ‘par’
    plotCat2: no visible global function definition for ‘s.class’
    plotLikert0: no visible global function definition for ‘dotchart’
    plotLikert1: no visible global function definition for ‘trellis.device’
    plotLikert1: no visible global function definition for ‘dotplot’
    plotLikert1: no visible global function definition for ‘simpleKey’
    plotLikert1: no visible global function definition for ‘reorder’
    plotMissing: no visible global function definition for ‘whatis’
    plotMissing: no visible global function definition for ‘dotchart’
    plotNum: no visible global function definition for ‘dev.new’
    plotNum: no visible global function definition for ‘s.corcircle’
    plotNum: no visible global function definition for ‘cor’
    plotTabCont0: no visible global function definition for ‘barplot’
    plotTabCont0: no visible global function definition for ‘devAskNewPage’
    plotTabCont0: no visible global function definition for ‘assoc’
    plotTabCont0: no visible binding for global variable ‘shading_hcl’
    plotTabCont0: no visible global function definition for ‘mosaicplot’
    plotTabCont0: no visible global function definition for ‘biplot’
    plotTabCont0: no visible global function definition for ‘corresp’
    pyramide0: no visible global function definition for ‘na.omit’
    sortAnova: no visible global function definition for ‘Anova’
    statLikert1: no visible global function definition for ‘aov’
    statMissing: no visible global function definition for ‘whatis’
    univariate0: no visible global function definition for ‘dev.new’
    univariate0: no visible global function definition for ‘par’
    univariate0: no visible global function definition for ‘n2mfrow’
    univariate0: no visible global function definition for ‘barplot’
    univariate0: no visible global function definition for ‘pie’
    univariate0: no visible global function definition for ‘dotchart’
    univariate0: no visible global function definition for ‘hist’
    univariate0: no visible global function definition for ‘plot’
    univariate0: no visible global function definition for ‘axis’
    vpAFC: no visible global function definition for ‘dudi.coa’
    Undefined global functions or variables:
     Anova abline aov assoc axis barplot biplot box boxplot chisq.test cor
     corresp dev.new devAskNewPage dotchart dotplot dudi.coa dudi.mix hist
     lm map mgp.axis mosaicplot n2mfrow na.omit par pf pie plot qgraph
     reorder s.class s.corcircle scatter sd segments shading_hcl simpleKey
     symbols title trellis.device whatis
Flavors: r-devel-linux-x86_64-fedora-clang, r-devel-linux-x86_64-fedora-gcc

Version: 0.6.6
Check: R code for possible problems
Result: NOTE
    bigraphe0: no visible global function definition for ‘qgraph’
    bisummarize0: no visible global function definition for ‘dudi.coa’
    chalandise.DEP0: no visible global function definition for ‘map’
    histbackback0: no visible global function definition for ‘mgp.axis’
    mapAFC: no visible global function definition for ‘scatter’
    mapAFC: no visible global function definition for ‘dudi.coa’
    multivariate0: no visible global function definition for ‘dudi.mix’
    plotCat2: no visible global function definition for ‘s.class’
    plotLikert1: no visible global function definition for ‘trellis.device’
    plotLikert1: no visible global function definition for ‘dotplot’
    plotLikert1: no visible global function definition for ‘simpleKey’
    plotMissing: no visible global function definition for ‘whatis’
    plotNum: no visible global function definition for ‘s.corcircle’
    plotTabCont0: no visible global function definition for ‘assoc’
    plotTabCont0: no visible binding for global variable ‘shading_hcl’
    plotTabCont0: no visible global function definition for ‘corresp’
    sortAnova: no visible global function definition for ‘Anova’
    statMissing: no visible global function definition for ‘whatis’
    vpAFC: no visible global function definition for ‘dudi.coa’
    Undefined global functions or variables:
     Anova assoc corresp dotplot dudi.coa dudi.mix map mgp.axis qgraph
     s.class s.corcircle scatter shading_hcl simpleKey trellis.device
     whatis
Flavor: r-devel-osx-x86_64-clang

Version: 0.6.6
Check: R code for possible problems
Result: NOTE
    bigraphe0: no visible global function definition for ‘qgraph’
    bisummarize0: no visible global function definition for ‘dudi.coa’
    chalandise.DEP0: no visible global function definition for ‘map’
    histbackback0: no visible global function definition for ‘mgp.axis’
    mapAFC: no visible global function definition for ‘scatter’
    mapAFC: no visible global function definition for ‘dudi.coa’
    multivariate0: no visible global function definition for ‘dudi.mix’
    plotCat2: no visible global function definition for ‘s.class’
    plotLikert1: no visible global function definition for ‘trellis.device’
    plotLikert1: no visible global function definition for ‘dotplot’
    plotLikert1: no visible global function definition for ‘simpleKey’
    plotMissing: no visible global function definition for ‘whatis’
    plotNum: no visible global function definition for ‘s.corcircle’
    plotTabCont0: no visible global function definition for ‘assoc’
    plotTabCont0: no visible binding for global variable ‘shading_hcl’
    plotTabCont0: no visible global function definition for ‘corresp’
    sortAnova: no visible global function definition for ‘Anova’
    statMissing: no visible global function definition for ‘whatis’
    vpAFC: no visible global function definition for ‘dudi.coa’
Flavors: r-patched-linux-x86_64, r-patched-solaris-sparc, r-patched-solaris-x86, r-release-linux-x86_64, r-release-osx-x86_64-mavericks, r-release-windows-ix86+x86_64, r-oldrel-windows-ix86+x86_64