CRAN Package Check Results for Package RcmdrPlugin.pointG

Last updated on 2014-11-01 11:49:10.

Flavor Version Tinstall Tcheck Ttotal Status Flags
r-devel-linux-x86_64-debian-clang 0.6.6 1.87 39.85 41.72 NOTE
r-devel-linux-x86_64-debian-gcc 0.6.6 1.88 39.59 41.47 NOTE
r-devel-linux-x86_64-fedora-clang 0.6.6 71.48 NOTE
r-devel-linux-x86_64-fedora-gcc 0.6.6 68.17 NOTE
r-devel-osx-x86_64-clang 0.6.6 73.44 NOTE
r-devel-windows-ix86+x86_64 0.6.6 43.00 76.00 119.00 NOTE
r-patched-linux-x86_64 0.6.6 1.99 38.70 40.69 NOTE
r-patched-solaris-sparc 0.6.6 380.90 NOTE
r-patched-solaris-x86 0.6.6 113.70 NOTE
r-release-linux-ix86 0.6.6 0.51 1.68 2.20 ERROR
r-release-linux-x86_64 0.6.6 2.34 51.14 53.48 OK
r-release-osx-x86_64-mavericks 0.6.6 OK
r-release-osx-x86_64-snowleopard 0.6.6 OK
r-release-windows-ix86+x86_64 0.6.6 32.00 88.00 120.00 OK
r-oldrel-windows-ix86+x86_64 0.6.6 27.00 90.00 117.00 OK

Check Details

Version: 0.6.6
Check: R code for possible problems
Result: NOTE
    bigraphe0: no visible global function definition for ‘qgraph’
    bisummarize0: no visible global function definition for ‘dudi.coa’
    chalandise.DEP0: no visible global function definition for ‘map’
    histbackback0: no visible global function definition for ‘mgp.axis’
    mapAFC: no visible global function definition for ‘scatter’
    mapAFC: no visible global function definition for ‘dudi.coa’
    multivariate0: no visible global function definition for ‘dudi.mix’
    plotCat2: no visible global function definition for ‘s.class’
    plotLikert1: no visible global function definition for ‘trellis.device’
    plotLikert1: no visible global function definition for ‘dotplot’
    plotLikert1: no visible global function definition for ‘simpleKey’
    plotMissing: no visible global function definition for ‘whatis’
    plotNum: no visible global function definition for ‘s.corcircle’
    plotTabCont0: no visible global function definition for ‘assoc’
    plotTabCont0: no visible binding for global variable ‘shading_hcl’
    plotTabCont0: no visible global function definition for ‘corresp’
    sortAnova: no visible global function definition for ‘Anova’
    statMissing: no visible global function definition for ‘whatis’
    vpAFC: no visible global function definition for ‘dudi.coa’
Flavors: r-devel-linux-x86_64-debian-clang, r-devel-linux-x86_64-debian-gcc, r-devel-linux-x86_64-fedora-clang, r-devel-linux-x86_64-fedora-gcc, r-devel-osx-x86_64-clang, r-devel-windows-ix86+x86_64, r-patched-linux-x86_64, r-patched-solaris-sparc, r-patched-solaris-x86

Version: 0.6.6
Check: package dependencies
Result: ERROR
    Package required but not available: ‘Rcmdr’
    
    See the information on DESCRIPTION files in the chapter ‘Creating R
    packages’ of the ‘Writing R Extensions’ manual.
Flavor: r-release-linux-ix86