CRAN Package Check Results for Package RcmdrPlugin.pointG

Last updated on 2015-03-06 14:47:06.

Flavor Version Tinstall Tcheck Ttotal Status Flags
r-devel-linux-x86_64-debian-clang 0.6.6 4.88 53.58 58.46 NOTE
r-devel-linux-x86_64-debian-gcc 0.6.6 4.70 52.94 57.63 NOTE
r-devel-linux-x86_64-fedora-clang 0.6.6 117.25 NOTE
r-devel-linux-x86_64-fedora-gcc 0.6.6 113.73 NOTE
r-devel-osx-x86_64-clang 0.6.6 115.02 NOTE
r-devel-windows-ix86+x86_64 0.6.6 40.00 82.00 122.00 NOTE
r-patched-linux-x86_64 0.6.6 12.26 107.87 120.13 NOTE
r-patched-solaris-sparc 0.6.6 1108.70 NOTE
r-patched-solaris-x86 0.6.6 299.80 NOTE
r-release-linux-ix86 0.6.6 9.93 101.07 111.00 NOTE
r-release-linux-x86_64 0.6.6 11.64 110.18 121.81 NOTE
r-release-osx-x86_64-mavericks 0.6.6 NOTE
r-release-osx-x86_64-snowleopard 0.6.6 OK
r-release-windows-ix86+x86_64 0.6.6 56.00 167.00 223.00 NOTE
r-oldrel-windows-ix86+x86_64 0.6.6 52.00 162.00 214.00 OK

Check Details

Version: 0.6.6
Check: R code for possible problems
Result: NOTE
    bigraphe0: no visible global function definition for ‘qgraph’
    bisummarize0: no visible global function definition for ‘dudi.coa’
    chalandise.DEP0: no visible global function definition for ‘map’
    histbackback0: no visible global function definition for ‘mgp.axis’
    mapAFC: no visible global function definition for ‘scatter’
    mapAFC: no visible global function definition for ‘dudi.coa’
    multivariate0: no visible global function definition for ‘dudi.mix’
    plotCat2: no visible global function definition for ‘s.class’
    plotLikert1: no visible global function definition for ‘trellis.device’
    plotLikert1: no visible global function definition for ‘dotplot’
    plotLikert1: no visible global function definition for ‘simpleKey’
    plotMissing: no visible global function definition for ‘whatis’
    plotNum: no visible global function definition for ‘s.corcircle’
    plotTabCont0: no visible global function definition for ‘assoc’
    plotTabCont0: no visible binding for global variable ‘shading_hcl’
    plotTabCont0: no visible global function definition for ‘corresp’
    sortAnova: no visible global function definition for ‘Anova’
    statMissing: no visible global function definition for ‘whatis’
    vpAFC: no visible global function definition for ‘dudi.coa’
Flavors: r-devel-linux-x86_64-debian-clang, r-devel-linux-x86_64-debian-gcc, r-devel-linux-x86_64-fedora-clang, r-devel-linux-x86_64-fedora-gcc, r-devel-osx-x86_64-clang, r-devel-windows-ix86+x86_64, r-patched-linux-x86_64, r-patched-solaris-sparc, r-patched-solaris-x86, r-release-linux-ix86, r-release-linux-x86_64, r-release-osx-x86_64-mavericks, r-release-windows-ix86+x86_64