CRAN Package Check Results for Package RcmdrPlugin.qual

Last updated on 2014-04-24 23:48:10.

Flavor Version Tinstall Tcheck Ttotal Status Flags
r-devel-linux-x86_64-debian-clang 2.2.6 0.88 14.52 15.40 NOTE
r-devel-linux-x86_64-debian-gcc 2.2.6 0.88 14.53 15.41 NOTE
r-devel-linux-x86_64-fedora-clang 2.2.6 29.16 NOTE
r-devel-linux-x86_64-fedora-gcc 2.2.6 27.67 NOTE
r-devel-osx-x86_64-clang 2.2.6 36.32 NOTE
r-devel-osx-x86_64-gcc 2.2.6 ERROR
r-devel-windows-ix86+x86_64 2.2.6 23.00 34.00 57.00 NOTE
r-patched-linux-x86_64 2.2.6 0.86 14.58 15.44 NOTE
r-patched-solaris-sparc 2.2.6 175.50 NOTE
r-patched-solaris-x86 2.2.6 54.40 NOTE
r-release-linux-ix86 2.2.6 2.00 31.00 33.00 NOTE
r-release-linux-x86_64 2.2.6 0.87 14.28 15.16 NOTE
r-release-osx-x86_64-mavericks 2.2.6 WARN
r-release-osx-x86_64-snowleopard 2.2.6 NOTE
r-release-windows-ix86+x86_64 2.2.6 21.00 32.00 53.00 NOTE
r-oldrel-windows-ix86+x86_64 2.2.6 17.00 36.00 53.00 NOTE

Check Details

Version: 2.2.6
Check: R code for possible problems
Result: NOTE
    .onAttach: no visible global function definition for ‘.gettext’
    cchart: no visible binding for global variable ‘top’
    cchart: no visible binding for global variable ‘buttonsFrame’
    cschart: no visible binding for global variable ‘top’
    cschart : onOK: no visible binding for global variable ‘top’
    cschart: no visible binding for global variable ‘buttonsFrame’
    cusumMod: no visible binding for global variable ‘top’
    cusumMod : onOK: no visible binding for global variable ‘top’
    cusumMod: no visible binding for global variable ‘buttonsFrame’
    ewMod: no visible binding for global variable ‘top’
    ewMod : onOK: no visible binding for global variable ‘top’
    ewMod: no visible binding for global variable ‘buttonsFrame’
    gofMod: no visible binding for global variable ‘top’
    gofMod : onOK: no visible binding for global variable ‘top’
    gofMod: no visible binding for global variable ‘buttonsFrame’
    movranMod: no visible binding for global variable ‘top’
    movranMod : onOK: no visible binding for global variable ‘top’
    movranMod: no visible binding for global variable ‘buttonsFrame’
    npchart: no visible binding for global variable ‘top’
    npchart : onOK: no visible binding for global variable ‘top’
    npchart: no visible binding for global variable ‘buttonsFrame’
    npschart: no visible binding for global variable ‘top’
    npschart : onOK: no visible binding for global variable ‘top’
    npschart: no visible binding for global variable ‘buttonsFrame’
    paretoMod: no visible binding for global variable ‘top’
    paretoMod : onOK: no visible binding for global variable ‘top’
    paretoMod: no visible binding for global variable ‘buttonsFrame’
    pchart: no visible binding for global variable ‘top’
    pchart : onOK: no visible binding for global variable ‘top’
    pchart: no visible binding for global variable ‘buttonsFrame’
    pschart: no visible binding for global variable ‘top’
    pschart : onOK: no visible binding for global variable ‘top’
    pschart: no visible binding for global variable ‘buttonsFrame’
    shapeMod: no visible binding for global variable ‘top’
    shapeMod : onOK: no visible binding for global variable ‘newDataSet’
    shapeMod : onOK: no visible global function definition for ‘newDataSet’
    shapeMod: no visible binding for global variable ‘buttonsFrame’
    uchart: no visible binding for global variable ‘top’
    uchart: no visible binding for global variable ‘buttonsFrame’
    uschart: no visible binding for global variable ‘top’
    uschart : onOK: no visible binding for global variable ‘top’
    uschart: no visible binding for global variable ‘buttonsFrame’
    xbarnew: no visible binding for global variable ‘top’
    xbarnew : onOK: no visible binding for global variable ‘top’
    xbarnew: no visible binding for global variable ‘buttonsFrame’
Flavors: r-devel-linux-x86_64-debian-clang, r-devel-linux-x86_64-debian-gcc, r-devel-linux-x86_64-fedora-clang, r-devel-linux-x86_64-fedora-gcc, r-devel-osx-x86_64-clang, r-devel-windows-ix86+x86_64, r-patched-linux-x86_64, r-patched-solaris-sparc, r-patched-solaris-x86, r-release-linux-ix86, r-release-linux-x86_64, r-release-osx-x86_64-mavericks, r-release-osx-x86_64-snowleopard, r-release-windows-ix86+x86_64, r-oldrel-windows-ix86+x86_64

Version: 2.2.6
Check: package dependencies
Result: ERROR
    Package required but not available: ‘Rcmdr’
    
    See the information on DESCRIPTION files in the chapter ‘Creating R
    packages’ of the ‘Writing R Extensions’ manual.
Flavor: r-devel-osx-x86_64-gcc

Version: 2.2.6
Check: PDF version of manual
Result: WARNING
    LaTeX errors when creating PDF version.
    This typically indicates Rd problems.
    LaTeX errors found:
    ! LaTeX Error: File `upquote.sty' not found.
    
    Type X to quit or <RETURN> to proceed,
    or enter new name. (Default extension: sty)
    
    55233ee/Rd2.tex:8: ==> Fatal error occurred, no output PDF file produced!
Flavor: r-release-osx-x86_64-mavericks