CRAN Package Check Results for Package RcmdrPlugin.qual

Last updated on 2015-07-30 13:47:40.

Flavor Version Tinstall Tcheck Ttotal Status Flags
r-devel-linux-x86_64-debian-clang 2.2.6 4.62 49.56 54.18 NOTE
r-devel-linux-x86_64-debian-gcc 2.2.6 4.81 47.96 52.77 NOTE
r-devel-linux-x86_64-fedora-clang 2.2.6 107.33 NOTE
r-devel-linux-x86_64-fedora-gcc 2.2.6 110.43 NOTE
r-devel-osx-x86_64-clang 2.2.6 105.30 NOTE
r-devel-windows-ix86+x86_64 2.2.6 33.00 84.00 117.00 NOTE
r-patched-linux-x86_64 2.2.6 4.55 36.36 40.91 NOTE
r-patched-solaris-sparc 2.2.6 671.00 NOTE
r-patched-solaris-x86 2.2.6 172.00 NOTE
r-release-linux-x86_64 2.2.6 5.44 49.89 55.33 NOTE
r-release-osx-x86_64-mavericks 2.2.6 NOTE
r-release-windows-ix86+x86_64 2.2.6 38.00 75.00 113.00 NOTE
r-oldrel-windows-ix86+x86_64 2.2.6 62.00 186.00 248.00 NOTE

Check Details

Version: 2.2.6
Check: package namespace information
Result: NOTE
     Namespaces with empty importFrom:
     ‘stats’ ‘tcltk’
Flavors: r-devel-linux-x86_64-debian-clang, r-devel-linux-x86_64-debian-gcc, r-devel-linux-x86_64-fedora-clang, r-devel-linux-x86_64-fedora-gcc, r-devel-osx-x86_64-clang, r-devel-windows-ix86+x86_64, r-patched-linux-x86_64, r-patched-solaris-sparc, r-patched-solaris-x86, r-release-linux-x86_64, r-release-osx-x86_64-mavericks, r-release-windows-ix86+x86_64, r-oldrel-windows-ix86+x86_64

Version: 2.2.6
Check: DESCRIPTION meta-information
Result: NOTE
    Malformed Description field: should contain one or more complete sentences.
Flavors: r-devel-linux-x86_64-debian-clang, r-devel-linux-x86_64-debian-gcc, r-devel-linux-x86_64-fedora-clang, r-devel-linux-x86_64-fedora-gcc, r-devel-osx-x86_64-clang, r-devel-windows-ix86+x86_64, r-patched-linux-x86_64, r-patched-solaris-sparc, r-patched-solaris-x86, r-release-linux-x86_64, r-release-osx-x86_64-mavericks, r-release-windows-ix86+x86_64

Version: 2.2.6
Check: R code for possible problems
Result: NOTE
    .onAttach: no visible global function definition for ‘packageVersion’
    .onAttach: no visible global function definition for ‘.gettext’
    cchart: no visible binding for global variable ‘top’
    cchart: no visible binding for global variable ‘buttonsFrame’
    cschart: no visible binding for global variable ‘top’
    cschart : onOK: no visible binding for global variable ‘top’
    cschart: no visible binding for global variable ‘buttonsFrame’
    cusumMod: no visible binding for global variable ‘top’
    cusumMod : onOK: no visible binding for global variable ‘top’
    cusumMod: no visible binding for global variable ‘buttonsFrame’
    ewMod: no visible binding for global variable ‘top’
    ewMod : onOK: no visible binding for global variable ‘top’
    ewMod: no visible binding for global variable ‘buttonsFrame’
    gof1: no visible global function definition for ‘fitdistr’
    gof1: no visible binding for global variable ‘dweibull’
    gof1: no visible global function definition for ‘ks.test’
    gofMod: no visible binding for global variable ‘top’
    gofMod : onOK: no visible binding for global variable ‘top’
    gofMod: no visible binding for global variable ‘buttonsFrame’
    movranMod: no visible binding for global variable ‘top’
    movranMod : onOK: no visible binding for global variable ‘top’
    movranMod: no visible binding for global variable ‘buttonsFrame’
    movrange1: no visible global function definition for ‘qcc.options’
    movrange1: no visible global function definition for ‘plot’
    movrange1: no visible global function definition for ‘abline’
    npchart: no visible binding for global variable ‘top’
    npchart : onOK: no visible binding for global variable ‘top’
    npchart: no visible binding for global variable ‘buttonsFrame’
    npschart: no visible binding for global variable ‘top’
    npschart : onOK: no visible binding for global variable ‘top’
    npschart: no visible binding for global variable ‘buttonsFrame’
    pareto1: no visible global function definition for ‘barplot’
    pareto1: no visible global function definition for ‘abline’
    paretoMod: no visible binding for global variable ‘top’
    paretoMod : onOK: no visible binding for global variable ‘top’
    paretoMod: no visible binding for global variable ‘buttonsFrame’
    pchart: no visible binding for global variable ‘top’
    pchart : onOK: no visible binding for global variable ‘top’
    pchart: no visible binding for global variable ‘buttonsFrame’
    pschart: no visible binding for global variable ‘top’
    pschart : onOK: no visible binding for global variable ‘top’
    pschart: no visible binding for global variable ‘buttonsFrame’
    shapeMod: no visible binding for global variable ‘top’
    shapeMod : onOK: no visible binding for global variable ‘newDataSet’
    shapeMod : onOK: no visible global function definition for ‘newDataSet’
    shapeMod: no visible binding for global variable ‘buttonsFrame’
    sum1a: no visible global function definition for ‘sd’
    uchart: no visible binding for global variable ‘top’
    uchart: no visible binding for global variable ‘buttonsFrame’
    uschart: no visible binding for global variable ‘top’
    uschart : onOK: no visible binding for global variable ‘top’
    uschart: no visible binding for global variable ‘buttonsFrame’
    xbarnew: no visible binding for global variable ‘top’
    xbarnew : onOK: no visible binding for global variable ‘top’
    xbarnew: no visible binding for global variable ‘buttonsFrame’
    Undefined global functions or variables:
     .gettext abline barplot buttonsFrame dweibull fitdistr ks.test
     newDataSet packageVersion plot qcc.options sd top
    Consider adding
     importFrom("graphics", "abline", "barplot", "plot")
     importFrom("stats", "dweibull", "ks.test", "sd")
     importFrom("utils", "packageVersion")
    to your NAMESPACE.
Flavors: r-devel-linux-x86_64-debian-clang, r-devel-linux-x86_64-debian-gcc, r-devel-linux-x86_64-fedora-clang, r-devel-linux-x86_64-fedora-gcc, r-devel-windows-ix86+x86_64

Version: 2.2.6
Check: R code for possible problems
Result: NOTE
    .onAttach: no visible global function definition for ‘.gettext’
    cchart: no visible binding for global variable ‘top’
    cchart: no visible binding for global variable ‘buttonsFrame’
    cschart: no visible binding for global variable ‘top’
    cschart : onOK: no visible binding for global variable ‘top’
    cschart: no visible binding for global variable ‘buttonsFrame’
    cusumMod: no visible binding for global variable ‘top’
    cusumMod : onOK: no visible binding for global variable ‘top’
    cusumMod: no visible binding for global variable ‘buttonsFrame’
    ewMod: no visible binding for global variable ‘top’
    ewMod : onOK: no visible binding for global variable ‘top’
    ewMod: no visible binding for global variable ‘buttonsFrame’
    gof1: no visible global function definition for ‘fitdistr’
    gofMod: no visible binding for global variable ‘top’
    gofMod : onOK: no visible binding for global variable ‘top’
    gofMod: no visible binding for global variable ‘buttonsFrame’
    movranMod: no visible binding for global variable ‘top’
    movranMod : onOK: no visible binding for global variable ‘top’
    movranMod: no visible binding for global variable ‘buttonsFrame’
    movrange1: no visible global function definition for ‘qcc.options’
    npchart: no visible binding for global variable ‘top’
    npchart : onOK: no visible binding for global variable ‘top’
    npchart: no visible binding for global variable ‘buttonsFrame’
    npschart: no visible binding for global variable ‘top’
    npschart : onOK: no visible binding for global variable ‘top’
    npschart: no visible binding for global variable ‘buttonsFrame’
    paretoMod: no visible binding for global variable ‘top’
    paretoMod : onOK: no visible binding for global variable ‘top’
    paretoMod: no visible binding for global variable ‘buttonsFrame’
    pchart: no visible binding for global variable ‘top’
    pchart : onOK: no visible binding for global variable ‘top’
    pchart: no visible binding for global variable ‘buttonsFrame’
    pschart: no visible binding for global variable ‘top’
    pschart : onOK: no visible binding for global variable ‘top’
    pschart: no visible binding for global variable ‘buttonsFrame’
    shapeMod: no visible binding for global variable ‘top’
    shapeMod : onOK: no visible binding for global variable ‘newDataSet’
    shapeMod : onOK: no visible global function definition for ‘newDataSet’
    shapeMod: no visible binding for global variable ‘buttonsFrame’
    uchart: no visible binding for global variable ‘top’
    uchart: no visible binding for global variable ‘buttonsFrame’
    uschart: no visible binding for global variable ‘top’
    uschart : onOK: no visible binding for global variable ‘top’
    uschart: no visible binding for global variable ‘buttonsFrame’
    xbarnew: no visible binding for global variable ‘top’
    xbarnew : onOK: no visible binding for global variable ‘top’
    xbarnew: no visible binding for global variable ‘buttonsFrame’
    Undefined global functions or variables:
     .gettext buttonsFrame fitdistr newDataSet qcc.options top
Flavor: r-devel-osx-x86_64-clang

Version: 2.2.6
Check: R code for possible problems
Result: NOTE
    .onAttach: no visible global function definition for ‘.gettext’
    cchart: no visible binding for global variable ‘top’
    cchart: no visible binding for global variable ‘buttonsFrame’
    cschart: no visible binding for global variable ‘top’
    cschart : onOK: no visible binding for global variable ‘top’
    cschart: no visible binding for global variable ‘buttonsFrame’
    cusumMod: no visible binding for global variable ‘top’
    cusumMod : onOK: no visible binding for global variable ‘top’
    cusumMod: no visible binding for global variable ‘buttonsFrame’
    ewMod: no visible binding for global variable ‘top’
    ewMod : onOK: no visible binding for global variable ‘top’
    ewMod: no visible binding for global variable ‘buttonsFrame’
    gof1: no visible global function definition for ‘fitdistr’
    gofMod: no visible binding for global variable ‘top’
    gofMod : onOK: no visible binding for global variable ‘top’
    gofMod: no visible binding for global variable ‘buttonsFrame’
    movranMod: no visible binding for global variable ‘top’
    movranMod : onOK: no visible binding for global variable ‘top’
    movranMod: no visible binding for global variable ‘buttonsFrame’
    movrange1: no visible global function definition for ‘qcc.options’
    npchart: no visible binding for global variable ‘top’
    npchart : onOK: no visible binding for global variable ‘top’
    npchart: no visible binding for global variable ‘buttonsFrame’
    npschart: no visible binding for global variable ‘top’
    npschart : onOK: no visible binding for global variable ‘top’
    npschart: no visible binding for global variable ‘buttonsFrame’
    paretoMod: no visible binding for global variable ‘top’
    paretoMod : onOK: no visible binding for global variable ‘top’
    paretoMod: no visible binding for global variable ‘buttonsFrame’
    pchart: no visible binding for global variable ‘top’
    pchart : onOK: no visible binding for global variable ‘top’
    pchart: no visible binding for global variable ‘buttonsFrame’
    pschart: no visible binding for global variable ‘top’
    pschart : onOK: no visible binding for global variable ‘top’
    pschart: no visible binding for global variable ‘buttonsFrame’
    shapeMod: no visible binding for global variable ‘top’
    shapeMod : onOK: no visible binding for global variable ‘newDataSet’
    shapeMod : onOK: no visible global function definition for ‘newDataSet’
    shapeMod: no visible binding for global variable ‘buttonsFrame’
    uchart: no visible binding for global variable ‘top’
    uchart: no visible binding for global variable ‘buttonsFrame’
    uschart: no visible binding for global variable ‘top’
    uschart : onOK: no visible binding for global variable ‘top’
    uschart: no visible binding for global variable ‘buttonsFrame’
    xbarnew: no visible binding for global variable ‘top’
    xbarnew : onOK: no visible binding for global variable ‘top’
    xbarnew: no visible binding for global variable ‘buttonsFrame’
Flavors: r-patched-linux-x86_64, r-patched-solaris-sparc, r-patched-solaris-x86, r-release-linux-x86_64, r-release-osx-x86_64-mavericks, r-release-windows-ix86+x86_64, r-oldrel-windows-ix86+x86_64