CRAN Package Check Results for Package RcmdrPlugin.qual

Last updated on 2014-08-21 17:46:54.

Flavor Version Tinstall Tcheck Ttotal Status Flags
r-devel-linux-x86_64-debian-clang 2.2.6 0.77 13.54 14.30 NOTE
r-devel-linux-x86_64-debian-gcc 2.2.6 0.80 13.35 14.15 NOTE
r-devel-linux-x86_64-fedora-clang 2.2.6 29.85 NOTE
r-devel-linux-x86_64-fedora-gcc 2.2.6 26.43 NOTE
r-devel-osx-x86_64-clang 2.2.6 34.17 NOTE
r-devel-windows-ix86+x86_64 2.2.6 16.00 40.00 56.00 NOTE
r-patched-linux-x86_64 2.2.6 0.82 13.52 14.34 NOTE
r-patched-solaris-sparc 2.2.6 163.10 NOTE
r-patched-solaris-x86 2.2.6 44.90 NOTE
r-release-linux-ix86 2.2.6 1.32 22.03 23.34 NOTE
r-release-linux-x86_64 2.2.6 0.83 13.91 14.74 NOTE
r-release-osx-x86_64-mavericks 2.2.6 NOTE
r-release-osx-x86_64-snowleopard 2.2.6 NOTE
r-release-windows-ix86+x86_64 2.2.6 14.00 34.00 48.00 NOTE
r-oldrel-windows-ix86+x86_64 2.2.6 13.00 36.00 49.00 NOTE

Check Details

Version: 2.2.6
Check: package namespace information
Result: NOTE
     Namespaces with empty importFrom:
     ‘stats’ ‘tcltk’
Flavors: r-devel-linux-x86_64-debian-clang, r-devel-linux-x86_64-debian-gcc, r-devel-linux-x86_64-fedora-clang, r-devel-linux-x86_64-fedora-gcc, r-devel-osx-x86_64-clang, r-devel-windows-ix86+x86_64

Version: 2.2.6
Check: R code for possible problems
Result: NOTE
    .onAttach: no visible global function definition for ‘.gettext’
    cchart: no visible binding for global variable ‘top’
    cchart: no visible binding for global variable ‘buttonsFrame’
    cschart: no visible binding for global variable ‘top’
    cschart : onOK: no visible binding for global variable ‘top’
    cschart: no visible binding for global variable ‘buttonsFrame’
    cusumMod: no visible binding for global variable ‘top’
    cusumMod : onOK: no visible binding for global variable ‘top’
    cusumMod: no visible binding for global variable ‘buttonsFrame’
    ewMod: no visible binding for global variable ‘top’
    ewMod : onOK: no visible binding for global variable ‘top’
    ewMod: no visible binding for global variable ‘buttonsFrame’
    gofMod: no visible binding for global variable ‘top’
    gofMod : onOK: no visible binding for global variable ‘top’
    gofMod: no visible binding for global variable ‘buttonsFrame’
    movranMod: no visible binding for global variable ‘top’
    movranMod : onOK: no visible binding for global variable ‘top’
    movranMod: no visible binding for global variable ‘buttonsFrame’
    npchart: no visible binding for global variable ‘top’
    npchart : onOK: no visible binding for global variable ‘top’
    npchart: no visible binding for global variable ‘buttonsFrame’
    npschart: no visible binding for global variable ‘top’
    npschart : onOK: no visible binding for global variable ‘top’
    npschart: no visible binding for global variable ‘buttonsFrame’
    paretoMod: no visible binding for global variable ‘top’
    paretoMod : onOK: no visible binding for global variable ‘top’
    paretoMod: no visible binding for global variable ‘buttonsFrame’
    pchart: no visible binding for global variable ‘top’
    pchart : onOK: no visible binding for global variable ‘top’
    pchart: no visible binding for global variable ‘buttonsFrame’
    pschart: no visible binding for global variable ‘top’
    pschart : onOK: no visible binding for global variable ‘top’
    pschart: no visible binding for global variable ‘buttonsFrame’
    shapeMod: no visible binding for global variable ‘top’
    shapeMod : onOK: no visible binding for global variable ‘newDataSet’
    shapeMod : onOK: no visible global function definition for ‘newDataSet’
    shapeMod: no visible binding for global variable ‘buttonsFrame’
    uchart: no visible binding for global variable ‘top’
    uchart: no visible binding for global variable ‘buttonsFrame’
    uschart: no visible binding for global variable ‘top’
    uschart : onOK: no visible binding for global variable ‘top’
    uschart: no visible binding for global variable ‘buttonsFrame’
    xbarnew: no visible binding for global variable ‘top’
    xbarnew : onOK: no visible binding for global variable ‘top’
    xbarnew: no visible binding for global variable ‘buttonsFrame’
Flavors: r-devel-linux-x86_64-debian-clang, r-devel-linux-x86_64-debian-gcc, r-devel-windows-ix86+x86_64, r-patched-linux-x86_64, r-patched-solaris-sparc, r-patched-solaris-x86, r-release-linux-ix86, r-release-linux-x86_64, r-release-osx-x86_64-mavericks, r-release-osx-x86_64-snowleopard, r-release-windows-ix86+x86_64, r-oldrel-windows-ix86+x86_64

Version: 2.2.6
Check: R code for possible problems
Result: NOTE
    .onAttach: no visible global function definition for ‘.gettext’
    cchart: no visible binding for global variable ‘top’
    cchart: no visible binding for global variable ‘buttonsFrame’
    cschart: no visible binding for global variable ‘top’
    cschart : onOK: no visible binding for global variable ‘top’
    cschart: no visible binding for global variable ‘buttonsFrame’
    cusumMod: no visible binding for global variable ‘top’
    cusumMod : onOK: no visible binding for global variable ‘top’
    cusumMod: no visible binding for global variable ‘buttonsFrame’
    ewMod: no visible binding for global variable ‘top’
    ewMod : onOK: no visible binding for global variable ‘top’
    ewMod: no visible binding for global variable ‘buttonsFrame’
    gof1: no visible global function definition for ‘fitdistr’
    gofMod: no visible binding for global variable ‘top’
    gofMod : onOK: no visible binding for global variable ‘top’
    gofMod: no visible binding for global variable ‘buttonsFrame’
    movranMod: no visible binding for global variable ‘top’
    movranMod : onOK: no visible binding for global variable ‘top’
    movranMod: no visible binding for global variable ‘buttonsFrame’
    movrange1: no visible global function definition for ‘qcc.options’
    npchart: no visible binding for global variable ‘top’
    npchart : onOK: no visible binding for global variable ‘top’
    npchart: no visible binding for global variable ‘buttonsFrame’
    npschart: no visible binding for global variable ‘top’
    npschart : onOK: no visible binding for global variable ‘top’
    npschart: no visible binding for global variable ‘buttonsFrame’
    paretoMod: no visible binding for global variable ‘top’
    paretoMod : onOK: no visible binding for global variable ‘top’
    paretoMod: no visible binding for global variable ‘buttonsFrame’
    pchart: no visible binding for global variable ‘top’
    pchart : onOK: no visible binding for global variable ‘top’
    pchart: no visible binding for global variable ‘buttonsFrame’
    pschart: no visible binding for global variable ‘top’
    pschart : onOK: no visible binding for global variable ‘top’
    pschart: no visible binding for global variable ‘buttonsFrame’
    shapeMod: no visible binding for global variable ‘top’
    shapeMod : onOK: no visible binding for global variable ‘newDataSet’
    shapeMod : onOK: no visible global function definition for ‘newDataSet’
    shapeMod: no visible binding for global variable ‘buttonsFrame’
    uchart: no visible binding for global variable ‘top’
    uchart: no visible binding for global variable ‘buttonsFrame’
    uschart: no visible binding for global variable ‘top’
    uschart : onOK: no visible binding for global variable ‘top’
    uschart: no visible binding for global variable ‘buttonsFrame’
    xbarnew: no visible binding for global variable ‘top’
    xbarnew : onOK: no visible binding for global variable ‘top’
    xbarnew: no visible binding for global variable ‘buttonsFrame’
Flavors: r-devel-linux-x86_64-fedora-clang, r-devel-linux-x86_64-fedora-gcc, r-devel-osx-x86_64-clang