CRAN Package Check Results for Package RcmdrPlugin.sampling

Last updated on 2014-10-31 17:49:19.

Flavor Version Tinstall Tcheck Ttotal Status Flags
r-devel-linux-x86_64-debian-clang 1.1 2.79 46.30 49.08 OK
r-devel-linux-x86_64-debian-gcc 1.1 2.19 40.44 42.63 OK
r-devel-linux-x86_64-fedora-clang 1.1 72.57 OK
r-devel-linux-x86_64-fedora-gcc 1.1 69.35 OK
r-devel-osx-x86_64-clang 1.1 74.92 OK
r-devel-windows-ix86+x86_64 1.1 32.00 83.00 115.00 OK
r-patched-linux-x86_64 1.1 2.42 46.22 48.64 OK
r-patched-solaris-sparc 1.1 394.80 OK
r-patched-solaris-x86 1.1 123.10 OK
r-release-linux-ix86 1.1 0.48 1.70 2.18 ERROR
r-release-linux-x86_64 1.1 2.51 45.90 48.41 OK
r-release-osx-x86_64-mavericks 1.1 OK
r-release-osx-x86_64-snowleopard 1.1 OK
r-release-windows-ix86+x86_64 1.1 24.00 83.00 107.00 OK
r-oldrel-windows-ix86+x86_64 1.1 22.00 86.00 108.00 OK

Check Details

Version: 1.1
Check: package dependencies
Result: ERROR
    Package required but not available: ‘Rcmdr’
    
    See the information on DESCRIPTION files in the chapter ‘Creating R
    packages’ of the ‘Writing R Extensions’ manual.
Flavor: r-release-linux-ix86