CRAN Package Check Results for Package RcmdrPlugin.sampling

Last updated on 2016-12-10 23:48:56.

Flavor Version Tinstall Tcheck Ttotal Status Flags
r-devel-linux-x86_64-debian-clang 1.1 5.40 59.27 64.66 NOTE
r-devel-linux-x86_64-debian-gcc 1.1 5.54 59.22 64.75 NOTE
r-devel-linux-x86_64-fedora-clang 1.1 134.80 NOTE --no-stop-on-test-error
r-devel-linux-x86_64-fedora-gcc 1.1 132.28 NOTE --no-stop-on-test-error
r-devel-macos-x86_64-clang 1.1 106.90 NOTE --no-stop-on-test-error
r-devel-windows-ix86+x86_64 1.1 46.00 109.00 155.00 NOTE
r-patched-linux-x86_64 1.1 4.81 54.68 59.49 NOTE
r-patched-solaris-sparc 1.1 718.70 NOTE
r-patched-solaris-x86 1.1 177.90 NOTE
r-release-linux-x86_64 1.1 5.16 52.85 58.01 NOTE
r-release-osx-x86_64-mavericks 1.1 WARN
r-release-windows-ix86+x86_64 1.1 46.00 103.00 149.00 NOTE
r-oldrel-windows-ix86+x86_64 1.1 43.00 158.00 201.00 OK

Check Details

Version: 1.1
Check: R code for possible problems
Result: NOTE
    SampleSizes: no visible global function definition for ‘xtabs’
    SampleSizes: no visible global function definition for ‘weighted.mean’
    SampleSizes: no visible global function definition for ‘reshape’
    stage1Sample.fn: no visible global function definition for ‘runif’
    stage2Sample.fn: no visible global function definition for ‘runif’
    strata.options : onOK: no visible global function definition for
     ‘packageDescription’
    Undefined global functions or variables:
     packageDescription reshape runif weighted.mean xtabs
    Consider adding
     importFrom("stats", "reshape", "runif", "weighted.mean", "xtabs")
     importFrom("utils", "packageDescription")
    to your NAMESPACE file.
Flavors: r-devel-linux-x86_64-debian-clang, r-devel-linux-x86_64-debian-gcc, r-devel-windows-ix86+x86_64, r-patched-linux-x86_64, r-patched-solaris-sparc, r-patched-solaris-x86, r-release-linux-x86_64, r-release-windows-ix86+x86_64

Version: 1.1
Flags: --no-stop-on-test-error
Check: R code for possible problems
Result: NOTE
    SampleSizes: no visible global function definition for ‘xtabs’
    SampleSizes: no visible global function definition for ‘weighted.mean’
    SampleSizes: no visible global function definition for ‘reshape’
    stage1Sample.fn: no visible global function definition for ‘runif’
    stage2Sample.fn: no visible global function definition for ‘runif’
    strata.options : onOK: no visible global function definition for
     ‘packageDescription’
    Undefined global functions or variables:
     packageDescription reshape runif weighted.mean xtabs
    Consider adding
     importFrom("stats", "reshape", "runif", "weighted.mean", "xtabs")
     importFrom("utils", "packageDescription")
    to your NAMESPACE file.
Flavors: r-devel-linux-x86_64-fedora-clang, r-devel-linux-x86_64-fedora-gcc, r-devel-macos-x86_64-clang

Version: 1.1
Check: dependencies in R code
Result: NOTE
    Invalid MIT-MAGIC-COOKIE-1 key
Flavor: r-release-osx-x86_64-mavericks

Version: 1.1
Check: S3 generic/method consistency
Result: WARN
    Invalid MIT-MAGIC-COOKIE-1 key
    See section ‘Generic functions and methods’ in the ‘Writing R
    Extensions’ manual.
Flavor: r-release-osx-x86_64-mavericks

Version: 1.1
Check: replacement functions
Result: WARN
    Invalid MIT-MAGIC-COOKIE-1 key
    The argument of a replacement function which corresponds to the right
    hand side must be named ‘value’.
Flavor: r-release-osx-x86_64-mavericks

Version: 1.1
Check: foreign function calls
Result: NOTE
    Invalid MIT-MAGIC-COOKIE-1 key
    See chapter ‘System and foreign language interfaces’ in the ‘Writing R
    Extensions’ manual.
Flavor: r-release-osx-x86_64-mavericks

Version: 1.1
Check: R code for possible problems
Result: NOTE
    Invalid MIT-MAGIC-COOKIE-1 keySampleSizes: no visible global function definition for ‘xtabs’
    SampleSizes: no visible global function definition for ‘weighted.mean’
    SampleSizes: no visible global function definition for ‘reshape’
    stage1Sample.fn: no visible global function definition for ‘runif’
    stage2Sample.fn: no visible global function definition for ‘runif’
    strata.options : onOK: no visible global function definition for
     ‘packageDescription’
    Undefined global functions or variables:
     packageDescription reshape runif weighted.mean xtabs
    Consider adding
     importFrom("stats", "reshape", "runif", "weighted.mean", "xtabs")
     importFrom("utils", "packageDescription")
    to your NAMESPACE file.
Flavor: r-release-osx-x86_64-mavericks

Version: 1.1
Check: for missing documentation entries
Result: WARN
    Invalid MIT-MAGIC-COOKIE-1 key
    All user-level objects in a package should have documentation entries.
    See chapter ‘Writing R documentation files’ in the ‘Writing R
    Extensions’ manual.
Flavor: r-release-osx-x86_64-mavericks

Version: 1.1
Check: for code/documentation mismatches
Result: WARN
    Invalid MIT-MAGIC-COOKIE-1 key
    Invalid MIT-MAGIC-COOKIE-1 key
    Invalid MIT-MAGIC-COOKIE-1 key
Flavor: r-release-osx-x86_64-mavericks

Version: 1.1
Check: Rd \usage sections
Result: NOTE
    Invalid MIT-MAGIC-COOKIE-1 key
    The \usage entries for S3 methods should use the \method markup and not
    their full name.
    See chapter ‘Writing R documentation files’ in the ‘Writing R
    Extensions’ manual.
Flavor: r-release-osx-x86_64-mavericks