CRAN Package Check Results for Package RcmdrPlugin.sampling

Last updated on 2015-08-04 06:47:51.

Flavor Version Tinstall Tcheck Ttotal Status Flags
r-devel-linux-x86_64-debian-clang 1.1 5.09 54.96 60.05 NOTE
r-devel-linux-x86_64-debian-gcc 1.1 4.96 52.68 57.64 NOTE
r-devel-linux-x86_64-fedora-clang 1.1 118.87 NOTE
r-devel-linux-x86_64-fedora-gcc 1.1 111.54 NOTE
r-devel-osx-x86_64-clang 1.1 106.47 OK
r-devel-windows-ix86+x86_64 1.1 40.00 88.00 128.00 NOTE
r-patched-linux-x86_64 1.1 5.34 53.10 58.44 OK
r-patched-solaris-sparc 1.1 713.60 OK
r-patched-solaris-x86 1.1 182.70 OK
r-release-linux-x86_64 1.1 4.98 41.36 46.34 OK
r-release-osx-x86_64-mavericks 1.1 OK
r-release-windows-ix86+x86_64 1.1 47.00 93.00 140.00 OK
r-oldrel-windows-ix86+x86_64 1.1 65.00 200.00 265.00 OK

Check Details

Version: 1.1
Check: R code for possible problems
Result: NOTE
    SampleSizes: no visible global function definition for ‘xtabs’
    SampleSizes: no visible global function definition for ‘weighted.mean’
    SampleSizes: no visible global function definition for ‘reshape’
    stage1Sample.fn: no visible global function definition for ‘runif’
    stage2Sample.fn: no visible global function definition for ‘runif’
    strata.options : onOK: no visible global function definition for
     ‘packageDescription’
    Undefined global functions or variables:
     packageDescription reshape runif weighted.mean xtabs
    Consider adding
     importFrom("stats", "reshape", "runif", "weighted.mean", "xtabs")
     importFrom("utils", "packageDescription")
    to your NAMESPACE.
Flavors: r-devel-linux-x86_64-debian-clang, r-devel-linux-x86_64-debian-gcc, r-devel-linux-x86_64-fedora-clang, r-devel-linux-x86_64-fedora-gcc, r-devel-windows-ix86+x86_64