CRAN Package Check Results for Package RcmdrPlugin.sampling

Last updated on 2018-04-25 01:47:07 CEST.

Flavor Version Tinstall Tcheck Ttotal Status Flags
r-devel-linux-x86_64-debian-clang 1.1 9.07 83.32 92.39 NOTE
r-devel-linux-x86_64-debian-gcc 1.1 7.33 65.42 72.75 NOTE
r-devel-linux-x86_64-fedora-clang 1.1 112.20 NOTE
r-devel-linux-x86_64-fedora-gcc 1.1 110.80 NOTE
r-devel-windows-ix86+x86_64 1.1 49.00 111.00 160.00 NOTE
r-patched-linux-x86_64 1.1 9.02 82.45 91.47 NOTE
r-patched-solaris-x86 1.1 193.00 NOTE
r-release-linux-x86_64 1.1 9.11 81.32 90.43 NOTE
r-release-windows-ix86+x86_64 1.1 49.00 111.00 160.00 NOTE
r-release-osx-x86_64 1.1 NOTE
r-oldrel-windows-ix86+x86_64 1.1 48.00 103.00 151.00 NOTE
r-oldrel-osx-x86_64 1.1 NOTE

Check Details

Version: 1.1
Check: R code for possible problems
Result: NOTE
    SampleSizes: no visible global function definition for ‘xtabs’
    SampleSizes: no visible global function definition for ‘weighted.mean’
    SampleSizes: no visible global function definition for ‘reshape’
    stage1Sample.fn: no visible global function definition for ‘runif’
    stage2Sample.fn: no visible global function definition for ‘runif’
    strata.options : onOK: no visible global function definition for
     ‘packageDescription’
    Undefined global functions or variables:
     packageDescription reshape runif weighted.mean xtabs
    Consider adding
     importFrom("stats", "reshape", "runif", "weighted.mean", "xtabs")
     importFrom("utils", "packageDescription")
    to your NAMESPACE file.
Flavors: r-devel-linux-x86_64-debian-clang, r-devel-linux-x86_64-debian-gcc, r-devel-linux-x86_64-fedora-clang, r-devel-linux-x86_64-fedora-gcc, r-devel-windows-ix86+x86_64, r-patched-linux-x86_64, r-patched-solaris-x86, r-release-linux-x86_64, r-release-windows-ix86+x86_64, r-release-osx-x86_64, r-oldrel-windows-ix86+x86_64, r-oldrel-osx-x86_64