CRAN Package Check Results for Package RcmdrPlugin.sampling

Last updated on 2015-09-02 23:47:06.

Flavor Version Tinstall Tcheck Ttotal Status Flags
r-devel-linux-x86_64-debian-clang 1.1 4.83 52.61 57.44 NOTE
r-devel-linux-x86_64-debian-gcc 1.1 4.81 51.73 56.54 NOTE
r-devel-linux-x86_64-fedora-clang 1.1 114.30 NOTE
r-devel-linux-x86_64-fedora-gcc 1.1 112.54 NOTE
r-devel-osx-x86_64-clang 1.1 107.05 OK
r-devel-windows-ix86+x86_64 1.1 51.00 96.00 147.00 NOTE
r-patched-linux-x86_64 1.1 5.13 54.99 60.12 OK
r-patched-solaris-sparc 1.1 713.60 OK
r-patched-solaris-x86 1.1 193.40 OK
r-release-linux-x86_64 1.1 5.39 55.39 60.78 OK
r-release-osx-x86_64-mavericks 1.1 OK
r-release-windows-ix86+x86_64 1.1 44.00 99.00 143.00 OK
r-oldrel-windows-ix86+x86_64 1.1 73.00 217.00 290.00 OK

Check Details

Version: 1.1
Check: R code for possible problems
Result: NOTE
    SampleSizes: no visible global function definition for ‘xtabs’
    SampleSizes: no visible global function definition for ‘weighted.mean’
    SampleSizes: no visible global function definition for ‘reshape’
    stage1Sample.fn: no visible global function definition for ‘runif’
    stage2Sample.fn: no visible global function definition for ‘runif’
    strata.options : onOK: no visible global function definition for
     ‘packageDescription’
    Undefined global functions or variables:
     packageDescription reshape runif weighted.mean xtabs
    Consider adding
     importFrom("stats", "reshape", "runif", "weighted.mean", "xtabs")
     importFrom("utils", "packageDescription")
    to your NAMESPACE.
Flavors: r-devel-linux-x86_64-debian-clang, r-devel-linux-x86_64-debian-gcc, r-devel-linux-x86_64-fedora-clang, r-devel-linux-x86_64-fedora-gcc, r-devel-windows-ix86+x86_64