CRAN Package Check Results for Package RcmdrPlugin.sampling

Last updated on 2015-05-29 07:48:09.

Flavor Version Tinstall Tcheck Ttotal Status Flags
r-devel-linux-x86_64-debian-clang 1.1 4.76 50.95 55.72 OK
r-devel-linux-x86_64-debian-gcc 1.1 4.65 50.09 54.74 OK
r-devel-linux-x86_64-fedora-clang 1.1 119.09 OK
r-devel-linux-x86_64-fedora-gcc 1.1 112.45 OK
r-devel-osx-x86_64-clang 1.1 115.88 OK
r-devel-windows-ix86+x86_64 1.1 38.00 84.00 122.00 OK
r-patched-linux-x86_64 1.1 4.92 50.14 55.06 OK
r-patched-solaris-sparc 1.1 692.90 OK
r-patched-solaris-x86 1.1 181.20 OK
r-release-linux-x86_64 1.1 4.62 50.60 55.21 OK
r-release-osx-x86_64-mavericks 1.1 OK
r-release-osx-x86_64-snowleopard 1.1 ERROR
r-release-windows-ix86+x86_64 1.1 40.00 86.00 126.00 OK
r-oldrel-windows-ix86+x86_64 1.1 65.00 196.00 261.00 OK

Check Details

Version: 1.1
Check: package dependencies
Result: ERROR
    Package required but not available: ‘Rcmdr’
    
    See section ‘The DESCRIPTION file’ in the ‘Writing R Extensions’
    manual.
Flavor: r-release-osx-x86_64-snowleopard