CRAN Package Check Results for Package RcmdrPlugin.sampling

Last updated on 2017-06-23 01:47:31.

Flavor Version Tinstall Tcheck Ttotal Status Flags
r-devel-linux-x86_64-debian-clang 1.1 5.70 61.01 66.71 NOTE
r-devel-linux-x86_64-debian-gcc 1.1 5.44 60.30 65.73 NOTE
r-devel-linux-x86_64-fedora-clang 1.1 133.18 NOTE
r-devel-linux-x86_64-fedora-gcc 1.1 139.77 NOTE
r-devel-windows-ix86+x86_64 1.1 48.00 172.00 220.00 NOTE
r-patched-linux-x86_64 1.1 6.07 61.09 67.16 NOTE
r-patched-solaris-sparc 1.1 810.80 NOTE
r-patched-solaris-x86 1.1 200.90 NOTE
r-release-linux-x86_64 1.1 6.00 60.63 66.63 NOTE
r-release-windows-ix86+x86_64 1.1 53.00 110.00 163.00 NOTE
r-release-osx-x86_64 1.1 NOTE
r-oldrel-windows-ix86+x86_64 1.1 52.00 102.00 154.00 NOTE
r-oldrel-osx-x86_64 1.1 WARN

Check Details

Version: 1.1
Check: R code for possible problems
Result: NOTE
    SampleSizes: no visible global function definition for ‘xtabs’
    SampleSizes: no visible global function definition for ‘weighted.mean’
    SampleSizes: no visible global function definition for ‘reshape’
    stage1Sample.fn: no visible global function definition for ‘runif’
    stage2Sample.fn: no visible global function definition for ‘runif’
    strata.options : onOK: no visible global function definition for
     ‘packageDescription’
    Undefined global functions or variables:
     packageDescription reshape runif weighted.mean xtabs
    Consider adding
     importFrom("stats", "reshape", "runif", "weighted.mean", "xtabs")
     importFrom("utils", "packageDescription")
    to your NAMESPACE file.
Flavors: r-devel-linux-x86_64-debian-clang, r-devel-linux-x86_64-debian-gcc, r-devel-linux-x86_64-fedora-clang, r-devel-linux-x86_64-fedora-gcc, r-devel-windows-ix86+x86_64, r-patched-linux-x86_64, r-patched-solaris-sparc, r-patched-solaris-x86, r-release-linux-x86_64, r-release-windows-ix86+x86_64, r-release-osx-x86_64, r-oldrel-windows-ix86+x86_64

Version: 1.1
Check: dependencies in R code
Result: NOTE
    Invalid MIT-MAGIC-COOKIE-1 key
Flavor: r-oldrel-osx-x86_64

Version: 1.1
Check: S3 generic/method consistency
Result: WARN
    Invalid MIT-MAGIC-COOKIE-1 key
    See section ‘Generic functions and methods’ in the ‘Writing R
    Extensions’ manual.
Flavor: r-oldrel-osx-x86_64

Version: 1.1
Check: replacement functions
Result: WARN
    Invalid MIT-MAGIC-COOKIE-1 key
    The argument of a replacement function which corresponds to the right
    hand side must be named ‘value’.
Flavor: r-oldrel-osx-x86_64

Version: 1.1
Check: foreign function calls
Result: NOTE
    Invalid MIT-MAGIC-COOKIE-1 key
    See chapter ‘System and foreign language interfaces’ in the ‘Writing R
    Extensions’ manual.
Flavor: r-oldrel-osx-x86_64

Version: 1.1
Check: R code for possible problems
Result: NOTE
    Invalid MIT-MAGIC-COOKIE-1 keySampleSizes: no visible global function definition for ‘xtabs’
    SampleSizes: no visible global function definition for ‘weighted.mean’
    SampleSizes: no visible global function definition for ‘reshape’
    stage1Sample.fn: no visible global function definition for ‘runif’
    stage2Sample.fn: no visible global function definition for ‘runif’
    strata.options : onOK: no visible global function definition for
     ‘packageDescription’
    Undefined global functions or variables:
     packageDescription reshape runif weighted.mean xtabs
    Consider adding
     importFrom("stats", "reshape", "runif", "weighted.mean", "xtabs")
     importFrom("utils", "packageDescription")
    to your NAMESPACE file.
Flavor: r-oldrel-osx-x86_64

Version: 1.1
Check: for missing documentation entries
Result: WARN
    Invalid MIT-MAGIC-COOKIE-1 key
    All user-level objects in a package should have documentation entries.
    See chapter ‘Writing R documentation files’ in the ‘Writing R
    Extensions’ manual.
Flavor: r-oldrel-osx-x86_64

Version: 1.1
Check: for code/documentation mismatches
Result: WARN
    Invalid MIT-MAGIC-COOKIE-1 key
    Invalid MIT-MAGIC-COOKIE-1 key
    Invalid MIT-MAGIC-COOKIE-1 key
Flavor: r-oldrel-osx-x86_64

Version: 1.1
Check: Rd \usage sections
Result: NOTE
    Invalid MIT-MAGIC-COOKIE-1 key
    The \usage entries for S3 methods should use the \method markup and not
    their full name.
    See chapter ‘Writing R documentation files’ in the ‘Writing R
    Extensions’ manual.
Flavor: r-oldrel-osx-x86_64