CRAN Package Check Results for Package RcmdrPlugin.sampling

Last updated on 2016-02-10 21:47:28.

Flavor Version Tinstall Tcheck Ttotal Status Flags
r-devel-linux-x86_64-debian-gcc 1.1 5.35 51.96 57.31 NOTE
r-devel-linux-x86_64-fedora-clang 1.1 107.16 NOTE
r-devel-linux-x86_64-fedora-gcc 1.1 103.93 NOTE
r-devel-osx-x86_64-clang 1.1 121.13 NOTE
r-devel-windows-ix86+x86_64 1.1 41.00 92.00 133.00 NOTE
r-patched-linux-x86_64 1.1 5.80 56.73 62.52 OK
r-patched-solaris-sparc 1.1 698.30 OK
r-patched-solaris-x86 1.1 176.90 OK
r-release-linux-x86_64 1.1 5.34 57.97 63.30 OK
r-release-osx-x86_64-mavericks 1.1 OK
r-release-windows-ix86+x86_64 1.1 37.00 90.00 127.00 OK
r-oldrel-windows-ix86+x86_64 1.1 84.00 198.00 282.00 OK

Check Details

Version: 1.1
Check: R code for possible problems
Result: NOTE
    SampleSizes: no visible global function definition for ‘xtabs’
    SampleSizes: no visible global function definition for ‘weighted.mean’
    SampleSizes: no visible global function definition for ‘reshape’
    stage1Sample.fn: no visible global function definition for ‘runif’
    stage2Sample.fn: no visible global function definition for ‘runif’
    strata.options : onOK: no visible global function definition for
     ‘packageDescription’
    Undefined global functions or variables:
     packageDescription reshape runif weighted.mean xtabs
    Consider adding
     importFrom("stats", "reshape", "runif", "weighted.mean", "xtabs")
     importFrom("utils", "packageDescription")
    to your NAMESPACE file.
Flavors: r-devel-linux-x86_64-debian-gcc, r-devel-linux-x86_64-fedora-clang, r-devel-linux-x86_64-fedora-gcc, r-devel-osx-x86_64-clang, r-devel-windows-ix86+x86_64