CRAN Package Check Results for Package RcmdrPlugin.sampling

Last updated on 2020-09-24 06:54:13 CEST.

Flavor Version Tinstall Tcheck Ttotal Status Flags
r-devel-linux-x86_64-debian-clang 1.1 17.40 123.95 141.35 NOTE
r-devel-linux-x86_64-debian-gcc 1.1 14.73 94.22 108.95 NOTE
r-devel-linux-x86_64-fedora-clang 1.1 193.41 NOTE
r-devel-linux-x86_64-fedora-gcc 1.1 190.96 NOTE
r-devel-windows-ix86+x86_64 1.1 37.00 141.00 178.00 NOTE
r-patched-linux-x86_64 1.1 17.03 114.31 131.34 NOTE
r-patched-solaris-x86 1.1 268.90 NOTE
r-release-linux-x86_64 1.1 18.45 114.93 133.38 NOTE
r-release-macos-x86_64 1.1 NOTE
r-release-windows-ix86+x86_64 1.1 39.00 141.00 180.00 NOTE
r-oldrel-macos-x86_64 1.1 NOTE
r-oldrel-windows-ix86+x86_64 1.1 23.00 113.00 136.00 NOTE

Check Details

Version: 1.1
Check: R code for possible problems
Result: NOTE
    SampleSizes: no visible global function definition for 'xtabs'
    SampleSizes: no visible global function definition for 'weighted.mean'
    SampleSizes: no visible global function definition for 'reshape'
    stage1Sample.fn: no visible global function definition for 'runif'
    stage2Sample.fn: no visible global function definition for 'runif'
    strata.options : onOK: no visible global function definition for
     'packageDescription'
    Undefined global functions or variables:
     packageDescription reshape runif weighted.mean xtabs
    Consider adding
     importFrom("stats", "reshape", "runif", "weighted.mean", "xtabs")
     importFrom("utils", "packageDescription")
    to your NAMESPACE file.
Flavors: r-devel-linux-x86_64-debian-clang, r-devel-linux-x86_64-debian-gcc, r-devel-linux-x86_64-fedora-clang, r-devel-linux-x86_64-fedora-gcc, r-devel-windows-ix86+x86_64, r-patched-linux-x86_64, r-patched-solaris-x86, r-release-linux-x86_64, r-release-macos-x86_64, r-release-windows-ix86+x86_64, r-oldrel-macos-x86_64, r-oldrel-windows-ix86+x86_64