CRAN Package Check Results for Package RcmdrPlugin.sampling

Last updated on 2017-02-20 22:59:16.

Flavor Version Tinstall Tcheck Ttotal Status Flags
r-devel-linux-x86_64-debian-clang 1.1 5.58 59.92 65.50 NOTE
r-devel-linux-x86_64-debian-gcc 1.1 5.81 60.10 65.91 NOTE
r-devel-linux-x86_64-fedora-clang 1.1 130.27 NOTE --no-stop-on-test-error
r-devel-linux-x86_64-fedora-gcc 1.1 132.25 NOTE --no-stop-on-test-error
r-devel-macos-x86_64-clang 1.1 107.71 NOTE --no-stop-on-test-error
r-devel-windows-ix86+x86_64 1.1 63.00 173.00 236.00 NOTE
r-patched-linux-x86_64 1.1 5.89 53.77 59.66 NOTE
r-patched-solaris-sparc 1.1 725.30 NOTE
r-patched-solaris-x86 1.1 181.80 NOTE
r-release-linux-x86_64 1.1 5.15 54.29 59.44 NOTE
r-release-osx-x86_64-mavericks 1.1 WARN
r-release-windows-ix86+x86_64 1.1 40.00 168.00 208.00 NOTE
r-oldrel-windows-ix86+x86_64 1.1 38.00 101.00 139.00 OK

Check Details

Version: 1.1
Check: R code for possible problems
Result: NOTE
    SampleSizes: no visible global function definition for ‘xtabs’
    SampleSizes: no visible global function definition for ‘weighted.mean’
    SampleSizes: no visible global function definition for ‘reshape’
    stage1Sample.fn: no visible global function definition for ‘runif’
    stage2Sample.fn: no visible global function definition for ‘runif’
    strata.options : onOK: no visible global function definition for
     ‘packageDescription’
    Undefined global functions or variables:
     packageDescription reshape runif weighted.mean xtabs
    Consider adding
     importFrom("stats", "reshape", "runif", "weighted.mean", "xtabs")
     importFrom("utils", "packageDescription")
    to your NAMESPACE file.
Flavors: r-devel-linux-x86_64-debian-clang, r-devel-linux-x86_64-debian-gcc, r-devel-windows-ix86+x86_64, r-patched-linux-x86_64, r-patched-solaris-sparc, r-patched-solaris-x86, r-release-linux-x86_64, r-release-windows-ix86+x86_64

Version: 1.1
Flags: --no-stop-on-test-error
Check: R code for possible problems
Result: NOTE
    SampleSizes: no visible global function definition for ‘xtabs’
    SampleSizes: no visible global function definition for ‘weighted.mean’
    SampleSizes: no visible global function definition for ‘reshape’
    stage1Sample.fn: no visible global function definition for ‘runif’
    stage2Sample.fn: no visible global function definition for ‘runif’
    strata.options : onOK: no visible global function definition for
     ‘packageDescription’
    Undefined global functions or variables:
     packageDescription reshape runif weighted.mean xtabs
    Consider adding
     importFrom("stats", "reshape", "runif", "weighted.mean", "xtabs")
     importFrom("utils", "packageDescription")
    to your NAMESPACE file.
Flavors: r-devel-linux-x86_64-fedora-clang, r-devel-linux-x86_64-fedora-gcc, r-devel-macos-x86_64-clang

Version: 1.1
Check: dependencies in R code
Result: NOTE
    Invalid MIT-MAGIC-COOKIE-1 key
Flavor: r-release-osx-x86_64-mavericks

Version: 1.1
Check: S3 generic/method consistency
Result: WARN
    Invalid MIT-MAGIC-COOKIE-1 key
    See section ‘Generic functions and methods’ in the ‘Writing R
    Extensions’ manual.
Flavor: r-release-osx-x86_64-mavericks

Version: 1.1
Check: replacement functions
Result: WARN
    Invalid MIT-MAGIC-COOKIE-1 key
    The argument of a replacement function which corresponds to the right
    hand side must be named ‘value’.
Flavor: r-release-osx-x86_64-mavericks

Version: 1.1
Check: foreign function calls
Result: NOTE
    Invalid MIT-MAGIC-COOKIE-1 key
    See chapter ‘System and foreign language interfaces’ in the ‘Writing R
    Extensions’ manual.
Flavor: r-release-osx-x86_64-mavericks

Version: 1.1
Check: R code for possible problems
Result: NOTE
    Invalid MIT-MAGIC-COOKIE-1 keySampleSizes: no visible global function definition for ‘xtabs’
    SampleSizes: no visible global function definition for ‘weighted.mean’
    SampleSizes: no visible global function definition for ‘reshape’
    stage1Sample.fn: no visible global function definition for ‘runif’
    stage2Sample.fn: no visible global function definition for ‘runif’
    strata.options : onOK: no visible global function definition for
     ‘packageDescription’
    Undefined global functions or variables:
     packageDescription reshape runif weighted.mean xtabs
    Consider adding
     importFrom("stats", "reshape", "runif", "weighted.mean", "xtabs")
     importFrom("utils", "packageDescription")
    to your NAMESPACE file.
Flavor: r-release-osx-x86_64-mavericks

Version: 1.1
Check: for missing documentation entries
Result: WARN
    Invalid MIT-MAGIC-COOKIE-1 key
    All user-level objects in a package should have documentation entries.
    See chapter ‘Writing R documentation files’ in the ‘Writing R
    Extensions’ manual.
Flavor: r-release-osx-x86_64-mavericks

Version: 1.1
Check: for code/documentation mismatches
Result: WARN
    Invalid MIT-MAGIC-COOKIE-1 key
    Invalid MIT-MAGIC-COOKIE-1 key
    Invalid MIT-MAGIC-COOKIE-1 key
Flavor: r-release-osx-x86_64-mavericks

Version: 1.1
Check: Rd \usage sections
Result: NOTE
    Invalid MIT-MAGIC-COOKIE-1 key
    The \usage entries for S3 methods should use the \method markup and not
    their full name.
    See chapter ‘Writing R documentation files’ in the ‘Writing R
    Extensions’ manual.
Flavor: r-release-osx-x86_64-mavericks