CRAN Package Check Results for Package RcmdrPlugin.sampling

Last updated on 2015-04-27 11:48:48.

Flavor Version Tinstall Tcheck Ttotal Status Flags
r-devel-linux-x86_64-debian-clang 1.1 4.69 49.38 54.07 OK
r-devel-linux-x86_64-debian-gcc 1.1 4.93 48.69 53.62 OK
r-devel-linux-x86_64-fedora-clang 1.1 114.35 OK
r-devel-linux-x86_64-fedora-gcc 1.1 109.89 OK
r-devel-osx-x86_64-clang 1.1 107.07 OK
r-devel-windows-ix86+x86_64 1.1 44.00 164.00 208.00 OK
r-patched-linux-x86_64 1.1 4.67 49.60 54.28 OK
r-patched-solaris-sparc 1.1 667.40 OK
r-patched-solaris-x86 1.1 173.90 OK
r-release-linux-x86_64 1.1 4.80 48.92 53.72 OK
r-release-osx-x86_64-mavericks 1.1 OK
r-release-osx-x86_64-snowleopard 1.1 ERROR
r-release-windows-ix86+x86_64 1.1 40.00 126.00 166.00 OK
r-oldrel-windows-ix86+x86_64 1.1 65.00 169.00 234.00 OK

Check Details

Version: 1.1
Check: package dependencies
Result: ERROR
    Package required but not available: ‘Rcmdr’
    
    See section ‘The DESCRIPTION file’ in the ‘Writing R Extensions’
    manual.
Flavor: r-release-osx-x86_64-snowleopard