CRAN Package Check Results for Package RcmdrPlugin.sampling

Last updated on 2014-04-19 03:49:26.

Flavor Version Tinstall Tcheck Ttotal Status Flags
r-devel-linux-x86_64-debian-clang 1.1 1.07 18.88 19.95 OK
r-devel-linux-x86_64-debian-gcc 1.1 1.10 19.37 20.47 OK
r-devel-linux-x86_64-fedora-clang 1.1 36.87 OK
r-devel-linux-x86_64-fedora-gcc 1.1 33.87 OK
r-devel-macosx-x86_64-clang 1.1 42.49 OK
r-devel-macosx-x86_64-gcc 1.1 ERROR
r-devel-windows-ix86+x86_64 1.1 17.00 39.00 56.00 OK
r-patched-linux-x86_64 1.1 1.13 19.05 20.18 OK
r-patched-solaris-sparc 1.1 219.90 OK
r-patched-solaris-x86 1.1 65.00 OK
r-release-linux-ix86 1.1 3.00 37.00 40.00 OK
r-release-linux-x86_64 1.1 1.14 19.41 20.55 OK
r-release-macosx-x86_64 1.1 OK
r-release-windows-ix86+x86_64 1.1 22.00 44.00 66.00 OK
r-oldrel-windows-ix86+x86_64 1.1 22.00 40.00 62.00 OK

Check Details

Version: 1.1
Check: package dependencies
Result: ERROR
    Package required but not available: ‘Rcmdr’
    
    See the information on DESCRIPTION files in the chapter ‘Creating R
    packages’ of the ‘Writing R Extensions’ manual.
Flavor: r-devel-macosx-x86_64-gcc