CRAN Package Check Results for Package RcmdrPlugin.seeg

Last updated on 2014-04-24 23:48:10.

Flavor Version Tinstall Tcheck Ttotal Status Flags
r-devel-linux-x86_64-debian-clang 1.0 4.90 51.08 55.98 NOTE
r-devel-linux-x86_64-debian-gcc 1.0 5.00 50.49 55.49 NOTE
r-devel-linux-x86_64-fedora-clang 1.0 125.09 NOTE
r-devel-linux-x86_64-fedora-gcc 1.0 120.56 NOTE
r-devel-osx-x86_64-clang 1.0 113.55 NOTE
r-devel-osx-x86_64-gcc 1.0 ERROR
r-devel-windows-ix86+x86_64 1.0 25.00 79.00 104.00 NOTE
r-patched-linux-x86_64 1.0 4.90 50.76 55.66 NOTE
r-patched-solaris-sparc 1.0 682.50 NOTE
r-patched-solaris-x86 1.0 187.30 NOTE
r-release-linux-ix86 1.0 8.00 84.00 92.00 NOTE
r-release-linux-x86_64 1.0 4.75 50.19 54.94 NOTE
r-release-osx-x86_64-mavericks 1.0 WARN
r-release-osx-x86_64-snowleopard 1.0 OK
r-release-windows-ix86+x86_64 1.0 21.00 81.00 102.00 NOTE
r-oldrel-windows-ix86+x86_64 1.0 22.00 78.00 100.00 NOTE

Check Details

Version: 1.0
Check: dependencies in R code
Result: NOTE
    Packages in Depends field not imported from:
     ‘Rcmdr’ ‘seeg’ ‘sgeostat’ ‘spatstat’
     These packages need to be imported from (in the NAMESPACE file)
     for when this namespace is loaded but not attached.
    See the information on DESCRIPTION files in the chapter ‘Creating R
    packages’ of the ‘Writing R Extensions’ manual.
Flavors: r-devel-linux-x86_64-debian-clang, r-devel-linux-x86_64-debian-gcc, r-devel-linux-x86_64-fedora-clang, r-devel-linux-x86_64-fedora-gcc, r-devel-osx-x86_64-clang, r-devel-windows-ix86+x86_64, r-patched-linux-x86_64, r-patched-solaris-sparc, r-patched-solaris-x86, r-release-linux-ix86, r-release-linux-x86_64, r-release-osx-x86_64-mavericks, r-release-windows-ix86+x86_64, r-oldrel-windows-ix86+x86_64

Version: 1.0
Check: package dependencies
Result: ERROR
    Packages required but not available: ‘Rcmdr’ ‘seeg’
    
    See the information on DESCRIPTION files in the chapter ‘Creating R
    packages’ of the ‘Writing R Extensions’ manual.
Flavor: r-devel-osx-x86_64-gcc

Version: 1.0
Check: PDF version of manual
Result: WARNING
    LaTeX errors when creating PDF version.
    This typically indicates Rd problems.
    LaTeX errors found:
    ! LaTeX Error: File `upquote.sty' not found.
    
    Type X to quit or <RETURN> to proceed,
    or enter new name. (Default extension: sty)
    
    13ef308/Rd2.tex:8: ==> Fatal error occurred, no output PDF file produced!
Flavor: r-release-osx-x86_64-mavericks