CRAN Package Check Results for Package RcmdrPlugin.seeg

Last updated on 2014-07-24 21:48:49.

Flavor Version Tinstall Tcheck Ttotal Status Flags
r-devel-linux-x86_64-debian-clang 1.0 4.44 47.94 52.37 NOTE
r-devel-linux-x86_64-debian-gcc 1.0 4.43 47.28 51.71 NOTE
r-devel-linux-x86_64-fedora-clang 1.0 124.65 NOTE
r-devel-linux-x86_64-fedora-gcc 1.0 119.57 NOTE
r-devel-osx-x86_64-clang 1.0 107.20 NOTE
r-devel-windows-ix86+x86_64 1.0 28.00 85.00 113.00 NOTE
r-patched-linux-x86_64 1.0 4.56 47.04 51.60 NOTE
r-patched-solaris-sparc 1.0 682.50 NOTE
r-patched-solaris-x86 1.0 180.40 NOTE
r-release-linux-ix86 1.0 5.68 61.76 67.44 NOTE
r-release-linux-x86_64 1.0 4.61 49.67 54.28 NOTE
r-release-osx-x86_64-mavericks 1.0 NOTE
r-release-osx-x86_64-snowleopard 1.0 OK
r-release-windows-ix86+x86_64 1.0 18.00 87.00 105.00 NOTE
r-oldrel-windows-ix86+x86_64 1.0 23.00 87.00 110.00 NOTE

Check Details

Version: 1.0
Check: dependencies in R code
Result: NOTE
    Packages in Depends field not imported from:
     ‘Rcmdr’ ‘seeg’ ‘sgeostat’ ‘spatstat’
     These packages need to be imported from (in the NAMESPACE file)
     for when this namespace is loaded but not attached.
    See the information on DESCRIPTION files in the chapter ‘Creating R
    packages’ of the ‘Writing R Extensions’ manual.
Flavors: r-devel-linux-x86_64-debian-clang, r-devel-linux-x86_64-debian-gcc, r-devel-linux-x86_64-fedora-clang, r-devel-linux-x86_64-fedora-gcc, r-devel-osx-x86_64-clang, r-devel-windows-ix86+x86_64, r-patched-linux-x86_64, r-patched-solaris-sparc, r-patched-solaris-x86, r-release-linux-ix86, r-release-linux-x86_64, r-release-osx-x86_64-mavericks, r-release-windows-ix86+x86_64, r-oldrel-windows-ix86+x86_64