CRAN Package Check Results for Package RcmdrPlugin.sos

Last updated on 2015-05-23 14:47:07.

Flavor Version Tinstall Tcheck Ttotal Status Flags
r-devel-linux-x86_64-debian-clang 0.3-0 4.58 48.92 53.51 OK
r-devel-linux-x86_64-debian-gcc 0.3-0 4.50 47.57 52.08 OK
r-devel-linux-x86_64-fedora-clang 0.3-0 111.07 OK
r-devel-linux-x86_64-fedora-gcc 0.3-0 111.05 OK
r-devel-osx-x86_64-clang 0.3-0 103.26 OK
r-devel-windows-ix86+x86_64 0.3-0 43.00 86.00 129.00 OK
r-patched-linux-x86_64 0.3-0 4.65 48.08 52.72 OK
r-patched-solaris-sparc 0.3-0 661.30 OK
r-patched-solaris-x86 0.3-0 176.20 OK
r-release-linux-x86_64 0.3-0 4.50 48.18 52.68 OK
r-release-osx-x86_64-mavericks 0.3-0 OK
r-release-osx-x86_64-snowleopard 0.3-0 ERROR
r-release-windows-ix86+x86_64 0.3-0 37.00 82.00 119.00 OK
r-oldrel-windows-ix86+x86_64 0.3-0 67.00 185.00 252.00 OK

Check Details

Version: 0.3-0
Check: package dependencies
Result: ERROR
    Packages required but not available: ‘sos’ ‘Rcmdr’
    
    See section ‘The DESCRIPTION file’ in the ‘Writing R Extensions’
    manual.
Flavor: r-release-osx-x86_64-snowleopard