CRAN Package Check Results for Package RcmdrPlugin.sos

Last updated on 2015-04-21 06:47:36.

Flavor Version Tinstall Tcheck Ttotal Status Flags
r-devel-linux-x86_64-debian-clang 0.3-0 4.56 47.57 52.13 OK
r-devel-linux-x86_64-debian-gcc 0.3-0 4.52 46.88 51.40 OK
r-devel-linux-x86_64-fedora-clang 0.3-0 111.46 OK
r-devel-linux-x86_64-fedora-gcc 0.3-0 108.94 OK
r-devel-osx-x86_64-clang 0.3-0 108.34 OK
r-devel-windows-ix86+x86_64 0.3-0 36.00 122.00 158.00 OK
r-patched-linux-x86_64 0.3-0 4.49 46.79 51.28 OK
r-patched-solaris-sparc 0.3-0 639.40 OK
r-patched-solaris-x86 0.3-0 160.60 OK
r-release-linux-x86_64 0.3-0 4.46 46.96 51.41 OK
r-release-osx-x86_64-mavericks 0.3-0 OK
r-release-osx-x86_64-snowleopard 0.3-0 ERROR
r-release-windows-ix86+x86_64 0.3-0 35.00 70.00 105.00 OK
r-oldrel-windows-ix86+x86_64 0.3-0 57.00 174.00 231.00 OK

Check Details

Version: 0.3-0
Check: package dependencies
Result: ERROR
    Packages required but not available: ‘sos’ ‘Rcmdr’
    
    See section ‘The DESCRIPTION file’ in the ‘Writing R Extensions’
    manual.
Flavor: r-release-osx-x86_64-snowleopard