CRAN Package Check Results for Package RcmdrPlugin.sos

Last updated on 2017-01-16 17:49:31.

Flavor Version Tinstall Tcheck Ttotal Status Flags
r-devel-linux-x86_64-debian-clang 0.3-0 5.52 55.53 61.04 OK
r-devel-linux-x86_64-debian-gcc 0.3-0 5.29 55.40 60.69 OK
r-devel-linux-x86_64-fedora-clang 0.3-0 127.86 OK --no-stop-on-test-error
r-devel-linux-x86_64-fedora-gcc 0.3-0 127.82 OK --no-stop-on-test-error
r-devel-macos-x86_64-clang 0.3-0 100.95 OK --no-stop-on-test-error
r-devel-windows-ix86+x86_64 0.3-0 47.00 109.00 156.00 OK
r-patched-linux-x86_64 0.3-0 4.65 49.99 54.64 OK
r-patched-solaris-sparc 0.3-0 695.30 OK
r-patched-solaris-x86 0.3-0 173.40 OK
r-release-linux-x86_64 0.3-0 5.02 50.58 55.60 OK
r-release-osx-x86_64-mavericks 0.3-0 WARN
r-release-windows-ix86+x86_64 0.3-0 45.00 95.00 140.00 OK
r-oldrel-windows-ix86+x86_64 0.3-0 38.00 193.00 231.00 OK

Check Details

Version: 0.3-0
Check: dependencies in R code
Result: NOTE
    Invalid MIT-MAGIC-COOKIE-1 key
Flavor: r-release-osx-x86_64-mavericks

Version: 0.3-0
Check: S3 generic/method consistency
Result: WARN
    Invalid MIT-MAGIC-COOKIE-1 key
    See section ‘Generic functions and methods’ in the ‘Writing R
    Extensions’ manual.
Flavor: r-release-osx-x86_64-mavericks

Version: 0.3-0
Check: replacement functions
Result: WARN
    Invalid MIT-MAGIC-COOKIE-1 key
    The argument of a replacement function which corresponds to the right
    hand side must be named ‘value’.
Flavor: r-release-osx-x86_64-mavericks

Version: 0.3-0
Check: foreign function calls
Result: NOTE
    Invalid MIT-MAGIC-COOKIE-1 key
    See chapter ‘System and foreign language interfaces’ in the ‘Writing R
    Extensions’ manual.
Flavor: r-release-osx-x86_64-mavericks

Version: 0.3-0
Check: R code for possible problems
Result: NOTE
    Invalid MIT-MAGIC-COOKIE-1 key
Flavor: r-release-osx-x86_64-mavericks

Version: 0.3-0
Check: for missing documentation entries
Result: WARN
    Invalid MIT-MAGIC-COOKIE-1 key
    All user-level objects in a package should have documentation entries.
    See chapter ‘Writing R documentation files’ in the ‘Writing R
    Extensions’ manual.
Flavor: r-release-osx-x86_64-mavericks

Version: 0.3-0
Check: for code/documentation mismatches
Result: WARN
    Invalid MIT-MAGIC-COOKIE-1 key
    Invalid MIT-MAGIC-COOKIE-1 key
    Invalid MIT-MAGIC-COOKIE-1 key
Flavor: r-release-osx-x86_64-mavericks

Version: 0.3-0
Check: Rd \usage sections
Result: NOTE
    Invalid MIT-MAGIC-COOKIE-1 key
    The \usage entries for S3 methods should use the \method markup and not
    their full name.
    See chapter ‘Writing R documentation files’ in the ‘Writing R
    Extensions’ manual.
Flavor: r-release-osx-x86_64-mavericks