CRAN Package Check Results for Package RcmdrPlugin.sos

Last updated on 2016-09-27 20:47:16.

Flavor Version Tinstall Tcheck Ttotal Status Flags
r-devel-linux-x86_64-debian-clang 0.3-0 4.50 47.23 51.74 OK
r-devel-linux-x86_64-debian-gcc 0.3-0 4.25 49.58 53.83 OK
r-devel-linux-x86_64-fedora-clang 0.3-0 104.25 OK
r-devel-linux-x86_64-fedora-gcc 0.3-0 99.81 OK
r-devel-macos-x86_64-clang 0.3-0 83.57 OK
r-devel-windows-ix86+x86_64 0.3-0 42.00 135.00 177.00 OK
r-patched-linux-x86_64 0.3-0 4.78 47.79 52.57 OK
r-patched-solaris-sparc 0.3-0 642.40 OK
r-patched-solaris-x86 0.3-0 155.50 OK
r-release-linux-x86_64 0.3-0 4.64 49.07 53.70 OK
r-release-osx-x86_64-mavericks 0.3-0 WARN
r-release-windows-ix86+x86_64 0.3-0 42.00 121.00 163.00 OK
r-oldrel-windows-ix86+x86_64 0.3-0 33.00 127.00 160.00 OK

Check Details

Version: 0.3-0
Check: dependencies in R code
Result: NOTE
    Invalid MIT-MAGIC-COOKIE-1 key
Flavor: r-release-osx-x86_64-mavericks

Version: 0.3-0
Check: S3 generic/method consistency
Result: WARN
    Invalid MIT-MAGIC-COOKIE-1 key
    See section ‘Generic functions and methods’ in the ‘Writing R
    Extensions’ manual.
Flavor: r-release-osx-x86_64-mavericks

Version: 0.3-0
Check: replacement functions
Result: WARN
    Invalid MIT-MAGIC-COOKIE-1 key
    The argument of a replacement function which corresponds to the right
    hand side must be named ‘value’.
Flavor: r-release-osx-x86_64-mavericks

Version: 0.3-0
Check: foreign function calls
Result: NOTE
    Invalid MIT-MAGIC-COOKIE-1 key
    See chapter ‘System and foreign language interfaces’ in the ‘Writing R
    Extensions’ manual.
Flavor: r-release-osx-x86_64-mavericks

Version: 0.3-0
Check: R code for possible problems
Result: NOTE
    Invalid MIT-MAGIC-COOKIE-1 key
Flavor: r-release-osx-x86_64-mavericks

Version: 0.3-0
Check: for missing documentation entries
Result: WARN
    Invalid MIT-MAGIC-COOKIE-1 key
    All user-level objects in a package should have documentation entries.
    See chapter ‘Writing R documentation files’ in the ‘Writing R
    Extensions’ manual.
Flavor: r-release-osx-x86_64-mavericks

Version: 0.3-0
Check: for code/documentation mismatches
Result: WARN
    Invalid MIT-MAGIC-COOKIE-1 key
    Invalid MIT-MAGIC-COOKIE-1 key
    Invalid MIT-MAGIC-COOKIE-1 key
Flavor: r-release-osx-x86_64-mavericks

Version: 0.3-0
Check: Rd \usage sections
Result: NOTE
    Invalid MIT-MAGIC-COOKIE-1 key
    The \usage entries for S3 methods should use the \method markup and not
    their full name.
    See chapter ‘Writing R documentation files’ in the ‘Writing R
    Extensions’ manual.
Flavor: r-release-osx-x86_64-mavericks