CRAN Package Check Results for Package RcmdrPlugin.sos

Last updated on 2016-12-10 04:48:00.

Flavor Version Tinstall Tcheck Ttotal Status Flags
r-devel-linux-x86_64-debian-clang 0.3-0 5.32 56.37 61.68 OK
r-devel-linux-x86_64-debian-gcc 0.3-0 5.47 57.87 63.34 OK
r-devel-linux-x86_64-fedora-clang 0.3-0 132.13 OK --no-stop-on-test-error
r-devel-linux-x86_64-fedora-gcc 0.3-0 135.66 OK --no-stop-on-test-error
r-devel-macos-x86_64-clang 0.3-0 102.85 OK --no-stop-on-test-error
r-devel-windows-ix86+x86_64 0.3-0 46.00 108.00 154.00 OK
r-patched-linux-x86_64 0.3-0 4.90 49.62 54.52 OK
r-patched-solaris-sparc 0.3-0 691.50 OK
r-patched-solaris-x86 0.3-0 169.30 OK
r-release-linux-x86_64 0.3-0 4.80 49.38 54.18 OK
r-release-osx-x86_64-mavericks 0.3-0 WARN
r-release-windows-ix86+x86_64 0.3-0 37.00 91.00 128.00 OK
r-oldrel-windows-ix86+x86_64 0.3-0 43.00 150.00 193.00 OK

Check Details

Version: 0.3-0
Check: dependencies in R code
Result: NOTE
    Invalid MIT-MAGIC-COOKIE-1 key
Flavor: r-release-osx-x86_64-mavericks

Version: 0.3-0
Check: S3 generic/method consistency
Result: WARN
    Invalid MIT-MAGIC-COOKIE-1 key
    See section ‘Generic functions and methods’ in the ‘Writing R
    Extensions’ manual.
Flavor: r-release-osx-x86_64-mavericks

Version: 0.3-0
Check: replacement functions
Result: WARN
    Invalid MIT-MAGIC-COOKIE-1 key
    The argument of a replacement function which corresponds to the right
    hand side must be named ‘value’.
Flavor: r-release-osx-x86_64-mavericks

Version: 0.3-0
Check: foreign function calls
Result: NOTE
    Invalid MIT-MAGIC-COOKIE-1 key
    See chapter ‘System and foreign language interfaces’ in the ‘Writing R
    Extensions’ manual.
Flavor: r-release-osx-x86_64-mavericks

Version: 0.3-0
Check: R code for possible problems
Result: NOTE
    Invalid MIT-MAGIC-COOKIE-1 key
Flavor: r-release-osx-x86_64-mavericks

Version: 0.3-0
Check: for missing documentation entries
Result: WARN
    Invalid MIT-MAGIC-COOKIE-1 key
    All user-level objects in a package should have documentation entries.
    See chapter ‘Writing R documentation files’ in the ‘Writing R
    Extensions’ manual.
Flavor: r-release-osx-x86_64-mavericks

Version: 0.3-0
Check: for code/documentation mismatches
Result: WARN
    Invalid MIT-MAGIC-COOKIE-1 key
    Invalid MIT-MAGIC-COOKIE-1 key
    Invalid MIT-MAGIC-COOKIE-1 key
Flavor: r-release-osx-x86_64-mavericks

Version: 0.3-0
Check: Rd \usage sections
Result: NOTE
    Invalid MIT-MAGIC-COOKIE-1 key
    The \usage entries for S3 methods should use the \method markup and not
    their full name.
    See chapter ‘Writing R documentation files’ in the ‘Writing R
    Extensions’ manual.
Flavor: r-release-osx-x86_64-mavericks