CRAN Package Check Results for Package RcmdrPlugin.sos

Last updated on 2014-10-23 09:52:54.

Flavor Version Tinstall Tcheck Ttotal Status Flags
r-devel-linux-x86_64-debian-clang 0.3-0 2.44 42.47 44.92 OK
r-devel-linux-x86_64-debian-gcc 0.3-0 2.40 42.13 44.53 OK
r-devel-linux-x86_64-fedora-clang 0.3-0 67.39 OK
r-devel-linux-x86_64-fedora-gcc 0.3-0 63.94 OK
r-devel-osx-x86_64-clang 0.3-0 68.54 OK
r-devel-windows-ix86+x86_64 0.3-0 39.00 78.00 117.00 OK
r-patched-linux-x86_64 0.3-0 2.40 39.50 41.90 OK
r-patched-solaris-sparc 0.3-0 354.50 OK
r-patched-solaris-x86 0.3-0 106.70 OK
r-release-linux-ix86 0.3-0 0.43 1.72 2.14 ERROR
r-release-linux-x86_64 0.3-0 2.47 39.93 42.40 OK
r-release-osx-x86_64-mavericks 0.3-0 OK
r-release-osx-x86_64-snowleopard 0.3-0 OK
r-release-windows-ix86+x86_64 0.3-0 47.00 85.00 132.00 OK
r-oldrel-windows-ix86+x86_64 0.3-0 47.00 86.00 133.00 OK

Check Details

Version: 0.3-0
Check: package dependencies
Result: ERROR
    Package required but not available: ‘Rcmdr’
    
    See the information on DESCRIPTION files in the chapter ‘Creating R
    packages’ of the ‘Writing R Extensions’ manual.
Flavor: r-release-linux-ix86