CRAN Package Check Results for Package RcmdrPlugin.sos

Last updated on 2014-04-24 11:48:53.

Flavor Version Tinstall Tcheck Ttotal Status Flags
r-devel-linux-x86_64-debian-clang 0.3-0 1.02 14.50 15.52 OK
r-devel-linux-x86_64-debian-gcc 0.3-0 1.01 14.42 15.42 OK
r-devel-linux-x86_64-fedora-clang 0.3-0 28.63 OK
r-devel-linux-x86_64-fedora-gcc 0.3-0 27.19 OK
r-devel-osx-x86_64-clang 0.3-0 37.20 OK
r-devel-osx-x86_64-gcc 0.3-0 ERROR
r-devel-windows-ix86+x86_64 0.3-0 22.00 36.00 58.00 OK
r-patched-linux-x86_64 0.3-0 1.01 14.34 15.35 OK
r-patched-solaris-sparc 0.3-0 172.60 OK
r-patched-solaris-x86 0.3-0 55.40 OK
r-release-linux-ix86 0.3-0 2.00 32.00 34.00 OK
r-release-linux-x86_64 0.3-0 1.04 14.50 15.53 OK
r-release-osx-x86_64-mavericks 0.3-0 WARN
r-release-osx-x86_64-snowleopard 0.3-0 OK
r-release-windows-ix86+x86_64 0.3-0 14.00 35.00 49.00 OK
r-oldrel-windows-ix86+x86_64 0.3-0 18.00 37.00 55.00 OK

Check Details

Version: 0.3-0
Check: package dependencies
Result: ERROR
    Packages required but not available: ‘sos’ ‘Rcmdr’
    
    See the information on DESCRIPTION files in the chapter ‘Creating R
    packages’ of the ‘Writing R Extensions’ manual.
Flavor: r-devel-osx-x86_64-gcc

Version: 0.3-0
Check: PDF version of manual
Result: WARNING
    LaTeX errors when creating PDF version.
    This typically indicates Rd problems.
    LaTeX errors found:
    ! LaTeX Error: File `upquote.sty' not found.
    
    Type X to quit or <RETURN> to proceed,
    or enter new name. (Default extension: sty)
    
    ff21942/Rd2.tex:8: ==> Fatal error occurred, no output PDF file produced!
Flavor: r-release-osx-x86_64-mavericks