CRAN Package Check Results for Package RcmdrPlugin.sos

Last updated on 2016-05-24 13:47:22.

Flavor Version Tinstall Tcheck Ttotal Status Flags
r-devel-linux-x86_64-debian-gcc 0.3-0 4.86 51.12 55.98 OK
r-devel-linux-x86_64-fedora-clang 0.3-0 104.64 OK
r-devel-linux-x86_64-fedora-gcc 0.3-0 105.94 OK
r-devel-osx-x86_64-clang 0.3-0 121.26 OK
r-devel-windows-ix86+x86_64 0.3-0 37.00 86.00 123.00 OK
r-patched-linux-x86_64 0.3-0 4.91 53.76 58.66 OK
r-patched-solaris-sparc 0.3-0 642.90 OK
r-patched-solaris-x86 0.3-0 159.30 OK
r-release-linux-x86_64 0.3-0 4.90 50.95 55.85 OK
r-release-osx-x86_64-mavericks 0.3-0 WARN
r-release-windows-ix86+x86_64 0.3-0 37.00 86.00 123.00 OK
r-oldrel-windows-ix86+x86_64 0.3-0 44.00 105.00 149.00 OK

Check Details

Version: 0.3-0
Check: dependencies in R code
Result: NOTE
    Invalid MIT-MAGIC-COOKIE-1 key
Flavor: r-release-osx-x86_64-mavericks

Version: 0.3-0
Check: S3 generic/method consistency
Result: WARN
    Invalid MIT-MAGIC-COOKIE-1 key
    See section ‘Generic functions and methods’ in the ‘Writing R
    Extensions’ manual.
Flavor: r-release-osx-x86_64-mavericks

Version: 0.3-0
Check: replacement functions
Result: WARN
    Invalid MIT-MAGIC-COOKIE-1 key
    The argument of a replacement function which corresponds to the right
    hand side must be named ‘value’.
Flavor: r-release-osx-x86_64-mavericks

Version: 0.3-0
Check: foreign function calls
Result: NOTE
    Invalid MIT-MAGIC-COOKIE-1 key
    See chapter ‘System and foreign language interfaces’ in the ‘Writing R
    Extensions’ manual.
Flavor: r-release-osx-x86_64-mavericks

Version: 0.3-0
Check: R code for possible problems
Result: NOTE
    Invalid MIT-MAGIC-COOKIE-1 key
Flavor: r-release-osx-x86_64-mavericks

Version: 0.3-0
Check: for missing documentation entries
Result: WARN
    Invalid MIT-MAGIC-COOKIE-1 key
    All user-level objects in a package should have documentation entries.
    See chapter ‘Writing R documentation files’ in the ‘Writing R
    Extensions’ manual.
Flavor: r-release-osx-x86_64-mavericks

Version: 0.3-0
Check: for code/documentation mismatches
Result: WARN
    Invalid MIT-MAGIC-COOKIE-1 key
    Invalid MIT-MAGIC-COOKIE-1 key
    Invalid MIT-MAGIC-COOKIE-1 key
Flavor: r-release-osx-x86_64-mavericks

Version: 0.3-0
Check: Rd \usage sections
Result: NOTE
    Invalid MIT-MAGIC-COOKIE-1 key
    The \usage entries for S3 methods should use the \method markup and not
    their full name.
    See chapter ‘Writing R documentation files’ in the ‘Writing R
    Extensions’ manual.
Flavor: r-release-osx-x86_64-mavericks