CRAN Package Check Results for Package RcmdrPlugin.steepness

Last updated on 2015-08-28 17:49:34.

Flavor Version Tinstall Tcheck Ttotal Status Flags
r-devel-linux-x86_64-debian-clang 0.3-2 4.50 49.75 54.25 NOTE
r-devel-linux-x86_64-debian-gcc 0.3-2 4.23 48.36 52.59 NOTE
r-devel-linux-x86_64-fedora-clang 0.3-2 109.00 NOTE
r-devel-linux-x86_64-fedora-gcc 0.3-2 105.93 NOTE
r-devel-osx-x86_64-clang 0.3-2 103.32 OK
r-devel-windows-ix86+x86_64 0.3-2 48.00 98.00 146.00 NOTE
r-patched-linux-x86_64 0.3-2 4.61 52.80 57.41 OK
r-patched-solaris-sparc 0.3-2 660.80 OK
r-patched-solaris-x86 0.3-2 166.60 OK
r-release-linux-x86_64 0.3-2 4.66 51.56 56.22 OK
r-release-osx-x86_64-mavericks 0.3-2 OK
r-release-windows-ix86+x86_64 0.3-2 42.00 99.00 141.00 OK
r-oldrel-windows-ix86+x86_64 0.3-2 65.00 188.00 253.00 OK

Check Details

Version: 0.3-2
Check: R code for possible problems
Result: NOTE
    Rcmdr.steeptestDij : onOK: no visible binding for global variable
     ‘replications’
    Rcmdr.steeptestPij : onOK: no visible binding for global variable
     ‘replications’
    Undefined global functions or variables:
     replications
    Consider adding
     importFrom("stats", "replications")
    to your NAMESPACE.
Flavors: r-devel-linux-x86_64-debian-clang, r-devel-linux-x86_64-debian-gcc, r-devel-linux-x86_64-fedora-clang, r-devel-linux-x86_64-fedora-gcc, r-devel-windows-ix86+x86_64