CRAN Package Check Results for Package RcmdrPlugin.steepness

Last updated on 2015-05-24 08:48:40.

Flavor Version Tinstall Tcheck Ttotal Status Flags
r-devel-linux-x86_64-debian-clang 0.3-2 4.51 48.53 53.04 OK
r-devel-linux-x86_64-debian-gcc 0.3-2 4.34 47.25 51.59 OK
r-devel-linux-x86_64-fedora-clang 0.3-2 110.06 OK
r-devel-linux-x86_64-fedora-gcc 0.3-2 110.51 OK
r-devel-osx-x86_64-clang 0.3-2 98.36 OK
r-devel-windows-ix86+x86_64 0.3-2 39.00 86.00 125.00 OK
r-patched-linux-x86_64 0.3-2 4.56 47.68 52.24 OK
r-patched-solaris-sparc 0.3-2 628.60 OK
r-patched-solaris-x86 0.3-2 158.80 OK
r-release-linux-x86_64 0.3-2 4.33 48.03 52.36 OK
r-release-osx-x86_64-mavericks 0.3-2 OK
r-release-osx-x86_64-snowleopard 0.3-2 ERROR
r-release-windows-ix86+x86_64 0.3-2 38.00 84.00 122.00 OK
r-oldrel-windows-ix86+x86_64 0.3-2 64.00 162.00 226.00 OK

Check Details

Version: 0.3-2
Check: package dependencies
Result: ERROR
    Package required but not available: ‘Rcmdr’
    
    See section ‘The DESCRIPTION file’ in the ‘Writing R Extensions’
    manual.
Flavor: r-release-osx-x86_64-snowleopard