CRAN Package Check Results for Package RcmdrPlugin.steepness

Last updated on 2020-09-23 03:03:15 CEST.

Flavor Version Tinstall Tcheck Ttotal Status Flags
r-devel-linux-x86_64-debian-clang 0.3-2 13.30 117.18 130.48 NOTE
r-devel-linux-x86_64-debian-gcc 0.3-2 11.75 94.11 105.86 NOTE
r-devel-linux-x86_64-fedora-clang 0.3-2 186.12 NOTE
r-devel-linux-x86_64-fedora-gcc 0.3-2 268.00 NOTE
r-devel-windows-ix86+x86_64 0.3-2 37.00 150.00 187.00 NOTE
r-patched-linux-x86_64 0.3-2 10.36 113.98 124.34 NOTE
r-patched-solaris-x86 0.3-2 252.30 NOTE
r-release-linux-x86_64 0.3-2 13.66 115.08 128.74 NOTE
r-release-macos-x86_64 0.3-2 NOTE
r-release-windows-ix86+x86_64 0.3-2 37.00 146.00 183.00 NOTE
r-oldrel-macos-x86_64 0.3-2 NOTE
r-oldrel-windows-ix86+x86_64 0.3-2 22.00 123.00 145.00 NOTE

Check Details

Version: 0.3-2
Check: R code for possible problems
Result: NOTE
    Rcmdr.steeptestDij : onOK: no visible binding for global variable
     'replications'
    Rcmdr.steeptestPij : onOK: no visible binding for global variable
     'replications'
    Undefined global functions or variables:
     replications
    Consider adding
     importFrom("stats", "replications")
    to your NAMESPACE file.
Flavors: r-devel-linux-x86_64-debian-clang, r-devel-linux-x86_64-debian-gcc, r-devel-linux-x86_64-fedora-clang, r-devel-linux-x86_64-fedora-gcc, r-devel-windows-ix86+x86_64, r-patched-linux-x86_64, r-patched-solaris-x86, r-release-linux-x86_64, r-release-macos-x86_64, r-release-windows-ix86+x86_64, r-oldrel-macos-x86_64, r-oldrel-windows-ix86+x86_64