CRAN Package Check Results for Package RcmdrPlugin.steepness

Last updated on 2016-02-07 03:50:47.

Flavor Version Tinstall Tcheck Ttotal Status Flags
r-devel-linux-x86_64-debian-gcc 0.3-2 4.23 46.67 50.90 NOTE
r-devel-linux-x86_64-fedora-clang 0.3-2 99.75 NOTE
r-devel-linux-x86_64-fedora-gcc 0.3-2 97.11 NOTE
r-devel-osx-x86_64-clang 0.3-2 115.38 NOTE
r-devel-windows-ix86+x86_64 0.3-2 35.00 153.00 188.00 NOTE
r-patched-linux-x86_64 0.3-2 4.67 50.69 55.36 OK
r-patched-solaris-sparc 0.3-2 646.60 OK
r-patched-solaris-x86 0.3-2 157.40 OK
r-release-linux-x86_64 0.3-2 4.70 51.92 56.62 OK
r-release-osx-x86_64-mavericks 0.3-2 OK
r-release-windows-ix86+x86_64 0.3-2 33.00 92.00 125.00 OK
r-oldrel-windows-ix86+x86_64 0.3-2 72.00 172.00 244.00 OK

Check Details

Version: 0.3-2
Check: R code for possible problems
Result: NOTE
    Rcmdr.steeptestDij : onOK: no visible binding for global variable
     ‘replications’
    Rcmdr.steeptestPij : onOK: no visible binding for global variable
     ‘replications’
    Undefined global functions or variables:
     replications
    Consider adding
     importFrom("stats", "replications")
    to your NAMESPACE file.
Flavors: r-devel-linux-x86_64-debian-gcc, r-devel-linux-x86_64-fedora-clang, r-devel-linux-x86_64-fedora-gcc, r-devel-osx-x86_64-clang, r-devel-windows-ix86+x86_64