CRAN Package Check Results for Package RcmdrPlugin.steepness

Last updated on 2018-05-22 12:49:30 CEST.

Flavor Version Tinstall Tcheck Ttotal Status Flags
r-devel-linux-x86_64-debian-clang 0.3-2 9.31 101.13 110.44 NOTE
r-devel-linux-x86_64-debian-gcc 0.3-2 7.92 80.11 88.03 NOTE
r-devel-linux-x86_64-fedora-clang 0.3-2 136.60 NOTE
r-devel-linux-x86_64-fedora-gcc 0.3-2 133.72 NOTE
r-devel-windows-ix86+x86_64 0.3-2 42.00 125.00 167.00 NOTE
r-patched-linux-x86_64 0.3-2 7.35 85.62 92.97 NOTE
r-patched-solaris-x86 0.3-2 189.00 NOTE
r-release-linux-x86_64 0.3-2 6.73 84.78 91.51 NOTE
r-release-windows-ix86+x86_64 0.3-2 35.00 171.00 206.00 NOTE
r-release-osx-x86_64 0.3-2 NOTE
r-oldrel-windows-ix86+x86_64 0.3-2 48.00 121.00 169.00 NOTE
r-oldrel-osx-x86_64 0.3-2 NOTE

Check Details

Version: 0.3-2
Check: R code for possible problems
Result: NOTE
    Rcmdr.steeptestDij : onOK: no visible binding for global variable
     ‘replications’
    Rcmdr.steeptestPij : onOK: no visible binding for global variable
     ‘replications’
    Undefined global functions or variables:
     replications
    Consider adding
     importFrom("stats", "replications")
    to your NAMESPACE file.
Flavors: r-devel-linux-x86_64-debian-clang, r-devel-linux-x86_64-debian-gcc, r-devel-linux-x86_64-fedora-clang, r-devel-linux-x86_64-fedora-gcc, r-devel-windows-ix86+x86_64, r-patched-linux-x86_64, r-patched-solaris-x86, r-release-linux-x86_64, r-release-windows-ix86+x86_64, r-release-osx-x86_64, r-oldrel-windows-ix86+x86_64, r-oldrel-osx-x86_64