CRAN Package Check Results for Package RcmdrPlugin.steepness

Last updated on 2016-08-31 06:47:38.

Flavor Version Tinstall Tcheck Ttotal Status Flags
r-devel-linux-x86_64-debian-clang 0.3-2 4.15 46.93 51.08 NOTE
r-devel-linux-x86_64-debian-gcc 0.3-2 4.16 45.80 49.96 NOTE
r-devel-linux-x86_64-fedora-clang 0.3-2 109.85 NOTE
r-devel-linux-x86_64-fedora-gcc 0.3-2 108.20 NOTE
r-devel-osx-x86_64-clang 0.3-2 90.33 NOTE
r-devel-windows-ix86+x86_64 0.3-2 40.00 103.00 143.00 NOTE
r-patched-linux-x86_64 0.3-2 4.32 49.13 53.44 NOTE
r-patched-solaris-sparc 0.3-2 609.10 NOTE
r-patched-solaris-x86 0.3-2 147.80 NOTE
r-release-linux-x86_64 0.3-2 4.28 45.56 49.84 NOTE
r-release-osx-x86_64-mavericks 0.3-2 WARN
r-release-windows-ix86+x86_64 0.3-2 43.00 91.00 134.00 NOTE
r-oldrel-windows-ix86+x86_64 0.3-2 40.00 159.00 199.00 OK

Check Details

Version: 0.3-2
Check: R code for possible problems
Result: NOTE
    Rcmdr.steeptestDij : onOK: no visible binding for global variable
     ‘replications’
    Rcmdr.steeptestPij : onOK: no visible binding for global variable
     ‘replications’
    Undefined global functions or variables:
     replications
    Consider adding
     importFrom("stats", "replications")
    to your NAMESPACE file.
Flavors: r-devel-linux-x86_64-debian-clang, r-devel-linux-x86_64-debian-gcc, r-devel-linux-x86_64-fedora-clang, r-devel-linux-x86_64-fedora-gcc, r-devel-osx-x86_64-clang, r-devel-windows-ix86+x86_64, r-patched-linux-x86_64, r-patched-solaris-sparc, r-patched-solaris-x86, r-release-linux-x86_64, r-release-windows-ix86+x86_64

Version: 0.3-2
Check: dependencies in R code
Result: NOTE
    Invalid MIT-MAGIC-COOKIE-1 key
Flavor: r-release-osx-x86_64-mavericks

Version: 0.3-2
Check: S3 generic/method consistency
Result: WARN
    Invalid MIT-MAGIC-COOKIE-1 key
    See section ‘Generic functions and methods’ in the ‘Writing R
    Extensions’ manual.
Flavor: r-release-osx-x86_64-mavericks

Version: 0.3-2
Check: replacement functions
Result: WARN
    Invalid MIT-MAGIC-COOKIE-1 key
    The argument of a replacement function which corresponds to the right
    hand side must be named ‘value’.
Flavor: r-release-osx-x86_64-mavericks

Version: 0.3-2
Check: foreign function calls
Result: NOTE
    Invalid MIT-MAGIC-COOKIE-1 key
    See chapter ‘System and foreign language interfaces’ in the ‘Writing R
    Extensions’ manual.
Flavor: r-release-osx-x86_64-mavericks

Version: 0.3-2
Check: R code for possible problems
Result: NOTE
    Invalid MIT-MAGIC-COOKIE-1 keyRcmdr.steeptestDij : onOK: no visible binding for global variable
     ‘replications’
    Rcmdr.steeptestPij : onOK: no visible binding for global variable
     ‘replications’
    Undefined global functions or variables:
     replications
    Consider adding
     importFrom("stats", "replications")
    to your NAMESPACE file.
Flavor: r-release-osx-x86_64-mavericks

Version: 0.3-2
Check: for missing documentation entries
Result: WARN
    Invalid MIT-MAGIC-COOKIE-1 key
    All user-level objects in a package should have documentation entries.
    See chapter ‘Writing R documentation files’ in the ‘Writing R
    Extensions’ manual.
Flavor: r-release-osx-x86_64-mavericks

Version: 0.3-2
Check: for code/documentation mismatches
Result: WARN
    Invalid MIT-MAGIC-COOKIE-1 key
    Invalid MIT-MAGIC-COOKIE-1 key
    Invalid MIT-MAGIC-COOKIE-1 key
Flavor: r-release-osx-x86_64-mavericks

Version: 0.3-2
Check: Rd \usage sections
Result: NOTE
    Invalid MIT-MAGIC-COOKIE-1 key
    The \usage entries for S3 methods should use the \method markup and not
    their full name.
    See chapter ‘Writing R documentation files’ in the ‘Writing R
    Extensions’ manual.
Flavor: r-release-osx-x86_64-mavericks