CRAN Package Check Results for Package RcmdrPlugin.survival

Last updated on 2015-04-28 07:47:26.

Flavor Version Tinstall Tcheck Ttotal Status Flags
r-devel-linux-x86_64-debian-clang 1.0-5 4.81 54.77 59.58 OK
r-devel-linux-x86_64-debian-gcc 1.0-5 4.71 54.37 59.08 OK
r-devel-linux-x86_64-fedora-clang 1.0-5 123.32 OK
r-devel-linux-x86_64-fedora-gcc 1.0-5 118.94 OK
r-devel-osx-x86_64-clang 1.0-5 110.72 OK
r-devel-windows-ix86+x86_64 1.0-5 35.00 87.00 122.00 OK
r-patched-linux-x86_64 1.0-5 6.65 54.37 61.02 OK
r-patched-solaris-sparc 1.0-5 712.80 OK
r-patched-solaris-x86 1.0-5 182.70 OK
r-release-linux-x86_64 1.0-5 4.73 54.34 59.06 OK
r-release-osx-x86_64-mavericks 1.0-5 OK
r-release-osx-x86_64-snowleopard 1.0-5 ERROR
r-release-windows-ix86+x86_64 1.0-5 36.00 127.00 163.00 OK
r-oldrel-windows-ix86+x86_64 1.0-5 57.00 174.00 231.00 OK

Check Details

Version: 1.0-5
Check: package dependencies
Result: ERROR
    Package required but not available: ‘Rcmdr’
    
    See section ‘The DESCRIPTION file’ in the ‘Writing R Extensions’
    manual.
Flavor: r-release-osx-x86_64-snowleopard