CRAN Package Check Results for Package RcmdrPlugin.survival

Last updated on 2015-09-01 09:48:02.

Flavor Version Tinstall Tcheck Ttotal Status Flags
r-devel-linux-x86_64-debian-clang 1.0-5 5.40 58.66 64.06 NOTE
r-devel-linux-x86_64-debian-gcc 1.0-5 4.81 57.51 62.32 NOTE
r-devel-linux-x86_64-fedora-clang 1.0-5 127.36 NOTE
r-devel-linux-x86_64-fedora-gcc 1.0-5 121.02 NOTE
r-devel-osx-x86_64-clang 1.0-5 111.92 OK
r-devel-windows-ix86+x86_64 1.0-5 44.00 103.00 147.00 NOTE
r-patched-linux-x86_64 1.0-5 5.03 60.99 66.02 OK
r-patched-solaris-sparc 1.0-5 757.00 OK
r-patched-solaris-x86 1.0-5 197.30 OK
r-release-linux-x86_64 1.0-5 5.19 60.92 66.10 OK
r-release-osx-x86_64-mavericks 1.0-5 OK
r-release-windows-ix86+x86_64 1.0-5 38.00 106.00 144.00 OK
r-oldrel-windows-ix86+x86_64 1.0-5 77.00 210.00 287.00 OK

Check Details

Version: 1.0-5
Check: R code for possible problems
Result: NOTE
    plot.coxph: no visible global function definition for ‘palette’
    plot.coxph: no visible global function definition for ‘plot’
    plot.coxph: no visible global function definition for ‘legend’
    Undefined global functions or variables:
     legend palette plot
    Consider adding
     importFrom("grDevices", "palette")
     importFrom("graphics", "legend", "plot")
    to your NAMESPACE.
Flavors: r-devel-linux-x86_64-debian-clang, r-devel-linux-x86_64-debian-gcc, r-devel-linux-x86_64-fedora-clang, r-devel-linux-x86_64-fedora-gcc, r-devel-windows-ix86+x86_64