CRAN Package Check Results for Package RcmdrPlugin.survival

Last updated on 2014-07-29 17:47:56.

Flavor Version Tinstall Tcheck Ttotal Status Flags
r-devel-linux-x86_64-debian-clang 1.0-4 1.17 21.79 22.96 NOTE
r-devel-linux-x86_64-debian-gcc 1.0-4 1.17 19.25 20.42 NOTE
r-devel-linux-x86_64-fedora-clang 1.0-4 48.03 NOTE
r-devel-linux-x86_64-fedora-gcc 1.0-4 45.01 NOTE
r-devel-osx-x86_64-clang 1.0-4 43.54 NOTE
r-devel-windows-ix86+x86_64 1.0-4 20.00 44.00 64.00 NOTE
r-patched-linux-x86_64 1.0-4 1.17 19.57 20.74 NOTE
r-patched-solaris-sparc 1.0-4 223.40 NOTE
r-patched-solaris-x86 1.0-4 66.20 WARN
r-release-linux-ix86 1.0-4 1.76 29.14 30.89 NOTE
r-release-linux-x86_64 1.0-4 1.20 20.10 21.31 NOTE
r-release-osx-x86_64-mavericks 1.0-4 NOTE
r-release-osx-x86_64-snowleopard 1.0-4 NOTE
r-release-windows-ix86+x86_64 1.0-4 22.00 46.00 68.00 NOTE
r-oldrel-windows-ix86+x86_64 1.0-4 24.00 47.00 71.00 NOTE

Check Details

Version: 1.0-4
Check: dependencies in R code
Result: NOTE
    'library' or 'require' call to survival which was already attached by Depends.
     Please remove these calls from your code.
    Packages in Depends field not imported from:
     date survival
     These packages need to be imported from (in the NAMESPACE file)
     for when this namespace is loaded but not attached.
    Unexported object imported by a ':::' call: survival:::anova.coxph
     See the note in ?`:::` about the use of this operator.
    See the information on DESCRIPTION files in the chapter Creating R
    packages of the Writing R Extensions manual.
Flavors: r-devel-linux-x86_64-debian-clang, r-devel-linux-x86_64-debian-gcc, r-devel-linux-x86_64-fedora-clang, r-devel-linux-x86_64-fedora-gcc, r-devel-osx-x86_64-clang, r-devel-windows-ix86+x86_64, r-patched-linux-x86_64, r-patched-solaris-sparc, r-patched-solaris-x86, r-release-linux-ix86, r-release-linux-x86_64, r-release-osx-x86_64-mavericks, r-release-windows-ix86+x86_64, r-oldrel-windows-ix86+x86_64

Version: 1.0-4
Check: sizes of PDF files under inst/doc
Result: WARNING
     gs+qpdf made some significant size reductions:
     compacted v49i07.pdf from 930Kb to 526Kb
     consider running tools::compactPDF(gs_quality = "ebook") on these files
Flavor: r-patched-solaris-x86

Version: 1.0-4
Check: dependencies in R code
Result: NOTE
    'library' or 'require' call to 'survival' which was already attached by Depends.
     Please remove these calls from your code.
    Packages in Depends field not imported from:
     'date' 'survival'
     These packages need to be imported from for the case when
     this namespace is loaded but not attached.
    Unexported object imported by a ':::' call: 'survival:::anova.coxph'
     See the note in ?`:::` about the use of this operator.
    See the information on DESCRIPTION files in the chapter 'Creating R
    packages' of the 'Writing R Extensions' manual.
Flavor: r-release-osx-x86_64-snowleopard