CRAN Package Check Results for Package RcmdrPlugin.survival

Last updated on 2016-04-29 19:49:58.

Flavor Version Tinstall Tcheck Ttotal Status Flags
r-devel-linux-x86_64-debian-gcc 1.1-0 4.77 55.91 60.68 OK
r-devel-linux-x86_64-fedora-clang 1.1-0 112.42 OK
r-devel-linux-x86_64-fedora-gcc 1.1-0 109.94 OK
r-devel-osx-x86_64-clang 1.1-0 127.01 OK
r-devel-windows-ix86+x86_64 1.1-0 41.00 94.00 135.00 OK
r-patched-linux-x86_64 1.1-0 4.82 56.34 61.15 OK
r-patched-solaris-sparc 1.1-0 642.90 OK
r-patched-solaris-x86 1.1-0 156.50 OK
r-release-linux-x86_64 1.1-0 5.46 60.18 65.63 OK
r-release-osx-x86_64-mavericks 1.1-0 WARN
r-release-windows-ix86+x86_64 1.1-0 42.00 101.00 143.00 OK
r-oldrel-windows-ix86+x86_64 1.1-0 7.00 2.00 9.00 ERROR

Check Details

Version: 1.1-0
Check: dependencies in R code
Result: NOTE
    Invalid MIT-MAGIC-COOKIE-1 key
Flavor: r-release-osx-x86_64-mavericks

Version: 1.1-0
Check: S3 generic/method consistency
Result: WARN
    Invalid MIT-MAGIC-COOKIE-1 key
    See section ‘Generic functions and methods’ in the ‘Writing R
    Extensions’ manual.
Flavor: r-release-osx-x86_64-mavericks

Version: 1.1-0
Check: replacement functions
Result: WARN
    Invalid MIT-MAGIC-COOKIE-1 key
    The argument of a replacement function which corresponds to the right
    hand side must be named ‘value’.
Flavor: r-release-osx-x86_64-mavericks

Version: 1.1-0
Check: foreign function calls
Result: NOTE
    Invalid MIT-MAGIC-COOKIE-1 key
    See chapter ‘System and foreign language interfaces’ in the ‘Writing R
    Extensions’ manual.
Flavor: r-release-osx-x86_64-mavericks

Version: 1.1-0
Check: R code for possible problems
Result: NOTE
    Invalid MIT-MAGIC-COOKIE-1 key
Flavor: r-release-osx-x86_64-mavericks

Version: 1.1-0
Check: for missing documentation entries
Result: WARN
    Invalid MIT-MAGIC-COOKIE-1 key
    All user-level objects in a package should have documentation entries.
    See chapter ‘Writing R documentation files’ in the ‘Writing R
    Extensions’ manual.
Flavor: r-release-osx-x86_64-mavericks

Version: 1.1-0
Check: for code/documentation mismatches
Result: WARN
    Invalid MIT-MAGIC-COOKIE-1 key
    Invalid MIT-MAGIC-COOKIE-1 key
    Invalid MIT-MAGIC-COOKIE-1 key
Flavor: r-release-osx-x86_64-mavericks

Version: 1.1-0
Check: Rd \usage sections
Result: NOTE
    Invalid MIT-MAGIC-COOKIE-1 key
    The \usage entries for S3 methods should use the \method markup and not
    their full name.
    See chapter ‘Writing R documentation files’ in the ‘Writing R
    Extensions’ manual.
Flavor: r-release-osx-x86_64-mavericks

Version: 1.1-0
Check: package dependencies
Result: ERROR
    Package required and available but unsuitable version: 'Rcmdr'
    
    See section 'The DESCRIPTION file' in the 'Writing R Extensions'
    manual.
Flavor: r-oldrel-windows-ix86+x86_64