CRAN Package Check Results for Package RcmdrPlugin.survival

Last updated on 2016-08-26 07:47:36.

Flavor Version Tinstall Tcheck Ttotal Status Flags
r-devel-linux-x86_64-debian-clang 1.1-1 5.18 59.24 64.43 OK
r-devel-linux-x86_64-debian-gcc 1.1-1 7.02 72.16 79.18 OK
r-devel-linux-x86_64-fedora-clang 1.1-1 121.79 OK
r-devel-linux-x86_64-fedora-gcc 1.1-1 119.74 OK
r-devel-osx-x86_64-clang 1.1-1 99.67 OK
r-devel-windows-ix86+x86_64 1.1-1 40.00 104.00 144.00 OK
r-patched-linux-x86_64 1.1-1 5.15 56.18 61.33 OK
r-patched-solaris-sparc 1.1-1 671.90 OK
r-patched-solaris-x86 1.1-1 162.70 OK
r-release-linux-x86_64 1.1-1 5.18 57.86 63.03 OK
r-release-osx-x86_64-mavericks 1.1-1 OK
r-release-windows-ix86+x86_64 1.1-1 4.00 5.00 9.00 ERROR
r-oldrel-windows-ix86+x86_64 1.1-1 34.00 97.00 131.00 OK

Check Details

Version: 1.1-1
Check: whether package can be installed
Result: ERROR
    Installation failed.
Flavor: r-release-windows-ix86+x86_64