CRAN Package Check Results for Package RcmdrPlugin.survival

Last updated on 2015-06-30 04:46:48.

Flavor Version Tinstall Tcheck Ttotal Status Flags
r-devel-linux-x86_64-debian-clang 1.0-5 5.40 56.90 62.30 NOTE
r-devel-linux-x86_64-debian-gcc 1.0-5 4.80 54.80 59.60 NOTE
r-devel-linux-x86_64-fedora-clang 1.0-5 127.03 OK
r-devel-linux-x86_64-fedora-gcc 1.0-5 121.00 OK
r-devel-osx-x86_64-clang 1.0-5 121.68 OK
r-devel-windows-ix86+x86_64 1.0-5 37.00 95.00 132.00 NOTE
r-patched-linux-x86_64 1.0-5 4.92 56.49 61.41 OK
r-patched-solaris-sparc 1.0-5 728.40 OK
r-patched-solaris-x86 1.0-5 190.20 OK
r-release-linux-x86_64 1.0-5 4.81 56.74 61.56 OK
r-release-osx-x86_64-mavericks 1.0-5 OK
r-release-windows-ix86+x86_64 1.0-5 43.00 92.00 135.00 OK
r-oldrel-windows-ix86+x86_64 1.0-5 59.00 193.00 252.00 OK

Check Details

Version: 1.0-5
Check: R code for possible problems
Result: NOTE
    plot.coxph: no visible global function definition for ‘palette’
    plot.coxph: no visible global function definition for ‘plot’
    plot.coxph: no visible global function definition for ‘legend’
Flavors: r-devel-linux-x86_64-debian-clang, r-devel-linux-x86_64-debian-gcc, r-devel-windows-ix86+x86_64