CRAN Package Check Results for Package RcmdrPlugin.survival

Last updated on 2016-07-23 16:47:04.

Flavor Version Tinstall Tcheck Ttotal Status Flags
r-devel-linux-x86_64-debian-clang 1.1-0 6.62 67.86 74.48 OK
r-devel-linux-x86_64-debian-gcc 1.1-0 6.32 68.02 74.34 OK
r-devel-linux-x86_64-fedora-clang 1.1-0 121.75 OK
r-devel-linux-x86_64-fedora-gcc 1.1-0 118.19 OK
r-devel-osx-x86_64-clang 1.1-0 99.22 OK
r-devel-windows-ix86+x86_64 1.1-0 45.00 102.00 147.00 OK
r-patched-linux-x86_64 1.1-0 6.07 65.00 71.07 OK
r-patched-solaris-sparc 1.1-0 676.00 OK
r-patched-solaris-x86 1.1-0 162.70 OK
r-release-linux-x86_64 1.1-0 5.87 65.02 70.89 OK
r-release-osx-x86_64-mavericks 1.1-0 WARN
r-release-windows-ix86+x86_64 1.1-0 36.00 99.00 135.00 OK
r-oldrel-windows-ix86+x86_64 1.1-0 38.00 143.00 181.00 OK

Check Details

Version: 1.1-0
Check: dependencies in R code
Result: NOTE
    Invalid MIT-MAGIC-COOKIE-1 key
Flavor: r-release-osx-x86_64-mavericks

Version: 1.1-0
Check: S3 generic/method consistency
Result: WARN
    Invalid MIT-MAGIC-COOKIE-1 key
    See section ‘Generic functions and methods’ in the ‘Writing R
    Extensions’ manual.
Flavor: r-release-osx-x86_64-mavericks

Version: 1.1-0
Check: replacement functions
Result: WARN
    Invalid MIT-MAGIC-COOKIE-1 key
    The argument of a replacement function which corresponds to the right
    hand side must be named ‘value’.
Flavor: r-release-osx-x86_64-mavericks

Version: 1.1-0
Check: foreign function calls
Result: NOTE
    Invalid MIT-MAGIC-COOKIE-1 key
    See chapter ‘System and foreign language interfaces’ in the ‘Writing R
    Extensions’ manual.
Flavor: r-release-osx-x86_64-mavericks

Version: 1.1-0
Check: R code for possible problems
Result: NOTE
    Invalid MIT-MAGIC-COOKIE-1 key
Flavor: r-release-osx-x86_64-mavericks

Version: 1.1-0
Check: for missing documentation entries
Result: WARN
    Invalid MIT-MAGIC-COOKIE-1 key
    All user-level objects in a package should have documentation entries.
    See chapter ‘Writing R documentation files’ in the ‘Writing R
    Extensions’ manual.
Flavor: r-release-osx-x86_64-mavericks

Version: 1.1-0
Check: for code/documentation mismatches
Result: WARN
    Invalid MIT-MAGIC-COOKIE-1 key
    Invalid MIT-MAGIC-COOKIE-1 key
    Invalid MIT-MAGIC-COOKIE-1 key
Flavor: r-release-osx-x86_64-mavericks

Version: 1.1-0
Check: Rd \usage sections
Result: NOTE
    Invalid MIT-MAGIC-COOKIE-1 key
    The \usage entries for S3 methods should use the \method markup and not
    their full name.
    See chapter ‘Writing R documentation files’ in the ‘Writing R
    Extensions’ manual.
Flavor: r-release-osx-x86_64-mavericks