CRAN Package Check Results for Package RcmdrPlugin.survival

Last updated on 2015-07-30 22:50:05.

Flavor Version Tinstall Tcheck Ttotal Status Flags
r-devel-linux-x86_64-debian-clang 1.0-5 4.96 58.90 63.86 NOTE
r-devel-linux-x86_64-debian-gcc 1.0-5 4.88 56.98 61.86 NOTE
r-devel-linux-x86_64-fedora-clang 1.0-5 125.67 NOTE
r-devel-linux-x86_64-fedora-gcc 1.0-5 129.36 NOTE
r-devel-osx-x86_64-clang 1.0-5 118.39 OK
r-devel-windows-ix86+x86_64 1.0-5 43.00 95.00 138.00 NOTE
r-patched-linux-x86_64 1.0-5 4.82 46.63 51.45 OK
r-patched-solaris-sparc 1.0-5 757.00 OK
r-patched-solaris-x86 1.0-5 191.90 OK
r-release-linux-x86_64 1.0-5 4.86 57.98 62.84 OK
r-release-osx-x86_64-mavericks 1.0-5 OK
r-release-windows-ix86+x86_64 1.0-5 43.00 92.00 135.00 OK
r-oldrel-windows-ix86+x86_64 1.0-5 62.00 191.00 253.00 OK

Check Details

Version: 1.0-5
Check: R code for possible problems
Result: NOTE
    plot.coxph: no visible global function definition for ‘palette’
    plot.coxph: no visible global function definition for ‘plot’
    plot.coxph: no visible global function definition for ‘legend’
    Undefined global functions or variables:
     legend palette plot
    Consider adding
     importFrom("grDevices", "palette")
     importFrom("graphics", "legend", "plot")
    to your NAMESPACE.
Flavors: r-devel-linux-x86_64-debian-clang, r-devel-linux-x86_64-debian-gcc, r-devel-linux-x86_64-fedora-clang, r-devel-linux-x86_64-fedora-gcc, r-devel-windows-ix86+x86_64