CRAN Package Check Results for Package RcmdrPlugin.survival

Last updated on 2016-06-25 16:48:01.

Flavor Version Tinstall Tcheck Ttotal Status Flags
r-devel-linux-x86_64-debian-gcc 1.1-0 5.17 59.14 64.31 OK
r-devel-linux-x86_64-fedora-clang 1.1-0 115.50 OK
r-devel-linux-x86_64-fedora-gcc 1.1-0 115.09 OK
r-devel-osx-x86_64-clang 1.1-0 91.13 OK
r-devel-windows-ix86+x86_64 1.1-0 39.00 104.00 143.00 OK
r-patched-linux-x86_64 1.1-0 5.41 60.07 65.48 OK
r-patched-solaris-sparc 1.1-0 676.00 OK
r-patched-solaris-x86 1.1-0 166.40 OK
r-release-linux-x86_64 1.1-0 5.59 60.36 65.95 OK
r-release-osx-x86_64-mavericks 1.1-0 WARN
r-release-windows-ix86+x86_64 1.1-0 40.00 107.00 147.00 OK
r-oldrel-windows-ix86+x86_64 1.1-0 41.00 110.00 151.00 OK

Check Details

Version: 1.1-0
Check: dependencies in R code
Result: NOTE
    Invalid MIT-MAGIC-COOKIE-1 key
Flavor: r-release-osx-x86_64-mavericks

Version: 1.1-0
Check: S3 generic/method consistency
Result: WARN
    Invalid MIT-MAGIC-COOKIE-1 key
    See section ‘Generic functions and methods’ in the ‘Writing R
    Extensions’ manual.
Flavor: r-release-osx-x86_64-mavericks

Version: 1.1-0
Check: replacement functions
Result: WARN
    Invalid MIT-MAGIC-COOKIE-1 key
    The argument of a replacement function which corresponds to the right
    hand side must be named ‘value’.
Flavor: r-release-osx-x86_64-mavericks

Version: 1.1-0
Check: foreign function calls
Result: NOTE
    Invalid MIT-MAGIC-COOKIE-1 key
    See chapter ‘System and foreign language interfaces’ in the ‘Writing R
    Extensions’ manual.
Flavor: r-release-osx-x86_64-mavericks

Version: 1.1-0
Check: R code for possible problems
Result: NOTE
    Invalid MIT-MAGIC-COOKIE-1 key
Flavor: r-release-osx-x86_64-mavericks

Version: 1.1-0
Check: for missing documentation entries
Result: WARN
    Invalid MIT-MAGIC-COOKIE-1 key
    All user-level objects in a package should have documentation entries.
    See chapter ‘Writing R documentation files’ in the ‘Writing R
    Extensions’ manual.
Flavor: r-release-osx-x86_64-mavericks

Version: 1.1-0
Check: for code/documentation mismatches
Result: WARN
    Invalid MIT-MAGIC-COOKIE-1 key
    Invalid MIT-MAGIC-COOKIE-1 key
    Invalid MIT-MAGIC-COOKIE-1 key
Flavor: r-release-osx-x86_64-mavericks

Version: 1.1-0
Check: Rd \usage sections
Result: NOTE
    Invalid MIT-MAGIC-COOKIE-1 key
    The \usage entries for S3 methods should use the \method markup and not
    their full name.
    See chapter ‘Writing R documentation files’ in the ‘Writing R
    Extensions’ manual.
Flavor: r-release-osx-x86_64-mavericks