CRAN Package Check Results for Package RcmdrPlugin.survival

Last updated on 2014-10-31 11:47:31.

Flavor Version Tinstall Tcheck Ttotal Status Flags
r-devel-linux-x86_64-debian-clang 1.0-4 2.62 54.94 57.56 NOTE
r-devel-linux-x86_64-debian-gcc 1.0-4 2.30 47.72 50.02 NOTE
r-devel-linux-x86_64-fedora-clang 1.0-4 82.07 NOTE
r-devel-linux-x86_64-fedora-gcc 1.0-4 79.59 NOTE
r-devel-osx-x86_64-clang 1.0-4 75.93 NOTE
r-devel-windows-ix86+x86_64 1.0-4 28.00 85.00 113.00 NOTE
r-patched-linux-x86_64 1.0-4 2.69 53.33 56.02 NOTE
r-patched-solaris-sparc 1.0-4 416.50 NOTE
r-patched-solaris-x86 1.0-4 121.30 NOTE
r-release-linux-ix86 1.0-4 0.60 1.68 2.28 ERROR
r-release-linux-x86_64 1.0-4 2.71 54.44 57.15 NOTE
r-release-osx-x86_64-mavericks 1.0-4 NOTE
r-release-osx-x86_64-snowleopard 1.0-4 NOTE
r-release-windows-ix86+x86_64 1.0-4 28.00 82.00 110.00 NOTE
r-oldrel-windows-ix86+x86_64 1.0-4 37.00 95.00 132.00 NOTE

Check Details

Version: 1.0-4
Check: dependencies in R code
Result: NOTE
    'library' or 'require' call to ‘survival’ which was already attached by Depends.
     Please remove these calls from your code.
    Packages in Depends field not imported from:
     ‘date’ ‘survival’
     These packages need to be imported from (in the NAMESPACE file)
     for when this namespace is loaded but not attached.
    Unexported object imported by a ':::' call: ‘survival:::anova.coxph’
     See the note in ?`:::` about the use of this operator.
    See the information on DESCRIPTION files in the chapter ‘Creating R
    packages’ of the ‘Writing R Extensions’ manual.
Flavors: r-devel-linux-x86_64-debian-clang, r-devel-linux-x86_64-debian-gcc, r-devel-linux-x86_64-fedora-clang, r-devel-linux-x86_64-fedora-gcc, r-devel-osx-x86_64-clang, r-devel-windows-ix86+x86_64, r-patched-linux-x86_64, r-patched-solaris-sparc, r-patched-solaris-x86, r-release-linux-x86_64, r-release-osx-x86_64-mavericks, r-release-windows-ix86+x86_64, r-oldrel-windows-ix86+x86_64

Version: 1.0-4
Check: R code for possible problems
Result: NOTE
    plot.coxph: no visible global function definition for ‘survfit’
Flavors: r-devel-linux-x86_64-debian-clang, r-devel-linux-x86_64-debian-gcc, r-devel-linux-x86_64-fedora-clang, r-devel-linux-x86_64-fedora-gcc, r-devel-osx-x86_64-clang, r-devel-windows-ix86+x86_64, r-patched-linux-x86_64, r-patched-solaris-sparc, r-patched-solaris-x86

Version: 1.0-4
Check: package dependencies
Result: ERROR
    Package required but not available: ‘Rcmdr’
    
    See the information on DESCRIPTION files in the chapter ‘Creating R
    packages’ of the ‘Writing R Extensions’ manual.
Flavor: r-release-linux-ix86

Version: 1.0-4
Check: dependencies in R code
Result: NOTE
    'library' or 'require' call to 'survival' which was already attached by Depends.
     Please remove these calls from your code.
    Packages in Depends field not imported from:
     'date' 'survival'
     These packages need to be imported from for the case when
     this namespace is loaded but not attached.
    Unexported object imported by a ':::' call: 'survival:::anova.coxph'
     See the note in ?`:::` about the use of this operator.
    See the information on DESCRIPTION files in the chapter 'Creating R
    packages' of the 'Writing R Extensions' manual.
Flavor: r-release-osx-x86_64-snowleopard