CRAN Package Check Results for Package RcmdrPlugin.survival

Last updated on 2014-09-02 20:48:58.

Flavor Version Tinstall Tcheck Ttotal Status Flags
r-devel-linux-x86_64-debian-clang 1.0-4 2.40 39.50 41.90 NOTE
r-devel-linux-x86_64-debian-gcc 1.0-4 2.37 38.56 40.92 NOTE
r-devel-linux-x86_64-fedora-clang 1.0-4 81.47 NOTE
r-devel-linux-x86_64-fedora-gcc 1.0-4 78.48 NOTE
r-devel-osx-x86_64-clang 1.0-4 71.31 NOTE
r-devel-windows-ix86+x86_64 1.0-4 31.00 77.00 108.00 NOTE
r-patched-linux-x86_64 1.0-4 2.52 40.68 43.20 NOTE
r-patched-solaris-sparc 1.0-4 227.30 NOTE
r-patched-solaris-x86 1.0-4 123.30 WARN
r-release-linux-ix86 1.0-4 3.33 49.21 52.54 NOTE
r-release-linux-x86_64 1.0-4 2.58 42.16 44.74 NOTE
r-release-osx-x86_64-mavericks 1.0-4 NOTE
r-release-osx-x86_64-snowleopard 1.0-4 NOTE
r-release-windows-ix86+x86_64 1.0-4 23.00 102.00 125.00 NOTE
r-oldrel-windows-ix86+x86_64 1.0-4 35.00 95.00 130.00 NOTE

Check Details

Version: 1.0-4
Check: dependencies in R code
Result: NOTE
    'library' or 'require' call to ‘survival’ which was already attached by Depends.
     Please remove these calls from your code.
    Packages in Depends field not imported from:
     ‘date’ ‘survival’
     These packages need to be imported from (in the NAMESPACE file)
     for when this namespace is loaded but not attached.
    Unexported object imported by a ':::' call: ‘survival:::anova.coxph’
     See the note in ?`:::` about the use of this operator.
    See the information on DESCRIPTION files in the chapter ‘Creating R
    packages’ of the ‘Writing R Extensions’ manual.
Flavors: r-devel-linux-x86_64-debian-clang, r-devel-linux-x86_64-debian-gcc, r-devel-linux-x86_64-fedora-clang, r-devel-linux-x86_64-fedora-gcc, r-devel-osx-x86_64-clang, r-devel-windows-ix86+x86_64, r-patched-linux-x86_64, r-patched-solaris-sparc, r-patched-solaris-x86, r-release-linux-ix86, r-release-linux-x86_64, r-release-osx-x86_64-mavericks, r-release-windows-ix86+x86_64, r-oldrel-windows-ix86+x86_64

Version: 1.0-4
Check: R code for possible problems
Result: NOTE
    plot.coxph: no visible global function definition for ‘survfit’
Flavors: r-devel-linux-x86_64-debian-clang, r-devel-linux-x86_64-debian-gcc, r-devel-linux-x86_64-fedora-clang, r-devel-linux-x86_64-fedora-gcc, r-devel-osx-x86_64-clang, r-devel-windows-ix86+x86_64

Version: 1.0-4
Check: sizes of PDF files under ‘inst/doc’
Result: WARN
     ‘gs+qpdf’ made some significant size reductions:
     compacted ‘v49i07.pdf’ from 930Kb to 526Kb
     consider running tools::compactPDF(gs_quality = "ebook") on these files
Flavor: r-patched-solaris-x86

Version: 1.0-4
Check: dependencies in R code
Result: NOTE
    'library' or 'require' call to 'survival' which was already attached by Depends.
     Please remove these calls from your code.
    Packages in Depends field not imported from:
     'date' 'survival'
     These packages need to be imported from for the case when
     this namespace is loaded but not attached.
    Unexported object imported by a ':::' call: 'survival:::anova.coxph'
     See the note in ?`:::` about the use of this operator.
    See the information on DESCRIPTION files in the chapter 'Creating R
    packages' of the 'Writing R Extensions' manual.
Flavor: r-release-osx-x86_64-snowleopard