CRAN Package Check Results for Package RcmdrPlugin.survival

Last updated on 2015-05-29 11:49:22.

Flavor Version Tinstall Tcheck Ttotal Status Flags
r-devel-linux-x86_64-debian-clang 1.0-5 4.91 56.61 61.52 OK
r-devel-linux-x86_64-debian-gcc 1.0-5 4.84 55.04 59.88 OK
r-devel-linux-x86_64-fedora-clang 1.0-5 128.00 OK
r-devel-linux-x86_64-fedora-gcc 1.0-5 121.34 OK
r-devel-osx-x86_64-clang 1.0-5 121.47 OK
r-devel-windows-ix86+x86_64 1.0-5 32.00 90.00 122.00 OK
r-patched-linux-x86_64 1.0-5 4.84 56.11 60.95 OK
r-patched-solaris-sparc 1.0-5 728.40 OK
r-patched-solaris-x86 1.0-5 192.50 OK
r-release-linux-x86_64 1.0-5 4.73 55.88 60.61 OK
r-release-osx-x86_64-mavericks 1.0-5 OK
r-release-osx-x86_64-snowleopard 1.0-5 ERROR
r-release-windows-ix86+x86_64 1.0-5 37.00 91.00 128.00 OK
r-oldrel-windows-ix86+x86_64 1.0-5 64.00 195.00 259.00 OK

Check Details

Version: 1.0-5
Check: package dependencies
Result: ERROR
    Package required but not available: ‘Rcmdr’
    
    See section ‘The DESCRIPTION file’ in the ‘Writing R Extensions’
    manual.
Flavor: r-release-osx-x86_64-snowleopard