CRAN Package Check Results for Package RcmdrPlugin.survival

Last updated on 2014-12-20 17:51:14.

Flavor Version Tinstall Tcheck Ttotal Status Flags
r-devel-linux-x86_64-debian-clang 1.0-4 2.46 44.41 46.87 NOTE
r-devel-linux-x86_64-debian-gcc 1.0-4 2.31 44.15 46.46 NOTE
r-devel-linux-x86_64-fedora-clang 1.0-4 74.95 NOTE
r-devel-linux-x86_64-fedora-gcc 1.0-4 71.30 NOTE
r-devel-osx-x86_64-clang 1.0-4 71.27 NOTE
r-devel-windows-ix86+x86_64 1.0-4 38.00 125.00 163.00 NOTE
r-patched-linux-x86_64 1.0-4 2.47 30.13 32.60 NOTE
r-patched-solaris-sparc 1.0-4 416.50 NOTE
r-patched-solaris-x86 1.0-4 109.50 NOTE
r-release-linux-ix86 1.0-4 3.11 49.24 52.35 NOTE
r-release-linux-x86_64 1.0-4 2.33 42.33 44.66 NOTE
r-release-osx-x86_64-mavericks 1.0-4 NOTE
r-release-osx-x86_64-snowleopard 1.0-4 NOTE
r-release-windows-ix86+x86_64 1.0-4 37.00 90.00 127.00 NOTE
r-oldrel-windows-ix86+x86_64 1.0-4 34.00 90.00 124.00 NOTE

Check Details

Version: 1.0-4
Check: dependencies in R code
Result: NOTE
    'library' or 'require' call to ‘survival’ which was already attached by Depends.
     Please remove these calls from your code.
    Packages in Depends field not imported from:
     ‘date’ ‘survival’
     These packages need to be imported from (in the NAMESPACE file)
     for when this namespace is loaded but not attached.
    Unexported object imported by a ':::' call: ‘survival:::anova.coxph’
     See the note in ?`:::` about the use of this operator.
    See the information on DESCRIPTION files in the chapter ‘Creating R
    packages’ of the ‘Writing R Extensions’ manual.
Flavors: r-devel-linux-x86_64-debian-clang, r-devel-linux-x86_64-debian-gcc, r-devel-linux-x86_64-fedora-clang, r-devel-linux-x86_64-fedora-gcc, r-devel-osx-x86_64-clang, r-devel-windows-ix86+x86_64, r-patched-linux-x86_64, r-patched-solaris-sparc, r-patched-solaris-x86, r-release-linux-ix86, r-release-linux-x86_64, r-release-osx-x86_64-mavericks, r-release-windows-ix86+x86_64, r-oldrel-windows-ix86+x86_64

Version: 1.0-4
Check: R code for possible problems
Result: NOTE
    plot.coxph: no visible global function definition for ‘survfit’
Flavors: r-devel-linux-x86_64-debian-clang, r-devel-linux-x86_64-debian-gcc, r-devel-linux-x86_64-fedora-clang, r-devel-linux-x86_64-fedora-gcc, r-devel-osx-x86_64-clang, r-devel-windows-ix86+x86_64, r-patched-linux-x86_64, r-patched-solaris-sparc, r-patched-solaris-x86, r-release-linux-ix86, r-release-linux-x86_64, r-release-windows-ix86+x86_64

Version: 1.0-4
Check: dependencies in R code
Result: NOTE
    'library' or 'require' call to 'survival' which was already attached by Depends.
     Please remove these calls from your code.
    Packages in Depends field not imported from:
     'date' 'survival'
     These packages need to be imported from for the case when
     this namespace is loaded but not attached.
    Unexported object imported by a ':::' call: 'survival:::anova.coxph'
     See the note in ?`:::` about the use of this operator.
    See the information on DESCRIPTION files in the chapter 'Creating R
    packages' of the 'Writing R Extensions' manual.
Flavor: r-release-osx-x86_64-snowleopard