CRAN Package Check Results for Package RcmdrPlugin.survival

Last updated on 2014-04-25 05:47:23.

Flavor Version Tinstall Tcheck Ttotal Status Flags
r-devel-linux-x86_64-debian-clang 1.0-4 1.42 20.62 22.03 NOTE
r-devel-linux-x86_64-debian-gcc 1.0-4 1.25 20.55 21.80 NOTE
r-devel-linux-x86_64-fedora-clang 1.0-4 47.83 NOTE
r-devel-linux-x86_64-fedora-gcc 1.0-4 45.50 NOTE
r-devel-osx-x86_64-clang 1.0-4 45.33 NOTE
r-devel-osx-x86_64-gcc 1.0-4 ERROR
r-devel-windows-ix86+x86_64 1.0-4 15.00 44.00 59.00 NOTE
r-patched-linux-x86_64 1.0-4 1.31 20.69 22.00 NOTE
r-patched-solaris-sparc 1.0-4 232.60 NOTE
r-patched-solaris-x86 1.0-4 72.10 NOTE
r-release-linux-ix86 1.0-4 2.00 41.00 43.00 NOTE
r-release-linux-x86_64 1.0-4 1.27 20.79 22.06 NOTE
r-release-osx-x86_64-mavericks 1.0-4 WARN
r-release-osx-x86_64-snowleopard 1.0-4 NOTE
r-release-windows-ix86+x86_64 1.0-4 17.00 43.00 60.00 NOTE
r-oldrel-windows-ix86+x86_64 1.0-4 15.00 45.00 60.00 NOTE

Check Details

Version: 1.0-4
Check: dependencies in R code
Result: NOTE
    'library' or 'require' call to ‘survival’ which was already attached by Depends.
     Please remove these calls from your code.
    Packages in Depends field not imported from:
     ‘date’ ‘survival’
     These packages need to be imported from (in the NAMESPACE file)
     for when this namespace is loaded but not attached.
    Unexported object imported by a ':::' call: ‘survival:::anova.coxph’
     See the note in ?`:::` about the use of this operator.
    See the information on DESCRIPTION files in the chapter ‘Creating R
    packages’ of the ‘Writing R Extensions’ manual.
Flavors: r-devel-linux-x86_64-debian-clang, r-devel-linux-x86_64-debian-gcc, r-devel-linux-x86_64-fedora-clang, r-devel-linux-x86_64-fedora-gcc, r-devel-osx-x86_64-clang, r-devel-windows-ix86+x86_64, r-patched-linux-x86_64, r-patched-solaris-sparc, r-patched-solaris-x86, r-release-linux-ix86, r-release-linux-x86_64, r-release-osx-x86_64-mavericks, r-release-windows-ix86+x86_64, r-oldrel-windows-ix86+x86_64

Version: 1.0-4
Check: package dependencies
Result: ERROR
    Package required but not available: ‘Rcmdr’
    
    See the information on DESCRIPTION files in the chapter ‘Creating R
    packages’ of the ‘Writing R Extensions’ manual.
Flavor: r-devel-osx-x86_64-gcc

Version: 1.0-4
Check: PDF version of manual
Result: WARNING
    LaTeX errors when creating PDF version.
    This typically indicates Rd problems.
    LaTeX errors found:
    ! LaTeX Error: File `upquote.sty' not found.
    
    Type X to quit or <RETURN> to proceed,
    or enter new name. (Default extension: sty)
    
    9515660/Rd2.tex:8: ==> Fatal error occurred, no output PDF file produced!
Flavor: r-release-osx-x86_64-mavericks

Version: 1.0-4
Check: dependencies in R code
Result: NOTE
    'library' or 'require' call to 'survival' which was already attached by Depends.
     Please remove these calls from your code.
    Packages in Depends field not imported from:
     'date' 'survival'
     These packages need to be imported from for the case when
     this namespace is loaded but not attached.
    Unexported object imported by a ':::' call: 'survival:::anova.coxph'
     See the note in ?`:::` about the use of this operator.
    See the information on DESCRIPTION files in the chapter 'Creating R
    packages' of the 'Writing R Extensions' manual.
Flavor: r-release-osx-x86_64-snowleopard