CRAN Package Check Results for Package RcmdrPlugin.survival

Last updated on 2014-08-30 03:51:12.

Flavor Version Tinstall Tcheck Ttotal Status Flags
r-devel-linux-x86_64-debian-clang 1.0-4 2.43 40.93 43.36 NOTE
r-devel-linux-x86_64-debian-gcc 1.0-4 2.39 42.20 44.58 NOTE
r-devel-linux-x86_64-fedora-clang 1.0-4 84.83 NOTE
r-devel-linux-x86_64-fedora-gcc 1.0-4 76.41 NOTE
r-devel-osx-x86_64-clang 1.0-4 71.32 NOTE
r-devel-windows-ix86+x86_64 1.0-4 41.00 86.00 127.00 NOTE
r-patched-linux-x86_64 1.0-4 2.56 42.34 44.90 NOTE
r-patched-solaris-sparc 1.0-4 227.30 NOTE
r-patched-solaris-x86 1.0-4 105.20 WARN
r-release-linux-ix86 1.0-4 3.35 49.65 53.00 NOTE
r-release-linux-x86_64 1.0-4 2.74 43.40 46.14 NOTE
r-release-osx-x86_64-mavericks 1.0-4 NOTE
r-release-osx-x86_64-snowleopard 1.0-4 NOTE
r-release-windows-ix86+x86_64 1.0-4 40.00 98.00 138.00 NOTE
r-oldrel-windows-ix86+x86_64 1.0-4 41.00 93.00 134.00 NOTE

Check Details

Version: 1.0-4
Check: dependencies in R code
Result: NOTE
    'library' or 'require' call to ‘survival’ which was already attached by Depends.
     Please remove these calls from your code.
    Packages in Depends field not imported from:
     ‘date’ ‘survival’
     These packages need to be imported from (in the NAMESPACE file)
     for when this namespace is loaded but not attached.
    Unexported object imported by a ':::' call: ‘survival:::anova.coxph’
     See the note in ?`:::` about the use of this operator.
    See the information on DESCRIPTION files in the chapter ‘Creating R
    packages’ of the ‘Writing R Extensions’ manual.
Flavors: r-devel-linux-x86_64-debian-clang, r-devel-linux-x86_64-debian-gcc, r-devel-linux-x86_64-fedora-clang, r-devel-linux-x86_64-fedora-gcc, r-devel-osx-x86_64-clang, r-devel-windows-ix86+x86_64, r-patched-linux-x86_64, r-patched-solaris-sparc, r-patched-solaris-x86, r-release-linux-ix86, r-release-linux-x86_64, r-release-osx-x86_64-mavericks, r-release-windows-ix86+x86_64, r-oldrel-windows-ix86+x86_64

Version: 1.0-4
Check: R code for possible problems
Result: NOTE
    plot.coxph: no visible global function definition for ‘survfit’
Flavors: r-devel-linux-x86_64-debian-clang, r-devel-linux-x86_64-debian-gcc, r-devel-linux-x86_64-fedora-clang, r-devel-linux-x86_64-fedora-gcc, r-devel-osx-x86_64-clang, r-devel-windows-ix86+x86_64

Version: 1.0-4
Check: sizes of PDF files under ‘inst/doc’
Result: WARN
     ‘gs+qpdf’ made some significant size reductions:
     compacted ‘v49i07.pdf’ from 930Kb to 526Kb
     consider running tools::compactPDF(gs_quality = "ebook") on these files
Flavor: r-patched-solaris-x86

Version: 1.0-4
Check: dependencies in R code
Result: NOTE
    'library' or 'require' call to 'survival' which was already attached by Depends.
     Please remove these calls from your code.
    Packages in Depends field not imported from:
     'date' 'survival'
     These packages need to be imported from for the case when
     this namespace is loaded but not attached.
    Unexported object imported by a ':::' call: 'survival:::anova.coxph'
     See the note in ?`:::` about the use of this operator.
    See the information on DESCRIPTION files in the chapter 'Creating R
    packages' of the 'Writing R Extensions' manual.
Flavor: r-release-osx-x86_64-snowleopard