CRAN Package Check Results for Package RcmdrPlugin.temis

Last updated on 2017-08-23 09:47:33.

Flavor Version Tinstall Tcheck Ttotal Status Flags
r-devel-linux-x86_64-debian-clang 0.7.9 6.58 81.50 88.08 OK
r-devel-linux-x86_64-debian-gcc 0.7.9 6.57 79.06 85.63 OK
r-devel-linux-x86_64-fedora-clang 0.7.9 165.35 NOTE
r-devel-linux-x86_64-fedora-gcc 0.7.9 168.33 NOTE
r-devel-windows-ix86+x86_64 0.7.9 34.00 132.00 166.00 NOTE
r-patched-linux-x86_64 0.7.9 6.74 82.20 88.94 OK
r-patched-solaris-x86 0.7.9 247.20 NOTE
r-release-linux-x86_64 0.7.9 6.22 79.56 85.78 OK
r-release-windows-ix86+x86_64 0.7.9 39.00 125.00 164.00 NOTE
r-release-osx-x86_64 0.7.9 NOTE
r-oldrel-windows-ix86+x86_64 0.7.9 41.00 176.00 217.00 NOTE
r-oldrel-osx-x86_64 0.7.9 NOTE

Check Details

Version: 0.7.9
Check: package dependencies
Result: NOTE
    Package suggested but not available for checking: ‘ROpenOffice’
Flavors: r-devel-linux-x86_64-fedora-clang, r-devel-linux-x86_64-fedora-gcc, r-devel-windows-ix86+x86_64, r-patched-solaris-x86, r-release-windows-ix86+x86_64, r-release-osx-x86_64, r-oldrel-windows-ix86+x86_64

Version: 0.7.9
Check: package dependencies
Result: NOTE
    Packages suggested but not available for checking: ‘ROpenOffice’ ‘RODBC’
Flavor: r-oldrel-osx-x86_64