CRAN Package Check Results for Package RcmdrPlugin.temis

Last updated on 2016-02-06 13:48:28.

Flavor Version Tinstall Tcheck Ttotal Status Flags
r-devel-linux-x86_64-debian-gcc 0.7.4 5.52 72.87 78.38 OK
r-devel-linux-x86_64-fedora-clang 0.7.4 142.95 NOTE
r-devel-linux-x86_64-fedora-gcc 0.7.4 143.83 NOTE
r-devel-osx-x86_64-clang 0.7.4 159.85 NOTE
r-devel-windows-ix86+x86_64 0.7.4 36.00 119.00 155.00 NOTE
r-patched-linux-x86_64 0.7.4 5.90 78.88 84.78 OK
r-patched-solaris-sparc 0.7.4 931.20 NOTE
r-patched-solaris-x86 0.7.4 225.90 NOTE
r-release-linux-x86_64 0.7.4 6.05 78.12 84.17 OK
r-release-osx-x86_64-mavericks 0.7.4 NOTE
r-release-windows-ix86+x86_64 0.7.4 45.00 197.00 242.00 NOTE
r-oldrel-windows-ix86+x86_64 0.7.4 75.00 236.00 311.00 NOTE

Check Details

Version: 0.7.4
Check: package dependencies
Result: NOTE
    Package suggested but not available for checking: ‘ROpenOffice’
Flavors: r-devel-linux-x86_64-fedora-clang, r-devel-linux-x86_64-fedora-gcc, r-devel-osx-x86_64-clang, r-devel-windows-ix86+x86_64, r-patched-solaris-sparc, r-patched-solaris-x86, r-release-windows-ix86+x86_64, r-oldrel-windows-ix86+x86_64

Version: 0.7.4
Check: package dependencies
Result: NOTE
    Packages suggested but not available for checking: ‘ROpenOffice’ ‘RODBC’
Flavor: r-release-osx-x86_64-mavericks