CRAN Package Check Results for Package RcmdrPlugin.temis

Last updated on 2018-04-22 23:50:35 CEST.

Flavor Version Tinstall Tcheck Ttotal Status Flags
r-devel-linux-x86_64-debian-clang 0.7.9 13.08 102.21 115.29 OK
r-devel-linux-x86_64-debian-gcc 0.7.9 12.15 87.63 99.78 OK
r-devel-linux-x86_64-fedora-clang 0.7.9 153.39 NOTE
r-devel-linux-x86_64-fedora-gcc 0.7.9 151.53 NOTE
r-devel-windows-ix86+x86_64 0.7.9 51.00 128.00 179.00 NOTE
r-devel-osx-x86_64 0.7.9 NOTE
r-patched-linux-x86_64 0.7.9 12.99 109.47 122.46 OK
r-patched-solaris-x86 0.7.9 242.70 NOTE
r-release-linux-x86_64 0.7.9 8.52 119.88 128.40 OK
r-release-windows-ix86+x86_64 0.7.9 46.00 117.00 163.00 NOTE
r-release-osx-x86_64 0.7.9 NOTE
r-oldrel-windows-ix86+x86_64 0.7.9 30.00 119.00 149.00 NOTE

Check Details

Version: 0.7.9
Check: package dependencies
Result: NOTE
    Package suggested but not available for checking: ‘ROpenOffice’
Flavors: r-devel-linux-x86_64-fedora-clang, r-devel-linux-x86_64-fedora-gcc, r-devel-windows-ix86+x86_64, r-devel-osx-x86_64, r-patched-solaris-x86, r-release-windows-ix86+x86_64, r-release-osx-x86_64, r-oldrel-windows-ix86+x86_64