CRAN Package Check Results for Package RcmdrPlugin.temis

Last updated on 2014-12-18 23:47:57.

Flavor Version Tinstall Tcheck Ttotal Status Flags
r-devel-linux-x86_64-debian-clang 0.7.2 3.04 54.61 57.64 OK
r-devel-linux-x86_64-debian-gcc 0.7.2 3.13 52.98 56.11 OK
r-devel-linux-x86_64-fedora-clang 0.7.2 101.53 OK
r-devel-linux-x86_64-fedora-gcc 0.7.2 92.07 OK
r-devel-osx-x86_64-clang 0.7.2 100.38 NOTE
r-devel-windows-ix86+x86_64 0.7.2 39.00 98.00 137.00 NOTE
r-patched-linux-x86_64 0.7.2 3.21 42.33 45.54 OK
r-patched-solaris-sparc 0.7.2 597.30 NOTE
r-patched-solaris-x86 0.7.2 155.20 NOTE
r-release-linux-ix86 0.7.2 3.88 62.91 66.79 OK
r-release-linux-x86_64 0.7.2 3.04 56.69 59.73 OK
r-release-osx-x86_64-mavericks 0.7.2 NOTE
r-release-osx-x86_64-snowleopard 0.7.2 NOTE
r-release-windows-ix86+x86_64 0.7.2 44.00 97.00 141.00 NOTE
r-oldrel-windows-ix86+x86_64 0.7.2 2.00 1.00 3.00 ERROR

Check Details

Version: 0.7.2
Check: package dependencies
Result: NOTE
    Package suggested but not available for checking: ‘ROpenOffice’
Flavors: r-devel-osx-x86_64-clang, r-devel-windows-ix86+x86_64, r-release-osx-x86_64-snowleopard, r-release-windows-ix86+x86_64

Version: 0.7.2
Check: package dependencies
Result: NOTE
    Packages suggested but not available for checking: ‘ROpenOffice’ ‘twitteR’
Flavors: r-patched-solaris-sparc, r-patched-solaris-x86

Version: 0.7.2
Check: package dependencies
Result: NOTE
    Packages suggested but not available for checking: ‘ROpenOffice’ ‘RODBC’
Flavor: r-release-osx-x86_64-mavericks

Version: 0.7.2
Check: package dependencies
Result: ERROR
    Package required and available but unsuitable version: 'tm'
    
    Package suggested but not available for checking: 'ROpenOffice'
    
    See the information on DESCRIPTION files in the chapter 'Creating R
    packages' of the 'Writing R Extensions' manual.
Flavor: r-oldrel-windows-ix86+x86_64