CRAN Package Check Results for Package RcmdrPlugin.temis

Last updated on 2015-04-27 06:46:46.

Flavor Version Tinstall Tcheck Ttotal Status Flags
r-devel-linux-x86_64-debian-clang 0.7.3 5.36 68.54 73.89 OK
r-devel-linux-x86_64-debian-gcc 0.7.3 5.22 68.76 73.97 OK
r-devel-linux-x86_64-fedora-clang 0.7.3 150.78 OK
r-devel-linux-x86_64-fedora-gcc 0.7.3 142.90 OK
r-devel-osx-x86_64-clang 0.7.3 136.43 NOTE
r-devel-windows-ix86+x86_64 0.7.3 48.00 98.00 146.00 NOTE
r-patched-linux-x86_64 0.7.3 5.29 67.12 72.40 OK
r-patched-solaris-sparc 0.7.3 894.70 NOTE
r-patched-solaris-x86 0.7.3 229.80 NOTE
r-release-linux-x86_64 0.7.3 5.26 68.05 73.31 OK
r-release-osx-x86_64-mavericks 0.7.3 NOTE
r-release-osx-x86_64-snowleopard 0.7.3 ERROR
r-release-windows-ix86+x86_64 0.7.3 35.00 110.00 145.00 NOTE
r-oldrel-windows-ix86+x86_64 0.7.3 58.00 189.00 247.00 NOTE

Check Details

Version: 0.7.3
Check: package dependencies
Result: NOTE
    Package suggested but not available for checking: ‘ROpenOffice’
Flavors: r-devel-osx-x86_64-clang, r-devel-windows-ix86+x86_64, r-release-windows-ix86+x86_64, r-oldrel-windows-ix86+x86_64

Version: 0.7.3
Check: package dependencies
Result: NOTE
    Packages suggested but not available for checking: ‘ROpenOffice’ ‘twitteR’
Flavors: r-patched-solaris-sparc, r-patched-solaris-x86

Version: 0.7.3
Check: package dependencies
Result: NOTE
    Packages suggested but not available for checking: ‘ROpenOffice’ ‘RODBC’
Flavor: r-release-osx-x86_64-mavericks

Version: 0.7.3
Check: package dependencies
Result: ERROR
    Packages required but not available: ‘tm’ ‘zoo’ ‘Rcmdr’ ‘latticeExtra’
    
    Packages suggested but not available for checking:
     ‘ROpenOffice’ ‘tm.plugin.factiva’ ‘tm.plugin.lexisnexis’
     ‘tm.plugin.europresse’ ‘tm.plugin.alceste’
    
    See section ‘The DESCRIPTION file’ in the ‘Writing R Extensions’
    manual.
Flavor: r-release-osx-x86_64-snowleopard