CRAN Package Check Results for Package RcmdrPlugin.temis

Last updated on 2015-03-03 20:48:48.

Flavor Version Tinstall Tcheck Ttotal Status Flags
r-devel-linux-x86_64-debian-clang 0.7.3 5.42 67.72 73.14 OK
r-devel-linux-x86_64-debian-gcc 0.7.3 5.32 65.08 70.40 OK
r-devel-linux-x86_64-fedora-clang 0.7.3 143.83 OK
r-devel-linux-x86_64-fedora-gcc 0.7.3 132.26 OK
r-devel-osx-x86_64-clang 0.7.3 142.41 NOTE
r-devel-windows-ix86+x86_64 0.7.3 40.00 159.00 199.00 NOTE
r-patched-linux-x86_64 0.7.3 12.22 131.96 144.19 OK
r-patched-solaris-sparc 0.7.3 1454.80 NOTE
r-patched-solaris-x86 0.7.3 370.40 NOTE
r-release-linux-ix86 0.7.3 10.42 140.15 150.57 OK
r-release-linux-x86_64 0.7.3 12.57 132.73 145.30 OK
r-release-osx-x86_64-mavericks 0.7.3 NOTE
r-release-osx-x86_64-snowleopard 0.7.3 NOTE
r-release-windows-ix86+x86_64 0.7.3 62.00 270.00 332.00 NOTE
r-oldrel-windows-ix86+x86_64 0.7.3 3.00 1.00 4.00 ERROR

Check Details

Version: 0.7.3
Check: package dependencies
Result: NOTE
    Package suggested but not available for checking: ‘ROpenOffice’
Flavors: r-devel-osx-x86_64-clang, r-devel-windows-ix86+x86_64, r-release-osx-x86_64-snowleopard, r-release-windows-ix86+x86_64

Version: 0.7.3
Check: package dependencies
Result: NOTE
    Packages suggested but not available for checking: ‘ROpenOffice’ ‘twitteR’
Flavors: r-patched-solaris-sparc, r-patched-solaris-x86

Version: 0.7.3
Check: package dependencies
Result: NOTE
    Packages suggested but not available for checking: ‘ROpenOffice’ ‘RODBC’
Flavor: r-release-osx-x86_64-mavericks

Version: 0.7.3
Check: package dependencies
Result: ERROR
    Package required and available but unsuitable version: 'tm'
    
    Package suggested but not available for checking: 'ROpenOffice'
    
    See the information on DESCRIPTION files in the chapter 'Creating R
    packages' of the 'Writing R Extensions' manual.
Flavor: r-oldrel-windows-ix86+x86_64