CRAN Package Check Results for Package RcmdrPlugin.temis

Last updated on 2016-12-08 02:48:39.

Flavor Version Tinstall Tcheck Ttotal Status Flags
r-devel-linux-x86_64-debian-clang 0.7.8 6.20 78.98 85.18 OK
r-devel-linux-x86_64-debian-gcc 0.7.8 6.64 80.34 86.98 OK
r-devel-linux-x86_64-fedora-clang 0.7.8 177.13 NOTE --no-stop-on-test-error
r-devel-linux-x86_64-fedora-gcc 0.7.8 179.33 NOTE --no-stop-on-test-error
r-devel-macos-x86_64-clang 0.7.8 140.40 NOTE --no-stop-on-test-error
r-devel-windows-ix86+x86_64 0.7.8 40.00 126.00 166.00 NOTE
r-patched-linux-x86_64 0.7.8 5.83 74.82 80.64 OK
r-patched-solaris-sparc 0.7.8 997.30 NOTE
r-patched-solaris-x86 0.7.8 223.20 NOTE
r-release-linux-x86_64 0.7.8 5.43 76.06 81.49 OK
r-release-osx-x86_64-mavericks 0.7.8 NOTE
r-release-windows-ix86+x86_64 0.7.8 37.00 116.00 153.00 NOTE
r-oldrel-windows-ix86+x86_64 0.7.8 47.00 129.00 176.00 NOTE

Check Details

Version: 0.7.8
Flags: --no-stop-on-test-error
Check: package dependencies
Result: NOTE
    Package suggested but not available for checking: ‘ROpenOffice’
Flavors: r-devel-linux-x86_64-fedora-clang, r-devel-linux-x86_64-fedora-gcc, r-devel-macos-x86_64-clang

Version: 0.7.8
Check: package dependencies
Result: NOTE
    Package suggested but not available for checking: 'ROpenOffice'
Flavors: r-devel-windows-ix86+x86_64, r-patched-solaris-sparc, r-patched-solaris-x86, r-release-windows-ix86+x86_64, r-oldrel-windows-ix86+x86_64

Version: 0.7.8
Check: package dependencies
Result: NOTE
    Packages suggested but not available for checking: ‘ROpenOffice’ ‘RODBC’
Flavor: r-release-osx-x86_64-mavericks