CRAN Package Check Results for Package RcmdrPlugin.temis

Last updated on 2015-05-27 06:46:55.

Flavor Version Tinstall Tcheck Ttotal Status Flags
r-devel-linux-x86_64-debian-clang 0.7.3 5.32 68.55 73.87 OK
r-devel-linux-x86_64-debian-gcc 0.7.3 5.31 67.32 72.62 OK
r-devel-linux-x86_64-fedora-clang 0.7.3 150.38 OK
r-devel-linux-x86_64-fedora-gcc 0.7.3 148.63 OK
r-devel-osx-x86_64-clang 0.7.3 138.72 NOTE
r-devel-windows-ix86+x86_64 0.7.3 38.00 106.00 144.00 NOTE
r-patched-linux-x86_64 0.7.3 5.28 67.73 73.01 OK
r-patched-solaris-sparc 0.7.3 907.20 NOTE
r-patched-solaris-x86 0.7.3 226.30 NOTE
r-release-linux-x86_64 0.7.3 5.58 67.94 73.52 OK
r-release-osx-x86_64-mavericks 0.7.3 NOTE
r-release-osx-x86_64-snowleopard 0.7.3 ERROR
r-release-windows-ix86+x86_64 0.7.3 48.00 114.00 162.00 NOTE
r-oldrel-windows-ix86+x86_64 0.7.3 62.00 211.00 273.00 NOTE

Check Details

Version: 0.7.3
Check: package dependencies
Result: NOTE
    Package suggested but not available for checking: ‘ROpenOffice’
Flavors: r-devel-osx-x86_64-clang, r-devel-windows-ix86+x86_64, r-release-windows-ix86+x86_64, r-oldrel-windows-ix86+x86_64

Version: 0.7.3
Check: package dependencies
Result: NOTE
    Packages suggested but not available for checking: ‘ROpenOffice’ ‘twitteR’
Flavors: r-patched-solaris-sparc, r-patched-solaris-x86

Version: 0.7.3
Check: package dependencies
Result: NOTE
    Packages suggested but not available for checking: ‘ROpenOffice’ ‘RODBC’
Flavor: r-release-osx-x86_64-mavericks

Version: 0.7.3
Check: package dependencies
Result: ERROR
    Packages required but not available: ‘tm’ ‘zoo’ ‘Rcmdr’ ‘latticeExtra’
    
    Packages suggested but not available for checking:
     ‘ROpenOffice’ ‘tm.plugin.factiva’ ‘tm.plugin.lexisnexis’
     ‘tm.plugin.europresse’ ‘tm.plugin.alceste’
    
    See section ‘The DESCRIPTION file’ in the ‘Writing R Extensions’
    manual.
Flavor: r-release-osx-x86_64-snowleopard