CRAN Package Check Results for Package RcmdrPlugin.temis

Last updated on 2015-08-28 12:48:06.

Flavor Version Tinstall Tcheck Ttotal Status Flags
r-devel-linux-x86_64-debian-clang 0.7.4 5.48 72.89 78.38 OK
r-devel-linux-x86_64-debian-gcc 0.7.4 5.42 69.04 74.46 OK
r-devel-linux-x86_64-fedora-clang 0.7.4 152.52 OK
r-devel-linux-x86_64-fedora-gcc 0.7.4 145.70 OK
r-devel-osx-x86_64-clang 0.7.4 142.40 NOTE
r-devel-windows-ix86+x86_64 0.7.4 49.00 115.00 164.00 NOTE
r-patched-linux-x86_64 0.7.4 5.84 74.86 80.70 OK
r-patched-solaris-sparc 0.7.4 878.30 NOTE
r-patched-solaris-x86 0.7.4 180.60 NOTE
r-release-linux-x86_64 0.7.4 5.62 73.10 78.72 OK
r-release-osx-x86_64-mavericks 0.7.4 NOTE
r-release-windows-ix86+x86_64 0.7.4 46.00 115.00 161.00 NOTE
r-oldrel-windows-ix86+x86_64 0.7.4 73.00 246.00 319.00 NOTE

Check Details

Version: 0.7.4
Check: package dependencies
Result: NOTE
    Package suggested but not available for checking: ‘ROpenOffice’
Flavors: r-devel-osx-x86_64-clang, r-devel-windows-ix86+x86_64, r-release-windows-ix86+x86_64, r-oldrel-windows-ix86+x86_64

Version: 0.7.4
Check: package dependencies
Result: NOTE
    Packages suggested but not available for checking: ‘ROpenOffice’ ‘twitteR’
Flavors: r-patched-solaris-sparc, r-patched-solaris-x86

Version: 0.7.4
Check: package dependencies
Result: NOTE
    Packages suggested but not available for checking: ‘ROpenOffice’ ‘RODBC’
Flavor: r-release-osx-x86_64-mavericks