CRAN Package Check Results for Package RcmdrPlugin.temis

Last updated on 2017-10-18 19:48:26.

Flavor Version Tinstall Tcheck Ttotal Status Flags
r-devel-linux-x86_64-debian-clang 0.7.9 6.50 81.13 87.62 OK
r-devel-linux-x86_64-debian-gcc 0.7.9 6.50 81.76 88.26 OK
r-devel-linux-x86_64-fedora-clang 0.7.9 172.00 NOTE
r-devel-linux-x86_64-fedora-gcc 0.7.9 172.79 NOTE
r-devel-windows-ix86+x86_64 0.7.9 44.00 124.00 168.00 NOTE
r-patched-linux-x86_64 0.7.9 6.55 81.42 87.96 OK
r-patched-solaris-x86 0.7.9 260.90 NOTE
r-release-linux-x86_64 0.7.9 7.27 83.06 90.33 OK
r-release-windows-ix86+x86_64 0.7.9 52.00 199.00 251.00 NOTE
r-release-osx-x86_64 0.7.9 NOTE
r-oldrel-windows-ix86+x86_64 0.7.9 52.00 136.00 188.00 NOTE
r-oldrel-osx-x86_64 0.7.9 NOTE

Check Details

Version: 0.7.9
Check: package dependencies
Result: NOTE
    Package suggested but not available for checking: ‘ROpenOffice’
Flavors: r-devel-linux-x86_64-fedora-clang, r-devel-linux-x86_64-fedora-gcc, r-devel-windows-ix86+x86_64, r-patched-solaris-x86, r-release-windows-ix86+x86_64, r-release-osx-x86_64, r-oldrel-windows-ix86+x86_64

Version: 0.7.9
Check: package dependencies
Result: NOTE
    Packages suggested but not available for checking: ‘ROpenOffice’ ‘RODBC’
Flavor: r-oldrel-osx-x86_64