CRAN Package Check Results for Package RcmdrPlugin.temis

Last updated on 2016-07-26 05:49:10.

Flavor Version Tinstall Tcheck Ttotal Status Flags
r-devel-linux-x86_64-debian-clang 0.7.7 7.45 88.76 96.22 OK
r-devel-linux-x86_64-debian-gcc 0.7.7 7.10 89.26 96.35 OK
r-devel-linux-x86_64-fedora-clang 0.7.7 147.98 NOTE
r-devel-linux-x86_64-fedora-gcc 0.7.7 143.93 NOTE
r-devel-osx-x86_64-clang 0.7.7 127.88 NOTE
r-devel-windows-ix86+x86_64 0.7.7 45.00 132.00 177.00 NOTE
r-patched-linux-x86_64 0.7.7 7.03 85.96 92.99 OK
r-patched-solaris-sparc 0.7.7 856.10 NOTE
r-patched-solaris-x86 0.7.7 211.00 NOTE
r-release-linux-x86_64 0.7.7 7.12 88.72 95.84 OK
r-release-osx-x86_64-mavericks 0.7.7 WARN
r-release-windows-ix86+x86_64 0.7.7 38.00 129.00 167.00 NOTE
r-oldrel-windows-ix86+x86_64 0.7.7 44.00 125.00 169.00 NOTE

Check Details

Version: 0.7.7
Check: package dependencies
Result: NOTE
    Package suggested but not available for checking: ‘ROpenOffice’
Flavors: r-devel-linux-x86_64-fedora-clang, r-devel-linux-x86_64-fedora-gcc, r-devel-osx-x86_64-clang, r-devel-windows-ix86+x86_64, r-patched-solaris-sparc, r-patched-solaris-x86, r-release-windows-ix86+x86_64, r-oldrel-windows-ix86+x86_64

Version: 0.7.7
Check: package dependencies
Result: NOTE
    Packages suggested but not available for checking: ‘ROpenOffice’ ‘RODBC’
Flavor: r-release-osx-x86_64-mavericks

Version: 0.7.7
Check: dependencies in R code
Result: NOTE
    Invalid MIT-MAGIC-COOKIE-1 key
Flavor: r-release-osx-x86_64-mavericks

Version: 0.7.7
Check: S3 generic/method consistency
Result: WARN
    Invalid MIT-MAGIC-COOKIE-1 key
    See section ‘Generic functions and methods’ in the ‘Writing R
    Extensions’ manual.
Flavor: r-release-osx-x86_64-mavericks

Version: 0.7.7
Check: replacement functions
Result: WARN
    Invalid MIT-MAGIC-COOKIE-1 key
    The argument of a replacement function which corresponds to the right
    hand side must be named ‘value’.
Flavor: r-release-osx-x86_64-mavericks

Version: 0.7.7
Check: foreign function calls
Result: NOTE
    Invalid MIT-MAGIC-COOKIE-1 key
    See chapter ‘System and foreign language interfaces’ in the ‘Writing R
    Extensions’ manual.
Flavor: r-release-osx-x86_64-mavericks

Version: 0.7.7
Check: R code for possible problems
Result: NOTE
    Invalid MIT-MAGIC-COOKIE-1 key
Flavor: r-release-osx-x86_64-mavericks

Version: 0.7.7
Check: for missing documentation entries
Result: WARN
    Invalid MIT-MAGIC-COOKIE-1 key
    All user-level objects in a package should have documentation entries.
    See chapter ‘Writing R documentation files’ in the ‘Writing R
    Extensions’ manual.
Flavor: r-release-osx-x86_64-mavericks

Version: 0.7.7
Check: for code/documentation mismatches
Result: WARN
    Invalid MIT-MAGIC-COOKIE-1 key
    Invalid MIT-MAGIC-COOKIE-1 key
    Invalid MIT-MAGIC-COOKIE-1 key
Flavor: r-release-osx-x86_64-mavericks

Version: 0.7.7
Check: Rd \usage sections
Result: NOTE
    Invalid MIT-MAGIC-COOKIE-1 key
    The \usage entries for S3 methods should use the \method markup and not
    their full name.
    See chapter ‘Writing R documentation files’ in the ‘Writing R
    Extensions’ manual.
Flavor: r-release-osx-x86_64-mavericks