CRAN Package Check Results for Package RcmdrPlugin.temis

Last updated on 2014-09-16 21:47:43.

Flavor Version Tinstall Tcheck Ttotal Status Flags
r-devel-linux-x86_64-debian-clang 0.7.2 3.36 56.30 59.66 OK
r-devel-linux-x86_64-debian-gcc 0.7.2 3.43 57.02 60.45 OK
r-devel-linux-x86_64-fedora-clang 0.7.2 59.19 OK
r-devel-linux-x86_64-fedora-gcc 0.7.2 99.13 OK
r-devel-osx-x86_64-clang 0.7.2 101.38 NOTE
r-devel-windows-ix86+x86_64 0.7.2 33.00 96.00 129.00 NOTE
r-patched-linux-x86_64 0.7.2 3.58 55.74 59.32 OK
r-patched-solaris-sparc 0.7.2 560.00 NOTE
r-patched-solaris-x86 0.7.2 165.30 NOTE
r-release-linux-ix86 0.7.2 4.48 71.83 76.31 OK
r-release-linux-x86_64 0.7.2 3.72 61.34 65.06 OK
r-release-osx-x86_64-mavericks 0.7.2 NOTE
r-release-osx-x86_64-snowleopard 0.7.2 NOTE
r-release-windows-ix86+x86_64 0.7.2 35.00 109.00 144.00 NOTE
r-oldrel-windows-ix86+x86_64 0.7.2 2.00 1.00 3.00 ERROR

Check Details

Version: 0.7.2
Check: package dependencies
Result: NOTE
    Package suggested but not available for checking: ‘ROpenOffice’
Flavors: r-devel-osx-x86_64-clang, r-devel-windows-ix86+x86_64, r-release-osx-x86_64-snowleopard, r-release-windows-ix86+x86_64

Version: 0.7.2
Check: package dependencies
Result: NOTE
    Packages suggested but not available for checking: ‘ROpenOffice’ ‘twitteR’
Flavors: r-patched-solaris-sparc, r-patched-solaris-x86

Version: 0.7.2
Check: package dependencies
Result: NOTE
    Packages suggested but not available for checking: ‘ROpenOffice’ ‘RODBC’
Flavor: r-release-osx-x86_64-mavericks

Version: 0.7.2
Check: package dependencies
Result: ERROR
    Package required and available but unsuitable version: 'tm'
    
    Package suggested but not available for checking: 'ROpenOffice'
    
    See the information on DESCRIPTION files in the chapter 'Creating R
    packages' of the 'Writing R Extensions' manual.
Flavor: r-oldrel-windows-ix86+x86_64