CRAN Package Check Results for Package RcmdrPlugin.temis

Last updated on 2018-06-25 11:52:48 CEST.

Flavor Version Tinstall Tcheck Ttotal Status Flags
r-devel-linux-x86_64-debian-clang 0.7.10 17.19 124.72 141.91 OK
r-devel-linux-x86_64-debian-gcc 0.7.10 12.86 105.74 118.60 OK
r-devel-linux-x86_64-fedora-clang 0.7.10 106.94 NOTE
r-devel-linux-x86_64-fedora-gcc 0.7.10 114.78 NOTE
r-devel-windows-ix86+x86_64 0.7.10 45.00 144.00 189.00 NOTE
r-patched-linux-x86_64 0.7.10 16.24 115.32 131.56 OK
r-patched-solaris-x86 0.7.10 207.50 NOTE
r-release-linux-x86_64 0.7.10 15.22 115.61 130.83 OK
r-release-windows-ix86+x86_64 0.7.9 43.00 183.00 226.00 NOTE
r-release-osx-x86_64 0.7.10 NOTE
r-oldrel-windows-ix86+x86_64 0.7.10 25.00 117.00 142.00 NOTE
r-oldrel-osx-x86_64 0.7.9 NOTE

Check Details

Version: 0.7.10
Check: package dependencies
Result: NOTE
    Package suggested but not available for checking: ‘ROpenOffice’
Flavors: r-devel-linux-x86_64-fedora-clang, r-devel-linux-x86_64-fedora-gcc, r-devel-windows-ix86+x86_64, r-patched-solaris-x86, r-release-osx-x86_64, r-oldrel-windows-ix86+x86_64

Version: 0.7.9
Check: package dependencies
Result: NOTE
    Package suggested but not available for checking: 'ROpenOffice'
Flavors: r-release-windows-ix86+x86_64, r-oldrel-osx-x86_64