CRAN Package Check Results for Package RcmdrPlugin.temis

Last updated on 2014-10-23 21:46:45.

Flavor Version Tinstall Tcheck Ttotal Status Flags
r-devel-linux-x86_64-debian-clang 0.7.2 3.26 58.31 61.56 OK
r-devel-linux-x86_64-debian-gcc 0.7.2 3.29 58.92 62.20 OK
r-devel-linux-x86_64-fedora-clang 0.7.2 107.09 OK
r-devel-linux-x86_64-fedora-gcc 0.7.2 99.68 OK
r-devel-osx-x86_64-clang 0.7.2 105.11 NOTE
r-devel-windows-ix86+x86_64 0.7.2 39.00 97.00 136.00 NOTE
r-patched-linux-x86_64 0.7.2 3.47 57.99 61.46 OK
r-patched-solaris-sparc 0.7.2 597.30 NOTE
r-patched-solaris-x86 0.7.2 161.40 NOTE
r-release-linux-ix86 0.7.2 0.62 1.71 2.32 ERROR
r-release-linux-x86_64 0.7.2 3.46 61.23 64.69 OK
r-release-osx-x86_64-mavericks 0.7.2 NOTE
r-release-osx-x86_64-snowleopard 0.7.2 NOTE
r-release-windows-ix86+x86_64 0.7.2 41.00 113.00 154.00 NOTE
r-oldrel-windows-ix86+x86_64 0.7.2 2.00 1.00 3.00 ERROR

Check Details

Version: 0.7.2
Check: package dependencies
Result: NOTE
    Package suggested but not available for checking: ‘ROpenOffice’
Flavors: r-devel-osx-x86_64-clang, r-devel-windows-ix86+x86_64, r-release-osx-x86_64-snowleopard, r-release-windows-ix86+x86_64

Version: 0.7.2
Check: package dependencies
Result: NOTE
    Packages suggested but not available for checking: ‘ROpenOffice’ ‘twitteR’
Flavors: r-patched-solaris-sparc, r-patched-solaris-x86

Version: 0.7.2
Check: package dependencies
Result: ERROR
    Package required but not available: ‘Rcmdr’
    
    See the information on DESCRIPTION files in the chapter ‘Creating R
    packages’ of the ‘Writing R Extensions’ manual.
Flavor: r-release-linux-ix86

Version: 0.7.2
Check: package dependencies
Result: NOTE
    Packages suggested but not available for checking: ‘ROpenOffice’ ‘RODBC’
Flavor: r-release-osx-x86_64-mavericks

Version: 0.7.2
Check: package dependencies
Result: ERROR
    Package required and available but unsuitable version: 'tm'
    
    Package suggested but not available for checking: 'ROpenOffice'
    
    See the information on DESCRIPTION files in the chapter 'Creating R
    packages' of the 'Writing R Extensions' manual.
Flavor: r-oldrel-windows-ix86+x86_64