CRAN Package Check Results for Package RcmdrPlugin.temis

Last updated on 2014-11-23 17:49:36.

Flavor Version Tinstall Tcheck Ttotal Status Flags
r-devel-linux-x86_64-debian-clang 0.7.2 3.05 53.03 56.08 OK
r-devel-linux-x86_64-debian-gcc 0.7.2 2.99 52.38 55.37 OK
r-devel-linux-x86_64-fedora-clang 0.7.2 103.45 OK
r-devel-linux-x86_64-fedora-gcc 0.7.2 94.37 OK
r-devel-osx-x86_64-clang 0.7.2 101.48 NOTE
r-devel-windows-ix86+x86_64 0.7.2 40.00 81.00 121.00 NOTE
r-patched-linux-x86_64 0.7.2 3.05 54.36 57.41 OK
r-patched-solaris-sparc 0.7.2 597.30 NOTE
r-patched-solaris-x86 0.7.2 153.50 NOTE
r-release-linux-ix86 0.7.2 4.18 62.76 66.95 OK
r-release-linux-x86_64 0.7.2 3.06 54.18 57.23 OK
r-release-osx-x86_64-mavericks 0.7.2 NOTE
r-release-osx-x86_64-snowleopard 0.7.2 NOTE
r-release-windows-ix86+x86_64 0.7.2 36.00 103.00 139.00 NOTE
r-oldrel-windows-ix86+x86_64 0.7.2 2.00 2.00 4.00 ERROR

Check Details

Version: 0.7.2
Check: package dependencies
Result: NOTE
    Package suggested but not available for checking: ‘ROpenOffice’
Flavors: r-devel-osx-x86_64-clang, r-devel-windows-ix86+x86_64, r-release-osx-x86_64-snowleopard, r-release-windows-ix86+x86_64

Version: 0.7.2
Check: package dependencies
Result: NOTE
    Packages suggested but not available for checking: ‘ROpenOffice’ ‘twitteR’
Flavors: r-patched-solaris-sparc, r-patched-solaris-x86

Version: 0.7.2
Check: package dependencies
Result: NOTE
    Packages suggested but not available for checking: ‘ROpenOffice’ ‘RODBC’
Flavor: r-release-osx-x86_64-mavericks

Version: 0.7.2
Check: package dependencies
Result: ERROR
    Package required and available but unsuitable version: 'tm'
    
    Package suggested but not available for checking: 'ROpenOffice'
    
    See the information on DESCRIPTION files in the chapter 'Creating R
    packages' of the 'Writing R Extensions' manual.
Flavor: r-oldrel-windows-ix86+x86_64