CRAN Package Check Results for Package RcmdrPlugin.temis

Last updated on 2015-01-29 16:48:35.

Flavor Version Tinstall Tcheck Ttotal Status Flags
r-devel-linux-x86_64-debian-clang 0.7.3 2.13 36.09 38.22 OK
r-devel-linux-x86_64-debian-gcc 0.7.3 2.15 35.32 37.47 OK
r-devel-linux-x86_64-fedora-clang 0.7.3 80.28 OK
r-devel-linux-x86_64-fedora-gcc 0.7.3 76.96 OK
r-devel-osx-x86_64-clang 0.7.3 101.74 NOTE
r-devel-windows-ix86+x86_64 0.7.3 31.00 54.00 85.00 NOTE
r-patched-linux-x86_64 0.7.3 3.00 57.57 60.57 OK
r-patched-solaris-sparc 0.7.3 591.50 NOTE
r-patched-solaris-x86 0.7.3 122.00 NOTE
r-release-linux-ix86 0.7.2 3.93 63.74 67.68 OK
r-release-linux-x86_64 0.7.3 3.12 57.38 60.51 OK
r-release-osx-x86_64-mavericks 0.7.3 NOTE
r-release-osx-x86_64-snowleopard 0.7.3 NOTE
r-release-windows-ix86+x86_64 0.7.3 26.00 102.00 128.00 NOTE
r-oldrel-windows-ix86+x86_64 0.7.3 2.00 1.00 3.00 ERROR

Check Details

Version: 0.7.3
Check: package dependencies
Result: NOTE
    Package suggested but not available for checking: ‘ROpenOffice’
Flavors: r-devel-osx-x86_64-clang, r-devel-windows-ix86+x86_64, r-release-osx-x86_64-snowleopard, r-release-windows-ix86+x86_64

Version: 0.7.3
Check: package dependencies
Result: NOTE
    Packages suggested but not available for checking: ‘ROpenOffice’ ‘twitteR’
Flavors: r-patched-solaris-sparc, r-patched-solaris-x86

Version: 0.7.3
Check: package dependencies
Result: NOTE
    Packages suggested but not available for checking: ‘ROpenOffice’ ‘RODBC’
Flavor: r-release-osx-x86_64-mavericks

Version: 0.7.3
Check: package dependencies
Result: ERROR
    Package required and available but unsuitable version: 'tm'
    
    Package suggested but not available for checking: 'ROpenOffice'
    
    See the information on DESCRIPTION files in the chapter 'Creating R
    packages' of the 'Writing R Extensions' manual.
Flavor: r-oldrel-windows-ix86+x86_64