CRAN Package Check Results for Package RcmdrPlugin.temis

Last updated on 2017-12-12 00:47:01 CET.

Flavor Version Tinstall Tcheck Ttotal Status Flags
r-devel-linux-x86_64-debian-clang 0.7.9 8.09 100.87 108.96 OK
r-devel-linux-x86_64-debian-gcc 0.7.9 7.18 95.18 102.36 OK
r-devel-linux-x86_64-fedora-clang 0.7.9 158.07 NOTE
r-devel-linux-x86_64-fedora-gcc 0.7.9 154.43 NOTE
r-devel-windows-ix86+x86_64 0.7.9 51.00 192.00 243.00 NOTE
r-patched-linux-x86_64 0.7.9 8.73 129.35 138.08 OK
r-patched-solaris-x86 0.7.9 220.00 NOTE
r-release-linux-x86_64 0.7.9 8.78 130.39 139.17 OK
r-release-windows-ix86+x86_64 0.7.9 37.00 139.00 176.00 NOTE
r-release-osx-x86_64 0.7.9 NOTE
r-oldrel-windows-ix86+x86_64 0.7.9 39.00 117.00 156.00 NOTE
r-oldrel-osx-x86_64 0.7.9 NOTE

Check Details

Version: 0.7.9
Check: package dependencies
Result: NOTE
    Package suggested but not available for checking: ‘ROpenOffice’
Flavors: r-devel-linux-x86_64-fedora-clang, r-devel-linux-x86_64-fedora-gcc, r-devel-windows-ix86+x86_64, r-patched-solaris-x86, r-release-windows-ix86+x86_64, r-release-osx-x86_64, r-oldrel-windows-ix86+x86_64

Version: 0.7.9
Check: package dependencies
Result: NOTE
    Packages suggested but not available for checking: ‘ROpenOffice’ ‘RODBC’
Flavor: r-oldrel-osx-x86_64