CRAN Package Check Results for Package RcmdrPlugin.temis

Last updated on 2017-02-26 10:48:17.

Flavor Version Tinstall Tcheck Ttotal Status Flags
r-devel-linux-x86_64-debian-clang 0.7.8 6.78 78.79 85.57 OK
r-devel-linux-x86_64-debian-gcc 0.7.8 6.35 81.78 88.13 OK
r-devel-linux-x86_64-fedora-clang 0.7.8 168.37 NOTE --no-stop-on-test-error
r-devel-linux-x86_64-fedora-gcc 0.7.8 168.40 NOTE --no-stop-on-test-error
r-devel-macos-x86_64-clang 0.7.8 138.32 NOTE --no-stop-on-test-error
r-devel-windows-ix86+x86_64 0.7.8 45.00 203.00 248.00 NOTE
r-patched-linux-x86_64 0.7.8 6.08 77.04 83.12 OK
r-patched-solaris-sparc 0.7.8 959.40 NOTE
r-patched-solaris-x86 0.7.8 205.80 NOTE
r-release-linux-x86_64 0.7.8 6.51 78.73 85.24 OK
r-release-osx-x86_64-mavericks 0.7.8 NOTE
r-release-windows-ix86+x86_64 0.7.8 45.00 193.00 238.00 NOTE
r-oldrel-windows-ix86+x86_64 0.7.8 50.00 177.00 227.00 NOTE

Check Details

Version: 0.7.8
Flags: --no-stop-on-test-error
Check: package dependencies
Result: NOTE
    Package suggested but not available for checking: ‘ROpenOffice’
Flavors: r-devel-linux-x86_64-fedora-clang, r-devel-linux-x86_64-fedora-gcc, r-devel-macos-x86_64-clang

Version: 0.7.8
Check: package dependencies
Result: NOTE
    Package suggested but not available for checking: 'ROpenOffice'
Flavors: r-devel-windows-ix86+x86_64, r-patched-solaris-sparc, r-patched-solaris-x86, r-release-windows-ix86+x86_64, r-oldrel-windows-ix86+x86_64

Version: 0.7.8
Check: package dependencies
Result: NOTE
    Packages suggested but not available for checking: ‘ROpenOffice’ ‘RODBC’
Flavor: r-release-osx-x86_64-mavericks