CRAN Package Check Results for Package RcmdrPlugin.temis

Last updated on 2015-07-02 06:48:24.

Flavor Version Tinstall Tcheck Ttotal Status Flags
r-devel-linux-x86_64-debian-clang 0.7.3 5.26 68.18 73.45 NOTE
r-devel-linux-x86_64-debian-gcc 0.7.3 5.38 67.40 72.79 NOTE
r-devel-linux-x86_64-fedora-clang 0.7.3 148.99 NOTE
r-devel-linux-x86_64-fedora-gcc 0.7.3 139.71 NOTE
r-devel-osx-x86_64-clang 0.7.3 149.41 NOTE
r-devel-windows-ix86+x86_64 0.7.3 38.00 99.00 137.00 NOTE
r-patched-linux-x86_64 0.7.3 5.50 68.22 73.72 OK
r-patched-solaris-sparc 0.7.3 907.20 NOTE
r-patched-solaris-x86 0.7.3 230.20 NOTE
r-release-linux-x86_64 0.7.3 5.24 68.74 73.98 OK
r-release-osx-x86_64-mavericks 0.7.3 NOTE
r-release-windows-ix86+x86_64 0.7.3 34.00 111.00 145.00 NOTE
r-oldrel-windows-ix86+x86_64 0.7.3 67.00 201.00 268.00 NOTE

Check Details

Version: 0.7.3
Check: R code for possible problems
Result: NOTE
    .pointLabel: no visible global function definition for ‘xy.coords’
    .pointLabel: no visible global function definition for ‘par’
    .pointLabel: no visible global function definition for ‘strwidth’
    .pointLabel: no visible global function definition for ‘strheight’
    .pointLabel : shadowtext: no visible global function definition for
     ‘xy.coords’
    .pointLabel : shadowtext: no visible global function definition for
     ‘strwidth’
    .pointLabel : shadowtext: no visible global function definition for
     ‘strheight’
    .pointLabel : shadowtext: no visible global function definition for
     ‘text’
    copyPlotToOutput: no visible global function definition for ‘dev.list’
    disableBlackAndWhite: no visible global function definition for
     ‘dev.cur’
    enableBlackAndWhite: no visible global function definition for
     ‘dev.cur’
    plotCorpusCa: no visible global function definition for ‘col2rgb’
    plotCorpusCa: no visible global function definition for ‘rgb’
    plotCorpusCa: no visible global function definition for ‘par’
    plotCorpusCa: no visible global function definition for ‘plot’
    plotCorpusCa: no visible global function definition for ‘box’
    plotCorpusCa: no visible global function definition for ‘abline’
    plotCorpusCa: no visible global function definition for ‘axis’
    plotCorpusCa: no visible global function definition for ‘points’
Flavors: r-devel-linux-x86_64-debian-clang, r-devel-linux-x86_64-debian-gcc, r-devel-linux-x86_64-fedora-clang, r-devel-linux-x86_64-fedora-gcc, r-devel-windows-ix86+x86_64

Version: 0.7.3
Check: package dependencies
Result: NOTE
    Package suggested but not available for checking: ‘ROpenOffice’
Flavors: r-devel-osx-x86_64-clang, r-devel-windows-ix86+x86_64, r-release-windows-ix86+x86_64, r-oldrel-windows-ix86+x86_64

Version: 0.7.3
Check: package dependencies
Result: NOTE
    Packages suggested but not available for checking: ‘ROpenOffice’ ‘twitteR’
Flavors: r-patched-solaris-sparc, r-patched-solaris-x86

Version: 0.7.3
Check: package dependencies
Result: NOTE
    Packages suggested but not available for checking: ‘ROpenOffice’ ‘RODBC’
Flavor: r-release-osx-x86_64-mavericks