CRAN Package Check Results for Package RcmdrPlugin.temis

Last updated on 2017-04-30 05:48:41.

Flavor Version Tinstall Tcheck Ttotal Status Flags
r-devel-linux-x86_64-debian-clang 0.7.8 6.41 80.14 86.55 OK
r-devel-linux-x86_64-debian-gcc 0.7.8 6.41 80.24 86.65 OK
r-devel-linux-x86_64-fedora-clang 0.7.8 170.19 NOTE --no-stop-on-test-error
r-devel-linux-x86_64-fedora-gcc 0.7.8 169.87 NOTE --no-stop-on-test-error
r-devel-windows-ix86+x86_64 0.7.8 48.00 188.00 236.00 NOTE
r-patched-linux-x86_64 0.7.8 6.29 79.92 86.21 OK
r-patched-solaris-sparc 0.7.8 1025.70 NOTE
r-patched-solaris-x86 0.7.8 241.80 NOTE
r-release-linux-x86_64 0.7.8 5.98 83.00 88.98 OK
r-release-windows-ix86+x86_64 0.7.8 44.00 200.00 244.00 NOTE
r-release-osx-x86_64 0.7.8 NOTE
r-oldrel-windows-ix86+x86_64 0.7.8 45.00 169.00 214.00 NOTE
r-oldrel-osx-x86_64 0.7.8 NOTE

Check Details

Version: 0.7.8
Flags: --no-stop-on-test-error
Check: package dependencies
Result: NOTE
    Package suggested but not available for checking: ‘ROpenOffice’
Flavors: r-devel-linux-x86_64-fedora-clang, r-devel-linux-x86_64-fedora-gcc

Version: 0.7.8
Check: package dependencies
Result: NOTE
    Package suggested but not available for checking: 'ROpenOffice'
Flavors: r-devel-windows-ix86+x86_64, r-patched-solaris-sparc, r-patched-solaris-x86, r-release-windows-ix86+x86_64, r-oldrel-windows-ix86+x86_64

Version: 0.7.8
Check: package dependencies
Result: NOTE
    Packages suggested but not available for checking: ‘ROpenOffice’ ‘RODBC’
Flavors: r-release-osx-x86_64, r-oldrel-osx-x86_64