CRAN Package Check Results for Package RcmdrPlugin.temis

Last updated on 2017-01-20 16:47:31.

Flavor Version Tinstall Tcheck Ttotal Status Flags
r-devel-linux-x86_64-debian-clang 0.7.8 6.15 78.90 85.05 OK
r-devel-linux-x86_64-debian-gcc 0.7.8 6.26 77.78 84.04 OK
r-devel-linux-x86_64-fedora-clang 0.7.8 167.19 NOTE --no-stop-on-test-error
r-devel-linux-x86_64-fedora-gcc 0.7.8 174.24 NOTE --no-stop-on-test-error
r-devel-macos-x86_64-clang 0.7.8 134.65 NOTE --no-stop-on-test-error
r-devel-windows-ix86+x86_64 0.7.8 52.00 129.00 181.00 NOTE
r-patched-linux-x86_64 0.7.8 6.01 75.10 81.11 OK
r-patched-solaris-sparc 0.7.8 959.40 NOTE
r-patched-solaris-x86 0.7.8 224.00 NOTE
r-release-linux-x86_64 0.7.8 5.64 74.39 80.02 OK
r-release-osx-x86_64-mavericks 0.7.8 NOTE
r-release-windows-ix86+x86_64 0.7.8 39.00 122.00 161.00 NOTE
r-oldrel-windows-ix86+x86_64 0.7.8 41.00 177.00 218.00 NOTE

Check Details

Version: 0.7.8
Flags: --no-stop-on-test-error
Check: package dependencies
Result: NOTE
    Package suggested but not available for checking: ‘ROpenOffice’
Flavors: r-devel-linux-x86_64-fedora-clang, r-devel-linux-x86_64-fedora-gcc, r-devel-macos-x86_64-clang

Version: 0.7.8
Check: package dependencies
Result: NOTE
    Package suggested but not available for checking: 'ROpenOffice'
Flavors: r-devel-windows-ix86+x86_64, r-patched-solaris-sparc, r-patched-solaris-x86, r-release-windows-ix86+x86_64, r-oldrel-windows-ix86+x86_64

Version: 0.7.8
Check: package dependencies
Result: NOTE
    Packages suggested but not available for checking: ‘ROpenOffice’ ‘RODBC’
Flavor: r-release-osx-x86_64-mavericks