CRAN Package Check Results for Package RcmdrPlugin.temis

Last updated on 2017-03-23 03:48:10.

Flavor Version Tinstall Tcheck Ttotal Status Flags
r-devel-linux-x86_64-debian-clang 0.7.8 6.60 82.43 89.03 OK
r-devel-linux-x86_64-debian-gcc 0.7.8 6.06 79.80 85.86 OK
r-devel-linux-x86_64-fedora-clang 0.7.8 168.38 NOTE --no-stop-on-test-error
r-devel-linux-x86_64-fedora-gcc 0.7.8 172.78 NOTE --no-stop-on-test-error
r-devel-macos-x86_64-clang 0.7.8 137.23 NOTE --no-stop-on-test-error
r-devel-windows-ix86+x86_64 0.7.8 47.00 128.00 175.00 NOTE
r-patched-linux-x86_64 0.7.8 6.14 78.95 85.10 OK
r-patched-solaris-sparc 0.7.8 1025.70 NOTE
r-patched-solaris-x86 0.7.8 243.50 NOTE
r-release-linux-x86_64 0.7.8 6.08 77.99 84.06 OK
r-release-osx-x86_64-mavericks 0.7.8 NOTE
r-release-windows-ix86+x86_64 0.7.8 43.00 177.00 220.00 NOTE
r-oldrel-windows-ix86+x86_64 0.7.8 53.00 181.00 234.00 NOTE

Check Details

Version: 0.7.8
Flags: --no-stop-on-test-error
Check: package dependencies
Result: NOTE
    Package suggested but not available for checking: ‘ROpenOffice’
Flavors: r-devel-linux-x86_64-fedora-clang, r-devel-linux-x86_64-fedora-gcc, r-devel-macos-x86_64-clang

Version: 0.7.8
Check: package dependencies
Result: NOTE
    Package suggested but not available for checking: 'ROpenOffice'
Flavors: r-devel-windows-ix86+x86_64, r-patched-solaris-sparc, r-patched-solaris-x86, r-release-windows-ix86+x86_64, r-oldrel-windows-ix86+x86_64

Version: 0.7.8
Check: package dependencies
Result: NOTE
    Packages suggested but not available for checking: ‘ROpenOffice’ ‘RODBC’
Flavor: r-release-osx-x86_64-mavericks