CRAN Package Check Results for Package Rcolombos

Last updated on 2015-08-04 08:48:00.

Flavor Version Tinstall Tcheck Ttotal Status Flags
r-devel-linux-x86_64-debian-clang 1.5.2 0.73 9.89 10.62 NOTE
r-devel-linux-x86_64-debian-gcc 1.5.2 0.58 9.73 10.32 NOTE
r-devel-linux-x86_64-fedora-clang 1.5.2 19.67 NOTE
r-devel-linux-x86_64-fedora-gcc 1.5.2 18.46 NOTE
r-devel-osx-x86_64-clang 1.5.2 20.60 OK
r-devel-windows-ix86+x86_64 1.5.2 4.00 21.00 25.00 NOTE
r-patched-linux-x86_64 1.5.2 0.70 9.82 10.52 OK
r-patched-solaris-sparc 1.5.2 139.10 OK
r-patched-solaris-x86 1.5.2 32.10 OK
r-release-linux-x86_64 1.5.2 0.62 10.07 10.70 OK
r-release-osx-x86_64-mavericks 1.5.2 OK
r-release-windows-ix86+x86_64 1.5.2 4.00 20.00 24.00 OK
r-oldrel-windows-ix86+x86_64 1.5.2 4.00 24.00 28.00 OK

Check Details

Version: 1.5.2
Check: R code for possible problems
Result: NOTE
    getCompendium: no visible global function definition for
     ‘download.file’
    parseCompendium: no visible global function definition for ‘unzip’
    parseCompendium: no visible global function definition for ‘na.omit’
    parseCompendium: no visible global function definition for ‘read.csv’
    Undefined global functions or variables:
     download.file na.omit read.csv unzip
    Consider adding
     importFrom("stats", "na.omit")
     importFrom("utils", "download.file", "read.csv", "unzip")
    to your NAMESPACE.
Flavors: r-devel-linux-x86_64-debian-clang, r-devel-linux-x86_64-debian-gcc, r-devel-linux-x86_64-fedora-clang, r-devel-linux-x86_64-fedora-gcc, r-devel-windows-ix86+x86_64