CRAN Package Check Results for Package Rcolombos

Last updated on 2015-07-05 08:47:31.

Flavor Version Tinstall Tcheck Ttotal Status Flags
r-devel-linux-x86_64-debian-clang 1.5.2 0.79 9.88 10.67 NOTE
r-devel-linux-x86_64-debian-gcc 1.5.2 0.62 9.90 10.53 NOTE
r-devel-linux-x86_64-fedora-clang 1.5.2 19.34 NOTE
r-devel-linux-x86_64-fedora-gcc 1.5.2 18.47 NOTE
r-devel-osx-x86_64-clang 1.5.2 21.58 OK
r-devel-windows-ix86+x86_64 1.5.2 3.00 21.00 24.00 NOTE
r-patched-linux-x86_64 1.5.2 0.62 9.68 10.30 OK
r-patched-solaris-sparc 1.5.2 121.40 OK
r-patched-solaris-x86 1.5.2 31.90 OK
r-release-linux-x86_64 1.5.2 0.60 10.15 10.75 OK
r-release-osx-x86_64-mavericks 1.5.2 OK
r-release-windows-ix86+x86_64 1.5.2 4.00 19.00 23.00 OK
r-oldrel-windows-ix86+x86_64 1.5.2 7.00 24.00 31.00 OK

Check Details

Version: 1.5.2
Check: R code for possible problems
Result: NOTE
    getCompendium: no visible global function definition for
     ‘download.file’
    parseCompendium: no visible global function definition for ‘unzip’
    parseCompendium: no visible global function definition for ‘na.omit’
    parseCompendium: no visible global function definition for ‘read.csv’
    Undefined global functions or variables:
     download.file na.omit read.csv unzip
Flavors: r-devel-linux-x86_64-debian-clang, r-devel-linux-x86_64-debian-gcc, r-devel-linux-x86_64-fedora-clang, r-devel-linux-x86_64-fedora-gcc, r-devel-windows-ix86+x86_64