CRAN Package Check Results for Package Rcompadre

Last updated on 2022-08-11 12:55:40 CEST.

Flavor Version Tinstall Tcheck Ttotal Status Flags
r-devel-linux-x86_64-debian-clang 1.1.0 14.35 156.90 171.25 OK
r-devel-linux-x86_64-debian-gcc 1.1.0 11.41 114.58 125.99 OK
r-devel-linux-x86_64-fedora-clang 1.1.0 207.66 NOTE
r-devel-linux-x86_64-fedora-gcc 1.1.0 204.98 NOTE
r-devel-windows-x86_64 1.1.0 107.00 184.00 291.00 OK
r-patched-linux-x86_64 1.1.0 15.46 143.65 159.11 OK
r-release-linux-x86_64 1.1.0 OK
r-release-macos-arm64 1.1.0 57.00 NOTE
r-release-macos-x86_64 1.1.0 83.00 NOTE
r-release-windows-x86_64 1.1.0 85.00 179.00 264.00 OK
r-oldrel-macos-arm64 1.1.0 64.00 NOTE
r-oldrel-macos-x86_64 1.1.0 83.00 NOTE
r-oldrel-windows-ix86+x86_64 1.1.0 30.00 179.00 209.00 OK

Check Details

Version: 1.1.0
Check: data for non-ASCII characters
Result: NOTE
     Note: found 345 marked UTF-8 strings
Flavors: r-devel-linux-x86_64-fedora-clang, r-devel-linux-x86_64-fedora-gcc, r-release-macos-arm64, r-release-macos-x86_64, r-oldrel-macos-arm64, r-oldrel-macos-x86_64