CRAN Package Check Results for Package Rcplex

Last updated on 2015-09-03 03:48:39.

Flavor Version Tinstall Tcheck Ttotal Status Flags
r-devel-linux-x86_64-debian-clang 0.3-2 0.52 10.10 10.62 NOTE --install=fake
r-devel-linux-x86_64-debian-gcc 0.3-2 0.74 9.20 9.94 NOTE --install=fake
r-devel-linux-x86_64-fedora-clang 0.3-2 18.39 NOTE --install=fake
r-devel-linux-x86_64-fedora-gcc 0.3-2 17.21 NOTE --install=fake
r-patched-linux-x86_64 0.3-2 0.56 9.87 10.43 OK --install=fake
r-release-linux-x86_64 0.3-2 0.55 10.20 10.74 OK --install=fake
r-release-osx-x86_64-mavericks 0.3-2 ERROR

Check Details

Version: 0.3-2
Flags: --install=fake
Check: R code for possible problems
Result: NOTE
    Rcplex: no visible global function definition for ‘is’
    Rcplex_check_matrix_for_sanity: no visible global function definition
     for ‘is’
    toCPXMatrix: no visible global function definition for ‘is’
    toCPXMatrix: no visible global function definition for ‘as’
    Undefined global functions or variables:
     as is
    Consider adding
     importFrom("methods", "as", "is")
    to your NAMESPACE (and ensure that your DESCRIPTION Imports field
    contains 'methods').
Flavors: r-devel-linux-x86_64-debian-clang, r-devel-linux-x86_64-debian-gcc, r-devel-linux-x86_64-fedora-clang, r-devel-linux-x86_64-fedora-gcc

Version: 0.3-2
Check: whether package can be installed
Result: ERROR
    Installation failed.
Flavor: r-release-osx-x86_64-mavericks