CRAN Package Check Results for Package Rcplex

Last updated on 2015-03-04 13:49:05.

Flavor Version Tinstall Tcheck Ttotal Status Flags
r-devel-linux-x86_64-debian-clang 0.3-2 0.57 9.96 10.53 OK --install=fake
r-devel-linux-x86_64-debian-gcc 0.3-2 0.57 9.96 10.52 OK --install=fake
r-devel-linux-x86_64-fedora-clang 0.3-2 19.15 OK --install=fake
r-devel-linux-x86_64-fedora-gcc 0.3-2 18.37 OK --install=fake
r-patched-linux-x86_64 0.3-2 0.64 12.54 13.18 OK --install=fake
r-release-linux-ix86 0.3-2 0.94 17.01 17.94 OK --install=fake
r-release-linux-x86_64 0.3-2 0.69 12.79 13.48 OK --install=fake
r-release-osx-x86_64-mavericks 0.3-2 ERROR
r-release-osx-x86_64-snowleopard 0.3-2 ERROR

Check Details

Version: 0.3-2
Check: whether package can be installed
Result: ERROR
    Installation failed.
Flavors: r-release-osx-x86_64-mavericks, r-release-osx-x86_64-snowleopard