CRAN Package Check Results for Package Rcplex

Last updated on 2017-03-24 23:56:04.

Flavor Version Tinstall Tcheck Ttotal Status Flags
r-devel-linux-x86_64-debian-clang 0.3-3 0.69 13.73 14.42 OK --install=fake
r-devel-linux-x86_64-debian-gcc 0.3-3 0.64 13.49 14.13 OK --install=fake
r-devel-linux-x86_64-fedora-clang 0.3-3 22.42 OK --install=fake --no-stop-on-test-error
r-devel-linux-x86_64-fedora-gcc 0.3-3 21.51 OK --install=fake --no-stop-on-test-error
r-patched-linux-x86_64 0.3-3 0.58 11.31 11.89 OK --install=fake
r-release-linux-x86_64 0.3-3 0.65 11.43 12.07 OK --install=fake
r-release-osx-x86_64-mavericks 0.3-3 ERROR
r-release-windows-ix86+x86_64 0.3-2 1.00 3.00 4.00 ERROR

Check Details

Version: 0.3-3
Check: whether package can be installed
Result: ERROR
    Installation failed.
Flavor: r-release-osx-x86_64-mavericks

Version: 0.3-2
Check: whether package can be installed
Result: ERROR
    Installation failed.
Flavor: r-release-windows-ix86+x86_64