CRAN Package Check Results for Package Rcplex

Last updated on 2017-06-22 15:48:50.

Flavor Version Tinstall Tcheck Ttotal Status Flags
r-devel-linux-x86_64-debian-clang 0.3-3 0.66 13.59 14.25 OK --install=fake
r-devel-linux-x86_64-debian-gcc 0.3-3 0.72 13.77 14.49 OK --install=fake
r-devel-linux-x86_64-fedora-clang 0.3-3 23.05 OK --install=fake
r-devel-linux-x86_64-fedora-gcc 0.3-3 22.05 OK --install=fake
r-patched-linux-x86_64 0.3-3 0.65 13.69 14.35 OK --install=fake
r-release-linux-x86_64 0.3-3 0.90 13.59 14.49 OK --install=fake
r-release-osx-x86_64 0.3-3 ERROR
r-oldrel-windows-ix86+x86_64 0.3-2 1.00 3.00 4.00 ERROR
r-oldrel-osx-x86_64 0.3-3 ERROR

Check Details

Version: 0.3-3
Check: whether package can be installed
Result: ERROR
    Installation failed.
Flavors: r-release-osx-x86_64, r-oldrel-osx-x86_64

Version: 0.3-2
Check: whether package can be installed
Result: ERROR
    Installation failed.
Flavor: r-oldrel-windows-ix86+x86_64