CRAN Package Check Results for Package Rcplex

Last updated on 2015-04-01 08:50:14.

Flavor Version Tinstall Tcheck Ttotal Status Flags
r-devel-linux-x86_64-debian-clang 0.3-2 0.61 9.87 10.48 OK --install=fake
r-devel-linux-x86_64-debian-gcc 0.3-2 0.56 9.95 10.51 OK --install=fake
r-devel-linux-x86_64-fedora-clang 0.3-2 19.15 OK --install=fake
r-devel-linux-x86_64-fedora-gcc 0.3-2 17.86 OK --install=fake
r-prerel-linux-x86_64 0.3-2 0.56 9.80 10.36 OK --install=fake
r-release-linux-x86_64 0.3-2 0.66 12.70 13.36 OK --install=fake
r-release-osx-x86_64-mavericks 0.3-2 ERROR
r-release-osx-x86_64-snowleopard 0.3-2 ERROR

Check Details

Version: 0.3-2
Check: whether package can be installed
Result: ERROR
    Installation failed.
Flavors: r-release-osx-x86_64-mavericks, r-release-osx-x86_64-snowleopard