CRAN Package Check Results for Package Rcplex

Last updated on 2016-08-24 02:48:38.

Flavor Version Tinstall Tcheck Ttotal Status Flags
r-devel-linux-x86_64-debian-clang 0.3-3 0.58 11.22 11.79 OK --install=fake
r-devel-linux-x86_64-debian-gcc 0.3-3 0.62 11.22 11.84 OK --install=fake
r-devel-linux-x86_64-fedora-clang 0.3-3 19.25 OK --install=fake
r-devel-linux-x86_64-fedora-gcc 0.3-3 17.75 OK --install=fake
r-patched-linux-x86_64 0.3-3 0.64 11.13 11.77 OK --install=fake
r-release-linux-x86_64 0.3-3 0.59 11.03 11.62 OK --install=fake
r-release-osx-x86_64-mavericks 0.3-3 ERROR
r-release-windows-ix86+x86_64 0.3-2 1.00 3.00 4.00 ERROR

Check Details

Version: 0.3-3
Check: whether package can be installed
Result: ERROR
    Installation failed.
Flavor: r-release-osx-x86_64-mavericks

Version: 0.3-2
Check: whether package can be installed
Result: ERROR
    Installation failed.
Flavor: r-release-windows-ix86+x86_64