CRAN Package Check Results for Package Rcplex

Last updated on 2014-12-21 09:51:35.

Flavor Version Tinstall Tcheck Ttotal Status Flags
r-devel-linux-x86_64-debian-clang 0.3-2 0.62 12.13 12.75 OK --install=fake
r-devel-linux-x86_64-debian-gcc 0.3-2 0.60 11.98 12.58 OK --install=fake
r-devel-linux-x86_64-fedora-clang 0.3-2 19.80 OK --install=fake
r-devel-linux-x86_64-fedora-gcc 0.3-2 19.14 OK --install=fake
r-patched-linux-x86_64 0.3-2 0.64 11.72 12.36 OK --install=fake
r-release-linux-ix86 0.3-2 0.92 16.09 17.01 OK --install=fake
r-release-linux-x86_64 0.3-2 0.62 11.62 12.25 OK --install=fake
r-release-osx-x86_64-mavericks 0.3-2 ERROR
r-release-osx-x86_64-snowleopard 0.3-2 ERROR

Check Details

Version: 0.3-2
Check: whether package can be installed
Result: ERROR
    Installation failed.
Flavors: r-release-osx-x86_64-mavericks, r-release-osx-x86_64-snowleopard