CRAN Package Check Results for Package Rcplex

Last updated on 2015-01-30 21:47:10.

Flavor Version Tinstall Tcheck Ttotal Status Flags
r-devel-linux-x86_64-debian-clang 0.3-2 0.57 9.91 10.48 OK --install=fake
r-devel-linux-x86_64-debian-gcc 0.3-2 0.60 10.02 10.62 OK --install=fake
r-devel-linux-x86_64-fedora-clang 0.3-2 22.11 OK --install=fake
r-devel-linux-x86_64-fedora-gcc 0.3-2 20.86 OK --install=fake
r-patched-linux-x86_64 0.3-2 0.63 12.23 12.86 OK --install=fake
r-release-linux-ix86 0.3-2 0.94 16.49 17.43 OK --install=fake
r-release-linux-x86_64 0.3-2 0.65 12.28 12.93 OK --install=fake
r-release-osx-x86_64-mavericks 0.3-2 ERROR
r-release-osx-x86_64-snowleopard 0.3-2 ERROR

Check Details

Version: 0.3-2
Check: whether package can be installed
Result: ERROR
    Installation failed.
Flavors: r-release-osx-x86_64-mavericks, r-release-osx-x86_64-snowleopard