CRAN Package Check Results for Package Rcplex

Last updated on 2016-09-24 23:48:21.

Flavor Version Tinstall Tcheck Ttotal Status Flags
r-devel-linux-x86_64-debian-clang 0.3-3 0.58 11.18 11.75 OK --install=fake
r-devel-linux-x86_64-debian-gcc 0.3-3 0.65 10.97 11.62 OK --install=fake
r-devel-linux-x86_64-fedora-clang 0.3-3 19.11 OK --install=fake
r-devel-linux-x86_64-fedora-gcc 0.3-3 18.03 OK --install=fake
r-patched-linux-x86_64 0.3-3 0.61 10.92 11.53 OK --install=fake
r-release-linux-x86_64 0.3-3 0.62 11.03 11.65 OK --install=fake
r-release-osx-x86_64-mavericks 0.3-3 ERROR
r-release-windows-ix86+x86_64 0.3-2 1.00 3.00 4.00 ERROR

Check Details

Version: 0.3-3
Check: whether package can be installed
Result: ERROR
    Installation failed.
Flavor: r-release-osx-x86_64-mavericks

Version: 0.3-2
Check: whether package can be installed
Result: ERROR
    Installation failed.
Flavor: r-release-windows-ix86+x86_64