CRAN Package Check Results for Package Rcplex

Last updated on 2017-02-24 11:48:32.

Flavor Version Tinstall Tcheck Ttotal Status Flags
r-devel-linux-x86_64-debian-clang 0.3-3 0.63 13.48 14.11 OK --install=fake
r-devel-linux-x86_64-debian-gcc 0.3-3 0.66 13.89 14.55 OK --install=fake
r-devel-linux-x86_64-fedora-clang 0.3-3 22.39 OK --install=fake --no-stop-on-test-error
r-devel-linux-x86_64-fedora-gcc 0.3-3 21.14 OK --install=fake --no-stop-on-test-error
r-patched-linux-x86_64 0.3-3 0.67 11.56 12.23 OK --install=fake
r-release-linux-x86_64 0.3-3 2.62 11.18 13.79 OK --install=fake
r-release-osx-x86_64-mavericks 0.3-3 ERROR
r-release-windows-ix86+x86_64 0.3-2 1.00 3.00 4.00 ERROR

Check Details

Version: 0.3-3
Check: whether package can be installed
Result: ERROR
    Installation failed.
Flavor: r-release-osx-x86_64-mavericks

Version: 0.3-2
Check: whether package can be installed
Result: ERROR
    Installation failed.
Flavor: r-release-windows-ix86+x86_64