CRAN Package Check Results for Package Rcplex

Last updated on 2015-05-22 15:46:42.

Flavor Version Tinstall Tcheck Ttotal Status Flags
r-devel-linux-x86_64-debian-clang 0.3-2 0.65 10.19 10.84 OK --install=fake
r-devel-linux-x86_64-debian-gcc 0.3-2 0.70 10.16 10.86 OK --install=fake
r-devel-linux-x86_64-fedora-clang OK --install=fake
r-devel-linux-x86_64-fedora-gcc 0.3-2 18.83 OK --install=fake
r-patched-linux-x86_64 0.3-2 0.56 9.85 10.41 OK --install=fake
r-release-linux-x86_64 0.3-2 0.72 10.05 10.77 OK --install=fake
r-release-osx-x86_64-mavericks 0.3-2 ERROR
r-release-osx-x86_64-snowleopard 0.3-2 ERROR

Check Details

Version: 0.3-2
Check: whether package can be installed
Result: ERROR
    Installation failed.
Flavors: r-release-osx-x86_64-mavericks, r-release-osx-x86_64-snowleopard