CRAN Package Check Results for Package Rcplex

Last updated on 2016-07-31 02:47:18.

Flavor Version Tinstall Tcheck Ttotal Status Flags
r-devel-linux-x86_64-debian-clang 0.3-3 0.60 11.07 11.68 OK --install=fake
r-devel-linux-x86_64-debian-gcc 0.3-3 0.58 10.97 11.55 OK --install=fake
r-devel-linux-x86_64-fedora-clang 0.3-3 18.32 OK --install=fake
r-devel-linux-x86_64-fedora-gcc 0.3-3 17.17 OK --install=fake
r-patched-linux-x86_64 0.3-3 0.60 10.94 11.53 OK --install=fake
r-release-linux-x86_64 0.3-3 0.86 12.46 13.32 OK --install=fake
r-release-osx-x86_64-mavericks 0.3-3 ERROR
r-release-windows-ix86+x86_64 0.3-2 1.00 3.00 4.00 ERROR

Check Details

Version: 0.3-3
Check: whether package can be installed
Result: ERROR
    Installation failed.
Flavor: r-release-osx-x86_64-mavericks

Version: 0.3-2
Check: whether package can be installed
Result: ERROR
    Installation failed.
Flavor: r-release-windows-ix86+x86_64