CRAN Package Check Results for Package Rcplex

Last updated on 2016-05-25 06:47:26.

Flavor Version Tinstall Tcheck Ttotal Status Flags
r-devel-linux-x86_64-debian-gcc 0.3-2 0.64 9.99 10.63 NOTE --install=fake
r-devel-linux-x86_64-fedora-clang 0.3-2 16.76 NOTE --install=fake
r-devel-linux-x86_64-fedora-gcc 0.3-2 15.56 NOTE --install=fake
r-devel-windows-ix86+x86_64 0.3-2 1.00 3.00 4.00 ERROR
r-patched-linux-x86_64 0.3-2 0.58 10.03 10.61 NOTE --install=fake
r-release-linux-x86_64 0.3-2 0.60 9.75 10.35 NOTE --install=fake
r-release-osx-x86_64-mavericks 0.3-2 ERROR
r-release-windows-ix86+x86_64 0.3-2 1.00 3.00 4.00 ERROR

Check Details

Version: 0.3-2
Flags: --install=fake
Check: R code for possible problems
Result: NOTE
    Rcplex: no visible global function definition for ‘is’
    Rcplex_check_matrix_for_sanity: no visible global function definition
     for ‘is’
    toCPXMatrix: no visible global function definition for ‘is’
    toCPXMatrix: no visible global function definition for ‘as’
    Undefined global functions or variables:
     as is
    Consider adding
     importFrom("methods", "as", "is")
    to your NAMESPACE file (and ensure that your DESCRIPTION Imports field
    contains 'methods').
Flavors: r-devel-linux-x86_64-debian-gcc, r-devel-linux-x86_64-fedora-clang, r-devel-linux-x86_64-fedora-gcc, r-patched-linux-x86_64, r-release-linux-x86_64

Version: 0.3-2
Check: whether package can be installed
Result: ERROR
    Installation failed.
Flavors: r-devel-windows-ix86+x86_64, r-release-osx-x86_64-mavericks, r-release-windows-ix86+x86_64