CRAN Package Check Results for Package Rcplex

Last updated on 2017-10-24 10:48:04.

Flavor Version Tinstall Tcheck Ttotal Status Flags
r-devel-linux-x86_64-debian-clang 0.3-3 0.60 13.05 13.66 OK --install=fake
r-devel-linux-x86_64-debian-gcc 0.3-3 0.77 14.24 15.01 OK --install=fake
r-devel-linux-x86_64-fedora-clang 0.3-3 22.40 OK --install=fake
r-devel-linux-x86_64-fedora-gcc 0.3-3 21.38 OK --install=fake
r-patched-linux-x86_64 0.3-3 0.81 13.75 14.56 OK --install=fake
r-release-linux-x86_64 0.3-3 0.72 13.99 14.70 OK --install=fake
r-release-osx-x86_64 0.3-3 ERROR
r-oldrel-windows-ix86+x86_64 0.3-2 1.00 3.00 4.00 ERROR
r-oldrel-osx-x86_64 0.3-3 ERROR

Check Details

Version: 0.3-3
Check: whether package can be installed
Result: ERROR
    Installation failed.
Flavors: r-release-osx-x86_64, r-oldrel-osx-x86_64

Version: 0.3-2
Check: whether package can be installed
Result: ERROR
    Installation failed.
Flavor: r-oldrel-windows-ix86+x86_64