CRAN Package Check Results for Package Rcplex

Last updated on 2016-12-09 11:49:16.

Flavor Version Tinstall Tcheck Ttotal Status Flags
r-devel-linux-x86_64-debian-clang 0.3-3 0.69 13.36 14.05 OK --install=fake
r-devel-linux-x86_64-debian-gcc 0.3-3 0.70 13.22 13.91 OK --install=fake
r-devel-linux-x86_64-fedora-clang 0.3-3 23.03 OK --install=fake --no-stop-on-test-error
r-devel-linux-x86_64-fedora-gcc 0.3-3 22.13 OK --install=fake --no-stop-on-test-error
r-patched-linux-x86_64 0.3-3 0.58 11.30 11.88 OK --install=fake
r-release-linux-x86_64 0.3-3 0.63 10.98 11.61 OK --install=fake
r-release-osx-x86_64-mavericks 0.3-3 ERROR
r-release-windows-ix86+x86_64 0.3-2 1.00 3.00 4.00 ERROR

Check Details

Version: 0.3-3
Check: whether package can be installed
Result: ERROR
    Installation failed.
Flavor: r-release-osx-x86_64-mavericks

Version: 0.3-2
Check: whether package can be installed
Result: ERROR
    Installation failed.
Flavor: r-release-windows-ix86+x86_64