CRAN Package Check Results for Package Rcplex

Last updated on 2014-09-16 08:49:53.

Flavor Version Tinstall Tcheck Ttotal Status Flags
r-devel-linux-x86_64-debian-clang 0.3-2 0.55 11.25 11.80 OK --install=fake
r-devel-linux-x86_64-debian-gcc 0.3-2 0.56 10.81 11.36 OK --install=fake
r-devel-linux-x86_64-fedora-clang 0.3-2 19.93 OK --install=fake
r-devel-linux-x86_64-fedora-gcc 0.3-2 19.17 OK --install=fake
r-patched-linux-x86_64 0.3-2 0.59 10.84 11.42 OK --install=fake
r-release-linux-ix86 0.3-2 0.92 18.41 19.33 OK --install=fake
r-release-linux-x86_64 0.3-2 0.62 12.12 12.74 OK --install=fake
r-release-osx-x86_64-mavericks 0.3-2 ERROR
r-release-osx-x86_64-snowleopard 0.3-2 ERROR

Check Details

Version: 0.3-2
Check: whether package can be installed
Result: ERROR
    Installation failed.
Flavors: r-release-osx-x86_64-mavericks, r-release-osx-x86_64-snowleopard