CRAN Package Check Results for Package Rcplex

Last updated on 2018-01-17 18:47:08 CET.

Flavor Version Tinstall Tcheck Ttotal Status Flags
r-devel-linux-x86_64-debian-clang 0.3-3 0.87 20.07 20.94 OK --no-examples --no-tests --no-vignettes
r-devel-linux-x86_64-debian-gcc 0.3-3 0.66 15.67 16.33 OK --no-examples --no-tests --no-vignettes
r-devel-windows-ix86+x86_64 0.3-3 1.00 4.00 5.00 ERROR
r-patched-linux-x86_64 0.3-3 0.81 18.69 19.50 OK --no-examples --no-tests --no-vignettes
r-release-linux-x86_64 0.3-3 0.92 18.63 19.55 OK --no-examples --no-tests --no-vignettes
r-release-osx-x86_64 0.3-3 ERROR
r-oldrel-windows-ix86+x86_64 0.3-2 1.00 3.00 4.00 ERROR
r-oldrel-osx-x86_64 0.3-3 ERROR

Check Details

Version: 0.3-3
Check: whether package can be installed
Result: ERROR
    Installation failed.
Flavors: r-devel-windows-ix86+x86_64, r-release-osx-x86_64, r-oldrel-osx-x86_64

Version: 0.3-2
Check: whether package can be installed
Result: ERROR
    Installation failed.
Flavor: r-oldrel-windows-ix86+x86_64