CRAN Package Check Results for Package Rcplex

Last updated on 2014-08-22 08:49:17.

Flavor Version Tinstall Tcheck Ttotal Status Flags
r-devel-linux-x86_64-debian-clang 0.3-2 0.56 10.48 11.04 OK --install=fake
r-devel-linux-x86_64-debian-gcc 0.3-2 0.53 10.02 10.55 OK --install=fake
r-devel-linux-x86_64-fedora-clang 0.3-2 20.43 OK --install=fake
r-devel-linux-x86_64-fedora-gcc 0.3-2 19.16 OK --install=fake
r-patched-linux-x86_64 0.3-2 0.59 10.34 10.93 OK --install=fake
r-release-linux-ix86 0.3-2 1.00 16.57 17.57 OK --install=fake
r-release-linux-x86_64 0.3-2 0.62 10.45 11.07 OK --install=fake
r-release-osx-x86_64-mavericks 0.3-2 ERROR
r-release-osx-x86_64-snowleopard 0.3-2 ERROR

Check Details

Version: 0.3-2
Check: whether package can be installed
Result: ERROR
    Installation failed.
Flavors: r-release-osx-x86_64-mavericks, r-release-osx-x86_64-snowleopard