CRAN Package Check Results for Package Rcplex

Last updated on 2020-10-01 02:53:04 CEST.

Flavor Version Tinstall Tcheck Ttotal Status Flags
r-devel-linux-x86_64-debian-clang 0.3-3 2.77 24.55 27.32 OK --no-examples --no-tests --no-vignettes
r-devel-linux-x86_64-debian-gcc 0.3-3 1.80 19.48 21.28 OK --no-examples --no-tests --no-vignettes
r-patched-linux-x86_64 0.3-3 2.14 24.09 26.23 OK --no-examples --no-tests --no-vignettes
r-release-linux-x86_64 0.3-3 2.39 23.94 26.33 OK --no-examples --no-tests --no-vignettes
r-release-macos-x86_64 0.3-3 ERROR
r-release-windows-ix86+x86_64 0.3-3 2.00 6.00 8.00 ERROR
r-oldrel-macos-x86_64 0.3-3 ERROR

Check Details

Version: 0.3-3
Check: whether package can be installed
Result: ERROR
    Installation failed.
Flavors: r-release-macos-x86_64, r-release-windows-ix86+x86_64, r-oldrel-macos-x86_64