CRAN Package Check Results for Package Rcplex

Last updated on 2017-04-26 03:48:31.

Flavor Version Tinstall Tcheck Ttotal Status Flags
r-devel-linux-x86_64-debian-clang 0.3-3 0.69 13.43 14.13 OK --install=fake
r-devel-linux-x86_64-debian-gcc 0.3-3 0.65 13.11 13.76 OK --install=fake
r-devel-linux-x86_64-fedora-clang 0.3-3 22.96 OK --install=fake --no-stop-on-test-error
r-devel-linux-x86_64-fedora-gcc 0.3-3 21.59 OK --install=fake --no-stop-on-test-error
r-patched-linux-x86_64 0.3-3 0.66 13.46 14.13 OK --install=fake
r-release-linux-x86_64 0.3-3 0.62 13.31 13.94 OK --install=fake
r-release-osx-x86_64 0.3-3 ERROR
r-oldrel-windows-ix86+x86_64 0.3-2 1.00 3.00 4.00 ERROR
r-oldrel-osx-x86_64 0.3-3 ERROR

Check Details

Version: 0.3-3
Check: whether package can be installed
Result: ERROR
    Installation failed.
Flavors: r-release-osx-x86_64, r-oldrel-osx-x86_64

Version: 0.3-2
Check: whether package can be installed
Result: ERROR
    Installation failed.
Flavor: r-oldrel-windows-ix86+x86_64