CRAN Package Check Results for Package Rcplex

Last updated on 2015-08-05 08:48:42.

Flavor Version Tinstall Tcheck Ttotal Status Flags
r-devel-linux-x86_64-debian-clang 0.3-2 0.53 9.75 10.28 NOTE --install=fake
r-devel-linux-x86_64-debian-gcc 0.3-2 0.53 9.49 10.02 NOTE --install=fake
r-devel-linux-x86_64-fedora-clang 0.3-2 18.59 NOTE --install=fake
r-devel-linux-x86_64-fedora-gcc 0.3-2 17.12 NOTE --install=fake
r-patched-linux-x86_64 0.3-2 0.55 9.92 10.47 OK --install=fake
r-release-linux-x86_64 0.3-2 0.56 9.82 10.38 OK --install=fake
r-release-osx-x86_64-mavericks 0.3-2 ERROR

Check Details

Version: 0.3-2
Flags: --install=fake
Check: R code for possible problems
Result: NOTE
    Rcplex: no visible global function definition for ‘is’
    Rcplex_check_matrix_for_sanity: no visible global function definition
     for ‘is’
    toCPXMatrix: no visible global function definition for ‘is’
    toCPXMatrix: no visible global function definition for ‘as’
    Undefined global functions or variables:
     as is
    Consider adding
     importFrom("methods", "as", "is")
    to your NAMESPACE.
Flavors: r-devel-linux-x86_64-debian-clang, r-devel-linux-x86_64-debian-gcc, r-devel-linux-x86_64-fedora-clang, r-devel-linux-x86_64-fedora-gcc

Version: 0.3-2
Check: whether package can be installed
Result: ERROR
    Installation failed.
Flavor: r-release-osx-x86_64-mavericks