CRAN Package Check Results for Package Rcplex

Last updated on 2014-11-01 13:49:58.

Flavor Version Tinstall Tcheck Ttotal Status Flags
r-devel-linux-x86_64-debian-clang 0.3-2 0.62 11.76 12.38 OK --install=fake
r-devel-linux-x86_64-debian-gcc 0.3-2 0.60 11.72 12.33 OK --install=fake
r-devel-linux-x86_64-fedora-clang 0.3-2 18.82 OK --install=fake
r-devel-linux-x86_64-fedora-gcc 0.3-2 16.20 OK --install=fake
r-patched-linux-x86_64 0.3-2 0.64 11.30 11.94 OK --install=fake
r-release-linux-ix86 0.3-2 0.92 16.84 17.76 OK --install=fake
r-release-linux-x86_64 0.3-2 0.60 11.21 11.81 OK --install=fake
r-release-osx-x86_64-mavericks 0.3-2 ERROR
r-release-osx-x86_64-snowleopard 0.3-2 ERROR

Check Details

Version: 0.3-2
Check: whether package can be installed
Result: ERROR
    Installation failed.
Flavors: r-release-osx-x86_64-mavericks, r-release-osx-x86_64-snowleopard