CRAN Package Check Results for Package Rcplex

Last updated on 2016-06-29 21:46:58.

Flavor Version Tinstall Tcheck Ttotal Status Flags
r-devel-linux-x86_64-debian-gcc 0.3-3 0.61 11.73 12.34 OK --install=fake
r-devel-linux-x86_64-fedora-clang 0.3-3 18.57 OK --install=fake
r-devel-linux-x86_64-fedora-gcc 0.3-3 17.46 OK --install=fake
r-patched-linux-x86_64 0.3-3 0.64 11.49 12.13 OK --install=fake
r-release-linux-x86_64 0.3-3 0.56 11.54 12.09 OK --install=fake
r-release-osx-x86_64-mavericks 0.3-3 ERROR
r-release-windows-ix86+x86_64 0.3-2 1.00 3.00 4.00 ERROR

Check Details

Version: 0.3-3
Check: whether package can be installed
Result: ERROR
    Installation failed.
Flavor: r-release-osx-x86_64-mavericks

Version: 0.3-2
Check: whether package can be installed
Result: ERROR
    Installation failed.
Flavor: r-release-windows-ix86+x86_64