CRAN Package Check Results for Package Rcplex

Last updated on 2014-07-30 11:49:55.

Flavor Version Tinstall Tcheck Ttotal Status Flags
r-devel-linux-x86_64-debian-clang 0.3-2 0.59 10.35 10.94 OK --install=fake
r-devel-linux-x86_64-debian-gcc 0.3-2 0.56 10.58 11.14 OK --install=fake
r-devel-linux-x86_64-fedora-clang 0.3-2 21.39 OK --install=fake
r-devel-linux-x86_64-fedora-gcc 0.3-2 19.00 OK --install=fake
r-patched-linux-x86_64 0.3-2 0.60 10.20 10.80 OK --install=fake
r-release-linux-ix86 0.3-2 0.90 16.67 17.57 OK --install=fake
r-release-linux-x86_64 0.3-2 0.61 10.39 11.00 OK --install=fake
r-release-osx-x86_64-mavericks 0.3-2 ERROR
r-release-osx-x86_64-snowleopard 0.3-2 ERROR

Check Details

Version: 0.3-2
Check: whether package can be installed
Result: ERROR
    Installation failed.
Flavors: r-release-osx-x86_64-mavericks, r-release-osx-x86_64-snowleopard