CRAN Package Check Results for Package Rcplex

Last updated on 2018-05-28 08:48:56 CEST.

Flavor Version Tinstall Tcheck Ttotal Status Flags
r-devel-linux-x86_64-debian-clang 0.3-3 1.13 18.24 19.37 OK --no-examples --no-tests --no-vignettes
r-devel-linux-x86_64-debian-gcc 0.3-3 0.97 16.04 17.01 OK --no-examples --no-tests --no-vignettes
r-patched-linux-x86_64 0.3-3 1.33 19.01 20.34 OK --no-examples --no-tests --no-vignettes
r-release-linux-x86_64 0.3-3 0.98 18.99 19.97 OK --no-examples --no-tests --no-vignettes
r-release-windows-ix86+x86_64 0.3-3 1.00 4.00 5.00 ERROR
r-release-osx-x86_64 0.3-3 ERROR
r-oldrel-osx-x86_64 0.3-3 ERROR

Check Details

Version: 0.3-3
Check: whether package can be installed
Result: ERROR
    Installation failed.
Flavors: r-release-windows-ix86+x86_64, r-release-osx-x86_64, r-oldrel-osx-x86_64