CRAN Package Check Results for Package Rcplex

Last updated on 2021-12-07 11:52:09 CET.

Flavor Version Tinstall Tcheck Ttotal Status Flags
r-devel-linux-x86_64-debian-clang 0.3-4 2.43 33.48 35.91 OK --install=fake --no-examples --no-tests --no-vignettes
r-devel-linux-x86_64-debian-gcc 0.3-5 1.89 26.67 28.56 OK --install=fake --no-examples --no-tests --no-vignettes
r-devel-windows-x86_64-new-UL 0.3-3 1.00 30.00 31.00 ERROR
r-devel-windows-x86_64-new-TK 0.3-4 OK --install=fake
r-devel-windows-x86_64-old 0.3-3 1.00 8.00 9.00 ERROR
r-patched-linux-x86_64 0.3-5 2.27 32.12 34.39 OK --no-examples --no-tests --no-vignettes
r-release-linux-x86_64 0.3-4 2.25 32.78 35.03 OK --no-examples --no-tests --no-vignettes
r-release-macos-arm64 0.3-5 ERROR
r-release-macos-x86_64 0.3-4 ERROR
r-oldrel-macos-x86_64 0.3-4 ERROR
r-oldrel-windows-ix86+x86_64 0.3-3 2.00 6.00 8.00 ERROR

Check Details

Version: 0.3-3
Check: whether package can be installed
Result: ERROR
    Installation failed.
Flavors: r-devel-windows-x86_64-new-UL, r-devel-windows-x86_64-old, r-oldrel-windows-ix86+x86_64

Version: 0.3-5
Check: whether package can be installed
Result: ERROR
    Installation failed.
Flavor: r-release-macos-arm64

Version: 0.3-4
Check: whether package can be installed
Result: ERROR
    Installation failed.
Flavors: r-release-macos-x86_64, r-oldrel-macos-x86_64