CRAN Package Check Results for Package Rcplex

Last updated on 2014-04-24 11:48:53.

Flavor Version Tinstall Tcheck Ttotal Status Flags
r-devel-linux-x86_64-debian-clang 0.3-1 0.63 10.84 11.47 OK --install=fake
r-devel-linux-x86_64-debian-gcc 0.3-1 0.61 10.81 11.42 OK --install=fake
r-devel-linux-x86_64-fedora-clang 0.3-1 21.42 OK --install=fake
r-devel-linux-x86_64-fedora-gcc 0.3-1 20.49 OK --install=fake
r-devel-osx-x86_64-gcc 0.3-1 ERROR
r-patched-linux-x86_64 0.3-1 0.62 10.68 11.31 OK --install=fake
r-release-linux-ix86 0.3-1 1.00 23.00 24.00 OK --install=fake
r-release-linux-x86_64 0.3-1 0.61 10.77 11.38 OK --install=fake
r-release-osx-x86_64-mavericks 0.3-1 ERROR
r-release-osx-x86_64-snowleopard 0.3-1 ERROR

Check Details

Version: 0.3-1
Check: whether package can be installed
Result: ERROR
    Installation failed.
    See ‘/Volumes/XT3/Builds/R-dev-web/QA/Simon/packages/snowleopard-x86_64/results/3.2/Rcplex.Rcheck/00install.out’ for details.
Flavor: r-devel-osx-x86_64-gcc

Version: 0.3-1
Check: whether package can be installed
Result: ERROR
    Installation failed.
    See ‘/Builds/CRAN-QA-Simon/packages/mavericks-x86_64/results/3.1/Rcplex.Rcheck/00install.out’ for details.
Flavor: r-release-osx-x86_64-mavericks

Version: 0.3-1
Check: whether package can be installed
Result: ERROR
    Installation failed.
    See ‘/Volumes/XT3/Builds/R-dev-web/QA/Simon/packages/snowleopard-x86_64/results/3.1/Rcplex.Rcheck/00install.out’ for details.
Flavor: r-release-osx-x86_64-snowleopard