CRAN Package Check Results for Package Rcpp

Last updated on 2019-05-25 06:48:22 CEST.

Flavor Version Tinstall Tcheck Ttotal Status Flags
r-devel-linux-x86_64-debian-clang 1.0.1 51.34 390.18 441.52 OK
r-devel-linux-x86_64-debian-gcc 1.0.1 40.92 290.38 331.30 OK
r-devel-linux-x86_64-fedora-clang 1.0.1 566.97 NOTE
r-devel-linux-x86_64-fedora-gcc 1.0.1 533.01 NOTE
r-devel-windows-ix86+x86_64 1.0.1 118.00 487.00 605.00 NOTE
r-patched-linux-x86_64 1.0.1 OK
r-patched-solaris-x86 1.0.1 368.10 NOTE
r-release-linux-x86_64 1.0.1 46.82 370.56 417.38 OK
r-release-windows-ix86+x86_64 1.0.1 146.00 631.00 777.00 NOTE
r-release-osx-x86_64 1.0.1 NOTE
r-oldrel-windows-ix86+x86_64 1.0.1 156.00 465.00 621.00 NOTE
r-oldrel-osx-x86_64 1.0.1 NOTE

Additional issues

clang-UBSAN gcc-UBSAN

Check Details

Version: 1.0.1
Check: installed package size
Result: NOTE
     installed size is 15.3Mb
     sub-directories of 1Mb or more:
     doc 2.7Mb
     include 6.4Mb
     libs 4.3Mb
Flavors: r-devel-linux-x86_64-fedora-clang, r-devel-windows-ix86+x86_64, r-patched-solaris-x86, r-release-windows-ix86+x86_64, r-release-osx-x86_64, r-oldrel-windows-ix86+x86_64, r-oldrel-osx-x86_64

Version: 1.0.1
Check: foreign function calls
Result: NOTE
    Registration problem:
     symbol ‘symbol’ in the local frame:
     .Call(symbol)
    See chapter ‘System and foreign language interfaces’ in the ‘Writing R
    Extensions’ manual.
Flavors: r-devel-linux-x86_64-fedora-clang, r-devel-linux-x86_64-fedora-gcc