CRAN Package Check Results for Package Rcpp

Last updated on 2015-08-28 03:48:34.

Flavor Version Tinstall Tcheck Ttotal Status Flags
r-devel-linux-x86_64-debian-clang 0.12.0 23.17 88.64 111.81 NOTE
r-devel-linux-x86_64-debian-gcc 0.12.0 24.62 86.24 110.86 NOTE
r-devel-linux-x86_64-fedora-clang 0.12.0 232.61 NOTE
r-devel-linux-x86_64-fedora-gcc 0.12.0 210.34 NOTE
r-devel-osx-x86_64-clang 0.12.0 195.09 NOTE
r-devel-windows-ix86+x86_64 0.12.0 119.00 182.00 301.00 NOTE
r-patched-linux-x86_64 0.12.0 23.75 88.83 112.58 NOTE
r-patched-solaris-sparc 0.12.0 1056.50 NOTE
r-patched-solaris-x86 0.12.0 242.70 NOTE
r-release-linux-x86_64 0.12.0 24.50 87.59 112.09 NOTE
r-release-osx-x86_64-mavericks 0.12.0 NOTE
r-release-windows-ix86+x86_64 0.12.0 107.00 198.00 305.00 NOTE
r-oldrel-windows-ix86+x86_64 0.12.0 109.00 216.00 325.00 NOTE

Memtest notes: clang-UBSAN

Check Details

Version: 0.12.0
Check: installed package size
Result: NOTE
     installed size is 12.0Mb
     sub-directories of 1Mb or more:
     doc 1.6Mb
     include 6.1Mb
     libs 2.8Mb
Flavors: r-devel-linux-x86_64-debian-clang, r-devel-linux-x86_64-debian-gcc, r-devel-linux-x86_64-fedora-clang, r-devel-linux-x86_64-fedora-gcc, r-devel-osx-x86_64-clang, r-devel-windows-ix86+x86_64, r-patched-linux-x86_64, r-patched-solaris-sparc, r-patched-solaris-x86, r-release-linux-x86_64, r-release-osx-x86_64-mavericks, r-release-windows-ix86+x86_64, r-oldrel-windows-ix86+x86_64

Version: 0.12.0
Check: foreign function calls
Result: NOTE
    Registration problem:
     symbol ‘symbol’ in the local frame:
     .Call(symbol)
    See chapter ‘System and foreign language interfaces’ in the ‘Writing R
    Extensions’ manual.
Flavor: r-devel-linux-x86_64-fedora-clang