CRAN Package Check Results for Package Rcpp

Last updated on 2019-07-16 07:51:00 CEST.

Flavor Version Tinstall Tcheck Ttotal Status Flags
r-devel-linux-x86_64-debian-clang 1.0.1 51.20 390.22 441.42 OK
r-devel-linux-x86_64-debian-gcc 1.0.1 34.30 287.76 322.06 OK
r-devel-linux-x86_64-fedora-clang 1.0.1 562.40 NOTE
r-devel-linux-x86_64-fedora-gcc 1.0.1 535.58 NOTE
r-devel-windows-ix86+x86_64 1.0.1 146.00 647.00 793.00 NOTE
r-patched-linux-x86_64 1.0.1 47.78 370.11 417.89 OK
r-patched-solaris-x86 1.0.1 381.90 NOTE
r-release-linux-x86_64 1.0.1 48.21 370.41 418.62 OK
r-release-windows-ix86+x86_64 1.0.1 107.00 626.00 733.00 NOTE
r-release-osx-x86_64 1.0.1 NOTE
r-oldrel-windows-ix86+x86_64 1.0.1 150.00 479.00 629.00 NOTE
r-oldrel-osx-x86_64 1.0.1 NOTE

Additional issues

clang-UBSAN gcc-UBSAN

Check Details

Version: 1.0.1
Check: installed package size
Result: NOTE
     installed size is 15.3Mb
     sub-directories of 1Mb or more:
     doc 2.7Mb
     include 6.4Mb
     libs 4.3Mb
Flavors: r-devel-linux-x86_64-fedora-clang, r-devel-windows-ix86+x86_64, r-patched-solaris-x86, r-release-windows-ix86+x86_64, r-release-osx-x86_64, r-oldrel-windows-ix86+x86_64, r-oldrel-osx-x86_64

Version: 1.0.1
Check: foreign function calls
Result: NOTE
    Registration problem:
     symbol ‘symbol’ in the local frame:
     .Call(symbol)
    See chapter ‘System and foreign language interfaces’ in the ‘Writing R
    Extensions’ manual.
Flavors: r-devel-linux-x86_64-fedora-clang, r-devel-linux-x86_64-fedora-gcc