CRAN Package Check Results for Package Rcpp

Last updated on 2016-05-01 11:47:22.

Flavor Version Tinstall Tcheck Ttotal Status Flags
r-devel-linux-x86_64-debian-gcc 0.12.4 22.54 69.18 91.71 NOTE
r-devel-linux-x86_64-fedora-clang 0.12.4 182.24 NOTE
r-devel-linux-x86_64-fedora-gcc 0.12.4 166.73 NOTE
r-devel-osx-x86_64-clang 0.12.4 186.94 NOTE
r-devel-windows-ix86+x86_64 0.12.4 92.00 202.00 294.00 NOTE
r-patched-linux-x86_64 0.12.4 22.18 69.85 92.02 NOTE
r-patched-solaris-sparc 0.12.4 820.00 NOTE
r-patched-solaris-x86 0.12.4 186.70 NOTE
r-release-linux-x86_64 0.12.4 22.88 92.87 115.74 NOTE
r-release-osx-x86_64-mavericks 0.12.4 NOTE
r-release-windows-ix86+x86_64 0.12.4 87.00 296.00 383.00 NOTE
r-oldrel-windows-ix86+x86_64 0.12.4 125.00 298.00 423.00 WARN

Memtest notes: clang-UBSAN

Check Details

Version: 0.12.4
Check: installed package size
Result: NOTE
     installed size is 13.0Mb
     sub-directories of 1Mb or more:
     doc 1.7Mb
     include 6.2Mb
     libs 3.6Mb
Flavors: r-devel-linux-x86_64-debian-gcc, r-devel-linux-x86_64-fedora-clang, r-devel-linux-x86_64-fedora-gcc, r-devel-osx-x86_64-clang, r-devel-windows-ix86+x86_64, r-patched-linux-x86_64, r-patched-solaris-sparc, r-patched-solaris-x86, r-release-linux-x86_64, r-release-osx-x86_64-mavericks, r-release-windows-ix86+x86_64, r-oldrel-windows-ix86+x86_64

Version: 0.12.4
Check: foreign function calls
Result: NOTE
    Registration problem:
     symbol ‘symbol’ in the local frame:
     .Call(symbol)
    See chapter ‘System and foreign language interfaces’ in the ‘Writing R
    Extensions’ manual.
Flavor: r-devel-linux-x86_64-fedora-clang

Version: 0.12.4
Check: re-building of vignette outputs
Result: NOTE
    Error in re-building vignettes:
     ...
     input string 396 is invalid in this locale
    Error in texi2dvi(file = file, pdf = TRUE, clean = clean, quiet = quiet, :
     Running 'texi2dvi' on 'Rcpp-introduction.tex' failed.
    LaTeX errors:
    ! LaTeX Error: Missing \begin{document}.
    
    See the LaTeX manual or LaTeX Companion for explanation.
    Type H <return> for immediate help.
     ...
    ! LaTeX Error: Bad math environment delimiter.
    
    See the LaTeX manual or LaTeX Companion for explanation.
    Type H <return> for immediate help.
     ...
    ! Please use \mathaccent for accents in math mode.
    \add@accent ...@spacefactor \spacefactor }\accent
     #1 #2\egroup \spacefactor ...
    l.31 !r<b9><dc><e8><e8>(^^]<a4><b9><b9>\.^^V
     <8b><d5><eb>u԰<e5>0l<db><ce>f<b3><88>-<d1>^^O*^^W<d5>j5<9b><cd>6<f1>+-<98>^^SeF<94><c1>u]o4^^ZB<88><d1><d1>Q!...
    ! You can't use `\spacefactor' in math mode.
    \add@accent ...}\accent #1 #2\egroup \spacefactor
     \accent@spacefactor
    l.31 !r<b
    Calls: buildVignettes -> texi2pdf -> texi2dvi
    Execution halted
Flavor: r-release-osx-x86_64-mavericks

Version: 0.12.4
Check: package subdirectories
Result: WARN
    Problems with news in 'inst/NEWS.Rd':
     inst/NEWS.Rd:204: unknown macro '\CRANpkg'
     inst/NEWS.Rd:384: unknown macro '\CRANpkg'
     inst/NEWS.Rd:386: unknown macro '\CRANpkg'
     inst/NEWS.Rd:392: unknown macro '\CRANpkg'
     inst/NEWS.Rd:435: unknown macro '\CRANpkg'
     inst/NEWS.Rd:486: unknown macro '\CRANpkg'
     inst/NEWS.Rd:525: unknown macro '\CRANpkg'
Flavor: r-oldrel-windows-ix86+x86_64