CRAN Package Check Results for Package Rcpp

Last updated on 2015-05-26 11:48:40.

Flavor Version Tinstall Tcheck Ttotal Status Flags
r-devel-linux-x86_64-debian-clang 0.11.6 22.22 89.38 111.60 NOTE
r-devel-linux-x86_64-debian-gcc 0.11.6 27.09 89.67 116.76 NOTE
r-devel-linux-x86_64-fedora-clang 0.11.6 238.56 NOTE
r-devel-linux-x86_64-fedora-gcc 0.11.6 218.90 NOTE
r-devel-osx-x86_64-clang 0.11.6 224.08 NOTE
r-devel-windows-ix86+x86_64 0.11.6 84.00 187.00 271.00 NOTE
r-patched-linux-x86_64 0.11.6 25.37 91.59 116.96 NOTE
r-patched-solaris-sparc 0.11.6 1368.30 NOTE
r-patched-solaris-x86 0.11.6 254.70 NOTE
r-release-linux-x86_64 0.11.6 24.98 89.21 114.20 NOTE
r-release-osx-x86_64-mavericks 0.11.6 NOTE
r-release-osx-x86_64-snowleopard 0.11.6 NOTE
r-release-windows-ix86+x86_64 0.11.6 62.00 161.00 223.00 NOTE
r-oldrel-windows-ix86+x86_64 0.11.6 70.00 178.00 248.00 NOTE

Memtest notes: UBSAN

Check Details

Version: 0.11.6
Check: installed package size
Result: NOTE
     installed size is 12.1Mb
     sub-directories of 1Mb or more:
     doc 1.7Mb
     include 6.1Mb
     libs 2.9Mb
Flavors: r-devel-linux-x86_64-debian-clang, r-devel-linux-x86_64-debian-gcc, r-devel-linux-x86_64-fedora-clang, r-devel-linux-x86_64-fedora-gcc, r-devel-osx-x86_64-clang, r-devel-windows-ix86+x86_64, r-patched-linux-x86_64, r-patched-solaris-sparc, r-patched-solaris-x86, r-release-linux-x86_64, r-release-osx-x86_64-mavericks, r-release-osx-x86_64-snowleopard, r-release-windows-ix86+x86_64, r-oldrel-windows-ix86+x86_64

Version: 0.11.6
Check: foreign function calls
Result: NOTE
    Registration problem:
     symbol ‘symbol’ in the local frame:
     .Call(symbol)
    See chapter ‘System and foreign language interfaces’ in the ‘Writing R
    Extensions’ manual.
Flavor: r-devel-linux-x86_64-fedora-clang