CRAN Package Check Results for Package Rcpp

Last updated on 2018-10-18 09:51:18 CEST.

Flavor Version Tinstall Tcheck Ttotal Status Flags
r-devel-linux-x86_64-debian-clang 0.12.19 48.75 385.60 434.35 NOTE
r-devel-linux-x86_64-debian-gcc 0.12.19 34.55 297.46 332.01 NOTE
r-devel-linux-x86_64-fedora-clang 0.12.19 554.99 NOTE
r-devel-linux-x86_64-fedora-gcc 0.12.19 516.03 NOTE
r-devel-windows-ix86+x86_64 0.12.19 132.00 456.00 588.00 NOTE
r-patched-linux-x86_64 0.12.19 55.02 388.82 443.84 NOTE
r-patched-solaris-x86 0.12.19 325.70 NOTE
r-release-linux-x86_64 0.12.19 55.50 391.47 446.97 NOTE
r-release-windows-ix86+x86_64 0.12.19 110.00 612.00 722.00 NOTE
r-release-osx-x86_64 0.12.19 NOTE
r-oldrel-windows-ix86+x86_64 0.12.19 102.00 613.00 715.00 NOTE
r-oldrel-osx-x86_64 0.12.19 NOTE

Additional issues

clang-UBSAN gcc-UBSAN

Check Details

Version: 0.12.19
Check: foreign function calls
Result: NOTE
    Registration problem:
     symbol ‘symbol’ in the local frame:
     .Call(symbol)
    See chapter ‘System and foreign language interfaces’ in the ‘Writing R
    Extensions’ manual.
Flavors: r-devel-linux-x86_64-debian-clang, r-devel-linux-x86_64-debian-gcc, r-devel-linux-x86_64-fedora-clang, r-devel-linux-x86_64-fedora-gcc, r-patched-linux-x86_64, r-release-linux-x86_64

Version: 0.12.19
Check: installed package size
Result: NOTE
     installed size is 15.4Mb
     sub-directories of 1Mb or more:
     doc 2.7Mb
     include 6.4Mb
     libs 4.3Mb
Flavors: r-devel-linux-x86_64-fedora-clang, r-devel-windows-ix86+x86_64, r-patched-solaris-x86, r-release-windows-ix86+x86_64, r-release-osx-x86_64, r-oldrel-windows-ix86+x86_64, r-oldrel-osx-x86_64