CRAN Package Check Results for Package Rcpp

Last updated on 2016-09-29 02:49:57.

Flavor Version Tinstall Tcheck Ttotal Status Flags
r-devel-linux-x86_64-debian-clang 0.12.7 28.34 75.87 104.21 NOTE
r-devel-linux-x86_64-debian-gcc 0.12.7 27.14 72.51 99.65 NOTE
r-devel-linux-x86_64-fedora-clang 0.12.7 193.11 NOTE
r-devel-linux-x86_64-fedora-gcc 0.12.7 181.28 NOTE
r-devel-macos-x86_64-clang 0.12.7 142.10 NOTE
r-devel-windows-ix86+x86_64 0.12.7 91.00 246.00 337.00 NOTE
r-patched-linux-x86_64 0.12.7 24.10 71.43 95.52 NOTE
r-patched-solaris-sparc 0.12.7 811.80 NOTE
r-patched-solaris-x86 0.12.7 181.20 NOTE
r-release-linux-x86_64 0.12.7 24.54 70.64 95.18 NOTE
r-release-osx-x86_64-mavericks 0.12.7 NOTE
r-release-windows-ix86+x86_64 0.12.7 127.00 173.00 300.00 NOTE
r-oldrel-windows-ix86+x86_64 0.12.7 127.00 310.00 437.00 NOTE

Memtest notes: clang-UBSAN

Check Details

Version: 0.12.7
Check: installed package size
Result: NOTE
     installed size is 13.0Mb
     sub-directories of 1Mb or more:
     doc 1.7Mb
     include 6.2Mb
     libs 3.5Mb
Flavors: r-devel-linux-x86_64-debian-clang, r-devel-linux-x86_64-debian-gcc, r-devel-linux-x86_64-fedora-clang, r-devel-linux-x86_64-fedora-gcc, r-devel-macos-x86_64-clang, r-devel-windows-ix86+x86_64, r-patched-linux-x86_64, r-patched-solaris-sparc, r-patched-solaris-x86, r-release-linux-x86_64, r-release-osx-x86_64-mavericks, r-release-windows-ix86+x86_64, r-oldrel-windows-ix86+x86_64

Version: 0.12.7
Check: foreign function calls
Result: NOTE
    Registration problem:
     symbol ‘symbol’ in the local frame:
     .Call(symbol)
    See chapter ‘System and foreign language interfaces’ in the ‘Writing R
    Extensions’ manual.
Flavor: r-devel-linux-x86_64-fedora-clang

Version: 0.12.7
Check: re-building of vignette outputs
Result: NOTE
    Error in re-building vignettes:
     ...
    Warning in grepl("(Rerun to get|biblatex.*\\(re\\)run)", readLines(log, :
     input string 382 is invalid in this locale
    Error in texi2dvi(file = file, pdf = TRUE, clean = clean, quiet = quiet, :
     Running 'texi2dvi' on 'Rcpp-introduction.tex' failed.
    LaTeX errors:
    ! LaTeX Error: Missing \begin{document}.
    
    See the LaTeX manual or LaTeX Companion for explanation.
    Type H <return> for immediate help.
     ...
    ! Missing $ inserted.
    <inserted text>
     $
    l.16 ...<d1><d7>P<0b><0b><0b><f1>x^^\<b6><84>s<ee><f3><f9><88>(^^Z<8d><c2>0^^L6<bd>SνS<ae>ZN9y=<f6>^
     6<9b>=<9e>y^^\^^DкO|t<ca><f7><de>A5<e7><fe><91><cd>f...
    ! Extra }, or forgotten $.
    l.16 ...y^^\^^DкO|t<ca><f7><de>A5<e7><fe><91><cd>f9<e7>/<bc><f0>B(^^Tr^^\gjjj`}
     <b8>^^?^^L<b9><f7>^^X^^P<80>1ƾ<ff><fe><fb>7<de>x<83>...
    I've deleted a group-closing symbol because it seems to be
    spurious, as in `$x}$'. But perhaps the } is legitimate and
    ! Please use \mathaccent for accents in math mode.
    \add@accent ...@spacefactor \spacefactor }\accent
    
    Calls: buildVignettes -> texi2pdf -> texi2dvi
    Execution halted
Flavor: r-release-osx-x86_64-mavericks