CRAN Package Check Results for Package Rcpp

Last updated on 2014-08-21 22:47:19.

Flavor Version Tinstall Tcheck Ttotal Status Flags
r-devel-linux-x86_64-debian-clang 0.11.2 18.50 83.25 101.75 NOTE
r-devel-linux-x86_64-debian-gcc 0.11.2 22.46 86.72 109.17 NOTE
r-devel-linux-x86_64-fedora-clang 0.11.2 242.67 NOTE
r-devel-linux-x86_64-fedora-gcc 0.11.2 221.78 NOTE
r-devel-osx-x86_64-clang 0.11.2 224.82 NOTE
r-devel-windows-ix86+x86_64 0.11.2 73.00 186.00 259.00 NOTE
r-patched-linux-x86_64 0.11.2 23.04 87.23 110.27 NOTE
r-patched-solaris-sparc 0.11.2 1363.00 NOTE
r-patched-solaris-x86 0.11.2 252.90 NOTE
r-release-linux-ix86 0.11.2 29.34 119.21 148.56 NOTE
r-release-linux-x86_64 0.11.2 23.29 89.25 112.54 NOTE
r-release-osx-x86_64-mavericks 0.11.2 NOTE
r-release-osx-x86_64-snowleopard 0.11.2 NOTE
r-release-windows-ix86+x86_64 0.11.2 88.00 183.00 271.00 NOTE
r-oldrel-windows-ix86+x86_64 0.11.2 47.00 164.00 211.00 NOTE

Memtest notes: UBSAN

Check Details

Version: 0.11.2
Check: installed package size
Result: NOTE
     installed size is 12.1Mb
     sub-directories of 1Mb or more:
     doc 1.6Mb
     include 6.7Mb
     libs 2.5Mb
Flavors: r-devel-linux-x86_64-debian-clang, r-devel-linux-x86_64-debian-gcc, r-devel-linux-x86_64-fedora-clang, r-devel-linux-x86_64-fedora-gcc, r-devel-osx-x86_64-clang, r-devel-windows-ix86+x86_64, r-patched-linux-x86_64, r-patched-solaris-sparc, r-patched-solaris-x86, r-release-linux-ix86, r-release-linux-x86_64, r-release-osx-x86_64-mavericks, r-release-osx-x86_64-snowleopard, r-release-windows-ix86+x86_64, r-oldrel-windows-ix86+x86_64

Version: 0.11.2
Check: foreign function calls
Result: NOTE
    Registration problem:
     symbol ‘symbol’ in the local frame:
     .Call(symbol)
    See the chapter ‘System and foreign language interfaces’ of the
    ‘Writing R Extensions’ manual.
Flavor: r-devel-linux-x86_64-fedora-clang

Version: 0.11.2
Check: R code for possible problems
Result: NOTE
    test: no visible global function definition for ‘defineTestSuite’
    test: no visible global function definition for ‘runTestSuite’
    test: no visible global function definition for ‘printTextProtocol’
Flavors: r-devel-linux-x86_64-fedora-clang, r-devel-linux-x86_64-fedora-gcc, r-devel-osx-x86_64-clang

Version: 0.11.2
Check: re-building of vignette outputs
Result: NOTE
    Error in re-building vignettes:
     ...
    Loading required package: inline
    Loading required package: highlight
    
    Attaching package: ‘Rcpp’
    
    The following object is masked from ‘package:inline’:
    
     registerPlugin
    
    Error in texi2dvi(file = file, pdf = TRUE, clean = clean, quiet = quiet, :
     Running 'texi2dvi' on 'Rcpp-FAQ.tex' failed.
    LaTeX errors:
    ! LaTeX Error: File `vmargin.sty' not found.
    
    Type X to quit or <RETURN> to proceed,
    or enter new name. (Default extension: sty)
    
    st/Rcpp/vignettes/Rcpp-FAQ.tex:381: ==> Fatal error occurred, no output PDF fi
    le produced!
    Calls: buildVignettes -> texi2pdf -> texi2dvi
    Execution halted
Flavor: r-release-osx-x86_64-mavericks