CRAN Package Check Results for Package Rcpp

Last updated on 2016-06-28 06:47:16.

Flavor Version Tinstall Tcheck Ttotal Status Flags
r-devel-linux-x86_64-debian-gcc 0.12.5 29.44 76.00 105.44 NOTE
r-devel-linux-x86_64-fedora-clang 0.12.5 186.51 NOTE
r-devel-linux-x86_64-fedora-gcc 0.12.5 165.87 NOTE
r-devel-osx-x86_64-clang 0.12.5 143.12 NOTE
r-devel-windows-ix86+x86_64 0.12.5 128.00 234.00 362.00 NOTE
r-patched-linux-x86_64 0.12.5 24.71 70.59 95.30 NOTE
r-patched-solaris-sparc 0.12.5 899.90 NOTE
r-patched-solaris-x86 0.12.5 192.70 NOTE
r-release-linux-x86_64 0.12.5 22.83 69.84 92.67 NOTE
r-release-osx-x86_64-mavericks 0.12.5 NOTE
r-release-windows-ix86+x86_64 0.12.5 119.00 245.00 364.00 NOTE
r-oldrel-windows-ix86+x86_64 0.12.5 112.00 308.00 420.00 NOTE

Memtest notes: clang-UBSAN

Check Details

Version: 0.12.5
Check: installed package size
Result: NOTE
     installed size is 13.2Mb
     sub-directories of 1Mb or more:
     doc 1.7Mb
     include 6.2Mb
     libs 3.8Mb
Flavors: r-devel-linux-x86_64-debian-gcc, r-devel-linux-x86_64-fedora-clang, r-devel-linux-x86_64-fedora-gcc, r-devel-osx-x86_64-clang, r-devel-windows-ix86+x86_64, r-patched-linux-x86_64, r-patched-solaris-sparc, r-patched-solaris-x86, r-release-linux-x86_64, r-release-osx-x86_64-mavericks, r-release-windows-ix86+x86_64, r-oldrel-windows-ix86+x86_64

Version: 0.12.5
Check: foreign function calls
Result: NOTE
    Registration problem:
     symbol ‘symbol’ in the local frame:
     .Call(symbol)
    See chapter ‘System and foreign language interfaces’ in the ‘Writing R
    Extensions’ manual.
Flavor: r-devel-linux-x86_64-fedora-clang

Version: 0.12.5
Check: re-building of vignette outputs
Result: NOTE
    Error in re-building vignettes:
     ...
     input string 356 is invalid in this locale
    Warning in grepl("(Rerun to get|biblatex.*\\(re\\)run)", readLines(log, :
     input string 364 is invalid in this locale
    Warning in grepl("(Rerun to get|biblatex.*\\(re\\)run)", readLines(log, :
     input string 365 is invalid in this locale
    Warning in grepl("(Rerun to get|biblatex.*\\(re\\)run)", readLines(log, :
     input string 373 is invalid in this locale
    Error in texi2dvi(file = file, pdf = TRUE, clean = clean, quiet = quiet, :
     Running 'texi2dvi' on 'Rcpp-introduction.tex' failed.
    LaTeX errors:
    ! Undefined control sequence.
    l.15 ...<ae><83>w8<e7><9c><f3><8f>><fa><e8><cb>/<bf><bc>y<f3><e6><cc>̌<a6>i<b6>m<cf><cf>Ͽ<f6><da>k^^X<9c><ae><eb><f1>x\<d3>
     4"<9a><9e><9e><c6>+<f1>xܶ<ed><a9><a9>)۶^^Yc<9c><f3><ef><bf><ff>...
    The control sequence at the end of the top line
    of your error message was never \def'ed. If you have
    ! Undefined control sequence.
    l.16 ...<e1>Z<ad>^^V<8b><c5>ȓ<c8><c3>.ڎ<f9>h~<8f>s<9e>N<a7>5MC$mY<96>a^^X<86>aH<d9>08\K
     <a5>^^R<e7><dc>0^^L<a4><e1><81>@<c0>u]<9f>χƚ<a6><a5><d3><e9>...
    The control sequence at the end of the top line
    of your error message was never \def'ed. If you have
    ! Undefined control sequence.
    l.20 ...b^^O<8e><e3>0<c6>,<cb><f2><fb><fd>KKK<88>c<f0>(<93>ɠ<9a>d<db>v<a1>P<f0><fb><fd><8b><8b><8b><8c>1!D<b9>\<ae>
     T*<f1>x<9c><88>B<a1>^
    Calls: buildVignettes -> texi2pdf -> texi2dvi
    Execution halted
Flavor: r-release-osx-x86_64-mavericks