CRAN Package Check Results for Package Rcpp

Last updated on 2018-06-25 06:47:17 CEST.

Flavor Version Tinstall Tcheck Ttotal Status Flags
r-devel-linux-x86_64-debian-clang 0.12.17 49.12 223.20 272.32 NOTE
r-devel-linux-x86_64-debian-gcc 0.12.17 29.42 194.81 224.23 NOTE
r-devel-linux-x86_64-fedora-clang 0.12.17 376.66 NOTE
r-devel-linux-x86_64-fedora-gcc 0.12.17 356.83 NOTE
r-devel-windows-ix86+x86_64 0.12.17 141.00 365.00 506.00 NOTE
r-patched-linux-x86_64 0.12.17 46.14 246.76 292.90 NOTE
r-patched-solaris-x86 0.12.17 205.00 NOTE
r-release-linux-x86_64 0.12.17 50.69 245.64 296.33 NOTE
r-release-windows-ix86+x86_64 0.12.17 132.00 373.00 505.00 NOTE
r-release-osx-x86_64 0.12.17 NOTE
r-oldrel-windows-ix86+x86_64 0.12.17 138.00 319.00 457.00 NOTE
r-oldrel-osx-x86_64 0.12.17 NOTE

Additional issues

clang-UBSAN

Check Details

Version: 0.12.17
Check: foreign function calls
Result: NOTE
    Registration problem:
     symbol ‘symbol’ in the local frame:
     .Call(symbol)
    See chapter ‘System and foreign language interfaces’ in the ‘Writing R
    Extensions’ manual.
Flavors: r-devel-linux-x86_64-debian-clang, r-devel-linux-x86_64-debian-gcc, r-devel-linux-x86_64-fedora-clang, r-devel-linux-x86_64-fedora-gcc, r-patched-linux-x86_64, r-release-linux-x86_64

Version: 0.12.17
Check: installed package size
Result: NOTE
     installed size is 15.0Mb
     sub-directories of 1Mb or more:
     doc 2.7Mb
     include 6.4Mb
     libs 4.0Mb
Flavors: r-devel-linux-x86_64-fedora-clang, r-devel-windows-ix86+x86_64, r-patched-solaris-x86, r-release-windows-ix86+x86_64, r-release-osx-x86_64, r-oldrel-windows-ix86+x86_64, r-oldrel-osx-x86_64