CRAN Package Check Results for Package Rcpp

Last updated on 2018-08-19 19:46:56 CEST.

Flavor Version Tinstall Tcheck Ttotal Status Flags
r-devel-linux-x86_64-debian-clang 0.12.18 46.49 254.61 301.10 NOTE
r-devel-linux-x86_64-debian-gcc 0.12.18 35.28 203.14 238.42 NOTE
r-devel-linux-x86_64-fedora-clang 0.12.18 372.88 NOTE
r-devel-linux-x86_64-fedora-gcc 0.12.18 367.23 NOTE
r-devel-windows-ix86+x86_64 0.12.18 138.00 452.00 590.00 NOTE
r-patched-linux-x86_64 0.12.18 49.11 251.97 301.08 NOTE
r-patched-solaris-x86 0.12.18 204.60 NOTE
r-release-linux-x86_64 0.12.18 51.55 251.05 302.60 NOTE
r-release-windows-ix86+x86_64 0.12.18 145.00 427.00 572.00 NOTE
r-release-osx-x86_64 0.12.18 NOTE
r-oldrel-windows-ix86+x86_64 0.12.18 99.00 446.00 545.00 NOTE
r-oldrel-osx-x86_64 0.12.18 NOTE

Additional issues

clang-UBSAN

Check Details

Version: 0.12.18
Check: foreign function calls
Result: NOTE
    Registration problem:
     symbol ‘symbol’ in the local frame:
     .Call(symbol)
    See chapter ‘System and foreign language interfaces’ in the ‘Writing R
    Extensions’ manual.
Flavors: r-devel-linux-x86_64-debian-clang, r-devel-linux-x86_64-debian-gcc, r-devel-linux-x86_64-fedora-clang, r-devel-linux-x86_64-fedora-gcc, r-patched-linux-x86_64, r-release-linux-x86_64

Version: 0.12.18
Check: installed package size
Result: NOTE
     installed size is 15.2Mb
     sub-directories of 1Mb or more:
     doc 2.7Mb
     include 6.4Mb
     libs 4.2Mb
Flavors: r-devel-linux-x86_64-fedora-clang, r-devel-windows-ix86+x86_64, r-patched-solaris-x86, r-release-windows-ix86+x86_64, r-release-osx-x86_64, r-oldrel-windows-ix86+x86_64, r-oldrel-osx-x86_64