CRAN Package Check Results for Package Rcpp

Last updated on 2019-09-23 15:47:14 CEST.

Flavor Version Tinstall Tcheck Ttotal Status Flags
r-devel-linux-x86_64-debian-clang 1.0.2 51.42 339.27 390.69 OK
r-devel-linux-x86_64-debian-gcc 1.0.2 31.17 248.02 279.19 OK
r-devel-linux-x86_64-fedora-clang 1.0.2 519.18 NOTE
r-devel-linux-x86_64-fedora-gcc 1.0.2 490.06 NOTE
r-devel-windows-ix86+x86_64 1.0.2 144.00 564.00 708.00 NOTE
r-patched-linux-x86_64 1.0.2 45.03 310.80 355.83 OK
r-patched-solaris-x86 1.0.2 389.90 NOTE
r-release-linux-x86_64 1.0.2 46.34 310.62 356.96 OK
r-release-windows-ix86+x86_64 1.0.2 160.00 587.00 747.00 NOTE
r-release-osx-x86_64 1.0.2 NOTE
r-oldrel-windows-ix86+x86_64 1.0.2 110.00 411.00 521.00 NOTE
r-oldrel-osx-x86_64 1.0.2 NOTE

Additional issues

gcc-UBSAN

Check Details

Version: 1.0.2
Check: installed package size
Result: NOTE
     installed size is 15.9Mb
     sub-directories of 1Mb or more:
     doc 2.7Mb
     include 6.4Mb
     libs 4.8Mb
Flavors: r-devel-linux-x86_64-fedora-clang, r-devel-windows-ix86+x86_64, r-patched-solaris-x86, r-release-windows-ix86+x86_64, r-release-osx-x86_64, r-oldrel-windows-ix86+x86_64, r-oldrel-osx-x86_64

Version: 1.0.2
Check: foreign function calls
Result: NOTE
    Registration problem:
     symbol ‘symbol’ in the local frame:
     .Call(symbol)
    See chapter ‘System and foreign language interfaces’ in the ‘Writing R
    Extensions’ manual.
Flavors: r-devel-linux-x86_64-fedora-clang, r-devel-linux-x86_64-fedora-gcc