CRAN Package Check Results for Package Rcpp

Last updated on 2014-11-23 03:48:07.

Flavor Version Tinstall Tcheck Ttotal Status Flags
r-devel-linux-x86_64-debian-clang 0.11.3 19.74 90.14 109.88 NOTE
r-devel-linux-x86_64-debian-gcc 0.11.3 24.34 91.25 115.59 NOTE
r-devel-linux-x86_64-fedora-clang 0.11.3 238.33 NOTE
r-devel-linux-x86_64-fedora-gcc 0.11.3 206.30 NOTE
r-devel-osx-x86_64-clang 0.11.3 214.82 NOTE
r-devel-windows-ix86+x86_64 0.11.3 72.00 175.00 247.00 NOTE
r-patched-linux-x86_64 0.11.3 22.77 95.36 118.13 NOTE
r-patched-solaris-sparc 0.11.3 1260.50 NOTE
r-patched-solaris-x86 0.11.3 260.30 NOTE
r-release-linux-ix86 0.11.3 28.06 115.45 143.51 NOTE
r-release-linux-x86_64 0.11.3 24.80 93.76 118.56 NOTE
r-release-osx-x86_64-mavericks 0.11.3 NOTE
r-release-osx-x86_64-snowleopard 0.11.3 NOTE
r-release-windows-ix86+x86_64 0.11.3 74.00 183.00 257.00 NOTE
r-oldrel-windows-ix86+x86_64 0.11.3 58.00 183.00 241.00 NOTE

Memtest notes: UBSAN

Check Details

Version: 0.11.3
Check: installed package size
Result: NOTE
     installed size is 12.1Mb
     sub-directories of 1Mb or more:
     doc 1.6Mb
     include 6.0Mb
     libs 3.1Mb
Flavors: r-devel-linux-x86_64-debian-clang, r-devel-linux-x86_64-debian-gcc, r-devel-linux-x86_64-fedora-clang, r-devel-linux-x86_64-fedora-gcc, r-devel-osx-x86_64-clang, r-devel-windows-ix86+x86_64, r-patched-linux-x86_64, r-patched-solaris-sparc, r-patched-solaris-x86, r-release-linux-ix86, r-release-linux-x86_64, r-release-osx-x86_64-mavericks, r-release-osx-x86_64-snowleopard, r-release-windows-ix86+x86_64, r-oldrel-windows-ix86+x86_64

Version: 0.11.3
Check: foreign function calls
Result: NOTE
    Registration problem:
     symbol ‘symbol’ in the local frame:
     .Call(symbol)
    See the chapter ‘System and foreign language interfaces’ of the
    ‘Writing R Extensions’ manual.
Flavor: r-devel-linux-x86_64-fedora-clang

Version: 0.11.3
Check: re-building of vignette outputs
Result: NOTE
    Error in re-building vignettes:
     ...
    Loading required package: inline
    Loading required package: highlight
    
    Attaching package: ‘Rcpp’
    
    The following object is masked from ‘package:inline’:
    
     registerPlugin
    
    Error in texi2dvi(file = file, pdf = TRUE, clean = clean, quiet = quiet, :
     Running 'texi2dvi' on 'Rcpp-FAQ.tex' failed.
    LaTeX errors:
    ! LaTeX Error: File `vmargin.sty' not found.
    
    Type X to quit or <RETURN> to proceed,
    or enter new name. (Default extension: sty)
    
    st/Rcpp/vignettes/Rcpp-FAQ.tex:381: ==> Fatal error occurred, no output PDF fi
    le produced!
    Calls: buildVignettes -> texi2pdf -> texi2dvi
    Execution halted
Flavor: r-release-osx-x86_64-mavericks