CRAN Package Check Results for Package Rcpp

Last updated on 2019-12-13 10:49:44 CET.

Flavor Version Tinstall Tcheck Ttotal Status Flags
r-devel-linux-x86_64-debian-clang 1.0.3 58.84 66.26 125.10 OK
r-devel-linux-x86_64-debian-gcc 1.0.3 35.41 53.02 88.43 OK
r-devel-linux-x86_64-fedora-clang 1.0.3 176.07 NOTE
r-devel-linux-x86_64-fedora-gcc 1.0.3 181.57 NOTE
r-devel-windows-ix86+x86_64 1.0.3 12.00 6.00 18.00 ERROR
r-devel-windows-ix86+x86_64-gcc8 1.0.3 127.00 186.00 313.00 NOTE
r-patched-linux-x86_64 1.0.3 47.00 62.87 109.87 OK
r-patched-solaris-x86 1.0.3 176.20 NOTE
r-release-linux-x86_64 1.0.3 45.92 62.15 108.07 OK
r-release-windows-ix86+x86_64 1.0.3 146.00 122.00 268.00 NOTE
r-release-osx-x86_64 1.0.3 NOTE
r-oldrel-windows-ix86+x86_64 1.0.3 110.00 110.00 220.00 NOTE
r-oldrel-osx-x86_64 1.0.3 NOTE

Check Details

Version: 1.0.3
Check: installed package size
Result: NOTE
     installed size is 14.2Mb
     sub-directories of 1Mb or more:
     doc 1.0Mb
     include 6.4Mb
     libs 4.8Mb
Flavors: r-devel-linux-x86_64-fedora-clang, r-devel-windows-ix86+x86_64-gcc8, r-patched-solaris-x86, r-release-windows-ix86+x86_64, r-release-osx-x86_64, r-oldrel-windows-ix86+x86_64, r-oldrel-osx-x86_64

Version: 1.0.3
Check: foreign function calls
Result: NOTE
    Registration problem:
     symbol ‘symbol’ in the local frame:
     .Call(symbol)
    See chapter ‘System and foreign language interfaces’ in the ‘Writing R
    Extensions’ manual.
Flavors: r-devel-linux-x86_64-fedora-clang, r-devel-linux-x86_64-fedora-gcc

Version: 1.0.3
Check: whether package can be installed
Result: ERROR
    Installation failed.
Flavor: r-devel-windows-ix86+x86_64