CRAN Package Check Results for Package Rcpp

Last updated on 2019-02-18 09:49:06 CET.

Flavor Version Tinstall Tcheck Ttotal Status Flags
r-devel-linux-x86_64-debian-clang 1.0.0 52.54 385.28 437.82 NOTE
r-devel-linux-x86_64-debian-gcc 1.0.0 34.43 288.66 323.09 NOTE
r-devel-linux-x86_64-fedora-clang 1.0.0 567.90 NOTE
r-devel-linux-x86_64-fedora-gcc 1.0.0 526.15 NOTE
r-devel-windows-ix86+x86_64 1.0.0 120.00 462.00 582.00 NOTE
r-patched-linux-x86_64 1.0.0 45.77 364.40 410.17 OK
r-patched-solaris-x86 1.0.0 312.30 NOTE
r-release-linux-x86_64 1.0.0 OK
r-release-windows-ix86+x86_64 1.0.0 103.00 464.00 567.00 NOTE
r-release-osx-x86_64 1.0.0 NOTE
r-oldrel-windows-ix86+x86_64 1.0.0 104.00 491.00 595.00 NOTE
r-oldrel-osx-x86_64 1.0.0 NOTE

Additional issues

clang-UBSAN gcc-UBSAN

Check Details

Version: 1.0.0
Check: line endings in C/C++/Fortran sources/headers
Result: NOTE
    Found the following sources/headers with CR or CRLF line endings:
     inst/include/Rcpp/sugar/functions/cbind.h
    Some Unix compilers require LF line endings.
Flavors: r-devel-linux-x86_64-debian-clang, r-devel-linux-x86_64-debian-gcc, r-devel-linux-x86_64-fedora-clang, r-devel-linux-x86_64-fedora-gcc, r-devel-windows-ix86+x86_64

Version: 1.0.0
Check: installed package size
Result: NOTE
     installed size is 15.3Mb
     sub-directories of 1Mb or more:
     doc 2.6Mb
     include 6.4Mb
     libs 4.3Mb
Flavors: r-devel-linux-x86_64-fedora-clang, r-devel-windows-ix86+x86_64, r-patched-solaris-x86, r-release-windows-ix86+x86_64, r-release-osx-x86_64, r-oldrel-windows-ix86+x86_64, r-oldrel-osx-x86_64

Version: 1.0.0
Check: foreign function calls
Result: NOTE
    Registration problem:
     symbol ‘symbol’ in the local frame:
     .Call(symbol)
    See chapter ‘System and foreign language interfaces’ in the ‘Writing R
    Extensions’ manual.
Flavors: r-devel-linux-x86_64-fedora-clang, r-devel-linux-x86_64-fedora-gcc