CRAN Package Check Results for Package RcppAlgos

Last updated on 2022-07-06 02:52:36 CEST.

Flavor Version Tinstall Tcheck Ttotal Status Flags
r-devel-linux-x86_64-debian-clang 2.5.3 172.28 152.19 324.47 OK
r-devel-linux-x86_64-debian-gcc 2.5.3 136.50 118.51 255.01 OK
r-devel-linux-x86_64-fedora-clang 2.5.3 474.54 NOTE
r-devel-linux-x86_64-fedora-gcc 2.5.3 401.59 OK
r-devel-windows-x86_64 2.5.3 389.00 249.00 638.00 OK
r-patched-linux-x86_64 2.5.3 142.61 145.23 287.84 OK
r-release-linux-x86_64 2.5.3 147.76 144.72 292.48 OK
r-release-macos-arm64 2.5.3 121.00 NOTE
r-release-macos-x86_64 2.5.3 12.00 ERROR
r-release-windows-x86_64 2.5.3 264.00 261.00 525.00 OK
r-oldrel-macos-arm64 2.5.3 124.00 NOTE
r-oldrel-macos-x86_64 2.5.3 12.00 ERROR
r-oldrel-windows-ix86+x86_64 2.5.3 412.00 346.00 758.00 NOTE

Check Details

Version: 2.5.3
Check: installed package size
Result: NOTE
     installed size is 13.4Mb
     sub-directories of 1Mb or more:
     libs 11.6Mb
Flavors: r-devel-linux-x86_64-fedora-clang, r-release-macos-arm64, r-oldrel-macos-arm64, r-oldrel-windows-ix86+x86_64

Version: 2.5.3
Check: whether package can be installed
Result: ERROR
    Installation failed.
Flavors: r-release-macos-x86_64, r-oldrel-macos-x86_64