Last updated on 2023-03-28 15:55:44 CEST.
Flavor | Version | Tinstall | Tcheck | Ttotal | Status | Flags |
---|---|---|---|---|---|---|
r-devel-linux-x86_64-debian-clang | 0.0.20 | 46.30 | 93.60 | 139.90 | NOTE | |
r-devel-linux-x86_64-debian-gcc | 0.0.20 | 38.35 | 70.13 | 108.48 | NOTE | |
r-devel-linux-x86_64-fedora-clang | 0.0.20 | 201.95 | NOTE | |||
r-devel-linux-x86_64-fedora-gcc | 0.0.20 | 207.91 | NOTE | |||
r-patched-linux-x86_64 | 0.0.20 | 44.52 | 91.19 | 135.71 | NOTE | |
r-release-linux-x86_64 | 0.0.20 | 48.22 | 92.72 | 140.94 | OK | |
r-release-macos-arm64 | 0.0.20 | 61.00 | NOTE | |||
r-release-macos-x86_64 | 0.0.20 | 67.00 | NOTE | |||
r-release-windows-x86_64 | 0.0.20 | 62.00 | 166.00 | 228.00 | OK | |
r-oldrel-macos-arm64 | 0.0.20 | 58.00 | NOTE | |||
r-oldrel-macos-x86_64 | 0.0.20 | 71.00 | NOTE | |||
r-oldrel-windows-ix86+x86_64 | 0.0.20 | 140.00 | 226.00 | 366.00 | OK |
Version: 0.0.20
Check: C++ specification
Result: NOTE
Specified C++11: please drop specification unless essential
Flavors: r-devel-linux-x86_64-debian-clang, r-devel-linux-x86_64-debian-gcc, r-devel-linux-x86_64-fedora-clang, r-devel-linux-x86_64-fedora-gcc, r-patched-linux-x86_64
Version: 0.0.20
Check: installed package size
Result: NOTE
installed size is 6.2Mb
sub-directories of 1Mb or more:
libs 5.9Mb
Flavors: r-release-macos-arm64, r-release-macos-x86_64, r-oldrel-macos-arm64, r-oldrel-macos-x86_64