CRAN Package Check Results for Package RcppArmadillo

Last updated on 2017-10-22 22:49:02.

Flavor Version Tinstall Tcheck Ttotal Status Flags
r-devel-linux-x86_64-debian-clang 0.8.100.1.0 24.36 211.26 235.63 OK
r-devel-linux-x86_64-debian-gcc 0.8.100.1.0 26.58 223.58 250.16 OK
r-devel-linux-x86_64-fedora-clang 0.8.100.1.0 483.08 ERROR
r-devel-linux-x86_64-fedora-gcc 0.8.100.1.0 469.72 WARN
r-devel-windows-ix86+x86_64 0.8.100.1.0 86.00 666.00 752.00 NOTE
r-patched-linux-x86_64 0.8.100.1.0 27.01 201.22 228.23 OK
r-patched-solaris-x86 0.8.100.1.0 341.20 NOTE
r-release-linux-x86_64 0.8.100.1.0 26.11 200.00 226.11 OK
r-release-windows-ix86+x86_64 0.8.100.1.0 120.00 743.00 863.00 NOTE
r-release-osx-x86_64 0.8.100.1.0 NOTE
r-oldrel-windows-ix86+x86_64 0.8.100.1.0 81.00 514.00 595.00 NOTE
r-oldrel-osx-x86_64 0.8.100.1.0 NOTE

Additional issues

clang-ASAN

Check Details

Version: 0.8.100.1.0
Check: installed package size
Result: NOTE
     installed size is 7.4Mb
     sub-directories of 1Mb or more:
     include 5.1Mb
     libs 1.3Mb
Flavors: r-devel-linux-x86_64-fedora-clang, r-devel-linux-x86_64-fedora-gcc, r-devel-windows-ix86+x86_64, r-patched-solaris-x86, r-release-windows-ix86+x86_64, r-release-osx-x86_64, r-oldrel-windows-ix86+x86_64, r-oldrel-osx-x86_64

Version: 0.8.100.1.0
Check: tests
Result: ERROR
     Running ‘doRUnit.R’ [180s/229s]
    Running the tests in ‘tests/doRUnit.R’ failed.
    Complete output:
     > # Copyright (C) 2010 - 2013 Dirk Eddelbuettel, Romain Francois and Douglas Bates
     > # Copyright (C) 2014 - 2017 Dirk Eddelbuettel
     > # Earlier copyrights Gregor Gorjanc, Martin Maechler and Murray Stokely as detailed below
     > #
     > # This file is part of RcppArmadillo.
     > #
     > # RcppArmadillo is free software: you can redistribute it and/or
     > # modify it under the terms of the GNU General Public License as
     > # published by the Free Software Foundation, either version 2 of the
     > # License, or (at your option) any later version.
     > #
     > # RcppArmadillo is distributed in the hope that it will be useful, but
     > # WITHOUT ANY WARRANTY; without even the implied warranty of
     > # MERCHANTABILITY or FITNESS FOR A PARTICULAR PURPOSE. See the GNU
     > # General Public License for more details.
     > #
     > # You should have received a copy of the GNU General Public License
     > # along with RcppArmadillo. If not, see <http://www.gnu.org/licenses/>.
     >
     > ## doRUnit.R --- Run RUnit tests
     > ##
     > ## with credits to package fUtilities in RMetrics
     > ## which credits Gregor Gojanc's example in CRAN package 'gdata'
     > ## as per the R Wiki http://wiki.r-project.org/rwiki/doku.php?id=developers:runit
     > ## and changed further by Martin Maechler
     > ## and more changes by Murray Stokely in HistogramTools
     > ## and then used adapted in RProtoBuf
     > ## and now used in Rcpp and here
     > ##
     > ## Dirk Eddelbuettel, Feb - June 2014
     >
     > if (requireNamespace("RUnit", quietly=TRUE) &&
     + requireNamespace("RcppArmadillo", quietly=TRUE)) {
     +
     + library(RUnit)
     + library(RcppArmadillo)
     +
     + ## Define tests
     + testSuite <- defineTestSuite(name="RcppArmadillo Unit Tests",
     + dirs=system.file("unitTests", package = "RcppArmadillo"),
     + testFuncRegexp = "^[Tt]est.+")
     +
     + Sys.setenv("R_TESTS"="") # without this, we get (or used to get) unit test failures
     +
     + tests <- runTestSuite(testSuite) # run tests
     + printTextProtocol(tests) # print results
     +
     + ## Return success or failure to R CMD CHECK
     + if (getErrors(tests)$nFail > 0) stop("TEST FAILED!")
     + if (getErrors(tests)$nErr > 0) stop("TEST HAD ERRORS!")
     + if (getErrors(tests)$nTestFunc < 1) stop("NO TEST FUNCTIONS RUN!")
     + }
    
    
     Executing test function test.armadillo.as_vector ... done successfully.
    
    
    
     Executing test function test.armadillo.mat.const ... done successfully.
    
    
    
     Executing test function test.armadillo.mat.const.ref ... done successfully.
    
    
    
     Executing test function test.armadillo.mat.plain ... done successfully.
    
    
    
     Executing test function test.armadillo.mat.ref ... done successfully.
    
    
    
     Executing test function test.armadillo.sugar.ctor ... done successfully.
    
    
    
     Executing test function test.armadillo.sugar.matrix.ctor ... done successfully.
    
    
    
     Executing test function test.armadillo.unsigned.as ... done successfully.
    
    
    
     Executing test function test.armadillo.vec.const ... done successfully.
    
    
    
     Executing test function test.armadillo.vec.const.ref ... done successfully.
    
    
    
     Executing test function test.armadillo.vec.plain ... done successfully.
    
    
    
     Executing test function test.armadillo.vec.ref ... done successfully.
    
    
    
     Executing test function test.as.Col ... done successfully.
    
    
    
     Executing test function test.as.Mat ... done successfully.
    
    
    
     Executing test function test.as.Row ... done successfully.
    
    
    
     Executing test function test.cxmat ... done successfully.
    
    
    
     Executing test function test.mtGlue ... done successfully.
    
    
    
     Executing test function test.mtOp ... done successfully.
    
    
    
     Executing test function test.sugar ... done successfully.
    
    
    
     Executing test function test.sugar.cplx ... done successfully.
    
    
    
     Executing test function test.wrap.Glue ... done successfully.
    
    
    
     Executing test function test.wrap.Op ... done successfully.
    
    
    
     Executing test function test.wrap.R ... done successfully.
    
    
    
     Executing test function test.complex ... done successfully.
    
    
    
     Executing test function test.cube ... done successfully.
    
    
    
     Executing test function test.fastLm ... done successfully.
    
    
    
     Executing test function test.fastLm.default ... done successfully.
    
    
    
     Executing test function test.fastLm.formula ... done successfully.
    
    
    
     Executing test function test.summary.fastLm ... done successfully.
    
    
    
     Executing test function test.rmultinom ... Error in rmultinom(n, size, prob) : NA in probability vector
     Error in rmultinomC(n, size, prob) : NAs not allowed in probability
     Error in rmultinom(n, size, prob) : no positive probabilities
     Error in rmultinomC(n, size, prob) : Not enough positive probabilities
     done successfully.
    
    
    
     Executing test function test.randi ... done successfully.
    
    
    
     Executing test function test.randi.seed ... done successfully.
    
    
    
     Executing test function test.randn ... done successfully.
    
    
    
     Executing test function test.randn.seed ... done successfully.
    
    
    
     Executing test function test.randu ... done successfully.
    
    
    
     Executing test function test.randu.seed ... done successfully.
    
    
    
     Executing test function test.sample ... done successfully.
    
    
    
     Executing test function test.coo2dgt ... done successfully.
    
    
    
     Executing test function test.csc2dgc ... done successfully.
    
    
    
     Executing test function test.csr2dgr ... done successfully.
    
    
    
     Executing test function test.other ... Error : Only CSC, COO and CSR matrices from SciPy are supported.
     done successfully.
    
    
    
     Executing test function test.as.sparse ... done successfully.
    
    
    
     Executing test function test.sparse.addition ... done successfully.
    
    
    
     Executing test function test.sparse.fromTriplet ... done successfully.
    
    
    
     Executing test function test.sparse.iterators ... done successfully.
    
    
    
     Executing test function test.sparse.list ... done successfully.
    
    
    
     Executing test function test.sparse.multiplication ... done successfully.
    
    
    
     Executing test function test.sparse.sqrt ... done successfully.
    
    
    
     Executing test function test.sparse.square ... done successfully.
    
    
    
     Executing test function test.sparse.transpose ... done successfully.
    
    
    
     Executing test function test.speye ... done successfully.
    
    
    
     Executing test function test.as.ddi2dgc ... done successfully.
    
    
    
     Executing test function test.as.dgc2dgc ... dimnames(.) <- NULL: translated to
     dimnames(.) <- list(NULL,NULL) <==> unname(.)
     dimnames(.) <- NULL: translated to
     dimnames(.) <- list(NULL,NULL) <==> unname(.)
     done successfully.
    
    
    
     Executing test function test.as.dgr2dgc ... done successfully.
    
    
    
     Executing test function test.as.dgt2dgc ... done successfully.
    
    
    
     Executing test function test.as.dsc2dgc ... done successfully.
    
    
    
     Executing test function test.as.dsr2dgc ... done successfully.
    
    
    
     Executing test function test.as.dst2dgc ... done successfully.
    
    
    
     Executing test function test.as.dtc2dgc ... done successfully.
    
    
    
     Executing test function test.as.dtr2dgc ... done successfully.
    
    
    
     Executing test function test.as.dtt2dgc ... done successfully.
    
    
    
     Executing test function test.as.ind2dgc ... done successfully.
    
    
    
     Executing test function test.as.p2dgc ... done successfully.
    
    
    
     Executing test function test.stop ... *** Error in `/data/gannet/ripley/R/R-clang/bin/exec/R': double free or corruption (fasttop): 0x000000000915f820 ***
     ======= Backtrace: =========
     /lib64/libc.so.6(+0x7c8dc)[0x7f910353f8dc]
     /lib64/libc.so.6(+0x87789)[0x7f910354a789]
     /lib64/libc.so.6(cfree+0x16e)[0x7f91035500ee]
     /tmp/RtmpzWED7s/sourceCpp-x86_64-pc-linux-gnu-0.12.13/sourcecpp_5f6574177c5c/sourceCpp_18.so(_Z29rcpp_exception_to_r_conditionRKN4Rcpp9exceptionE+0x31d)[0x7f90e983931d]
     /tmp/RtmpzWED7s/sourceCpp-x86_64-pc-linux-gnu-0.12.13/sourcecpp_5f6574177c5c/sourceCpp_18.so(sourceCpp_17_asSpMat+0x1de)[0x7f90e983424e]
     /data/gannet/ripley/R/R-clang/bin/exec/R[0x49516d]
     /data/gannet/ripley/R/R-clang/bin/exec/R[0x4977e5]
     /data/gannet/ripley/R/R-clang/bin/exec/R(Rf_eval+0x574)[0x4c82a4]
     /data/gannet/ripley/R/R-clang/bin/exec/R[0x4d87b2]
     /data/gannet/ripley/R/R-clang/bin/exec/R(Rf_eval+0x5f0)[0x4c8320]
     /data/gannet/ripley/R/R-clang/bin/exec/R[0x4d6e40]
     /data/gannet/ripley/R/R-clang/bin/exec/R(Rf_eval+0x3ff)[0x4c812f]
     /data/gannet/ripley/R/R-clang/bin/exec/R[0x4d6e40]
     /data/gannet/ripley/R/R-clang/bin/exec/R[0x4e1337]
     /data/gannet/ripley/R/R-clang/bin/exec/R[0x4cae53]
     /data/gannet/ripley/R/R-clang/bin/exec/R(Rf_eval+0x18e)[0x4c7ebe]
     /data/gannet/ripley/R/R-clang/bin/exec/R[0x4d87b2]
     /data/gannet/ripley/R/R-clang/bin/exec/R(Rf_eval+0x5f0)[0x4c8320]
     /data/gannet/ripley/R/R-clang/bin/exec/R[0x4d6e40]
     /data/gannet/ripley/R/R-clang/bin/exec/R[0x4e1337]
     /data/gannet/ripley/R/R-clang/bin/exec/R[0x4cae53]
     /data/gannet/ripley/R/R-clang/bin/exec/R(Rf_eval+0x18e)[0x4c7ebe]
     /data/gannet/ripley/R/R-clang/bin/exec/R[0x4d6e40]
     /data/gannet/ripley/R/R-clang/bin/exec/R[0x4e1337]
     /data/gannet/ripley/R/R-clang/bin/exec/R[0x4cae53]
     /data/gannet/ripley/R/R-clang/bin/exec/R(Rf_eval+0x18e)[0x4c7ebe]
     /data/gannet/ripley/R/R-clang/bin/exec/R[0x4d6e40]
     /data/gannet/ripley/R/R-clang/bin/exec/R[0x4e1337]
     /data/gannet/ripley/R/R-clang/bin/exec/R[0x4cae53]
     /data/gannet/ripley/R/R-clang/bin/exec/R(Rf_eval+0x18e)[0x4c7ebe]
     /data/gannet/ripley/R/R-clang/bin/exec/R[0x4d6e40]
     /data/gannet/ripley/R/R-clang/bin/exec/R[0x4e1337]
     /data/gannet/ripley/R/R-clang/bin/exec/R[0x4cae53]
     /data/gannet/ripley/R/R-clang/bin/exec/R(Rf_eval+0x18e)[0x4c7ebe]
     /data/gannet/ripley/R/R-clang/bin/exec/R[0x4d6e40]
     /data/gannet/ripley/R/R-clang/bin/exec/R[0x4e1337]
     /data/gannet/ripley/R/R-clang/bin/exec/R[0x4cae53]
     /data/gannet/ripley/R/R-clang/bin/exec/R(Rf_eval+0x18e)[0x4c7ebe]
     /data/gannet/ripley/R/R-clang/bin/exec/R[0x4d87b2]
     /data/gannet/ripley/R/R-clang/bin/exec/R[0x4cc1f1]
     /data/gannet/ripley/R/R-clang/bin/exec/R(Rf_eval+0x18e)[0x4c7ebe]
     /data/gannet/ripley/R/R-clang/bin/exec/R[0x4d87b2]
     /data/gannet/ripley/R/R-clang/bin/exec/R[0x4cc1f1]
     /data/gannet/ripley/R/R-clang/bin/exec/R(Rf_eval+0x18e)[0x4c7ebe]
     /data/gannet/ripley/R/R-clang/bin/exec/R[0x4d87b2]
     /data/gannet/ripley/R/R-clang/bin/exec/R[0x4cc1f1]
     /data/gannet/ripley/R/R-clang/bin/exec/R(Rf_eval+0x18e)[0x4c7ebe]
     /data/gannet/ripley/R/R-clang/bin/exec/R[0x4d87b2]
     /data/gannet/ripley/R/R-clang/bin/exec/R[0x4cc1f1]
     /data/gannet/ripley/R/R-clang/bin/exec/R(Rf_eval+0x18e)[0x4c7ebe]
     /data/gannet/ripley/R/R-clang/bin/exec/R[0x4d87b2]
     /data/gannet/ripley/R/R-clang/bin/exec/R(Rf_eval+0x5f0)[0x4c8320]
     /data/gannet/ripley/R/R-clang/bin/exec/R[0x4d6e40]
     /data/gannet/ripley/R/R-clang/bin/exec/R[0x4e1337]
     /data/gannet/ripley/R/R-clang/bin/exec/R[0x4cae53]
     /data/gannet/ripley/R/R-clang/bin/exec/R(Rf_eval+0x18e)[0x4c7ebe]
     /data/gannet/ripley/R/R-clang/bin/exec/R[0x4d87b2]
     /data/gannet/ripley/R/R-clang/bin/exec/R(Rf_eval+0x5f0)[0x4c8320]
     /data/gannet/ripley/R/R-clang/bin/exec/R[0x4d6f48]
     /data/gannet/ripley/R/R-clang/bin/exec/R(Rf_eval+0x47b)[0x4c81ab]
     /data/gannet/ripley/R/R-clang/bin/exec/R[0x4d9548]
     /data/gannet/ripley/R/R-clang/bin/exec/R(Rf_eval+0x327)[0x4c8057]
     /data/gannet/ripley/R/R-clang/bin/exec/R[0x4daa0f]
     ======= Memory map: ========
     00400000-006a8000 r-xp 00000000 fd:02 3673038 /data/gannet/ripley/R/R-clang/bin/exec/R
     008a7000-008a8000 r--p 002a7000 fd:02 3673038 /data/gannet/ripley/R/R-clang/bin/exec/R
     008a8000-008b3000 rw-p 002a8000 fd:02 3673038 /data/gannet/ripley/R/R-clang/bin/exec/R
     008b3000-00a04000 rw-p 00000000 00:00 0
     01f1d000-0a645000 rw-p 00000000 00:00 0 [heap]
     7f90e9829000-7f90e9856000 r-xp 00000000 00:2b 210944771 /tmp/RtmpzWED7s/sourceCpp-x86_64-pc-linux-gnu-0.12.13/sourcecpp_5f6574177c5c/sourceCpp_18.so
     7f90e9856000-7f90e9a56000 ---p 0002d000 00:2b 210944771 /tmp/RtmpzWED7s/sourceCpp-x86_64-pc-linux-gnu-0.12.13/sourcecpp_5f6574177c5c/sourceCpp_18.so
     7f90e9a56000-7f90e9a57000 r--p 0002d000 00:2b 210944771 /tmp/RtmpzWED7s/sourceCpp-x86_64-pc-linux-gnu-0.12.13/sourcecpp_5f6574177c5c/sourceCpp_18.so
     7f90e9a57000-7f90e9a58000 rw-p 0002e000 00:2b 210944771 /tmp/RtmpzWED7s/sourceCpp-x86_64-pc-linux-gnu-0.12.13/sourcecpp_5f6574177c5c/sourceCpp_18.so
     7f90e9a58000-7f90e9a98000 rw-p 00000000 00:00 0
     7f90e9a98000-7f90e9add000 r-xp 00000000 fd:01 1081351 /usr/lib64/python2.7/site-packages/scipy/sparse/csgraph/_reordering.so
     7f90e9add000-7f90e9cdd000 ---p 00045000 fd:01 1081351 /usr/lib64/python2.7/site-packages/scipy/sparse/csgraph/_reordering.so
     7f90e9cdd000-7f90e9cde000 r--p 00045000 fd:01 1081351 /usr/lib64/python2.7/site-packages/scipy/sparse/csgraph/_reordering.so
     7f90e9cde000-7f90e9ce2000 rw-p 00046000 fd:01 1081351 /usr/lib64/python2.7/site-packages/scipy/sparse/csgraph/_reordering.so
     7f90e9ce2000-7f90e9ce3000 rw-p 00000000 00:00 0
     7f90e9ce3000-7f90e9d0a000 r-xp 00000000 fd:01 1081350 /usr/lib64/python2.7/site-packages/scipy/sparse/csgraph/_min_spanning_tree.so
     7f90e9d0a000-7f90e9f0a000 ---p 00027000 fd:01 1081350 /usr/lib64/python2.7/site-packages/scipy/sparse/csgraph/_min_spanning_tree.so
     7f90e9f0a000-7f90e9f0b000 r--p 00027000 fd:01 1081350 /usr/lib64/python2.7/site-packages/scipy/sparse/csgraph/_min_spanning_tree.so
     7f90e9f0b000-7f90e9f0e000 rw-p 00028000 fd:01 1081350 /usr/lib64/python2.7/site-packages/scipy/sparse/csgraph/_min_spanning_tree.so
     7f90e9f0e000-7f90e9f2f000 r-xp 00000000 fd:01 1081354 /usr/lib64/python2.7/site-packages/scipy/sparse/csgraph/_traversal.so
     7f90e9f2f000-7f90ea12e000 ---p 00021000 fd:01 1081354 /usr/lib64/python2.7/site-packages/scipy/sparse/csgraph/_traversal.so
     7f90ea12e000-7f90ea12f000 r--p 00020000 fd:01 1081354 /usr/lib64/python2.7/site-packages/scipy/sparse/csgraph/_traversal.so
     7f90ea12f000-7f90ea133000 rw-p 00021000 fd:01 1081354 /usr/lib64/python2.7/site-packages/scipy/sparse/csgraph/_traversal.so
     7f90ea133000-7f90ea155000 r-xp 00000000 fd:01 1119423 /usr/lib64/python2.7/site-packages/scipy/sparse/csgraph/_tools.so
     7f90ea155000-7f90ea354000 ---p 00022000 fd:01 1119423 /usr/lib64/python2.7/site-packages/scipy/sparse/csgraph/_tools.so
     7f90ea354000-7f90ea355000 r--p 00021000 fd:01 1119423 /usr/lib64/python2.7/site-packages/scipy/sparse/csgraph/_tools.so
     7f90ea355000-7f90ea358000 rw-p 00022000 fd:01 1119423 /usr/lib64/python2.7/site-packages/scipy/sparse/csgraph/_tools.so
     7f90ea358000-7f90ea359000 rw-p 00000000 00:00 0
     7f90ea359000-7f90ea38e000 r-xp 00000000 fd:01 1081353 /usr/lib64/python2.7/site-packages/scipy/sparse/csgraph/_shortest_path.so
     7f90ea38e000-7f90ea58d000 ---p 00035000 fd:01 1081353 /usr/lib64/python2.7/site-packages/scipy/sparse/csgraph/_shortest_path.so
     7f90ea58d000-7f90ea58e000 r--p 00034000 fd:01 1081353 /usr/lib64/python2.7/site-packages/scipy/sparse/csgraph/_shortest_path.so
     7f90ea58e000-7f90ea593000 rw-p 00035000 fd:01 1081353 /usr/lib64/python2.7/site-packages/scipy/sparse/csgraph/_shortest_path.so
     7f90ea593000-7f90ea594000 rw-p 00000000 00:00 0
     7f90ea594000-7f90ea615000 r-xp 00000000 fd:01 1081338 /usr/lib64/python2.7/site-packages/scipy/sparse/_csparsetools.so
     7f90ea615000-7f90ea815000 ---p 00081000 fd:01 1081338 /usr/lib64/python2.7/site-packages/scipy/sparse/_csparsetools.so
     7f90ea815000-7f90ea816000 r--p 00081000 fd:01 1081338 /usr/lib64/python2.7/site-packages/scipy/sparse/_csparsetools.so
     7f90ea816000-7f90ea81b000 rw-p 00082000 fd:01 1081338 /usr/lib64/python2.7/site-packages/scipy/sparse/_csparsetools.so
     7f90ea81b000-7f90ea85b000 rw-p 00000000 00:00 0
     7f90ea85b000-7f90eab44000 r-xp 00000000 fd:01 1124146 /usr/lib64/python2.7/site-packages/scipy/sparse/_sparsetools.so
     7f90eab44000-7f90ead44000 ---p 002e9000 fd:01 1124146 /usr/lib64/python2.7/site-packages/scipy/sparse/_sparsetools.so
     7f90ead44000-7f90ead49000 r--p 002e9000 fd:01 1124146 /usr/lib64/python2.7/site-packages/scipy/sparse/_sparsetools.so
     7f90ead49000-7f90ead4a000 rw-p 002ee000 fd:01 1124146 /usr/lib64/python2.7/site-packages/scipy/sparse/_sparsetools.so
     7f90ead4a000-7f90ead59000 r-xp 00000000 fd:01 1124098 /usr/lib64/python2.7/site-packages/scipy/_lib/_ccallback_c.so
     7f90ead59000-7f90eaf58000 ---p 0000f000 fd:01 1124098 /usr/lib64/python2.7/site-packages/scipy/_lib/_ccallback_c.so
     7f90eaf58000-7f90eaf59000 r--p 0000e000 fd:01 1124098 /usr/lib64/python2.7/site-packages/scipy/_lib/_ccallback_c.so
     7f90eaf59000-7f90eaf5a000 rw-p 0000f000 fd:01 1124098 /usr/lib64/python2.7/site-packages/scipy/_lib/_ccallback_c.so
     7f90eaf5a000-7f90eafda000 rw-p 00000000 00:00 0
     7f90eafda000-7f90eafdb000 ---p 00000000 00:00 0
     7f90eafdb000-7f90eb81b000 rw-p 00000000 00:00 0
     7f90eb81b000-7f90eb8c9000 r-xp 00000000 fd:01 935828 /usr/lib64/python2.7/site-packages/numpy/random/mtrand.so
     7f90eb8c9000-7f90ebac8000 ---p 000ae000 fd:01 935828 /usr/lib64/python2.7/site-packages/numpy/random/mtrand.so
     7f90ebac8000-7f90ebac9000 r--p 000ad000 fd:01 935828 /usr/lib64/python2.7/site-packages/numpy/random/mtrand.so
     7f90ebac9000-7f90ebaed000 rw-p 000ae000 fd:01 935828 /usr/lib64/python2.7/site-packages/numpy/random/mtrand.so
     7f90ebaed000-7f90ebb6e000 rw-p 00000000 00:00 0
     7f90ebb6e000-7f90ebb77000 r-xp 00000000 fd:01 935648 /usr/lib64/python2.7/site-packages/numpy/fft/fftpack_lite.so
     7f90ebb77000-7f90ebd76000 ---p 00009000 fd:01 935648 /usr/lib64/python2.7/site-packages/numpy/fft/fftpack_lite.so
     7f90ebd76000-7f90ebd77000 r--p 00008000 fd:01 935648 /usr/lib64/python2.7/site-packages/numpy/fft/fftpack_lite.so
     7f90ebd77000-7f90ebd78000 rw-p 00009000 fd:01 935648 /usr/lib64/python2.7/site-packages/numpy/fft/fftpack_lite.so
     7f90ebd78000-7f90ebd79000 r-xp 00000000 fd:01 852503 /usr/lib64/python2.7/lib-dynload/future_builtins.so
     7f90ebd79000-7f90ebf78000 ---p 00001000 fd:01 852503 /usr/lib64/python2.7/lib-dynload/future_builtins.so
     7f90ebf78000-7f90ebf79000 r--p 00000000 fd:01 852503 /usr/lib64/python2.7/lib-dynload/future_builtins.so
     7f90ebf79000-7f90ebf7a000 rw-p 00001000 fd:01 852503 /usr/lib64/python2.7/lib-dynload/future_builtins.so
     7f90ebf7a000-7f90ebfba000 rw-p 00000000 00:00 0
     7f90ebfba000-7f90ebfda000 r-xp 00000000 fd:01 935706 /usr/lib64/python2.7/site-packages/numpy/linalg/_umath_linalg.so
     7f90ebfda000-7f90ec1d9000 ---p 00020000 fd:01 935706 /usr/lib64/python2.7/site-packages/numpy/linalg/_umath_linalg.so
     7f90ec1d9000-7f90ec1da000 r--p 0001f000 fd:01 935706 /usr/lib64/python2.7/site-packages/numpy/linalg/_umath_linalg.so
     7f90ec1da000-7f90ec1db000 rw-p 00020000 fd:01 935706 /usr/lib64/python2.7/site-packages/numpy/linalg/_umath_linalg.so
     7f90ec1db000-7f90ec1de000 r-xp 00000000 fd:01 935708 /usr/lib64/python2.7/site-packages/numpy/linalg/lapack_lite.so
     7f90ec1de000-7f90ec3de000 ---p 00003000 fd:01 935708 /usr/lib64/python2.7/site-packages/numpy/linalg/lapack_lite.so
     7f90ec3de000-7f90ec3df000 r--p 00003000 fd:01 935708 /usr/lib64/python2.7/site-packages/numpy/linalg/lapack_lite.so
     7f90ec3df000-7f90ec3e0000 rw-p 00004000 fd:01 935708 /usr/lib64/python2.7/site-packages/numpy/linalg/lapack_lite.so
     7f90ec3e0000-7f90ec460000 rw-p 00000000 00:00 0
     7f90ec460000-7f90ec462000 r-xp 00000000 fd:01 852502 /usr/lib64/python2.7/lib-dynload/fcntlmodule.so
     7f90ec462000-7f90ec662000 ---p 00002000 fd:01 852502 /usr/lib64/python2.7/lib-dynload/fcntlmodule.so
     7f90ec662000-7f90ec663000 r--p 00002000 fd:01 852502 /usr/lib64/python2.7/lib-dynload/fcntlmodule.so
     7f90ec663000-7f90ec664000 rw-p 00003000 fd:01 852502 /usr/lib64/python2.7/lib-dynload/fcntlmodule.so
     7f90ec664000-7f90ec668000 r-xp 00000000 fd:01 850298 /usr/lib64/python2.7/lib-dynload/_randommodule.so
     7f90ec668000-7f90ec867000 ---p 00004000 fd:01 850298 /usr/lib64/python2.7/lib-dynload/_randommodule.so
     7f90ec867000-7f90ec868000 r--p 00003000 fd:01 850298 /usr/lib64/python2.7/lib-dynload/_randommodule.so
     7f90ec868000-7f90ec869000 rw-p 00004000 fd:01 850298 /usr/lib64/python2.7/lib-dynload/_randommodule.so
     7f90ec869000-7f90ec86d000 r-xp 00000000 fd:01 850290 /usr/lib64/python2.7/lib-dynload/_hashlib.so
     7f90ec86d000-7f90eca6c000 ---p 00004000 fd:01 850290 /usr/lib64/python2.7/lib-dynload/_hashlib.so
     7f90eca6c000-7f90eca6d000 r--p 00003000 fd:01 850290 /usr/lib64/python2.7/lib-dynload/_hashlib.so
     7f90eca6d000-7f90eca6e000 rw-p 00004000 fd:01 850290 /usr/lib64/python2.7/lib-dynload/_hashlib.so
     7f90eca6e000-7f90eca70000 r-xp 00000000 fd:01 850903 /usr/lib64/python2.7/lib-dynload/grpmodule.so
     7f90eca70000-7f90ecc6f000 ---p 00002000 fd:01 850903 /usr/lib64/python2.7/lib-dynload/grpmodule.so
     7f90ecc6f000-7f90ecc70000 r--p 00001000 fd:01 850903 /usr/lib64/python2.7/lib-dynload/grpmodule.so
     7f90ecc70000-7f90ecc71000 rw-p 00002000 fd:01 850903 /usr/lib64/python2.7/lib-dynload/grpmodule.so
     7f90ecc71000-7f90ecd31000 rw-p 00000000 00:00 0
     7f90ecd31000-7f90ecd47000 r-xp 00000000 fd:01 852497 /usr/lib64/python2.7/lib-dynload/cPickle.so
     7f90ecd47000-7f90ecf46000 ---p 00016000 fd:01 852497 /usr/lib64/python2.7/lib-dynload/cPickle.so
     7f90ecf46000-7f90ecf47000 r--p 00015000 fd:01 852497 /usr/lib64/python2.7/lib-dynload/cPickle.so
     7f90ecf47000-7f90ecf48000 rw-p 00016000 fd:01 852497 /usr/lib64/python2.7/lib-dynload/cPickle.so
     7f90ecf48000-7f90ecf4f000 r-xp 00000000 fd:01 825588 /usr/lib64/libffi.so.6.0.2
     7f90ecf4f000-7f90ed14e000 ---p 00007000 fd:01 825588 /usr/lib64/libffi.so.6.0.2
     7f90ed14e000-7f90ed14f000 r--p 00006000 fd:01 825588 /usr/lib64/libffi.so.6.0.2
     7f90ed14f000-7f90ed150000 rw-p 00007000 fd:01 825588 /usr/lib64/libffi.so.6.0.2
     7f90ed164000-7f90ed1a4000 rw-p 00000000 00:00 0
     7f90ed1a4000-7f90ed1bd000 r-xp 00000000 fd:01 843277 /usr/lib64/python2.7/lib-dynload/_ctypes.so
     7f90ed1bd000-7f90ed3bd000 ---p 00019000 fd:01 843277 /usr/lib64/python2.7/lib-dynload/_ctypes.so
     7f90ed3bd000-7f90ed3be000 r--p 00019000 fd:01 843277 /usr/lib64/python2.7/lib-dynload/_ctypes.so
     7f90ed3be000-7f90ed3c2000 rw-p 0001a000 fd:01 843277 /usr/lib64/python2.7/lib-dynload/_ctypes.so
     7f90ed3c2000-7f90ed402000 rw-p 00000000 00:00 0
     7f90ed402000-7f90ed407000 r-xp 00000000 fd:01 852495 /usr/lib64/python2.7/lib-dynload/binascii.so
     7f90ed407000-7f90ed606000 ---p 00005000 fd:01 852495 /usr/lib64/python2.7/lib-dynload/binascii.so
     7f90ed606000-7f90ed607000 r--p 00004000 fd:01 852495 /usr/lib64/python2.7/lib-dynload/binascii.so
     7f90ed607000-7f90ed608000 rw-p 00005000 fd:01 852495 /usr/lib64/python2.7/lib-dynload/binascii.so
     7f90ed608000-7f90ed611000 r-xp 00000000 fd:01 850733 /usr/lib64/python2.7/lib-dynload/_struct.so
     7f90ed611000-7f90ed810000 ---p 00009000 fd:01 850733 /usr/lib64/python2.7/lib-dynload/_struct.so
     7f90ed810000-7f90ed811000 r--p 00008000 fd:01 850733 /usr/lib64/python2.7/lib-dynload/_struct.so
     7f90ed811000-7f90ed813000 rw-p 00009000 fd:01 850733 /usr/lib64/python2.7/lib-dynload/_struct.so
     7f90ed813000-7f90ed817000 r-xp 00000000 fd:01 852498 /usr/lib64/python2.7/lib-dynload/cStringIO.so
     7f90ed817000-7f90eda17000 ---p 00004000 fd:01 852498 /usr/lib64/python2.7/lib-dynload/cStringIO.so
     7f90eda17000-7f90eda18000 r--p 00004000 fd:01 852498 /usr/lib64/python2.7/lib-dynload/cStringIO.so
     7f90eda18000-7f90eda19000 rw-p 00005000 fd:01 852498 /usr/lib64/python2.7/lib-dynload/cStringIO.so
     7f90eda19000-7f90edc78000 r-xp 00000000 fd:01 859085 /usr/lib64/libcrypto.so.1.1.0f
     7f90edc78000-7f90ede78000 ---p 0025f000 fd:01 859085 /usr/lib64/libcrypto.so.1.1.0f
     7f90ede78000-7f90ede95000 r--p 0025f000 fd:01 859085 /usr/lib64/libcrypto.so.1.1.0f
     7f90ede95000-7f90edea1000 rw-p 0027c000 fd:01 859085 /usr/lib64/libcrypto.so.1.1.0f
     7f90edea1000-7f90edea4000 rw-p 00000000 00:00 0
     7f90edea4000-7f90edf06000 r-xp 00000000 fd:01 859087 /usr/lib64/libssl.so.1.1.0f
     7f90edf06000-7f90ee106000 ---p 00062000 fd:01 859087 /usr/lib64/libssl.so.1.1.0f
     7f90ee106000-7f90ee10a000 r--p 00062000 fd:01 859087 /usr/lib64/libssl.so.1.1.0f
     7f90ee10a000-7f90ee110000 rw-p 00066000 fd:01 859087 /usr/lib64/libssl.so.1.1.0f
     7f90ee124000-7f90ee164000 rw-p 00000000 00:00 0
     7f90ee164000-7f90ee17a000 r-xp 00000000 fd:01 852494 /usr/lib64/python2.7/lib-dynload/_ssl.so
     7f90ee17a000-7f90ee37a000 ---p 00016000 fd:01 852494 /usr/lib64/python2.7/lib-dynload/_ssl.so
     7f90ee37a000-7f90ee37b000 r--p 00016000 fd:01 852494 /usr/lib64/python2.7/lib-dynload/_ssl.so
     7f90ee37b000-7f90ee37f000 rw-p 00017000 fd:01 852494 /usr/lib64/python2.7/lib-dynload/_ssl.so
     7f90ee37f000-7f90ee396000 r-xp 00000000 fd:01 859098 /usr/lib64/python2.7/lib-dynload/_socketmodule.so
     7f90ee396000-7f90ee595000 ---p 00017000 fd:01 859098 /usr/lib64/python2.7/lib-dynload/_socketmodule.so
     7f90ee595000-7f90ee596000 r--p 00016000 fd:01 859098 /usr/lib64/python2.7/lib-dynload/_socketmodule.so
     7f90ee596000-7f90ee59b000 rw-p 00017000 fd:01 859098 /usr/lib64/python2.7/lib-dynload/_socketmodule.so
     7f90ee59b000-7f90ee5a1000 r-xp 00000000 fd:01 852031 /usr/lib64/python2.7/lib-dynload/stropmodule.so
     7f90ee5a1000-7f90ee7a0000 ---p 00006000 fd:01 852031 /usr/lib64/python2.7/lib-dynload/stropmodule.so
     7f90ee7a0000-7f90ee7a1000 r--p 00005000 fd:01 852031 /usr/lib64/python2.7/lib-dynload/stropmodule.so
     7f90ee7a1000-7f90ee7a3000 rw-p 00006000 fd:01 852031 /usr/lib64/python2.7/lib-dynload/stropmodule.so
     7f90ee7a3000-7f90ee7e3000 rw-p 00000000 00:00 0
     7f90ee7e3000-7f90ee7e6000 r-xp 00000000 fd:01 847634 /usr/lib64/python2.7/lib-dynload/_heapq.so
     7f90ee7e6000-7f90ee9e5000 ---p 00003000 fd:01 847634 /usr/lib64/python2.7/lib-dynload/_heapq.so
     7f90ee9e5000-7f90ee9e6000 r--p 00002000 fd:01 847634 /usr/lib64/python2.7/lib-dynload/_heapq.so
     7f90ee9e6000-7f90ee9e8000 rw-p 00003000 fd:01 847634 /usr/lib64/python2.7/lib-dynload/_heapq.so
     7f90ee9e8000-7f90ee9f3000 r-xp 00000000 fd:01 850911 /usr/lib64/python2.7/lib-dynload/itertoolsmodule.so
     7f90ee9f3000-7f90eebf3000 ---p 0000b000 fd:01 850911 /usr/lib64/python2.7/lib-dynload/itertoolsmodule.so
     7f90eebf3000-7f90eebf4000 r--p 0000b000 fd:01 850911 /usr/lib64/python2.7/lib-dynload/itertoolsmodule.so
     7f90eebf4000-7f90eebf9000 rw-p 0000c000 fd:01 850911 /usr/lib64/python2.7/lib-dynload/itertoolsmodule.so
     7f90eebf9000-7f90eec02000 r-xp 00000000 fd:01 852507 /usr/lib64/python2.7/lib-dynload/operator.so
     7f90eec02000-7f90eee01000 ---p 00009000 fd:01 852507 /usr/lib64/python2.7/lib-dynload/operator.so
     7f90eee01000-7f90eee02000 r--p 00008000 fd:01 852507 /usr/lib64/python2.7/lib-dynload/operator.so
     7f90eee02000-7f90eee04000 rw-p 00009000 fd:01 852507 /usr/lib64/python2.7/lib-dynload/operator.so
     7f90eee04000-7f90eee0c000 r-xp 00000000 fd:01 802799 /usr/lib64/python2.7/lib-dynload/_collectionsmodule.so
     7f90eee0c000-7f90ef00c000 ---p 00008000 fd:01 802799 /usr/lib64/python2.7/lib-dynload/_collectionsmodule.so
     7f90ef00c000-7f90ef00d000 r--p 00008000 fd:01 802799 /usr/lib64/python2.7/lib-dynload/_collectionsmodule.so
     7f90ef00d000-7f90ef00f000 rw-p 00009000 fd:01 802799 /usr/lib64/python2.7/lib-dynload/_collectionsmodule.so
     7f90ef00f000-7f90ef013000 r-xp 00000000 fd:01 844997 /usr/lib64/python2.7/lib-dynload/timemodule.so
     7f90ef013000-7f90ef213000 ---p 00004000 fd:01 844997 /usr/lib64/python2.7/lib-dynload/timemodule.so
     7f90ef213000-7f90ef214000 r--p 00004000 fd:01 844997 /usr/lib64/python2.7/lib-dynload/timemodule.so
     7f90ef214000-7f90ef216000 rw-p 00005000 fd:01 844997 /usr/lib64/python2.7/lib-dynload/timemodule.so
     7f90ef216000-7f90ef256000 rw-p 00000000 00:00 0
     7f90ef256000-7f90ef271000 r-xp 00000000 fd:01 852487 /usr/lib64/python2.7/lib-dynload/_io.so
     7f90ef271000-7f90ef470000 ---p 0001b000 fd:01 852487 /usr/lib64/python2.7/lib-dynload/_io.so
     7f90ef470000-7f90ef471000 r--p 0001a000 fd:01 852487 /usr/lib64/python2.7/lib-dynload/_io.so
     7f90ef471000-7f90ef47a000 rw-p 0001b000 fd:01 852487 /usr/lib64/python2.7/lib-dynload/_io.so
     7f90ef47a000-7f90ef47d000 r-xp 00000000 fd:01 851816 /usr/lib64/python2.7/lib-dynload/_functoolsmodule.so
     7f90ef47d000-7f90ef67c000 ---p 00003000 fd:01 851816 /usr/lib64/python2.7/lib-dynload/_functoolsmodule.so
     7f90ef67c000-7f90ef67d000 r--p 00002000 fd:01 851816 /usr/lib64/python2.7/lib-dynload/_functoolsmodule.so
     7f90ef67d000-7f90ef67e000 rw-p 00003000 fd:01 851816 /usr/lib64/python2.7/lib-dynload/_functoolsmodule.so
     7f90ef67e000-7f90ef7d4000 r-xp 00000000 fd:01 935502 /usr/lib64/python2.7/site-packages/numpy/core/umath.so
     7f90ef7d4000-7f90ef9d3000 ---p 00156000 fd:01 935502 /usr/lib64/python2.7/site-packages/numpy/core/umath.so
     7f90ef9d3000-7f90ef9d5000 r--p 00155000 fd:01 935502 /usr/lib64/python2.7/site-packages/numpy/core/umath.so
     7f90ef9d5000-7f90ef9da000 rw-p 00157000 fd:01 935502 /usr/lib64/python2.7/site-packages/numpy/core/umath.so
     7f90ef9da000-7f90efa1c000 rw-p 00000000 00:00 0
     7f90efa1c000-7f90efa2d000 r-xp 00000000 fd:01 852500 /usr/lib64/python2.7/lib-dynload/datetime.so
     7f90efa2d000-7f90efc2c000 ---p 00011000 fd:01 852500 /usr/lib64/python2.7/lib-dynload/datetime.so
     7f90efc2c000-7f90efc2d000 r--p 00010000 fd:01 852500 /usr/lib64/python2.7/lib-dynload/datetime.so
     7f90efc2d000-7f90efc30000 rw-p 00011000 fd:01 852500 /usr/lib64/python2.7/lib-dynload/datetime.so
     7f90efc30000-7f90efc31000 rw-p 00000000 00:00 0
     7f90efc31000-7f90f07e2000 r-xp 00000000 fd:01 921147 /usr/lib64/atlas/libtatlas.so.3.10
     7f90f07e2000-7f90f09e1000 ---p 00bb1000 fd:01 921147 /usr/lib64/atlas/libtatlas.so.3.10
     7f90f09e1000-7f90f09e7000 r--p 00bb0000 fd:01 921147 /usr/lib64/atlas/libtatlas.so.3.10
     7f90f09e7000-7f90f09ef000 rw-p 00bb6000 fd:01 921147 /usr/lib64/atlas/libtatlas.so.3.10
     7f90f09ef000-7f90f1588000 r-xp 00000000 fd:01 918752 /usr/lib64/atlas/libsatlas.so.3.10
     7f90f1588000-7f90f1787000 ---p 00b99000 fd:01 918752 /usr/lib64/atlas/libsatlas.so.3.10
     7f90f1787000-7f90f178d000 r--p 00b98000 fd:01 918752 /usr/lib64/atlas/libsatlas.so.3.10
     7f90f178d000-7f90f1795000 rw-p 00b9e000 fd:01 918752 /usr/lib64/atlas/libsatlas.so.3.10
     7f90f1795000-7f90f1907000 r-xp 00000000 fd:01 935437 /usr/lib64/python2.7/site-packages/numpy/core/multiarray.so
     7f90f1907000-7f90f1b06000 ---p 00172000 fd:01 935437 /usr/lib64/python2.7/site-packages/numpy/core/multiarray.so
     7f90f1b06000-7f90f1b09000 r--p 00171000 fd:01 935437 /usr/lib64/python2.7/site-packages/numpy/core/multiarray.so
     7f90f1b09000-7f90f1b16000 rw-p 00174000 fd:01 935437 /usr/lib64/python2.7/site-packages/numpy/core/multiarray.so
     7f90f1b16000-7f90f1b28000 rw-p 00000000 00:00 0
     7f90f1b28000-7f90f1b30000 r-xp 00000000 fd:01 852506 /usr/lib64/python2.7/lib-dynload/math.so
     7f90f1b30000-7f90f1d2f000 ---p 00008000 fd:01 852506 /usr/lib64/python2.7/lib-dynload/math.so
     7f90f1d2f000-7f90f1d30000 r--p 00007000 fd:01 852506 /usr/lib64/python2.7/lib-dynload/math.so
     7f90f1d30000-7f90f1d32000 rw-p 00008000 fd:01 852506 /usr/lib64/python2.7/lib-dynload/math.so
     7f90f1d32000-7f90f1db2000 rw-p 00000000 00:00 0
     7f90f1db2000-7f90f1db6000 r-xp 00000000 fd:01 852488 /usr/lib64/python2.7/lib-dynload/_localemodule.so
     7f90f1db6000-7f90f1fb6000 ---p 00004000 fd:01 852488 /usr/lib64/python2.7/lib-dynload/_localemodule.so
     7f90f1fb6000-7f90f1fb7000 r--p 00004000 fd:01 852488 /usr/lib64/python2.7/lib-dynload/_localemodule.so
     7f90f1fb7000-7f90f1fb8000 rw-p 00005000 fd:01 852488 /usr/lib64/python2.7/lib-dynload/_localemodule.so
     7f90f1fb8000-7f90f1ff8000 rw-p 00000000 00:00 0
     7f90f1ff8000-7f90f1ffa000 r-xp 00000000 fd:01 806860 /usr/lib64/libutil-2.25.so
     7f90f1ffa000-7f90f21f9000 ---p 00002000 fd:01 806860 /usr/lib64/libutil-2.25.so
     7f90f21f9000-7f90f21fa000 r--p 00001000 fd:01 806860 /usr/lib64/libutil-2.25.so
     7f90f21fa000-7f90f21fb000 rw-p 00002000 fd:01 806860 /usr/lib64/libutil-2.25.so
     7f90f21fb000-7f90f23df000 r-xp 00000000 fd:01 857920 /usr/lib64/libpython2.7.so.1.0
     7f90f23df000-7f90f25de000 ---p 001e4000 fd:01 857920 /usr/lib64/libpython2.7.so.1.0
     7f90f25de000-7f90f25e2000 r--p 001e3000 fd:01 857920 /usr/lib64/libpython2.7.so.1.0
     7f90f25e2000-7f90f261e000 rw-p 001e7000 fd:01 857920 /usr/lib64/libpython2.7.so.1.0
     7f90f261e000-7f90f663f000 rw-p 00000000 00:00 0
     7f90f663f000-7f90f6687000 r-xp 00000000 fd:02 18889213 /data/gannet/ripley/R/test-clang/reticulate/libs/reticulate.so
     7f90f6687000-7f90f6886000 ---p 00048000 fd:02 18889213 /data/gannet/ripley/R/test-clang/reticulate/libs/reticulate.so
     7f90f6886000-7f90f6888000 r--p 00047000 fd:02 18889213 /data/gannet/ripley/R/test-clang/reticulate/libs/reticulate.so
     7f90f6888000-7f90f6889000 rw-p 00049000 fd:02 18889213 /data/gannet/ripley/R/test-clang/reticulate/libs/reticulate.so
     7f90f6889000-7f90f688a000 rw-p 00000000 00:00 0
     7f90f688a000-7f90f6898000 r-xp 00000000 fd:02 18225217 /data/gannet/ripley/R/test-clang/jsonlite/libs/jsonlite.so
     7f90f6898000-7f90f6a98000 ---p 0000e000 fd:02 18225217 /data/gannet/ripley/R/test-clang/jsonlite/libs/jsonlite.so
     7f90f6a98000-7f90f6a99000 r--p 0000e000 fd:02 18225217 /data/gannet/ripley/R/test-clang/jsonlite/libs/jsonlite.so
     7f90f6a99000-7f90f6a9a000 rw-p 0000f000 fd:02 18225217 /data/gannet/ripley/R/test-clang/jsonlite/libs/jsonlite.so
     7f90f6a9a000-7f90f6b84000 r-xp 00000000 fd:02 3688698 /data/gannet/ripley/R/R-clang/library/Matrix/libs/Matrix.so
     7f90f6b84000-7f90f6d83000 ---p 000ea000 fd:02 3688698 /data/gannet/ripley/R/R-clang/library/Matrix/libs/Matrix.so
     7f90f6d83000-7f90f6d84000 r--p 000e9000 fd:02 3688698 /data/gannet/ripley/R/R-clang/library/Matrix/libs/Matrix.so
     7f90f6d84000-7f90f6d87000 rw-p 000ea000 fd:02 3688698 /data/gannet/ripley/R/R-clang/library/Matrix/libs/Matrix.so
     7f90f6d87000-7f90f6d88000 rw-p 00000000 00:00 0
     7f90f6d88000-7f90f6d8b000 r-xp 00000000 fd:02 3688038 /data/gannet/ripley/R/R-clang/library/lattice/libs/lattice.so
     7f90f6d8b000-7f90f6f8a000 ---p 00003000 fd:02 3688038 /data/gannet/ripley/R/R-clang/library/lattice/libs/lattice.so
     7f90f6f8a000-7f90f6f8b000 r--p 00002000 fd:02 3688038 /data/gannet/ripley/R/R-clang/library/lattice/libs/lattice.so
     7f90f6f8b000-7f90f6f8c000 rw-p 00003000 fd:02 3688038 /data/gannet/ripley/R/R-clang/library/lattice/libs/lattice.so
     7f90f6f8c000-7f90f6fa9000 r-xp 00000000 fd:02 3686874 /data/gannet/ripley/R/R-clang/library/grid/libs/grid.so
     7f90f6fa9000-7f90f71a9000 ---p 0001d000 fd:02 3686874 /data/gannet/ripley/R/R-clang/library/grid/libs/grid.so
     7f90f71a9000-7f90f71aa000 r--p 0001d000 fd:02 3686874 /data/gannet/ripley/R/R-clang/library/grid/libs/grid.so
     7f90f71aa000-7f90f71ab000 rw-p 0001e000 fd:02 3686874 /data/gannet/ripley/R/R-clang/library/grid/libs/grid.so
     7f90f71ab000-7f90f71c8000 r-xp 00000000 00:2b 210947276 /tmp/RtmpzWED7s/sourceCpp-x86_64-pc-linux-gnu-0.12.13/sourcecpp_5f6557b73242/sourceCpp_16.so
     7f90f71c8000-7f90f73c8000 ---p 0001d000 00:2b 210947276 /tmp/RtmpzWED7s/sourceCpp-x86_64-pc-linux-gnu-0.12.13/sourcecpp_5f6557b73242/sourceCpp_16.so
     7f90f73c8000-7f90f73c9000 r--p 0001d000 00:2b 210947276 /tmp/RtmpzWED7s/sourceCpp-x86_64-pc-linux-gnu-0.12.13/sourcecpp_5f6557b73242/sourceCpp_16.so
     7f90f73c9000-7f90f73ca000 rw-p 0001e000 00:2b 210947276 /tmp/RtmpzWED7s/sourceCpp-x86_64-pc-linux-gnu-0.12.13/sourcecpp_5f6557b73242/sourceCpp_16.so
     7f90f73ca000-7f90f73db000 r-xp 00000000 00:2b 210935188 /tmp/RtmpzWED7s/sourceCpp-x86_64-pc-linux-gnu-0.12.13/sourcecpp_5f65a4eb0f6/sourceCpp_14.so
     7f90f73db000-7f90f75db000 ---p 00011000 00:2b 210935188 /tmp/RtmpzWED7s/sourceCpp-x86_64-pc-linux-gnu-0.12.13/sourcecpp_5f65a4eb0f6/sourceCpp_14.so
     7f90f75db000-7f90f75dc000 r--p 00011000 00:2b 210935188 /tmp/RtmpzWED7s/sourceCpp-x86_64-pc-linux-gnu-0.12.13/sourcecpp_5f65a4eb0f6/sourceCpp_14.so
     7f90f75dc000-7f90f75dd000 rw-p 00012000 00:2b 210935188 /tmp/RtmpzWED7s/sourceCpp-x86_64-pc-linux-gnu-0.12.13/sourcecpp_5f65a4eb0f6/sourceCpp_14.so
     7f90f75dd000-7f90f75ef000 r-xp 00000000 00:2b 210915209 /tmp/RtmpzWED7s/sourceCpp-x86_64-pc-linux-gnu-0.12.13/sourcecpp_5f65388cb482/sourceCpp_12.so
     7f90f75ef000-7f90f77ee000 ---p 00012000 00:2b 210915209 /tmp/RtmpzWED7s/sourceCpp-x86_64-pc-linux-gnu-0.12.13/sourcecpp_5f65388cb482/sourceCpp_12.so
     7f90f77ee000-7f90f77ef000 r--p 00011000 00:2b 210915209 /tmp/RtmpzWED7s/sourceCpp-x86_64-pc-linux-gnu-0.12.13/sourcecpp_5f65388cb482/sourceCpp_12.so
     7f90f77ef000-7f90f77f0000 rw-p 00012000 00:2b 210915209 /tmp/RtmpzWED7s/sourceCpp-x86_64-pc-linux-gnu-0.12.13/sourcecpp_5f65388cb482/sourceCpp_12.so
     7f90f77f0000-7f90f77fa000 r-xp 00000000 fd:02 3672859 /data/gannet/ripley/R/R-clang/modules/lapack.so
     7f90f77fa000-7f90f79f9000 ---p 0000a000 fd:02 3672859 /data/gannet/ripley/R/R-clang/modules/lapack.so
     7f90f79f9000-7f90f79fa000 r--p 00009000 fd:02 3672859 /data/gannet/ripley/R/R-clang/modules/lapack.so
     7f90f79fa000-7f90f79fb000 rw-p 0000a000 fd:02 3672859 /data/gannet/ripley/R/R-clang/modules/lapack.so
     7f90f79fb000-7f90f7a19000 r-xp 00000000 00:2b 210924924 /tmp/RtmpzWED7s/sourceCpp-x86_64-pc-linux-gnu-0.12.13/sourcecpp_5f6574e5e1d2/sourceCpp_10.so
     7f90f7a19000-7f90f7c18000 ---p 0001e000 00:2b 210924924 /tmp/RtmpzWED7s/sourceCpp-x86_64-pc-linux-gnu-0.12.13/sourcecpp_5f6574e5e1d2/sourceCpp_10.so
     7f90f7c18000-7f90f7c19000 r--p 0001d000 00:2b 210924924 /tmp/RtmpzWED7s/sourceCpp-x86_64-pc-linux-gnu-0.12.13/sourcecpp_5f6574e5e1d2/sourceCpp_10.so
     7f90f7c19000-7f90f7c1a000 rw-p 0001e000 00:2b 210924924 /tmp/RtmpzWED7s/sourceCpp-x86_64-pc-linux-gnu-0.12.13/sourcecpp_5f6574e5e1d2/sourceCpp_10.so
     7f90f7c1a000-7f90f7c32000 r-xp 00000000 00:2b 210926804 /tmp/RtmpzWED7s/sourceCpp-x86_64-pc-linux-gnu-0.12.13/sourcecpp_5f652424ca08/sourceCpp_8.so
     7f90f7c32000-7f90f7e31000 ---p 00018000 00:2b 210926804 /tmp/RtmpzWED7s/sourceCpp-x86_64-pc-linux-gnu-0.12.13/sourcecpp_5f652424ca08/sourceCpp_8.so
     7f90f7e31000-7f90f7e32000 r--p 00017000 00:2b 210926804 /tmp/RtmpzWED7s/sourceCpp-x86_64-pc-linux-gnu-0.12.13/sourcecpp_5f652424ca08/sourceCpp_8.so
     7f90f7e32000-7f90f7e33000 rw-p 00018000 00:2b 210926804 /tmp/RtmpzWED7s/sourceCpp-x86_64-pc-linux-gnu-0.12.13/sourcecpp_5f652424ca08/sourceCpp_8.so
     7f90f7e33000-7f90f7e41000 r-xp 00000000 00:2b 210920096 /tmp/RtmpzWED7s/sourceCpp-x86_64-pc-linux-gnu-0.12.13/sourcecpp_5f65607d43d2/sourceCpp_6.so
     7f90f7e41000-7f90f8041000 ---p 0000e000 00:2b 210920096 /tmp/RtmpzWED7s/sourceCpp-x86_64-pc-linux-gnu-0.12.13/sourcecpp_5f65607d43d2/sourceCpp_6.so
     7f90f8041000-7f90f8042000 r--p 0000e000 00:2b 210920096 /tmp/RtmpzWED7s/sourceCpp-x86_64-pc-linux-gnu-0.12.13/sourcecpp_5f65607d43d2/sourceCpp_6.so
     7f90f8042000-7f90f8043000 rw-p 0000f000 00:2b 210920096 /tmp/RtmpzWED7s/sourceCpp-x86_64-pc-linux-gnu-0.12.13/sourcecpp_5f65607d43d2/sourceCpp_6.so
     7f90f8043000-7f90f8051000 r-xp 00000000 00:2b 210899758 /tmp/RtmpzWED7s/sourceCpp-x86_64-pc-linux-gnu-0.12.13/sourcecpp_5f654552739f/sourceCpp_4.so
     7f90f8051000-7f90f8251000 ---p 0000e000 00:2b 210899758 /tmp/RtmpzWED7s/sourceCpp-x86_64-pc-linux-gnu-0.12.13/sourcecpp_5f654552739f/sourceCpp_4.so
     7f90f8251000-7f90f8252000 r--p 0000e000 00:2b 210899758 /tmp/RtmpzWED7s/sourceCpp-x86_64-pc-linux-gnu-0.12.13/sourcecpp_5f654552739f/sourceCpp_4.so
     7f90f8252000-7f90f8253000 rw-p 0000f000 00:2b 210899758 /tmp/RtmpzWED7s/sourceCpp-x86_64-pc-linux-gnu-0.12.13/sourcecpp_5f654552739f/sourceCpp_4.so
     7f90f8253000-7f90f8289000 r-xp 00000000 00:2b 210908640 /tmp/RtmpzWED7s/sourceCpp-x86_64-pc-linux-gnu-0.12.13/sourcecpp_5f655e3cd5d8/sourceCpp_2.so
     7f90f8289000-7f90f8489000 ---p 00036000 00:2b 210908640 /tmp/RtmpzWED7s/sourceCpp-x86_64-pc-linux-gnu-0.12.13/sourcecpp_5f655e3cd5d8/sourceCpp_2.so
     7f90f8489000-7f90f848a000 r--p 00036000 00:2b 210908640 /tmp/RtmpzWED7s/sourceCpp-x86_64-pc-linux-gnu-0.12.13/sourcecpp_5f655e3cd5d8/sourceCpp_2.so
     7f90f848a000-7f90f848b000 rw-p 00037000 00:2b 210908640 /tmp/RtmpzWED7s/sourceCpp-x86_64-pc-linux-gnu-0.12.13/sourcecpp_5f655e3cd5d8/sourceCpp_2.so
     7f90f848b000-7f90f8496000 r-xp 00000000 fd:01 805295 /usr/lib64/libnss_files-2.25.so
     7f90f8496000-7f90f8695000 ---p 0000b000 fd:01 805295 /usr/lib64/libnss_files-2.25.so
     7f90f8695000-7f90f8696000 r--p 0000a000 fd:01 805295 /usr/lib64/libnss_files-2.25.so
     7f90f8696000-7f90f8697000 rw-p 0000b000 fd:01 805295 /usr/lib64/libnss_files-2.25.so
     7f90f8697000-7f90f869d000 rw-p 00000000 00:00 0
     7f90f869d000-7f90f869f000 r-xp 00000000 fd:01 789092 /usr/lib64/gconv/ISO8859-1.so
     7f90f869f000-7f90f889e000 ---p 00002000 fd:01 789092 /usr/lib64/gconv/ISO8859-1.so
     7f90f889e000-7f90f889f000 r--p 00001000 fd:01 789092 /usr/lib64/gconv/ISO8859-1.so
     7f90f889f000-7f90f88a0000 rw-p 00002000 fd:01 789092 /usr/lib64/gconv/ISO8859-1.so
     7f90f88a0000-7f90f88b4000 r-xp 00000000 fd:02 3684078 /data/gannet/ripley/R/R-clang/library/tools/libs/tools.so
     7f90f88b4000-7f90f8ab4000 ---p 00014000 fd:02 3684078 /data/gannet/ripley/R/R-clang/library/tools/libs/tools.so
     7f90f8ab4000-7f90f8ab5000 r--p 00014000 fd:02 3684078 /data/gannet/ripley/R/R-clang/library/tools/libs/tools.so
     7f90f8ab5000-7f90f8ab6000 rw-p 00015000 fd:02 3684078 /data/gannet/ripley/R/R-clang/library/tools/libs/tools.so
     7f90f8ab6000-7f90f8adc000 r-xp 00000000 fd:02 27422016 /data/gannet/ripley/R/packages/tests-clang/RcppArmadillo.Rcheck/RcppArmadillo/libs/RcppArmadillo.so
     7f90f8adc000-7f90f8cdc000 ---p 00026000 fd:02 27422016 /data/gannet/ripley/R/packages/tests-clang/RcppArmadillo.Rcheck/RcppArmadillo/libs/RcppArmadillo.so
     7f90f8cdc000-7f90f8cdd000 r--p 00026000 fd:02 27422016 /data/gannet/ripley/R/packages/tests-clang/RcppArmadillo.Rcheck/RcppArmadillo/libs/RcppArmadillo.so
     7f90f8cdd000-7f90f8cde000 rw-p 00027000 fd:02 27422016 /data/gannet/ripley/R/packages/tests-clang/RcppArmadillo.Rcheck/RcppArmadillo/libs/RcppArmadillo.so
     7f90f8cde000-7f90f8d05000 r-xp 00000000 fd:01 1445459 /usr/local/lib/libc++abi.so.1.0
     7f90f8d05000-7f90f8f04000 ---p 00027000 fd:01 1445459 /usr/local/lib/libc++abi.so.1.0
     7f90f8f04000-7f90f8f06000 r--p 00026000 fd:01 1445459 /usr/local/lib/libc++abi.so.1.0
     7f90f8f06000-7f90f8f07000 rw-p 00028000 fd:01 1445459 /usr/local/lib/libc++abi.so.1.0
     7f90f8f07000-7f90f8fb3000 r-xp 00000000 fd:01 1445462 /usr/local/lib/libc++.so.1.0
     7f90f8fb3000-7f90f91b3000 ---p 000ac000 fd:01 1445462 /usr/local/lib/libc++.so.1.0
     7f90f91b3000-7f90f91b8000 r--p 000ac000 fd:01 1445462 /usr/local/lib/libc++.so.1.0
     7f90f91b8000-7f90f91ba000 rw-p 000b1000 fd:01 1445462 /usr/local/lib/libc++.so.1.0
     7f90f91ba000-7f90f91bd000 rw-p 00000000 00:00 0
     7f90f91bd000-7f90f9231000 r-xp 00000000 fd:02 16923897 /data/gannet/ripley/R/test-clang/Rcpp/libs/Rcpp.so
     7f90f9231000-7f90f9430000 ---p 00074000 fd:02 16923897 /data/gannet/ripley/R/test-clang/Rcpp/libs/Rcpp.so
     7f90f9430000-7f90f9432000 r--p 00073000 fd:02 16923897 /data/gannet/ripley/R/test-clang/Rcpp/libs/Rcpp.so
     7f90f9432000-7f90f9433000 rw-p 00075000 fd:02 16923897 /data/gannet/ripley/R/test-clang/Rcpp/libs/Rcpp.so
     7f90f9433000-7f90f943a000 rw-p 00000000 00:00 0
     7f90f943a000-7f90f9619000 r-xp 00000000 fd:02 3672856 /data/gannet/ripley/R/R-clang/lib/libRlapack.so
     7f90f9619000-7f90f9818000 ---p 001df000 fd:02 3672856 /data/gannet/ripley/R/R-clang/lib/libRlapack.so
     7f90f9818000-7f90f9819000 r--p 001de000 fd:02 3672856 /data/gannet/ripley/R/R-clang/lib/libRlapack.so
     7f90f9819000-7f90f981a000 rw-p 001df000 fd:02 3672856 /data/gannet/ripley/R/R-clang/lib/libRlapack.so
     7f90f981a000-7f90f9859000 r-xp 00000000 fd:02 3685863 /data/gannet/ripley/R/R-clang/library/graphics/libs/graphics.so
     7f90f9859000-7f90f9a58000 ---p 0003f000 fd:02 3685863 /data/gannet/ripley/R/R-clang/library/graphics/libs/graphics.so
     7f90f9a58000-7f90f9a59000 r--p 0003e000 fd:02 3685863 /data/gannet/ripley/R/R-clang/library/graphics/libs/graphics.so
     7f90f9a59000-7f90f9a5a000 rw-p 0003f000 fd:02 3685863 /data/gannet/ripley/R/R-clang/library/graphics/libs/graphics.so
     7f90f9a5a000-7f90f9a90000 r-xp 00000000 fd:02 3685697 /data/gannet/ripley/R/R-clang/library/grDevices/libs/grDevices.so
     7f90f9a90000-7f90f9c90000 ---p 00036000 fd:02 3685697 /data/gannet/ripley/R/R-clang/library/grDevices/libs/grDevices.so
     7f90f9c90000-7f90f9c95000 r--p 00036000 fd:02 3685697 /data/gannet/ripley/R/R-clang/library/grDevices/libs/grDevices.so
     7f90f9c95000-7f90f9c97000 rw-p 0003b000 fd:02 3685697 /data/gannet/ripley/R/R-clang/library/grDevices/libs/grDevices.so
     7f90f9c97000-7f90f9c98000 rw-p 00000000 00:00 0
     7f90f9cab000-7f90f9d6b000 rw-p 00000000 00:00 0
     7f90f9d6b000-7f90f9e2b000 r-xp 00000000 fd:02 3686080 /data/gannet/ripley/R/R-clang/library/stats/libs/stats.so
     7f90f9e2b000-7f90fa02a000 ---p 000c0000 fd:02 3686080 /data/gannet/ripley/R/R-clang/library/stats/libs/stats.so
     7f90fa02a000-7f90fa02c000 r--p 000bf000 fd:02 3686080 /data/gannet/ripley/R/R-clang/library/stats/libs/stats.so
     7f90fa02c000-7f90fa02e000 rw-p 000c1000 fd:02 3686080 /data/gannet/ripley/R/R-clang/library/stats/libs/stats.so
     7f90fa02e000-7f90fa167000 rw-p 00000000 00:00 0
     7f90fa167000-7f90fa16e000 r-xp 00000000 fd:02 3686694 /data/gannet/ripley/R/R-clang/library/methods/libs/methods.so
     7f90fa16e000-7f90fa36e000 ---p 00007000 fd:02 3686694 /data/gannet/ripley/R/R-clang/library/methods/libs/methods.so
     7f90fa36e000-7f90fa36f000 r--p 00007000 fd:02 3686694 /data/gannet/ripley/R/R-clang/library/methods/libs/methods.so
     7f90fa36f000-7f90fa370000 rw-p 00008000 fd:02 3686694 /data/gannet/ripley/R/R-clang/library/methods/libs/methods.so
     7f90fa370000-7f90fa37b000 r-xp 00000000 fd:02 3684969 /data/gannet/ripley/R/R-clang/library/utils/libs/utils.so
     7f90fa37b000-7f90fa57a000 ---p 0000b000 fd:02 3684969 /data/gannet/ripley/R/R-clang/library/utils/libs/utils.so
     7f90fa57a000-7f90fa57b000 r--p 0000a000 fd:02 3684969 /data/gannet/ripley/R/R-clang/library/utils/libs/utils.so
     7f90fa57b000-7f90fa57c000 rw-p 0000b000 fd:02 3684969 /data/gannet/ripley/R/R-clang/library/utils/libs/utils.so
     7f90fa57c000-7f90faa4e000 rw-p 00000000 00:00 0
     7f90faa4e000-7f910127a000 r--p 00000000 fd:01 1206692 /usr/lib/locale/locale-archive
     7f910127a000-7f91013f4000 r-xp 00000000 fd:01 806727 /usr/lib64/libstdc++.so.6.0.24
     7f91013f4000-7f91015f4000 ---p 0017a000 fd:01 806727 /usr/lib64/libstdc++.so.6.0.24
     7f91015f4000-7f91015fe000 r--p 0017a000 fd:01 806727 /usr/lib64/libstdc++.so.6.0.24
     7f91015fe000-7f9101600000 rw-p 00184000 fd:01 806727 /usr/lib64/libstdc++.so.6.0.24
     7f9101600000-7f9101603000 rw-p 00000000 00:00 0
     7f9101603000-7f9102e7f000 r-xp 00000000 fd:01 825186 /usr/lib64/libicudata.so.57.1
     7f9102e7f000-7f910307e000 ---p 0187c000 fd:01 825186 /usr/lib64/libicudata.so.57.1
     7f910307e000-7f910307f000 r--p 0187b000 fd:01 825186 /usr/lib64/libicudata.so.57.1
     7f910307f000-7f9103080000 rw-p 00000000 00:00 0
     7f9103080000-7f91030a7000 r-xp 00000000 fd:01 819512 /usr/lib64/libtinfo.so.6.0
     7f91030a7000-7f91032a7000 ---p 00027000 fd:01 819512 /usr/lib64/libtinfo.so.6.0
     7f91032a7000-7f91032ab000 r--p 00027000 fd:01 819512 /usr/lib64/libtinfo.so.6.0
     7f91032ab000-7f91032ac000 rw-p 0002b000 fd:01 819512 /usr/lib64/libtinfo.so.6.0
     7f91032ac000-7f91032c2000 r-xp 00000000 fd:01 788709 /usr/lib64/libgcc_s-7-20170915.so.1
     7f91032c2000-7f91034c1000 ---p 00016000 fd:01 788709 /usr/lib64/libgcc_s-7-20170915.so.1
     7f91034c1000-7f91034c2000 r--p 00015000 fd:01 788709 /usr/lib64/libgcc_s-7-20170915.so.1
     7f91034c2000-7f91034c3000 rw-p 00016000 fd:01 788709 /usr/lib64/libgcc_s-7-20170915.so.1
     7f91034c3000-7f910368a000 r-xp 00000000 fd:01 801004 /usr/lib64/libc-2.25.so
     7f910368a000-7f910388a000 ---p 001c7000 fd:01 801004 /usr/lib64/libc-2.25.so
     7f910388a000-7f910388e000 r--p 001c7000 fd:01 801004 /usr/lib64/libc-2.25.so
     7f910388e000-7f9103890000 rw-p 001cb000 fd:01 801004 /usr/lib64/libc-2.25.so
     7f9103890000-7f9103894000 rw-p 00000000 00:00 0
     7f9103894000-7f91038ad000 r-xp 00000000 fd:01 805826 /usr/lib64/libpthread-2.25.so
     7f91038ad000-7f9103aad000 ---p 00019000 fd:01 805826 /usr/lib64/libpthread-2.25.so
     7f9103aad000-7f9103aae000 r--p 00019000 fd:01 805826 /usr/lib64/libpthread-2.25.so
     7f9103aae000-7f9103aaf000 rw-p 0001a000 fd:01 805826 /usr/lib64/libpthread-2.25.so
     7f9103aaf000-7f9103ab3000 rw-p 00000000 00:00 0
     7f9103ab3000-7f9103b59000 r-xp 00000000 fd:01 1445476 /usr/local/lib/libomp.so
     7f9103b59000-7f9103d58000 ---p 000a6000 fd:01 1445476 /usr/local/lib/libomp.so
     7f9103d58000-7f9103d59000 r--p 000a5000 fd:01 1445476 /usr/local/lib/libomp.so
     7f9103d59000-7f9103d5e000 rw-p 000a6000 fd:01 1445476 /usr/local/lib/libomp.so
     7f9103d5e000-7f9103d67000 rw-p 00000000 00:00 0
     7f9103d67000-7f9103fce000 r-xp 00000000 fd:01 825195 /usr/lib64/libicui18n.so.57.1
     7f9103fce000-7f91041ce000 ---p 00267000 fd:01 825195 /usr/lib64/libicui18n.so.57.1
     7f91041ce000-7f91041dc000 r--p 00267000 fd:01 825195 /usr/lib64/libicui18n.so.57.1
     7f91041dc000-7f91041dd000 rw-p 00275000 fd:01 825195 /usr/lib64/libicui18n.so.57.1
     7f91041dd000-7f9104370000 r-xp 00000000 fd:01 825570 /usr/lib64/libicuuc.so.57.1
     7f9104370000-7f910456f000 ---p 00193000 fd:01 825570 /usr/lib64/libicuuc.so.57.1
     7f910456f000-7f9104581000 r--p 00192000 fd:01 825570 /usr/lib64/libicuuc.so.57.1
     7f9104581000-7f9104582000 rw-p 001a4000 fd:01 825570 /usr/lib64/libicuuc.so.57.1
     7f9104582000-7f9104584000 rw-p 00000000 00:00 0
     7f9104584000-7f9104587000 r-xp 00000000 fd:01 801363 /usr/lib64/libdl-2.25.so
     7f9104587000-7f9104786000 ---p 00003000 fd:01 801363 /usr/lib64/libdl-2.25.so
     7f9104786000-7f9104787000 r--p 00002000 fd:01 801363 /usr/lib64/libdl-2.25.so
     7f9104787000-7f9104788000 rw-p 00003000 fd:01 801363 /usr/lib64/libdl-2.25.so
     7f9104788000-7f910478f000 r-xp 00000000 fd:01 806284 /usr/lib64/librt-2.25.so
     7f910478f000-7f910498e000 ---p 00007000 fd:01 806284 /usr/lib64/librt-2.25.so
     7f910498e000-7f910498f000 r--p 00006000 fd:01 806284 /usr/lib64/librt-2.25.so
     7f910498f000-7f9104990000 rw-p 00007000 fd:01 806284 /usr/lib64/librt-2.25.so
     7f9104990000-7f91049a6000 r-xp 00000000 fd:01 806132 /usr/lib64/libz.so.1.2.11
     7f91049a6000-7f9104ba5000 ---p 00016000 fd:01 806132 /usr/lib64/libz.so.1.2.11
     7f9104ba5000-7f9104ba6000 r--p 00015000 fd:01 806132 /usr/lib64/libz.so.1.2.11
     7f9104ba6000-7f9104ba7000 rw-p 00000000 00:00 0
     7f9104ba7000-7f9104bb6000 r-xp 00000000 fd:01 795450 /usr/lib64/libbz2.so.1.0.6
     7f9104bb6000-7f9104db5000 ---p 0000f000 fd:01 795450 /usr/lib64/libbz2.so.1.0.6
     7f9104db5000-7f9104db6000 r--p 0000e000 fd:01 795450 /usr/lib64/libbz2.so.1.0.6
     7f9104db6000-7f9104db7000 rw-p 0000f000 fd:01 795450 /usr/lib64/libbz2.so.1.0.6
     7f9104db7000-7f9104ddc000 r-xp 00000000 fd:01 821586 /usr/lib64/liblzma.so.5.2.3
     7f9104ddc000-7f9104fdb000 ---p 00025000 fd:01 821586 /usr/lib64/liblzma.so.5.2.3
     7f9104fdb000-7f9104fdc000 r--p 00024000 fd:01 821586 /usr/lib64/liblzma.so.5.2.3
     7f9104fdc000-7f9104fdd000 rw-p 00000000 00:00 0
     7f9104fdd000-7f910504e000 r-xp 00000000 fd:01 801872 /usr/lib64/libpcre.so.1.2.9
     7f910504e000-7f910524e000 ---p 00071000 fd:01 801872 /usr/lib64/libpcre.so.1.2.9
     7f910524e000-7f910524f000 r--p 00071000 fd:01 801872 /usr/lib64/libpcre.so.1.2.9
     7f910524f000-7f9105250000 rw-p 00072000 fd:01 801872 /usr/lib64/libpcre.so.1.2.9
     7f9105250000-7f9105293000 r-xp 00000000 fd:01 822130 /usr/lib64/libreadline.so.7.0
     7f9105293000-7f9105492000 ---p 00043000 fd:01 822130 /usr/lib64/libreadline.so.7.0
     7f9105492000-7f9105495000 r--p 00042000 fd:01 822130 /usr/lib64/libreadline.so.7.0
     7f9105495000-7f910549b000 rw-p 00045000 fd:01 822130 /usr/lib64/libreadline.so.7.0
     7f910549b000-7f910549c000 rw-p 00000000 00:00 0
     7f910549c000-7f91054da000 r-xp 00000000 fd:01 790032 /usr/lib64/libquadmath.so.0.0.0
     7f91054da000-7f91056da000 ---p 0003e000 fd:01 790032 /usr/lib64/libquadmath.so.0.0.0
     7f91056da000-7f91056db000 r--p 0003e000 fd:01 790032 /usr/lib64/libquadmath.so.0.0.0
     7f91056db000-7f91056dc000 rw-p 0003f000 fd:01 790032 /usr/lib64/libquadmath.so.0.0.0
     7f91056dc000-7f91057f1000 r-xp 00000000 fd:01 802171 /usr/lib64/libm-2.25.so
     7f91057f1000-7f91059f0000 ---p 00115000 fd:01 802171 /usr/lib64/libm-2.25.so
     7f91059f0000-7f91059f1000 r--p 00114000 fd:01 802171 /usr/lib64/libm-2.25.so
     7f91059f1000-7f91059f2000 rw-p 00115000 fd:01 802171 /usr/lib64/libm-2.25.so
     7f91059f2000-7f9105bcc000 r-xp 00000000 fd:01 789654 /usr/lib64/libgfortran.so.4.0.0
     7f9105bcc000-7f9105dcb000 ---p 001da000 fd:01 789654 /usr/lib64/libgfortran.so.4.0.0
     7f9105dcb000-7f9105dcc000 r--p 001d9000 fd:01 789654 /usr/lib64/libgfortran.so.4.0.0
     7f9105dcc000-7f9105dcd000 rw-p 001da000 fd:01 789654 /usr/lib64/libgfortran.so.4.0.0
     7f9105dcd000-7f9105dce000 rw-p 00000000 00:00 0
     7f9105dce000-7f9105df8000 r-xp 00000000 fd:02 3670843 /data/gannet/ripley/R/R-clang/lib/libRblas.so
     7f9105df8000-7f9105ff7000 ---p 0002a000 fd:02 3670843 /data/gannet/ripley/R/R-clang/lib/libRblas.so
     7f9105ff7000-7f9105ff8000 r--p 00029000 fd:02 3670843 /data/gannet/ripley/R/R-clang/lib/libRblas.so
     7f9105ff8000-7f9105ff9000 rw-p 0002a000 fd:02 3670843 /data/gannet/ripley/R/R-clang/lib/libRblas.so
     7f9105ff9000-7f9106020000 r-xp 00000000 fd:01 787472 /usr/lib64/ld-2.25.so
     7f9106047000-7f91061c9000 rw-p 00000000 00:00 0
     7f9106205000-7f9106206000 rw-p 00000000 00:00 0
     7f9106206000-7f9106216000 rwxp 00000000 00:00 0
     7f9106216000-7f910621d000 r--s 00000000 fd:01 812834 /usr/lib64/gconv/gconv-modules.cache
     7f910621d000-7f910621f000 rw-p 00000000 00:00 0
     7f910621f000-7f9106220000 r--p 00026000 fd:01 787472 /usr/lib64/ld-2.25.so
     7f9106220000-7f9106222000 rw-p 00027000 fd:01 787472 /usr/lib64/ld-2.25.so
     7ffc6f7a5000-7ffc6f7e6000 rw-p 00000000 00:00 0 [stack]
     7ffc6f7f0000-7ffc6f7f3000 r--p 00000000 00:00 0 [vvar]
     7ffc6f7f3000-7ffc6f7f5000 r-xp 00000000 00:00 0 [vdso]
     ffffffffff600000-ffffffffff601000 r-xp 00000000 00:00 0 [vsyscall]
Flavor: r-devel-linux-x86_64-fedora-clang

Version: 0.8.100.1.0
Check: re-building of vignette outputs
Result: WARN
    Error in re-building vignettes:
     ...
    Latexmk: This is Latexmk, John Collins, 19 Jan. 2017, version: 4.52c.
    Error in rmultinom(n, size, prob) : NA in probability vector
    Error in rmultinomC(n, size, prob) : NAs not allowed in probability
    Error in rmultinom(n, size, prob) : no positive probabilities
    Error in rmultinomC(n, size, prob) : Not enough positive probabilities
    Error : Only CSC, COO and CSR matrices from SciPy are supported.
    dimnames(.) <- NULL: translated to
    dimnames(.) <- list(NULL,NULL) <==> unname(.)
    dimnames(.) <- NULL: translated to
    dimnames(.) <- list(NULL,NULL) <==> unname(.)
    
     *** caught segfault ***
    address 0x61, cause 'memory not mapped'
    
    Traceback:
     1: .Primitive(".Call")(<pointer: 0x7f37170bc070>, S)
     2: asSpMat(lm)
     3: eval(expr, envir = parent.frame())
     4: doTryCatch(return(expr), name, parentenv, handler)
     5: tryCatchOne(expr, names, parentenv, handlers[[1L]])
     6: tryCatchList(expr, classes, parentenv, handlers)
     7: tryCatch(expr, error = function(e) { call <- conditionCall(e) if (!is.null(call)) { if (identical(call[[1L]], quote(doTryCatch))) call <- sys.call(-4L) dcall <- deparse(call)[1L] prefix <- paste("Error in", dcall, ": ") LONG <- 75L sm <- strsplit(conditionMessage(e), "\n")[[1L]] w <- 14L + nchar(dcall, type = "w") + nchar(sm[1L], type = "w") if (is.na(w)) w <- 14L + nchar(dcall, type = "b") + nchar(sm[1L], type = "b") if (w > LONG) prefix <- paste0(prefix, "\n ") } else prefix <- "Error : " msg <- paste0(prefix, conditionMessage(e), "\n") .Internal(seterrmessage(msg[1L])) if (!silent && identical(getOption("show.error.messages"), TRUE)) { cat(msg, file = outFile) .Internal(printDeferredWarnings()) } invisible(structure(msg, class = "try-error", condition = e))})
     8: try(eval(expr, envir = parent.frame()), silent = silent)
     9: inherits(try(eval(expr, envir = parent.frame()), silent = silent), "try-error")
    10: checkException(asSpMat(lm))
    11: func()
    12: system.time(func())
    13: doTryCatch(return(expr), name, parentenv, handler)
    14: tryCatchOne(expr, names, parentenv, handlers[[1L]])
    15: tryCatchList(expr, classes, parentenv, handlers)
    16: tryCatch(expr, error = function(e) { call <- conditionCall(e) if (!is.null(call)) { if (identical(call[[1L]], quote(doTryCatch))) call <- sys.call(-4L) dcall <- deparse(call)[1L] prefix <- paste("Error in", dcall, ": ") LONG <- 75L sm <- strsplit(conditionMessage(e), "\n")[[1L]] w <- 14L + nchar(dcall, type = "w") + nchar(sm[1L], type = "w") if (is.na(w)) w <- 14L + nchar(dcall, type = "b") + nchar(sm[1L], type = "b") if (w > LONG) prefix <- paste0(prefix, "\n ") } else prefix <- "Error : " msg <- paste0(prefix, conditionMessage(e), "\n") .Internal(seterrmessage(msg[1L])) if (!silent && identical(getOption("show.error.messages"), TRUE)) { cat(msg, file = outFile) .Internal(printDeferredWarnings()) } invisible(structure(msg, class = "try-error", condition = e))})
    17: try(system.time(func()))
    18: .executeTestCase(funcName, envir = sandbox, setUpFunc = .setUp, tearDownFunc = .tearDown)
    19: .sourceTestFile(testFile, testSuite$testFuncRegexp)
    20: runTestSuite(testSuite)
    21: eval(expr, .GlobalEnv)
    22: eval(expr, .GlobalEnv)
    23: withVisible(eval(expr, .GlobalEnv))
    24: doTryCatch(return(expr), name, parentenv, handler)
    25: tryCatchOne(expr, names, parentenv, handlers[[1L]])
    26: tryCatchList(expr, classes, parentenv, handlers)
    27: tryCatch(expr, error = function(e) { call <- conditionCall(e) if (!is.null(call)) { if (identical(call[[1L]], quote(doTryCatch))) call <- sys.call(-4L) dcall <- deparse(call)[1L] prefix <- paste("Error in", dcall, ": ") LONG <- 75L sm <- strsplit(conditionMessage(e), "\n")[[1L]] w <- 14L + nchar(dcall, type = "w") + nchar(sm[1L], type = "w") if (is.na(w)) w <- 14L + nchar(dcall, type = "b") + nchar(sm[1L], type = "b") if (w > LONG) prefix <- paste0(prefix, "\n ") } else prefix <- "Error : " msg <- paste0(prefix, conditionMessage(e), "\n") .Internal(seterrmessage(msg[1L])) if (!silent && identical(getOption("show.error.messages"), TRUE)) { cat(msg, file = outFile) .Internal(printDeferredWarnings()) } invisible(structure(msg, class = "try-error", condition = e))})
    28: try(withVisible(eval(expr, .GlobalEnv)), silent = TRUE)
    29: evalFunc(ce, options)
    30: tryCatchList(expr, classes, parentenv, handlers)
    31: tryCatch(evalFunc(ce, options), finally = { cat("\n") sink()})
    32: driver$runcode(drobj, chunk, chunkopts)
    33: utils::Sweave(...)
    34: engine$weave(file, quiet = quiet, encoding = enc)
    35: doTryCatch(return(expr), name, parentenv, handler)
    36: tryCatchOne(expr, names, parentenv, handlers[[1L]])
    37: tryCatchList(expr, classes, parentenv, handlers)
    38: tryCatch({ engine$weave(file, quiet = quiet, encoding = enc) setwd(startdir) find_vignette_product(name, by = "weave", engine = engine)}, error = function(e) { stop(gettextf("processing vignette '%s' failed with diagnostics:\n%s", file, conditionMessage(e)), domain = NA, call. = FALSE)})
    39: buildVignettes(dir = "/data/gannet/ripley/R/packages/tests-clang/RcppArmadillo.Rcheck/vign_test/RcppArmadillo")
    An irrecoverable exception occurred. R is aborting now ...
Flavor: r-devel-linux-x86_64-fedora-clang

Version: 0.8.100.1.0
Check: re-building of vignette outputs
Result: WARN
    Error in re-building vignettes:
     ...
    Latexmk: This is Latexmk, John Collins, 19 Jan. 2017, version: 4.52c.
    Error in rmultinom(n, size, prob) : NA in probability vector
    Error in rmultinomC(n, size, prob) : NAs not allowed in probability
    Error in rmultinom(n, size, prob) : no positive probabilities
    Error in rmultinomC(n, size, prob) : Not enough positive probabilities
    Error : Only CSC, COO and CSR matrices from SciPy are supported.
    dimnames(.) <- NULL: translated to
    dimnames(.) <- list(NULL,NULL) <==> unname(.)
    dimnames(.) <- NULL: translated to
    dimnames(.) <- list(NULL,NULL) <==> unname(.)
    Error in asSpMat(lm) : lgCMatrix is not supported.
    Error in asSpMat(L) : lgTMatrix is not supported.
    dimnames(.) <- NULL: translated to
    dimnames(.) <- list(NULL,NULL) <==> unname(.)
    Error in asSpMat(nm) : ngCMatrix is not supported.
    Error in asSpMat(ngt) : ngTMatrix is not supported.
    Error in asSpMat(nM) : ntTMatrix is not supported.
    Error in asSpMat(nsc) : nsCMatrix is not supported.
    Error in asSpMat(ldi) : ldiMatrix is not supported.
    Error in texi2dvi(file = file, pdf = TRUE, clean = clean, quiet = quiet, :
     Running 'texi2dvi' on 'RcppArmadillo-unitTests.tex' failed.
    LaTeX errors:
    ! LaTeX Error: File `vmargin.sty' not found.
    
    Type X to quit or <RETURN> to proceed,
    or enter new name. (Default extension: sty)
    
    ! Emergency stop.
    <read *>
    
    l.7 \setmargrb
     {0.75in}{0.75in}{0.75in}{0.75in}^^M
    ! ==> Fatal error occurred, no output PDF file produced!
    Calls: buildVignettes -> texi2pdf -> texi2dvi
    Execution halted
Flavor: r-devel-linux-x86_64-fedora-gcc

Version: 0.8.100.1.0
Check: re-building of vignette outputs
Result: NOTE
    Error in re-building vignettes:
     ...
    Error in asSpMat(lm) : lgCMatrix is not supported.
    Error in asSpMat(L) : lgTMatrix is not supported.
    dimnames(.) <- NULL: translated to
    dimnames(.) <- list(NULL,NULL) <==> unname(.)
    Error in asSpMat(nm) : ngCMatrix is not supported.
    Error in asSpMat(ngt) : ngTMatrix is not supported.
    Error in asSpMat(nM) : ntTMatrix is not supported.
    Error in asSpMat(nsc) : nsCMatrix is not supported.
    Error in asSpMat(ldi) : ldiMatrix is not supported.
    Error in texi2dvi(file = file, pdf = TRUE, clean = clean, quiet = quiet, :
     Running 'texi2dvi' on 'RcppArmadillo-unitTests.tex' failed.
    LaTeX errors:
    ! LaTeX Error: File `vmargin.sty' not found.
    
    Type X to quit or <RETURN> to proceed,
    or enter new name. (Default extension: sty)
    
    ! Emergency stop.
    <read *>
    
    l.7 \setmargrb
     {0.75in}{0.75in}{0.75in}{0.75in}^^M
    ! ==> Fatal error occurred, no output PDF file produced!
    Calls: buildVignettes -> texi2pdf -> texi2dvi
    Execution halted
Flavor: r-release-osx-x86_64