CRAN Package Check Results for Package RcppArmadillo

Last updated on 2017-04-27 11:53:53.

Flavor Version Tinstall Tcheck Ttotal Status Flags
r-devel-linux-x86_64-debian-clang 0.7.800.2.0 20.40 122.98 143.38 OK
r-devel-linux-x86_64-debian-gcc 0.7.800.2.0 21.20 130.06 151.25 OK
r-devel-linux-x86_64-fedora-clang 0.7.800.2.0 283.73 NOTE --no-stop-on-test-error
r-devel-linux-x86_64-fedora-gcc 0.7.800.2.0 279.18 NOTE --no-stop-on-test-error
r-devel-windows-ix86+x86_64 0.7.800.2.0 68.00 389.00 457.00 NOTE
r-patched-linux-x86_64 0.7.800.2.0 16.81 109.66 126.47 OK
r-patched-solaris-sparc 0.7.800.2.0 1180.90 NOTE
r-patched-solaris-x86 0.7.800.2.0 272.30 NOTE
r-release-linux-x86_64 0.7.800.2.0 16.55 112.23 128.79 OK
r-release-windows-ix86+x86_64 0.7.800.2.0 64.00 299.00 363.00 NOTE
r-release-osx-x86_64 0.7.800.2.0 NOTE
r-oldrel-windows-ix86+x86_64 0.7.800.2.0 102.00 288.00 390.00 NOTE
r-oldrel-osx-x86_64 0.7.800.2.0 NOTE

Check Details

Version: 0.7.800.2.0
Flags: --no-stop-on-test-error
Check: installed package size
Result: NOTE
     installed size is 6.7Mb
     sub-directories of 1Mb or more:
     include 4.8Mb
     libs 1.1Mb
Flavors: r-devel-linux-x86_64-fedora-clang, r-devel-linux-x86_64-fedora-gcc

Version: 0.7.800.2.0
Check: installed package size
Result: NOTE
     installed size is 7.3Mb
     sub-directories of 1Mb or more:
     include 5.0Mb
     libs 1.6Mb
Flavors: r-devel-windows-ix86+x86_64, r-patched-solaris-sparc, r-patched-solaris-x86, r-release-windows-ix86+x86_64, r-release-osx-x86_64, r-oldrel-windows-ix86+x86_64, r-oldrel-osx-x86_64

Version: 0.7.800.2.0
Check: re-building of vignette outputs
Result: NOTE
    Error in re-building vignettes:
     ...
    Loading required package: RcppArmadillo
    Error in texi2dvi(file = file, pdf = TRUE, clean = clean, quiet = quiet, :
     Running 'texi2dvi' on 'RcppArmadillo-unitTests.tex' failed.
    LaTeX errors:
    ! LaTeX Error: File `vmargin.sty' not found.
    
    Type X to quit or <RETURN> to proceed,
    or enter new name. (Default extension: sty)
    
    ! Emergency stop.
    <read *>
    
    l.7 \setmargrb
     {0.75in}{0.75in}{0.75in}{0.75in}^^M
    ! ==> Fatal error occurred, no output PDF file produced!
    Calls: buildVignettes -> texi2pdf -> texi2dvi
    Execution halted
Flavor: r-release-osx-x86_64