CRAN Package Check Results for Package RcppArmadillo

Last updated on 2014-07-22 23:48:24.

Flavor Version Tinstall Tcheck Ttotal Status Flags
r-devel-linux-x86_64-debian-clang 0.4.320.0 12.82 71.26 84.07 NOTE
r-devel-linux-x86_64-debian-gcc 0.4.320.0 14.38 79.74 94.11 NOTE
r-devel-linux-x86_64-fedora-clang 0.4.320.0 179.53 NOTE
r-devel-linux-x86_64-fedora-gcc 0.4.320.0 180.08 NOTE
r-devel-osx-x86_64-clang 0.4.320.0 146.64 OK
r-devel-windows-ix86+x86_64 0.4.320.0 50.00 168.00 218.00 NOTE
r-patched-linux-x86_64 0.4.320.0 14.40 80.23 94.63 NOTE
r-patched-solaris-sparc 0.4.320.0 999.90 NOTE
r-patched-solaris-x86 0.4.320.0 222.80 OK
r-release-linux-ix86 0.4.320.0 18.22 103.27 121.49 NOTE
r-release-linux-x86_64 0.4.320.0 14.57 81.12 95.70 NOTE
r-release-osx-x86_64-mavericks 0.4.320.0 NOTE
r-release-osx-x86_64-snowleopard 0.4.320.0 NOTE
r-release-windows-ix86+x86_64 0.4.320.0 61.00 162.00 223.00 NOTE
r-oldrel-windows-ix86+x86_64 0.4.320.0 38.00 161.00 199.00 NOTE

Check Details

Version: 0.4.320.0
Check: installed package size
Result: NOTE
     installed size is 5.3Mb
     sub-directories of 1Mb or more:
     include 3.7Mb
Flavors: r-devel-linux-x86_64-debian-clang, r-devel-linux-x86_64-debian-gcc, r-devel-linux-x86_64-fedora-clang, r-devel-linux-x86_64-fedora-gcc, r-devel-windows-ix86+x86_64, r-patched-linux-x86_64, r-patched-solaris-sparc, r-release-linux-ix86, r-release-linux-x86_64, r-release-osx-x86_64-mavericks, r-release-osx-x86_64-snowleopard, r-release-windows-ix86+x86_64, r-oldrel-windows-ix86+x86_64

Version: 0.4.320.0
Check: re-building of vignette outputs
Result: NOTE
    Error in re-building vignettes:
     ...
    Loading required package: RcppArmadillo
    Error in texi2dvi(file = file, pdf = TRUE, clean = clean, quiet = quiet, :
     Running 'texi2dvi' on 'RcppArmadillo-unitTests.tex' failed.
    LaTeX errors:
    ! LaTeX Error: File `vmargin.sty' not found.
    
    Type X to quit or <RETURN> to proceed,
    or enter new name. (Default extension: sty)
    Calls: buildVignettes -> texi2pdf -> texi2dvi
    Execution halted
Flavor: r-release-osx-x86_64-mavericks