CRAN Package Check Results for Package RcppArmadillo

Last updated on 2014-09-01 11:49:03.

Flavor Version Tinstall Tcheck Ttotal Status Flags
r-devel-linux-x86_64-debian-clang 0.4.400.0 12.97 87.49 100.46 NOTE
r-devel-linux-x86_64-debian-gcc 0.4.400.0 14.65 103.02 117.67 NOTE
r-devel-linux-x86_64-fedora-clang 0.4.400.0 238.10 NOTE
r-devel-linux-x86_64-fedora-gcc 0.4.400.0 221.72 NOTE
r-devel-osx-x86_64-clang 0.4.400.0 175.68 NOTE
r-devel-windows-ix86+x86_64 0.4.400.0 54.00 204.00 258.00 NOTE
r-patched-linux-x86_64 0.4.400.0 14.73 104.30 119.02 NOTE
r-patched-solaris-sparc 0.4.400.0 1253.20 NOTE
r-patched-solaris-x86 0.4.400.0 278.00 NOTE
r-release-linux-ix86 0.4.400.0 18.78 133.50 152.28 NOTE
r-release-linux-x86_64 0.4.400.0 14.69 104.77 119.46 NOTE
r-release-osx-x86_64-mavericks 0.4.400.0 NOTE
r-release-osx-x86_64-snowleopard 0.4.400.0 NOTE
r-release-windows-ix86+x86_64 0.4.400.0 46.00 206.00 252.00 NOTE
r-oldrel-windows-ix86+x86_64 0.4.400.0 69.00 191.00 260.00 NOTE

Check Details

Version: 0.4.400.0
Check: installed package size
Result: NOTE
     installed size is 5.5Mb
     sub-directories of 1Mb or more:
     include 3.8Mb
Flavors: r-devel-linux-x86_64-debian-clang, r-devel-linux-x86_64-debian-gcc, r-devel-linux-x86_64-fedora-clang, r-devel-linux-x86_64-fedora-gcc, r-devel-windows-ix86+x86_64, r-patched-linux-x86_64, r-patched-solaris-sparc, r-patched-solaris-x86, r-release-linux-ix86, r-release-linux-x86_64, r-release-osx-x86_64-mavericks, r-release-osx-x86_64-snowleopard, r-release-windows-ix86+x86_64, r-oldrel-windows-ix86+x86_64

Version: 0.4.400.0
Check: compiled code
Result: NOTE
    File ‘/home/hornik/tmp/R.check/r-devel-clang/Work/build/Packages/RcppArmadillo/libs/RcppArmadillo.so’:
     Found ‘srand’, possibly from ‘srand’ (C)
     Object: ‘RcppArmadillo.o’
    
    Compiled code should not call entry points which might terminate R nor
    write to stdout/stderr instead of to the console, nor the C RNG.
    
    See ‘Writing portable packages’ in the ‘Writing R Extensions’ manual.
Flavor: r-devel-linux-x86_64-debian-clang

Version: 0.4.400.0
Check: compiled code
Result: NOTE
    File ‘/home/hornik/tmp/R.check/r-devel-gcc/Work/build/Packages/RcppArmadillo/libs/RcppArmadillo.so’:
     Found ‘srand’, possibly from ‘srand’ (C)
     Object: ‘RcppArmadillo.o’
    
    Compiled code should not call entry points which might terminate R nor
    write to stdout/stderr instead of to the console, nor the C RNG.
    
    See ‘Writing portable packages’ in the ‘Writing R Extensions’ manual.
Flavor: r-devel-linux-x86_64-debian-gcc

Version: 0.4.400.0
Check: compiled code
Result: NOTE
    File ‘/data/gannet/ripley/R/packages/tests-clang/RcppArmadillo.Rcheck/RcppArmadillo/libs/RcppArmadillo.so’:
     Found ‘srand’, possibly from ‘srand’ (C)
     Object: ‘RcppArmadillo.o’
    
    Compiled code should not call entry points which might terminate R nor
    write to stdout/stderr instead of to the console, nor the C RNG.
    
    See ‘Writing portable packages’ in the ‘Writing R Extensions’ manual.
Flavor: r-devel-linux-x86_64-fedora-clang

Version: 0.4.400.0
Check: compiled code
Result: NOTE
    File ‘/data/gannet/ripley/R/packages/tests-devel/RcppArmadillo.Rcheck/RcppArmadillo/libs/RcppArmadillo.so’:
     Found ‘srand’, possibly from ‘srand’ (C)
     Object: ‘RcppArmadillo.o’
    
    Compiled code should not call entry points which might terminate R nor
    write to stdout/stderr instead of to the console, nor the C RNG.
    
    See ‘Writing portable packages’ in the ‘Writing R Extensions’ manual.
Flavor: r-devel-linux-x86_64-fedora-gcc

Version: 0.4.400.0
Check: compiled code
Result: NOTE
    File ‘/Users/ripley/R/packages/tests-devel/RcppArmadillo.Rcheck/RcppArmadillo/libs/RcppArmadillo.so’:
     Found ‘_srand’, possibly from ‘srand’ (C)
     Object: ‘RcppArmadillo.o’
    
    Compiled code should not call entry points which might terminate R nor
    write to stdout/stderr instead of to the console, nor the C RNG.
    
    See ‘Writing portable packages’ in the ‘Writing R Extensions’ manual.
Flavor: r-devel-osx-x86_64-clang

Version: 0.4.400.0
Check: compiled code
Result: NOTE
    File 'd:/Rcompile/CRANpkg/lib/3.2/RcppArmadillo/libs/i386/RcppArmadillo.dll':
     Found 'srand', possibly from 'srand' (C)
     Object: 'RcppArmadillo.o'
    File 'd:/Rcompile/CRANpkg/lib/3.2/RcppArmadillo/libs/x64/RcppArmadillo.dll':
     Found 'srand', possibly from 'srand' (C)
     Object: 'RcppArmadillo.o'
    
    Compiled code should not call entry points which might terminate R nor
    write to stdout/stderr instead of to the console, nor the C RNG.
    
    See 'Writing portable packages' in the 'Writing R Extensions' manual.
Flavor: r-devel-windows-ix86+x86_64

Version: 0.4.400.0
Check: re-building of vignette outputs
Result: NOTE
    Error in re-building vignettes:
     ...
    Loading required package: RcppArmadillo
    Error in texi2dvi(file = file, pdf = TRUE, clean = clean, quiet = quiet, :
     Running 'texi2dvi' on 'RcppArmadillo-unitTests.tex' failed.
    LaTeX errors:
    ! LaTeX Error: File `vmargin.sty' not found.
    
    Type X to quit or <RETURN> to proceed,
    or enter new name. (Default extension: sty)
    Calls: buildVignettes -> texi2pdf -> texi2dvi
    Execution halted
Flavor: r-release-osx-x86_64-mavericks