CRAN Package Check Results for Package RcppArmadillo

Last updated on 2015-04-27 06:46:47.

Flavor Version Tinstall Tcheck Ttotal Status Flags
r-devel-linux-x86_64-debian-clang 0.5.000.0 14.31 115.60 129.91 NOTE
r-devel-linux-x86_64-debian-gcc 0.5.000.0 16.58 121.19 137.77 NOTE
r-devel-linux-x86_64-fedora-clang 0.5.000.0 277.19 NOTE
r-devel-linux-x86_64-fedora-gcc 0.5.000.0 252.56 NOTE
r-devel-osx-x86_64-clang 0.5.000.0 204.10 OK
r-devel-windows-ix86+x86_64 0.5.000.0 54.00 347.00 401.00 NOTE
r-patched-linux-x86_64 0.5.000.0 14.92 122.94 137.86 NOTE
r-patched-solaris-sparc 0.5.000.0 1409.20 NOTE
r-patched-solaris-x86 0.5.000.0 293.90 NOTE
r-release-linux-x86_64 0.5.000.0 15.14 121.90 137.05 NOTE
r-release-osx-x86_64-mavericks 0.5.000.0 NOTE
r-release-osx-x86_64-snowleopard 0.5.000.0 NOTE
r-release-windows-ix86+x86_64 0.5.000.0 61.00 246.00 307.00 NOTE
r-oldrel-windows-ix86+x86_64 0.5.000.0 39.00 212.00 251.00 NOTE

Check Details

Version: 0.5.000.0
Check: installed package size
Result: NOTE
     installed size is 5.8Mb
     sub-directories of 1Mb or more:
     include 4.0Mb
     libs 1.1Mb
Flavors: r-devel-linux-x86_64-debian-clang, r-devel-linux-x86_64-debian-gcc, r-devel-linux-x86_64-fedora-clang, r-devel-linux-x86_64-fedora-gcc, r-devel-windows-ix86+x86_64, r-patched-solaris-sparc, r-patched-solaris-x86, r-release-osx-x86_64-mavericks, r-release-osx-x86_64-snowleopard, r-release-windows-ix86+x86_64, r-oldrel-windows-ix86+x86_64