CRAN Package Check Results for Package RcppArmadillo

Last updated on 2017-06-27 20:48:58.

Flavor Version Tinstall Tcheck Ttotal Status Flags
r-devel-linux-x86_64-debian-clang 0.7.900.2.0 21.25 139.14 160.39 OK
r-devel-linux-x86_64-debian-gcc 0.7.900.2.0 22.12 150.74 172.86 OK
r-devel-linux-x86_64-fedora-clang 0.7.900.2.0 322.95 NOTE
r-devel-linux-x86_64-fedora-gcc 0.7.900.2.0 312.68 NOTE
r-devel-windows-ix86+x86_64 0.7.900.2.0 99.00 356.00 455.00 NOTE
r-patched-linux-x86_64 0.7.900.2.0 21.96 132.65 154.61 OK
r-patched-solaris-sparc 0.7.900.2.0 1220.00 NOTE
r-patched-solaris-x86 0.7.900.2.0 282.00 NOTE
r-release-linux-x86_64 0.7.900.2.0 22.18 133.63 155.81 OK
r-release-windows-ix86+x86_64 0.7.900.2.0 67.00 396.00 463.00 NOTE
r-release-osx-x86_64 0.7.900.2.0 NOTE
r-oldrel-windows-ix86+x86_64 0.7.900.2.0 97.00 398.00 495.00 NOTE
r-oldrel-osx-x86_64 0.7.900.2.0 NOTE

Check Details

Version: 0.7.900.2.0
Check: installed package size
Result: NOTE
     installed size is 6.9Mb
     sub-directories of 1Mb or more:
     include 4.8Mb
     libs 1.3Mb
Flavors: r-devel-linux-x86_64-fedora-clang, r-devel-linux-x86_64-fedora-gcc, r-devel-windows-ix86+x86_64, r-patched-solaris-sparc, r-patched-solaris-x86, r-release-windows-ix86+x86_64, r-release-osx-x86_64, r-oldrel-windows-ix86+x86_64, r-oldrel-osx-x86_64

Version: 0.7.900.2.0
Check: re-building of vignette outputs
Result: NOTE
    Error in re-building vignettes:
     ...
    Loading required package: RcppArmadillo
    Error in texi2dvi(file = file, pdf = TRUE, clean = clean, quiet = quiet, :
     Running 'texi2dvi' on 'RcppArmadillo-unitTests.tex' failed.
    LaTeX errors:
    ! LaTeX Error: File `vmargin.sty' not found.
    
    Type X to quit or <RETURN> to proceed,
    or enter new name. (Default extension: sty)
    
    ! Emergency stop.
    <read *>
    
    l.7 \setmargrb
     {0.75in}{0.75in}{0.75in}{0.75in}^^M
    ! ==> Fatal error occurred, no output PDF file produced!
    Calls: buildVignettes -> texi2pdf -> texi2dvi
    Execution halted
Flavor: r-release-osx-x86_64