CRAN Package Check Results for Package RcppArmadillo

Last updated on 2014-10-31 15:50:17.

Flavor Version Tinstall Tcheck Ttotal Status Flags
r-devel-linux-x86_64-debian-clang 0.4.450.1.0 13.38 106.80 120.18 NOTE
r-devel-linux-x86_64-debian-gcc 0.4.500.0 14.70 132.72 147.42 NOTE
r-devel-linux-x86_64-fedora-clang 0.4.500.0 196.88 NOTE
r-devel-linux-x86_64-fedora-gcc 0.4.500.0 202.75 NOTE
r-devel-osx-x86_64-clang 0.4.500.0 104.75 OK
r-devel-windows-ix86+x86_64 0.4.500.0 42.00 219.00 261.00 NOTE
r-patched-linux-x86_64 0.4.450.1.0 14.96 117.74 132.70 NOTE
r-patched-solaris-sparc 0.4.500.0 678.80 ERROR
r-patched-solaris-x86 0.4.500.0 284.60 NOTE
r-release-linux-ix86 0.4.450.1.0 18.97 150.56 169.53 NOTE
r-release-linux-x86_64 0.4.450.1.0 15.10 125.12 140.22 NOTE
r-release-osx-x86_64-mavericks 0.4.500.0 NOTE
r-release-osx-x86_64-snowleopard 0.4.450.1.0 NOTE
r-release-windows-ix86+x86_64 0.4.500.0 41.00 222.00 263.00 NOTE
r-oldrel-windows-ix86+x86_64 0.4.500.0 45.00 253.00 298.00 NOTE

Check Details

Version: 0.4.450.1.0
Check: installed package size
Result: NOTE
     installed size is 5.6Mb
     sub-directories of 1Mb or more:
     include 3.8Mb
     libs 1.1Mb
Flavors: r-devel-linux-x86_64-debian-clang, r-patched-linux-x86_64, r-release-linux-ix86, r-release-linux-x86_64, r-release-osx-x86_64-snowleopard

Version: 0.4.500.0
Check: installed package size
Result: NOTE
     installed size is 5.8Mb
     sub-directories of 1Mb or more:
     include 3.8Mb
     libs 1.2Mb
Flavors: r-devel-linux-x86_64-debian-gcc, r-devel-linux-x86_64-fedora-clang, r-devel-linux-x86_64-fedora-gcc, r-devel-windows-ix86+x86_64, r-patched-solaris-sparc, r-patched-solaris-x86, r-release-osx-x86_64-mavericks, r-release-windows-ix86+x86_64, r-oldrel-windows-ix86+x86_64

Version: 0.4.500.0
Check: tests
Result: ERROR
    Running the tests in ‘tests/doRUnit.R’ failed.
    Last 13 lines of output:
     test.sparse.addition: (1 checks) ... OK (0.06 seconds)
     test.sparse.fromTriplet: (1 checks) ... OK (0.02 seconds)
     test.sparse.multiplication: (1 checks) ... OK (0.01 seconds)
     test.sparse.sqrt: (1 checks) ... OK (0.01 seconds)
     test.sparse.square: (1 checks) ... OK (0.01 seconds)
     test.sparse.transpose: (1 checks) ... OK (0.01 seconds)
     >
     > ## Return success or failure to R CMD CHECK
     > if (getErrors(tests)$nFail > 0) {
     + stop("TEST FAILED!")
     + }
     Error: TEST FAILED!
     Execution halted
Flavor: r-patched-solaris-sparc

Version: 0.4.500.0
Check: re-building of vignette outputs
Result: NOTE
    Error in re-building vignettes:
     ...
    Loading required package: RcppArmadillo
    Error in rmultinom(n, size, prob) : NA in probability vector
    Error in eval(expr, envir, enclos) : NAs not allowed in probability
    Error in rmultinom(n, size, prob) : too few positive probabilities
    Error in eval(expr, envir, enclos) : Not enough positive probabilities
    Error in texi2dvi(file = file, pdf = TRUE, clean = clean, quiet = quiet, :
     Running 'texi2dvi' on 'RcppArmadillo-unitTests.tex' failed.
    LaTeX errors:
    ! LaTeX Error: File `vmargin.sty' not found.
    
    Type X to quit or <RETURN> to proceed,
    or enter new name. (Default extension: sty)
    Calls: buildVignettes -> texi2pdf -> texi2dvi
    Execution halted
Flavor: r-release-osx-x86_64-mavericks