CRAN Package Check Results for Package RcppArmadillo

Last updated on 2016-02-08 08:47:47.

Flavor Version Tinstall Tcheck Ttotal Status Flags
r-devel-linux-x86_64-debian-gcc 0.6.500.4.0 14.87 96.97 111.84 NOTE
r-devel-linux-x86_64-fedora-clang 0.6.500.4.0 242.18 NOTE
r-devel-linux-x86_64-fedora-gcc 0.6.500.4.0 221.07 NOTE
r-devel-osx-x86_64-clang 0.6.500.4.0 212.15 NOTE
r-devel-windows-ix86+x86_64 0.6.500.4.0 76.00 244.00 320.00 NOTE
r-patched-linux-x86_64 0.6.500.4.0 14.89 136.46 151.35 NOTE
r-patched-solaris-sparc 0.6.500.4.0 1424.10 OK
r-patched-solaris-x86 0.6.500.4.0 298.00 OK
r-release-linux-x86_64 0.6.500.4.0 14.86 137.15 152.01 NOTE
r-release-osx-x86_64-mavericks 0.6.500.4.0 NOTE
r-release-windows-ix86+x86_64 0.6.500.4.0 69.00 325.00 394.00 NOTE
r-oldrel-windows-ix86+x86_64 0.6.500.4.0 86.00 319.00 405.00 WARN

Check Details

Version: 0.6.500.4.0
Check: installed package size
Result: NOTE
     installed size is 6.5Mb
     sub-directories of 1Mb or more:
     include 4.3Mb
     libs 1.5Mb
Flavors: r-devel-linux-x86_64-debian-gcc, r-devel-linux-x86_64-fedora-clang, r-devel-linux-x86_64-fedora-gcc, r-devel-osx-x86_64-clang, r-devel-windows-ix86+x86_64, r-patched-linux-x86_64, r-release-linux-x86_64, r-release-osx-x86_64-mavericks, r-release-windows-ix86+x86_64, r-oldrel-windows-ix86+x86_64

Version: 0.6.500.4.0
Check: package subdirectories
Result: WARN
    Problems with news in 'inst/NEWS.Rd':
     inst/NEWS.Rd:314: unknown macro '\CRANpkg'
     inst/NEWS.Rd:457: unknown macro '\CRANpkg'
     inst/NEWS.Rd:458: unknown macro '\CRANpkg'
     inst/NEWS.Rd:487: unknown macro '\CRANpkg'
     inst/NEWS.Rd:590: unknown macro '\CRANpkg'
Flavor: r-oldrel-windows-ix86+x86_64