CRAN Package Check Results for Package RcppArmadillo

Last updated on 2015-08-03 23:48:03.

Flavor Version Tinstall Tcheck Ttotal Status Flags
r-devel-linux-x86_64-debian-clang 0.5.200.1.0 14.68 81.32 95.99 NOTE
r-devel-linux-x86_64-debian-gcc 0.5.200.1.0 15.20 86.82 102.03 NOTE
r-devel-linux-x86_64-fedora-clang 0.5.200.1.0 203.87 NOTE
r-devel-linux-x86_64-fedora-gcc 0.5.200.1.0 188.82 NOTE
r-devel-osx-x86_64-clang 0.5.200.1.0 142.15 NOTE
r-devel-windows-ix86+x86_64 0.5.200.1.0 53.00 291.00 344.00 NOTE
r-patched-linux-x86_64 0.5.200.1.0 15.37 86.48 101.85 NOTE
r-patched-solaris-sparc 0.5.200.1.0 934.70 NOTE
r-patched-solaris-x86 0.5.200.1.0 202.50 NOTE
r-release-linux-x86_64 0.5.200.1.0 16.08 87.12 103.20 NOTE
r-release-osx-x86_64-mavericks 0.5.200.1.0 NOTE
r-release-windows-ix86+x86_64 0.5.200.1.0 73.00 365.00 438.00 NOTE
r-oldrel-windows-ix86+x86_64 0.5.200.1.0 74.00 262.00 336.00 NOTE

Check Details

Version: 0.5.200.1.0
Check: installed package size
Result: NOTE
     installed size is 5.9Mb
     sub-directories of 1Mb or more:
     include 4.0Mb
     libs 1.1Mb
Flavors: r-devel-linux-x86_64-debian-clang, r-devel-linux-x86_64-debian-gcc, r-devel-linux-x86_64-fedora-clang, r-devel-linux-x86_64-fedora-gcc, r-devel-windows-ix86+x86_64, r-patched-linux-x86_64, r-release-linux-x86_64, r-release-osx-x86_64-mavericks, r-release-windows-ix86+x86_64, r-oldrel-windows-ix86+x86_64

Version: 0.5.200.1.0
Check: R code for possible problems
Result: NOTE
    RcppArmadillo.package.skeleton: no visible global function definition
     for ‘packageDescription’
    fastLm.formula: no visible global function definition for ‘model.frame’
    fastLm.formula: no visible global function definition for
     ‘model.matrix’
    fastLm.formula: no visible global function definition for
     ‘model.response’
    predict.fastLm: no visible global function definition for ‘fitted’
    predict.fastLm: no visible global function definition for
     ‘model.matrix’
    predict.fastLm: no visible global function definition for ‘coef’
    print.summary.fastLm: no visible global function definition for
     ‘printCoefmat’
    summary.fastLm: no visible global function definition for ‘coef’
    summary.fastLm: no visible global function definition for ‘pt’
    Undefined global functions or variables:
     coef fitted model.frame model.matrix model.response
     packageDescription printCoefmat pt
    Consider adding
     importFrom("stats", "coef", "fitted", "model.frame", "model.matrix",
     "model.response", "printCoefmat", "pt")
     importFrom("utils", "packageDescription")
    to your NAMESPACE.
Flavors: r-devel-linux-x86_64-debian-clang, r-devel-linux-x86_64-debian-gcc, r-devel-linux-x86_64-fedora-clang, r-devel-linux-x86_64-fedora-gcc, r-devel-windows-ix86+x86_64

Version: 0.5.200.1.0
Check: re-building of vignette outputs
Result: NOTE
    Error in re-building vignettes:
     ...
    Error in texi2dvi(file = file, pdf = TRUE, clean = clean, quiet = quiet, :
     Running ‘texi2dvi’ on ‘RcppArmadillo-intro.tex’ failed.
    LaTeX errors:
    ! LaTeX Error: Unknown float option `H'.
    
    See the LaTeX manual or LaTeX Companion for explanation.
    Type H <return> for immediate help.
     ...
    Calls: buildVignettes -> texi2pdf -> texi2dvi
    Execution halted
Flavors: r-devel-linux-x86_64-debian-clang, r-devel-linux-x86_64-debian-gcc, r-devel-linux-x86_64-fedora-clang, r-devel-linux-x86_64-fedora-gcc, r-devel-osx-x86_64-clang, r-patched-linux-x86_64, r-patched-solaris-sparc, r-patched-solaris-x86, r-release-linux-x86_64