CRAN Package Check Results for Package RcppArmadillo

Last updated on 2015-03-27 15:47:23.

Flavor Version Tinstall Tcheck Ttotal Status Flags
r-devel-linux-x86_64-debian-clang 0.4.650.1.1 15.70 112.74 128.45 NOTE
r-devel-linux-x86_64-debian-gcc 0.4.650.1.1 15.08 119.26 134.34 NOTE
r-devel-linux-x86_64-fedora-clang 0.4.650.1.1 274.72 NOTE
r-devel-linux-x86_64-fedora-gcc 0.4.650.1.1 250.00 NOTE
r-devel-osx-x86_64-clang 0.4.650.1.1 189.99 OK
r-prerel-windows-ix86+x86_64 0.4.650.1.1 76.00 246.00 322.00 NOTE
r-prerel-linux-x86_64 0.4.650.1.1 14.92 119.16 134.08 NOTE
r-prerel-solaris-sparc 0.4.650.1.1 1631.70 NOTE
r-prerel-solaris-x86 0.4.650.1.1 293.00 NOTE
r-release-linux-x86_64 0.4.650.1.1 15.49 124.06 139.55 NOTE
r-release-osx-x86_64-mavericks 0.4.650.1.1 NOTE
r-release-osx-x86_64-snowleopard 0.4.650.1.1 NOTE
r-release-windows-ix86+x86_64 0.4.650.1.1 57.00 247.00 304.00 NOTE
r-oldrel-windows-ix86+x86_64 0.4.650.1.1 57.00 247.00 304.00 NOTE

Check Details

Version: 0.4.650.1.1
Check: installed package size
Result: NOTE
     installed size is 5.7Mb
     sub-directories of 1Mb or more:
     include 3.9Mb
     libs 1.0Mb
Flavors: r-devel-linux-x86_64-debian-clang, r-devel-linux-x86_64-debian-gcc, r-devel-linux-x86_64-fedora-clang, r-devel-linux-x86_64-fedora-gcc, r-prerel-windows-ix86+x86_64, r-prerel-linux-x86_64, r-prerel-solaris-sparc, r-prerel-solaris-x86, r-release-linux-x86_64, r-release-osx-x86_64-mavericks, r-release-osx-x86_64-snowleopard, r-release-windows-ix86+x86_64, r-oldrel-windows-ix86+x86_64