CRAN Package Check Results for Package RcppArmadillo

Last updated on 2014-12-18 23:47:57.

Flavor Version Tinstall Tcheck Ttotal Status Flags
r-devel-linux-x86_64-debian-clang 0.4.550.1.0 13.76 106.30 120.06 NOTE
r-devel-linux-x86_64-debian-gcc 0.4.550.1.0 14.57 119.77 134.34 NOTE
r-devel-linux-x86_64-fedora-clang 0.4.550.1.0 265.15 NOTE
r-devel-linux-x86_64-fedora-gcc 0.4.550.1.0 229.64 NOTE
r-devel-osx-x86_64-clang 0.4.550.1.0 181.72 OK
r-devel-windows-ix86+x86_64 0.4.550.1.0 76.00 237.00 313.00 NOTE
r-patched-linux-x86_64 0.4.550.1.0 15.05 110.99 126.04 NOTE
r-patched-solaris-sparc 0.4.550.1.0 1366.20 NOTE
r-patched-solaris-x86 0.4.550.1.0 293.50 NOTE
r-release-linux-ix86 0.4.550.1.0 17.75 141.84 159.59 NOTE
r-release-linux-x86_64 0.4.550.1.0 14.56 106.51 121.06 NOTE
r-release-osx-x86_64-mavericks 0.4.550.1.0 NOTE
r-release-osx-x86_64-snowleopard 0.4.550.1.0 ERROR
r-release-windows-ix86+x86_64 0.4.550.1.0 52.00 227.00 279.00 NOTE
r-oldrel-windows-ix86+x86_64 0.4.550.1.0 54.00 233.00 287.00 NOTE

Check Details

Version: 0.4.550.1.0
Check: installed package size
Result: NOTE
     installed size is 5.7Mb
     sub-directories of 1Mb or more:
     include 3.8Mb
     libs 1.1Mb
Flavors: r-devel-linux-x86_64-debian-clang, r-devel-linux-x86_64-debian-gcc, r-devel-linux-x86_64-fedora-clang, r-devel-linux-x86_64-fedora-gcc, r-devel-windows-ix86+x86_64, r-patched-linux-x86_64, r-patched-solaris-sparc, r-patched-solaris-x86, r-release-linux-ix86, r-release-linux-x86_64, r-release-osx-x86_64-mavericks, r-release-windows-ix86+x86_64, r-oldrel-windows-ix86+x86_64

Version: 0.4.550.1.0
Check: re-building of vignette outputs
Result: NOTE
    Error in re-building vignettes:
     ...
    Loading required package: RcppArmadillo
    Error in texi2dvi(file = file, pdf = TRUE, clean = clean, quiet = quiet, :
     Running 'texi2dvi' on 'RcppArmadillo-unitTests.tex' failed.
    LaTeX errors:
    ! LaTeX Error: File `vmargin.sty' not found.
    
    Type X to quit or <RETURN> to proceed,
    or enter new name. (Default extension: sty)
    Calls: buildVignettes -> texi2pdf -> texi2dvi
    Execution halted
Flavor: r-release-osx-x86_64-mavericks

Version: 0.4.550.1.0
Check: whether package can be installed
Result: ERROR
    Installation failed.
Flavor: r-release-osx-x86_64-snowleopard