CRAN Package Check Results for Package RcppArmadillo

Last updated on 2016-12-05 12:51:48.

Flavor Version Tinstall Tcheck Ttotal Status Flags
r-devel-linux-x86_64-debian-clang 0.7.500.0.0 19.13 118.96 138.10 OK
r-devel-linux-x86_64-debian-gcc 0.7.500.0.0 20.76 125.04 145.80 OK
r-devel-linux-x86_64-fedora-clang 0.7.500.0.0 269.43 NOTE --no-stop-on-test-error
r-devel-linux-x86_64-fedora-gcc 0.7.500.0.0 280.26 NOTE --no-stop-on-test-error
r-devel-macos-x86_64-clang 0.7.500.0.0 181.92 NOTE
r-devel-windows-ix86+x86_64 0.7.500.0.0 62.00 366.00 428.00 NOTE
r-patched-linux-x86_64 0.7.500.0.0 16.28 102.33 118.62 OK
r-patched-solaris-sparc 0.7.500.0.0 1077.90 OK
r-patched-solaris-x86 0.7.500.0.0 236.90 OK
r-release-linux-x86_64 0.7.500.0.0 16.18 103.10 119.28 OK
r-release-osx-x86_64-mavericks 0.7.500.0.0 NOTE
r-release-windows-ix86+x86_64 0.7.500.0.0 89.00 277.00 366.00 NOTE
r-oldrel-windows-ix86+x86_64 0.7.500.0.0 77.00 332.00 409.00 NOTE

Check Details

Version: 0.7.500.0.0
Flags: --no-stop-on-test-error
Check: installed package size
Result: NOTE
     installed size is 6.5Mb
     sub-directories of 1Mb or more:
     include 4.6Mb
     libs 1.1Mb
Flavors: r-devel-linux-x86_64-fedora-clang, r-devel-linux-x86_64-fedora-gcc

Version: 0.7.500.0.0
Check: installed package size
Result: NOTE
     installed size is 5.5Mb
     sub-directories of 1Mb or more:
     include 4.6Mb
Flavors: r-devel-macos-x86_64-clang, r-devel-windows-ix86+x86_64, r-release-osx-x86_64-mavericks, r-release-windows-ix86+x86_64, r-oldrel-windows-ix86+x86_64