CRAN Package Check Results for Package RcppArmadillo

Last updated on 2014-04-21 05:48:21.

Flavor Version Tinstall Tcheck Ttotal Status Flags
r-devel-linux-x86_64-debian-clang 0.4.200.0 14.05 74.52 88.57 NOTE
r-devel-linux-x86_64-debian-gcc 0.4.200.0 14.57 82.03 96.60 NOTE
r-devel-linux-x86_64-fedora-clang 0.4.200.0 180.40 NOTE
r-devel-linux-x86_64-fedora-gcc 0.4.200.0 184.67 NOTE
r-devel-macosx-x86_64-clang 0.4.200.0 142.62 OK
r-devel-macosx-x86_64-gcc 0.4.200.0 NOTE
r-devel-windows-ix86+x86_64 0.4.200.0 47.00 169.00 216.00 NOTE
r-patched-linux-x86_64 0.4.200.0 14.66 83.73 98.39 NOTE
r-patched-solaris-sparc 0.4.200.0 971.50 NOTE
r-patched-solaris-x86 0.4.200.0 118.50 ERROR
r-release-linux-ix86 NOTE
r-release-linux-x86_64 0.4.200.0 14.46 82.16 96.62 NOTE
r-release-macosx-x86_64 0.4.200.0 NOTE
r-release-windows-ix86+x86_64 0.4.200.0 75.00 205.00 280.00 NOTE
r-oldrel-windows-ix86+x86_64 0.4.200.0 34.00 137.00 171.00 NOTE

Check Details

Version: 0.4.200.0
Check: installed package size
Result: NOTE
     installed size is 5.3Mb
     sub-directories of 1Mb or more:
     include 3.6Mb
Flavors: r-devel-linux-x86_64-debian-clang, r-devel-linux-x86_64-debian-gcc, r-devel-linux-x86_64-fedora-clang, r-devel-linux-x86_64-fedora-gcc, r-devel-macosx-x86_64-gcc, r-devel-windows-ix86+x86_64, r-patched-linux-x86_64, r-patched-solaris-sparc, r-patched-solaris-x86, r-release-linux-ix86, r-release-linux-x86_64, r-release-macosx-x86_64, r-release-windows-ix86+x86_64, r-oldrel-windows-ix86+x86_64

Version: 0.4.200.0
Check: tests
Result: ERROR
    Running the tests in ‘tests/doRUnit.R’ failed.
    Last 13 lines of output:
    
     Executing test function test.summary.fastLm ... done successfully.
    
    
    
     Executing test function test.sample ... done successfully.
    
     saving txt unit test report to '/home/ripley/R/packages/tests32/RcppArmadillo.Rcheck/tests/RcppArmadillo-unitTests.txt'
     saving html unit test report to '/home/ripley/R/packages/tests32/RcppArmadillo.Rcheck/tests/RcppArmadillo-unitTests.html'
     Error in eval(expr, envir, enclos) :
     unit test problems: 0 failures, 1 errors
     Calls: source -> withVisible -> eval -> eval
     Execution halted
Flavor: r-patched-solaris-x86