CRAN Package Check Results for Package RcppArmadillo

Last updated on 2017-01-17 05:49:07.

Flavor Version Tinstall Tcheck Ttotal Status Flags
r-devel-linux-x86_64-debian-clang 0.7.600.1.0 19.44 119.53 138.97 OK
r-devel-linux-x86_64-debian-gcc 0.7.600.1.0 20.99 127.44 148.43 OK
r-devel-linux-x86_64-fedora-clang 0.7.600.1.0 272.12 NOTE --no-stop-on-test-error
r-devel-linux-x86_64-fedora-gcc 0.7.600.1.0 274.17 NOTE --no-stop-on-test-error
r-devel-macos-x86_64-clang 0.7.600.1.0 180.86 NOTE --no-stop-on-test-error
r-devel-windows-ix86+x86_64 0.7.600.1.0 102.00 384.00 486.00 NOTE
r-patched-linux-x86_64 0.7.600.1.0 16.29 103.16 119.44 OK
r-patched-solaris-sparc 0.7.600.1.0 1347.00 OK
r-patched-solaris-x86 0.7.600.1.0 245.00 NOTE
r-release-linux-x86_64 0.7.600.1.0 16.24 104.74 120.98 OK
r-release-osx-x86_64-mavericks 0.7.600.1.0 NOTE
r-release-windows-ix86+x86_64 0.7.600.1.0 86.00 358.00 444.00 NOTE
r-oldrel-windows-ix86+x86_64 0.7.600.1.0 66.00 349.00 415.00 NOTE

Check Details

Version: 0.7.600.1.0
Flags: --no-stop-on-test-error
Check: installed package size
Result: NOTE
     installed size is 6.5Mb
     sub-directories of 1Mb or more:
     include 4.6Mb
     libs 1.1Mb
Flavors: r-devel-linux-x86_64-fedora-clang, r-devel-linux-x86_64-fedora-gcc, r-devel-macos-x86_64-clang

Version: 0.7.600.1.0
Flags: --no-stop-on-test-error
Check: compiled code
Result: NOTE
    File ‘RcppArmadillo/libs/RcppArmadillo.so’:
     Found no calls to: ‘R_registerRoutines’, ‘R_useDynamicSymbols’
    
    It is good practice to use registered native symbols and disable symbol
    search.
    
    See ‘Writing portable packages’ in the ‘Writing R Extensions’ manual.
Flavor: r-devel-linux-x86_64-fedora-gcc

Version: 0.7.600.1.0
Check: installed package size
Result: NOTE
     installed size is 7.1Mb
     sub-directories of 1Mb or more:
     include 4.8Mb
     libs 1.6Mb
Flavors: r-devel-windows-ix86+x86_64, r-patched-solaris-x86, r-release-osx-x86_64-mavericks, r-release-windows-ix86+x86_64, r-oldrel-windows-ix86+x86_64