CRAN Package Check Results for Package RcppArmadillo

Last updated on 2015-05-26 17:47:19.

Flavor Version Tinstall Tcheck Ttotal Status Flags
r-devel-linux-x86_64-debian-clang 0.5.100.1.0 14.62 114.24 128.87 NOTE
r-devel-linux-x86_64-debian-gcc 0.5.100.1.0 15.25 124.56 139.80 NOTE
r-devel-linux-x86_64-fedora-clang 0.5.100.1.0 279.16 NOTE
r-devel-linux-x86_64-fedora-gcc 0.5.100.1.0 262.04 NOTE
r-devel-osx-x86_64-clang 0.5.100.1.0 208.41 OK
r-devel-windows-ix86+x86_64 0.5.100.1.0 54.00 246.00 300.00 NOTE
r-patched-linux-x86_64 0.5.100.1.0 15.34 126.36 141.69 NOTE
r-patched-solaris-sparc 0.5.100.1.0 1669.80 NOTE
r-patched-solaris-x86 0.5.100.1.0 302.60 NOTE
r-release-linux-x86_64 0.5.100.1.0 15.79 125.15 140.94 NOTE
r-release-osx-x86_64-mavericks 0.5.100.1.0 NOTE
r-release-osx-x86_64-snowleopard 0.5.100.1.0 NOTE
r-release-windows-ix86+x86_64 0.5.100.1.0 57.00 245.00 302.00 NOTE
r-oldrel-windows-ix86+x86_64 0.5.100.1.0 52.00 383.00 435.00 NOTE

Check Details

Version: 0.5.100.1.0
Check: installed package size
Result: NOTE
     installed size is 5.9Mb
     sub-directories of 1Mb or more:
     include 4.0Mb
     libs 1.1Mb
Flavors: r-devel-linux-x86_64-debian-clang, r-devel-linux-x86_64-debian-gcc, r-devel-linux-x86_64-fedora-clang, r-devel-linux-x86_64-fedora-gcc, r-devel-windows-ix86+x86_64, r-patched-linux-x86_64, r-patched-solaris-sparc, r-patched-solaris-x86, r-release-linux-x86_64, r-release-osx-x86_64-mavericks, r-release-osx-x86_64-snowleopard, r-release-windows-ix86+x86_64, r-oldrel-windows-ix86+x86_64