CRAN Package Check Results for Package RcppArmadillo

Last updated on 2015-07-04 06:47:45.

Flavor Version Tinstall Tcheck Ttotal Status Flags
r-devel-linux-x86_64-debian-clang 0.5.200.1.0 14.42 112.90 127.32 NOTE
r-devel-linux-x86_64-debian-gcc 0.5.200.1.0 15.35 122.59 137.94 NOTE
r-devel-linux-x86_64-fedora-clang 0.5.200.1.0 206.20 NOTE
r-devel-linux-x86_64-fedora-gcc 0.5.200.1.0 189.40 NOTE
r-devel-osx-x86_64-clang 0.5.200.1.0 155.19 NOTE
r-devel-windows-ix86+x86_64 0.5.200.1.0 73.00 241.00 314.00 NOTE
r-patched-linux-x86_64 0.5.200.1.0 15.28 124.87 140.14 NOTE
r-patched-solaris-sparc 0.5.200.1.0 1046.30 NOTE
r-patched-solaris-x86 0.5.200.1.0 218.00 NOTE
r-release-linux-x86_64 0.5.200.1.0 15.24 125.10 140.34 NOTE
r-release-osx-x86_64-mavericks 0.5.200.1.0 NOTE
r-release-windows-ix86+x86_64 0.5.200.1.0 72.00 259.00 331.00 NOTE
r-oldrel-windows-ix86+x86_64 0.5.200.1.0 47.00 239.00 286.00 NOTE

Check Details

Version: 0.5.200.1.0
Check: installed package size
Result: NOTE
     installed size is 5.9Mb
     sub-directories of 1Mb or more:
     include 4.0Mb
     libs 1.1Mb
Flavors: r-devel-linux-x86_64-debian-clang, r-devel-linux-x86_64-debian-gcc, r-devel-linux-x86_64-fedora-clang, r-devel-linux-x86_64-fedora-gcc, r-devel-windows-ix86+x86_64, r-patched-linux-x86_64, r-patched-solaris-sparc, r-patched-solaris-x86, r-release-linux-x86_64, r-release-osx-x86_64-mavericks, r-release-windows-ix86+x86_64, r-oldrel-windows-ix86+x86_64

Version: 0.5.200.1.0
Check: R code for possible problems
Result: NOTE
    RcppArmadillo.package.skeleton: no visible global function definition
     for ‘packageDescription’
    fastLm.formula: no visible global function definition for ‘model.frame’
    fastLm.formula: no visible global function definition for
     ‘model.matrix’
    fastLm.formula: no visible global function definition for
     ‘model.response’
    predict.fastLm: no visible global function definition for ‘fitted’
    predict.fastLm: no visible global function definition for
     ‘model.matrix’
    predict.fastLm: no visible global function definition for ‘coef’
    print.summary.fastLm: no visible global function definition for
     ‘printCoefmat’
    summary.fastLm: no visible global function definition for ‘coef’
    summary.fastLm: no visible global function definition for ‘pt’
    Undefined global functions or variables:
     coef fitted model.frame model.matrix model.response
     packageDescription printCoefmat pt
Flavors: r-devel-linux-x86_64-debian-clang, r-devel-linux-x86_64-debian-gcc, r-devel-linux-x86_64-fedora-clang, r-devel-linux-x86_64-fedora-gcc, r-devel-windows-ix86+x86_64

Version: 0.5.200.1.0
Check: re-building of vignette outputs
Result: NOTE
    Error in re-building vignettes:
     ...
    Error in texi2dvi(file = file, pdf = TRUE, clean = clean, quiet = quiet, :
     Running 'texi2dvi' on 'RcppArmadillo-intro.tex' failed.
    LaTeX errors:
    ! LaTeX Error: Unknown float option `H'.
    
    See the LaTeX manual or LaTeX Companion for explanation.
    Type H <return> for immediate help.
     ...
    Calls: buildVignettes -> texi2pdf -> texi2dvi
    Execution halted
Flavors: r-devel-linux-x86_64-fedora-clang, r-devel-linux-x86_64-fedora-gcc, r-devel-osx-x86_64-clang, r-patched-solaris-sparc, r-patched-solaris-x86