CRAN Package Check Results for Package RcppArmadillo

Last updated on 2017-03-27 06:48:30.

Flavor Version Tinstall Tcheck Ttotal Status Flags
r-devel-linux-x86_64-debian-clang 0.7.700.0.0 20.42 123.41 143.83 NOTE
r-devel-linux-x86_64-debian-gcc 0.7.700.0.0 21.68 130.62 152.30 NOTE
r-devel-linux-x86_64-fedora-clang 0.7.700.0.0 282.66 NOTE --no-stop-on-test-error
r-devel-linux-x86_64-fedora-gcc 0.7.700.0.0 280.27 NOTE --no-stop-on-test-error
r-devel-macos-x86_64-clang 0.7.700.0.0 180.66 NOTE --no-stop-on-test-error
r-devel-windows-ix86+x86_64 0.7.700.0.0 69.00 464.00 533.00 NOTE
r-patched-linux-x86_64 0.7.700.0.0 16.80 107.33 124.13 NOTE
r-patched-solaris-sparc 0.7.700.0.0 1256.30 OK
r-patched-solaris-x86 0.7.700.0.0 274.20 NOTE
r-release-linux-x86_64 0.7.700.0.0 16.27 103.21 119.49 OK
r-release-osx-x86_64-mavericks 0.7.700.0.0 NOTE
r-release-windows-ix86+x86_64 0.7.700.0.0 106.00 296.00 402.00 NOTE
r-oldrel-windows-ix86+x86_64 0.7.700.0.0 59.00 323.00 382.00 NOTE

Check Details

Version: 0.7.700.0.0
Check: compiled code
Result: NOTE
    File ‘RcppArmadillo/libs/RcppArmadillo.so’:
     Found no calls to: ‘R_registerRoutines’, ‘R_useDynamicSymbols’
    
    It is good practice to register native routines and to disable symbol
    search.
    
    See ‘Writing portable packages’ in the ‘Writing R Extensions’ manual.
Flavors: r-devel-linux-x86_64-debian-clang, r-devel-linux-x86_64-debian-gcc, r-patched-linux-x86_64

Version: 0.7.700.0.0
Flags: --no-stop-on-test-error
Check: installed package size
Result: NOTE
     installed size is 6.6Mb
     sub-directories of 1Mb or more:
     include 4.7Mb
     libs 1.1Mb
Flavors: r-devel-linux-x86_64-fedora-clang, r-devel-linux-x86_64-fedora-gcc, r-devel-macos-x86_64-clang

Version: 0.7.700.0.0
Flags: --no-stop-on-test-error
Check: compiled code
Result: NOTE
    File ‘RcppArmadillo/libs/RcppArmadillo.so’:
     Found no calls to: ‘R_registerRoutines’, ‘R_useDynamicSymbols’
    
    It is good practice to register native routines and to disable symbol
    search.
    
    See ‘Writing portable packages’ in the ‘Writing R Extensions’ manual.
Flavors: r-devel-linux-x86_64-fedora-clang, r-devel-linux-x86_64-fedora-gcc, r-devel-macos-x86_64-clang

Version: 0.7.700.0.0
Check: installed package size
Result: NOTE
     installed size is 7.2Mb
     sub-directories of 1Mb or more:
     include 4.9Mb
     libs 1.6Mb
Flavors: r-devel-windows-ix86+x86_64, r-patched-solaris-x86, r-release-osx-x86_64-mavericks, r-release-windows-ix86+x86_64, r-oldrel-windows-ix86+x86_64