CRAN Package Check Results for Package RcppArmadillo

Last updated on 2016-05-30 23:47:47.

Flavor Version Tinstall Tcheck Ttotal Status Flags
r-devel-linux-x86_64-debian-gcc 0.7.100.3.0 24.15 136.29 160.44 NOTE
r-devel-linux-x86_64-fedora-clang 0.7.100.3.0 145.46 NOTE
r-devel-linux-x86_64-fedora-gcc 0.7.100.3.0 142.66 NOTE
r-devel-osx-x86_64-clang 0.7.100.3.0 222.99 NOTE
r-devel-windows-ix86+x86_64 0.7.100.3.0 72.00 273.00 345.00 NOTE
r-patched-linux-x86_64 0.7.100.3.0 16.75 104.87 121.61 NOTE
r-patched-solaris-sparc 0.7.100.3.0 36.60 ERROR
r-patched-solaris-x86 0.7.100.3.0 7.10 ERROR
r-release-linux-x86_64 0.6.700.6.0 16.05 103.69 119.73 NOTE
r-release-osx-x86_64-mavericks 0.7.100.3.0 NOTE
r-release-windows-ix86+x86_64 0.7.100.3.0 72.00 331.00 403.00 NOTE
r-oldrel-windows-ix86+x86_64 0.7.100.3.0 51.00 320.00 371.00 NOTE

Check Details

Version: 0.7.100.3.0
Check: installed package size
Result: NOTE
     installed size is 6.9Mb
     sub-directories of 1Mb or more:
     include 4.5Mb
     libs 1.6Mb
Flavors: r-devel-linux-x86_64-debian-gcc, r-devel-linux-x86_64-fedora-clang, r-devel-linux-x86_64-fedora-gcc, r-devel-osx-x86_64-clang, r-devel-windows-ix86+x86_64, r-patched-linux-x86_64, r-release-osx-x86_64-mavericks, r-release-windows-ix86+x86_64, r-oldrel-windows-ix86+x86_64

Version: 0.7.100.3.0
Check: whether package can be installed
Result: ERROR
    Installation failed.
Flavors: r-patched-solaris-sparc, r-patched-solaris-x86

Version: 0.6.700.6.0
Check: installed package size
Result: NOTE
     installed size is 6.7Mb
     sub-directories of 1Mb or more:
     include 4.4Mb
     libs 1.5Mb
Flavor: r-release-linux-x86_64