CRAN Package Check Results for Package RcppArmadillo

Last updated on 2016-09-26 10:48:27.

Flavor Version Tinstall Tcheck Ttotal Status Flags
r-devel-linux-x86_64-debian-clang 0.7.400.2.0 19.05 113.48 132.53 NOTE
r-devel-linux-x86_64-debian-gcc 0.7.400.2.0 20.60 120.46 141.06 NOTE
r-devel-linux-x86_64-fedora-clang 0.7.400.2.0 256.31 NOTE
r-devel-linux-x86_64-fedora-gcc 0.7.400.2.0 257.84 NOTE
r-devel-macos-x86_64-clang 0.7.400.2.0 171.22 NOTE
r-devel-windows-ix86+x86_64 0.7.400.2.0 82.00 390.00 472.00 NOTE
r-patched-linux-x86_64 0.7.400.2.0 16.26 103.29 119.56 NOTE
r-patched-solaris-sparc 0.7.400.2.0 1091.30 OK
r-patched-solaris-x86 0.7.400.2.0 233.90 OK
r-release-linux-x86_64 0.7.400.2.0 16.31 102.01 118.32 NOTE
r-release-osx-x86_64-mavericks 0.7.400.2.0 NOTE
r-release-windows-ix86+x86_64 0.7.400.2.0 145.00 355.00 500.00 NOTE
r-oldrel-windows-ix86+x86_64 0.7.400.2.0 93.00 451.00 544.00 NOTE

Check Details

Version: 0.7.400.2.0
Check: installed package size
Result: NOTE
     installed size is 6.4Mb
     sub-directories of 1Mb or more:
     include 4.6Mb
Flavors: r-devel-linux-x86_64-debian-clang, r-devel-linux-x86_64-debian-gcc, r-devel-linux-x86_64-fedora-clang, r-devel-linux-x86_64-fedora-gcc, r-devel-macos-x86_64-clang, r-devel-windows-ix86+x86_64, r-patched-linux-x86_64, r-release-linux-x86_64, r-release-osx-x86_64-mavericks, r-release-windows-ix86+x86_64, r-oldrel-windows-ix86+x86_64