CRAN Package Check Results for Package RcppArmadillo

Last updated on 2014-11-26 13:47:13.

Flavor Version Tinstall Tcheck Ttotal Status Flags
r-devel-linux-x86_64-debian-clang 0.4.500.0 13.30 116.88 130.18 NOTE
r-devel-linux-x86_64-debian-gcc 0.4.500.0 14.64 130.89 145.53 NOTE
r-devel-linux-x86_64-fedora-clang 0.4.500.0 295.35 NOTE
r-devel-linux-x86_64-fedora-gcc 0.4.500.0 272.58 NOTE
r-devel-osx-x86_64-clang 0.4.500.0 199.26 OK
r-devel-windows-ix86+x86_64 0.4.500.0 48.00 249.00 297.00 NOTE
r-patched-linux-x86_64 0.4.500.0 15.20 125.28 140.49 NOTE
r-patched-solaris-sparc 0.4.500.0 678.80 ERROR
r-patched-solaris-x86 0.4.500.0 318.50 NOTE
r-release-linux-ix86 0.4.500.0 17.72 156.52 174.25 NOTE
r-release-linux-x86_64 0.4.500.0 14.73 125.64 140.37 NOTE
r-release-osx-x86_64-mavericks 0.4.500.0 NOTE
r-release-osx-x86_64-snowleopard 0.4.500.0 NOTE
r-release-windows-ix86+x86_64 0.4.500.0 51.00 258.00 309.00 NOTE
r-oldrel-windows-ix86+x86_64 0.4.500.0 52.00 247.00 299.00 NOTE

Check Details

Version: 0.4.500.0
Check: installed package size
Result: NOTE
     installed size is 5.6Mb
     sub-directories of 1Mb or more:
     include 3.8Mb
     libs 1.1Mb
Flavors: r-devel-linux-x86_64-debian-clang, r-devel-linux-x86_64-debian-gcc, r-devel-linux-x86_64-fedora-clang, r-devel-linux-x86_64-fedora-gcc, r-devel-windows-ix86+x86_64, r-patched-linux-x86_64, r-patched-solaris-sparc, r-patched-solaris-x86, r-release-linux-ix86, r-release-linux-x86_64, r-release-osx-x86_64-mavericks, r-release-osx-x86_64-snowleopard, r-release-windows-ix86+x86_64, r-oldrel-windows-ix86+x86_64

Version: 0.4.500.0
Check: tests
Result: ERROR
    Running the tests in ‘tests/doRUnit.R’ failed.
    Last 13 lines of output:
     test.sparse.addition: (1 checks) ... OK (0.06 seconds)
     test.sparse.fromTriplet: (1 checks) ... OK (0.02 seconds)
     test.sparse.multiplication: (1 checks) ... OK (0.01 seconds)
     test.sparse.sqrt: (1 checks) ... OK (0.01 seconds)
     test.sparse.square: (1 checks) ... OK (0.01 seconds)
     test.sparse.transpose: (1 checks) ... OK (0.01 seconds)
     >
     > ## Return success or failure to R CMD CHECK
     > if (getErrors(tests)$nFail > 0) {
     + stop("TEST FAILED!")
     + }
     Error: TEST FAILED!
     Execution halted
Flavor: r-patched-solaris-sparc

Version: 0.4.500.0
Check: re-building of vignette outputs
Result: NOTE
    Error in re-building vignettes:
     ...
    Loading required package: RcppArmadillo
    Error in rmultinom(n, size, prob) : NA in probability vector
    Error in eval(expr, envir, enclos) : NAs not allowed in probability
    Error in rmultinom(n, size, prob) : too few positive probabilities
    Error in eval(expr, envir, enclos) : Not enough positive probabilities
    Error in texi2dvi(file = file, pdf = TRUE, clean = clean, quiet = quiet, :
     Running 'texi2dvi' on 'RcppArmadillo-unitTests.tex' failed.
    LaTeX errors:
    ! LaTeX Error: File `vmargin.sty' not found.
    
    Type X to quit or <RETURN> to proceed,
    or enter new name. (Default extension: sty)
    Calls: buildVignettes -> texi2pdf -> texi2dvi
    Execution halted
Flavor: r-release-osx-x86_64-mavericks