CRAN Package Check Results for Package RcppArmadillo

Last updated on 2016-07-23 10:53:15.

Flavor Version Tinstall Tcheck Ttotal Status Flags
r-devel-linux-x86_64-debian-clang 0.7.100.3.1 25.40 140.07 165.47 NOTE
r-devel-linux-x86_64-debian-gcc 0.7.100.3.1 26.31 146.97 173.28 NOTE
r-devel-linux-x86_64-fedora-clang 0.7.100.3.1 260.20 NOTE
r-devel-linux-x86_64-fedora-gcc 0.7.100.3.1 230.43 NOTE
r-devel-osx-x86_64-clang 0.7.100.3.1 172.51 NOTE
r-devel-windows-ix86+x86_64 0.7.100.3.1 89.00 348.00 437.00 NOTE
r-patched-linux-x86_64 0.7.100.3.1 17.34 108.57 125.91 NOTE
r-patched-solaris-sparc 0.7.100.3.1 1216.00 NOTE
r-patched-solaris-x86 0.7.100.3.1 223.20 OK
r-release-linux-x86_64 0.7.100.3.1 17.66 112.66 130.31 NOTE
r-release-osx-x86_64-mavericks 0.7.100.3.1 NOTE
r-release-windows-ix86+x86_64 0.7.100.3.1 67.00 377.00 444.00 NOTE
r-oldrel-windows-ix86+x86_64 0.7.100.3.1 81.00 342.00 423.00 NOTE

Check Details

Version: 0.7.100.3.1
Check: installed package size
Result: NOTE
     installed size is 6.3Mb
     sub-directories of 1Mb or more:
     include 4.5Mb
Flavors: r-devel-linux-x86_64-debian-clang, r-devel-linux-x86_64-debian-gcc, r-devel-linux-x86_64-fedora-clang, r-devel-linux-x86_64-fedora-gcc, r-devel-osx-x86_64-clang, r-devel-windows-ix86+x86_64, r-patched-linux-x86_64, r-patched-solaris-sparc, r-release-linux-x86_64, r-release-osx-x86_64-mavericks, r-release-windows-ix86+x86_64, r-oldrel-windows-ix86+x86_64