CRAN Package Check Results for Package RcppArmadillo

Last updated on 2017-08-17 06:47:19.

Flavor Version Tinstall Tcheck Ttotal Status Flags
r-devel-linux-x86_64-debian-clang 0.7.900.2.0 21.17 143.86 165.03 OK
r-devel-linux-x86_64-debian-gcc 0.7.900.2.0 22.12 151.14 173.26 OK
r-devel-linux-x86_64-fedora-clang 0.7.900.2.0 323.45 NOTE
r-devel-linux-x86_64-fedora-gcc 0.7.900.2.0 331.63 NOTE
r-devel-windows-ix86+x86_64 0.7.900.2.0 74.00 406.00 480.00 NOTE
r-patched-linux-x86_64 0.7.900.2.0 21.90 135.77 157.67 OK
r-patched-solaris-x86 0.7.900.2.0 289.50 NOTE
r-release-linux-x86_64 0.7.900.2.0 22.09 134.02 156.11 OK
r-release-windows-ix86+x86_64 0.7.900.2.0 67.00 321.00 388.00 NOTE
r-release-osx-x86_64 0.7.900.2.0 NOTE
r-oldrel-windows-ix86+x86_64 0.7.900.2.0 93.00 309.00 402.00 NOTE
r-oldrel-osx-x86_64 0.7.900.2.0 NOTE

Check Details

Version: 0.7.900.2.0
Check: installed package size
Result: NOTE
     installed size is 6.9Mb
     sub-directories of 1Mb or more:
     include 4.8Mb
     libs 1.3Mb
Flavors: r-devel-linux-x86_64-fedora-clang, r-devel-linux-x86_64-fedora-gcc, r-devel-windows-ix86+x86_64, r-patched-solaris-x86, r-release-windows-ix86+x86_64, r-release-osx-x86_64, r-oldrel-windows-ix86+x86_64, r-oldrel-osx-x86_64

Version: 0.7.900.2.0
Check: re-building of vignette outputs
Result: NOTE
    Error in re-building vignettes:
     ...
    Loading required package: RcppArmadillo
    Error in texi2dvi(file = file, pdf = TRUE, clean = clean, quiet = quiet, :
     Running 'texi2dvi' on 'RcppArmadillo-unitTests.tex' failed.
    LaTeX errors:
    ! LaTeX Error: File `vmargin.sty' not found.
    
    Type X to quit or <RETURN> to proceed,
    or enter new name. (Default extension: sty)
    
    ! Emergency stop.
    <read *>
    
    l.7 \setmargrb
     {0.75in}{0.75in}{0.75in}{0.75in}^^M
    ! ==> Fatal error occurred, no output PDF file produced!
    Calls: buildVignettes -> texi2pdf -> texi2dvi
    Execution halted
Flavor: r-release-osx-x86_64