CRAN Package Check Results for Package RcppArmadillo

Last updated on 2017-02-25 07:49:25.

Flavor Version Tinstall Tcheck Ttotal Status Flags
r-devel-linux-x86_64-debian-clang 0.7.700.0.0 19.75 118.95 138.70 NOTE
r-devel-linux-x86_64-debian-gcc 0.7.700.0.0 20.66 130.93 151.59 NOTE
r-devel-linux-x86_64-fedora-clang 0.7.700.0.0 274.39 NOTE --no-stop-on-test-error
r-devel-linux-x86_64-fedora-gcc 0.7.700.0.0 281.31 NOTE --no-stop-on-test-error
r-devel-macos-x86_64-clang 0.7.700.0.0 182.69 NOTE --no-stop-on-test-error
r-devel-windows-ix86+x86_64 0.7.700.0.0 84.00 402.00 486.00 NOTE
r-patched-linux-x86_64 0.7.700.0.0 16.37 102.93 119.29 OK
r-patched-solaris-sparc 0.7.700.0.0 1150.20 OK
r-patched-solaris-x86 0.7.700.0.0 216.60 NOTE
r-release-linux-x86_64 0.7.700.0.0 16.50 104.21 120.71 OK
r-release-osx-x86_64-mavericks 0.7.700.0.0 NOTE
r-release-windows-ix86+x86_64 0.7.700.0.0 101.00 393.00 494.00 NOTE
r-oldrel-windows-ix86+x86_64 0.7.700.0.0 118.00 438.00 556.00 NOTE

Check Details

Version: 0.7.700.0.0
Check: compiled code
Result: NOTE
    File ‘RcppArmadillo/libs/RcppArmadillo.so’:
     Found no calls to: ‘R_registerRoutines’, ‘R_useDynamicSymbols’
    
    It is good practice to register native routines and to disable symbol
    search.
    
    See ‘Writing portable packages’ in the ‘Writing R Extensions’ manual.
Flavors: r-devel-linux-x86_64-debian-clang, r-devel-linux-x86_64-debian-gcc

Version: 0.7.700.0.0
Flags: --no-stop-on-test-error
Check: installed package size
Result: NOTE
     installed size is 6.6Mb
     sub-directories of 1Mb or more:
     include 4.7Mb
     libs 1.1Mb
Flavors: r-devel-linux-x86_64-fedora-clang, r-devel-linux-x86_64-fedora-gcc, r-devel-macos-x86_64-clang

Version: 0.7.700.0.0
Flags: --no-stop-on-test-error
Check: compiled code
Result: NOTE
    File ‘RcppArmadillo/libs/RcppArmadillo.so’:
     Found no calls to: ‘R_registerRoutines’, ‘R_useDynamicSymbols’
    
    It is good practice to register native routines and to disable symbol
    search.
    
    See ‘Writing portable packages’ in the ‘Writing R Extensions’ manual.
Flavors: r-devel-linux-x86_64-fedora-clang, r-devel-linux-x86_64-fedora-gcc, r-devel-macos-x86_64-clang

Version: 0.7.700.0.0
Check: installed package size
Result: NOTE
     installed size is 7.2Mb
     sub-directories of 1Mb or more:
     include 4.9Mb
     libs 1.6Mb
Flavors: r-devel-windows-ix86+x86_64, r-patched-solaris-x86, r-release-osx-x86_64-mavericks, r-release-windows-ix86+x86_64, r-oldrel-windows-ix86+x86_64