CRAN Package Check Results for Package RcppArmadillo

Last updated on 2015-01-31 05:48:53.

Flavor Version Tinstall Tcheck Ttotal Status Flags
r-devel-linux-x86_64-debian-clang 0.4.600.4.0 13.18 104.89 118.08 NOTE
r-devel-linux-x86_64-debian-gcc 0.4.600.4.0 14.71 116.26 130.97 NOTE
r-devel-linux-x86_64-fedora-clang 0.4.600.4.0 272.68 NOTE
r-devel-linux-x86_64-fedora-gcc 0.4.600.4.0 243.13 NOTE
r-devel-osx-x86_64-clang 0.4.600.4.0 101.92 OK
r-devel-windows-ix86+x86_64 0.4.600.4.0 76.00 237.00 313.00 NOTE
r-patched-linux-x86_64 0.4.600.4.0 15.16 122.62 137.78 NOTE
r-patched-solaris-sparc 0.4.600.4.0 1399.20 NOTE
r-patched-solaris-x86 0.4.600.4.0 272.40 OK
r-release-linux-ix86 0.4.600.0 17.70 143.11 160.81 NOTE
r-release-linux-x86_64 0.4.600.4.0 15.10 123.66 138.75 NOTE
r-release-osx-x86_64-mavericks 0.4.600.4.0 NOTE
r-release-osx-x86_64-snowleopard 0.4.600.4.0 NOTE
r-release-windows-ix86+x86_64 0.4.600.4.0 51.00 240.00 291.00 NOTE
r-oldrel-windows-ix86+x86_64 0.4.600.4.0 56.00 235.00 291.00 NOTE

Check Details

Version: 0.4.600.4.0
Check: installed package size
Result: NOTE
     installed size is 5.7Mb
     sub-directories of 1Mb or more:
     include 3.9Mb
     libs 1.1Mb
Flavors: r-devel-linux-x86_64-debian-clang, r-devel-linux-x86_64-debian-gcc, r-devel-linux-x86_64-fedora-clang, r-devel-linux-x86_64-fedora-gcc, r-devel-windows-ix86+x86_64, r-patched-linux-x86_64, r-patched-solaris-sparc, r-release-linux-x86_64, r-release-osx-x86_64-mavericks, r-release-osx-x86_64-snowleopard, r-release-windows-ix86+x86_64, r-oldrel-windows-ix86+x86_64

Version: 0.4.600.0
Check: installed package size
Result: NOTE
     installed size is 5.7Mb
     sub-directories of 1Mb or more:
     include 3.9Mb
     libs 1.0Mb
Flavor: r-release-linux-ix86