CRAN Package Check Results for Package RcppArmadillo

Last updated on 2015-02-26 23:47:53.

Flavor Version Tinstall Tcheck Ttotal Status Flags
r-devel-linux-x86_64-debian-clang 0.4.600.4.0 13.49 105.51 119.00 NOTE
r-devel-linux-x86_64-debian-gcc 0.4.600.4.0 14.70 117.70 132.41 NOTE
r-devel-linux-x86_64-fedora-clang 0.4.650.1.1 145.19 NOTE
r-devel-linux-x86_64-fedora-gcc 0.4.650.1.1 139.60 NOTE
r-devel-osx-x86_64-clang 0.4.650.1.1 96.59 OK
r-devel-windows-ix86+x86_64 0.4.600.4.0 78.00 245.00 323.00 NOTE
r-patched-linux-x86_64 0.4.600.4.0 15.00 121.70 136.70 NOTE
r-patched-solaris-sparc 0.4.650.1.1 1409.00 NOTE
r-patched-solaris-x86 0.4.650.1.1 273.70 OK
r-release-linux-ix86 0.4.600.4.0 18.18 148.17 166.36 NOTE
r-release-linux-x86_64 0.4.600.4.0 17.17 120.66 137.83 NOTE
r-release-osx-x86_64-mavericks 0.4.600.4.0 NOTE
r-release-osx-x86_64-snowleopard 0.4.600.4.0 NOTE
r-release-windows-ix86+x86_64 0.4.600.4.0 55.00 244.00 299.00 NOTE
r-oldrel-windows-ix86+x86_64 0.4.600.4.0 61.00 367.00 428.00 NOTE

Check Details

Version: 0.4.600.4.0
Check: installed package size
Result: NOTE
     installed size is 5.7Mb
     sub-directories of 1Mb or more:
     include 3.9Mb
     libs 1.1Mb
Flavors: r-devel-linux-x86_64-debian-clang, r-devel-linux-x86_64-debian-gcc, r-devel-windows-ix86+x86_64, r-patched-linux-x86_64, r-release-linux-ix86, r-release-linux-x86_64, r-release-osx-x86_64-mavericks, r-release-osx-x86_64-snowleopard, r-release-windows-ix86+x86_64, r-oldrel-windows-ix86+x86_64

Version: 0.4.650.1.1
Check: installed package size
Result: NOTE
     installed size is 6.0Mb
     sub-directories of 1Mb or more:
     include 3.9Mb
     libs 1.3Mb
Flavors: r-devel-linux-x86_64-fedora-clang, r-devel-linux-x86_64-fedora-gcc, r-patched-solaris-sparc