CRAN Package Check Results for Package RcppBDT

Last updated on 2017-03-31 01:49:22.

Flavor Version Tinstall Tcheck Ttotal Status Flags
r-devel-linux-x86_64-debian-clang 0.2.3 30.87 39.29 70.17 NOTE
r-devel-linux-x86_64-debian-gcc 0.2.3 35.11 38.69 73.80 NOTE
r-devel-linux-x86_64-fedora-clang 0.2.3 168.65 NOTE --no-stop-on-test-error
r-devel-linux-x86_64-fedora-gcc 0.2.3 167.26 NOTE --no-stop-on-test-error
r-devel-macos-x86_64-clang 0.2.3 114.26 NOTE --no-stop-on-test-error
r-devel-windows-ix86+x86_64 0.2.3 151.00 105.00 256.00 OK
r-patched-linux-x86_64 0.2.3 26.90 39.20 66.10 NOTE
r-patched-solaris-sparc 0.2.3 887.50 OK
r-patched-solaris-x86 0.2.3 178.40 OK
r-release-linux-x86_64 0.2.3 40.79 33.80 74.59 OK
r-release-osx-x86_64-mavericks 0.2.3 NOTE
r-release-windows-ix86+x86_64 0.2.3 188.00 157.00 345.00 OK
r-oldrel-windows-ix86+x86_64 0.2.3 171.00 164.00 335.00 OK

Check Details

Version: 0.2.3
Check: compiled code
Result: NOTE
    File ‘RcppBDT/libs/RcppBDT.so’:
     Found no calls to: ‘R_registerRoutines’, ‘R_useDynamicSymbols’
    
    It is good practice to register native routines and to disable symbol
    search.
    
    See ‘Writing portable packages’ in the ‘Writing R Extensions’ manual.
Flavors: r-devel-linux-x86_64-debian-clang, r-devel-linux-x86_64-debian-gcc, r-patched-linux-x86_64

Version: 0.2.3
Flags: --no-stop-on-test-error
Check: installed package size
Result: NOTE
     installed size is 7.9Mb
     sub-directories of 1Mb or more:
     libs 7.7Mb
Flavors: r-devel-linux-x86_64-fedora-clang, r-devel-linux-x86_64-fedora-gcc

Version: 0.2.3
Flags: --no-stop-on-test-error
Check: compiled code
Result: NOTE
    File ‘RcppBDT/libs/RcppBDT.so’:
     Found no calls to: ‘R_registerRoutines’, ‘R_useDynamicSymbols’
    
    It is good practice to register native routines and to disable symbol
    search.
    
    See ‘Writing portable packages’ in the ‘Writing R Extensions’ manual.
Flavors: r-devel-linux-x86_64-fedora-clang, r-devel-linux-x86_64-fedora-gcc, r-devel-macos-x86_64-clang

Version: 0.2.3
Check: installed package size
Result: NOTE
     installed size is 7.2Mb
     sub-directories of 1Mb or more:
     libs 7.0Mb
Flavor: r-release-osx-x86_64-mavericks