CRAN Package Check Results for Package RcppBDT

Last updated on 2017-02-23 09:53:15.

Flavor Version Tinstall Tcheck Ttotal Status Flags
r-devel-linux-x86_64-debian-clang 0.2.3 43.55 38.95 82.50 NOTE
r-devel-linux-x86_64-debian-gcc 0.2.3 49.06 39.51 88.57 NOTE
r-devel-linux-x86_64-fedora-clang 0.2.3 164.20 NOTE --no-stop-on-test-error
r-devel-linux-x86_64-fedora-gcc 0.2.3 166.05 NOTE --no-stop-on-test-error
r-devel-macos-x86_64-clang 0.2.3 114.39 NOTE --no-stop-on-test-error
r-devel-windows-ix86+x86_64 0.2.3 189.00 180.00 369.00 OK
r-patched-linux-x86_64 0.2.3 40.51 34.30 74.81 OK
r-patched-solaris-sparc 0.2.3 865.80 OK
r-patched-solaris-x86 0.2.3 167.50 OK
r-release-linux-x86_64 0.2.3 40.46 33.66 74.13 OK
r-release-osx-x86_64-mavericks 0.2.3 NOTE
r-release-windows-ix86+x86_64 0.2.3 188.00 169.00 357.00 OK
r-oldrel-windows-ix86+x86_64 0.2.3 155.00 122.00 277.00 OK

Check Details

Version: 0.2.3
Check: compiled code
Result: NOTE
    File ‘RcppBDT/libs/RcppBDT.so’:
     Found no calls to: ‘R_registerRoutines’, ‘R_useDynamicSymbols’
    
    It is good practice to register native routines and to disable symbol
    search.
    
    See ‘Writing portable packages’ in the ‘Writing R Extensions’ manual.
Flavors: r-devel-linux-x86_64-debian-clang, r-devel-linux-x86_64-debian-gcc

Version: 0.2.3
Flags: --no-stop-on-test-error
Check: installed package size
Result: NOTE
     installed size is 7.4Mb
     sub-directories of 1Mb or more:
     libs 7.1Mb
Flavors: r-devel-linux-x86_64-fedora-clang, r-devel-linux-x86_64-fedora-gcc

Version: 0.2.3
Flags: --no-stop-on-test-error
Check: compiled code
Result: NOTE
    File ‘RcppBDT/libs/RcppBDT.so’:
     Found no calls to: ‘R_registerRoutines’, ‘R_useDynamicSymbols’
    
    It is good practice to register native routines and to disable symbol
    search.
    
    See ‘Writing portable packages’ in the ‘Writing R Extensions’ manual.
Flavors: r-devel-linux-x86_64-fedora-clang, r-devel-linux-x86_64-fedora-gcc, r-devel-macos-x86_64-clang

Version: 0.2.3
Check: installed package size
Result: NOTE
     installed size is 7.2Mb
     sub-directories of 1Mb or more:
     libs 7.0Mb
Flavor: r-release-osx-x86_64-mavericks