Last updated on 2018-04-21 16:47:03 CEST.
Flavor | Version | Tinstall | Tcheck | Ttotal | Status | Flags |
---|---|---|---|---|---|---|
r-devel-linux-x86_64-debian-clang | 0.2.3 | 62.52 | 59.24 | 121.76 | NOTE | |
r-devel-linux-x86_64-debian-gcc | 0.2.3 | 57.79 | 46.16 | 103.95 | NOTE | |
r-devel-linux-x86_64-fedora-clang | 0.2.3 | 169.99 | NOTE | |||
r-devel-linux-x86_64-fedora-gcc | 0.2.3 | 164.40 | NOTE | |||
r-devel-windows-ix86+x86_64 | 0.2.3 | 191.00 | 142.00 | 333.00 | OK | |
r-devel-osx-x86_64 | 0.2.3 | NOTE | ||||
r-patched-linux-x86_64 | 0.2.3 | 68.22 | 57.96 | 126.18 | NOTE | |
r-patched-solaris-x86 | 0.2.3 | 185.40 | OK | |||
r-release-linux-x86_64 | 0.2.3 | 65.89 | 65.11 | 131.00 | NOTE | |
r-release-windows-ix86+x86_64 | 0.2.3 | 166.00 | 128.00 | 294.00 | OK | |
r-release-osx-x86_64 | 0.2.3 | NOTE | ||||
r-oldrel-windows-ix86+x86_64 | 0.2.3 | 208.00 | 95.00 | 303.00 | OK |
Version: 0.2.3
Check: compiled code
Result: NOTE
File ‘RcppBDT/libs/RcppBDT.so’:
Found no calls to: ‘R_registerRoutines’, ‘R_useDynamicSymbols’
It is good practice to register native routines and to disable symbol
search.
See ‘Writing portable packages’ in the ‘Writing R Extensions’ manual.
Flavors: r-devel-linux-x86_64-debian-clang, r-devel-linux-x86_64-debian-gcc, r-devel-linux-x86_64-fedora-clang, r-devel-linux-x86_64-fedora-gcc, r-patched-linux-x86_64, r-release-linux-x86_64
Version: 0.2.3
Check: installed package size
Result: NOTE
installed size is 8.8Mb
sub-directories of 1Mb or more:
libs 8.5Mb
Flavors: r-devel-linux-x86_64-fedora-clang, r-devel-linux-x86_64-fedora-gcc, r-devel-osx-x86_64, r-release-osx-x86_64