CRAN Package Check Results for Package RcppBDT

Last updated on 2014-08-23 10:48:10.

Flavor Version Tinstall Tcheck Ttotal Status Flags
r-devel-linux-x86_64-debian-clang 0.2.3 30.00 41.23 71.23 NOTE
r-devel-linux-x86_64-debian-gcc 0.2.3 43.82 39.99 83.80 NOTE
r-devel-linux-x86_64-fedora-clang 0.2.3 159.78 NOTE
r-devel-linux-x86_64-fedora-gcc 0.2.3 157.47 NOTE
r-devel-osx-x86_64-clang 0.2.3 121.75 OK
r-devel-windows-ix86+x86_64 0.2.3 112.00 101.00 213.00 OK
r-patched-linux-x86_64 0.2.3 44.75 41.79 86.54 NOTE
r-patched-solaris-sparc 0.2.3 1059.30 NOTE
r-patched-solaris-x86 0.2.3 202.40 NOTE
r-release-linux-ix86 0.2.3 55.13 49.67 104.80 NOTE
r-release-linux-x86_64 0.2.3 45.71 42.34 88.06 NOTE
r-release-osx-x86_64-mavericks 0.2.3 NOTE
r-release-osx-x86_64-snowleopard 0.2.3 ERROR
r-release-windows-ix86+x86_64 0.2.3 119.00 87.00 206.00 OK
r-oldrel-windows-ix86+x86_64 0.2.2 29.00 50.00 79.00 OK

Check Details

Version: 0.2.3
Check: installed package size
Result: NOTE
     installed size is 6.1Mb
     sub-directories of 1Mb or more:
     libs 5.8Mb
Flavors: r-devel-linux-x86_64-debian-clang, r-devel-linux-x86_64-debian-gcc, r-devel-linux-x86_64-fedora-clang, r-devel-linux-x86_64-fedora-gcc, r-patched-linux-x86_64, r-patched-solaris-sparc, r-patched-solaris-x86, r-release-linux-ix86, r-release-linux-x86_64, r-release-osx-x86_64-mavericks

Version: 0.2.3
Check: whether package can be installed
Result: ERROR
    Installation failed.
Flavor: r-release-osx-x86_64-snowleopard