CRAN Package Check Results for Package RcppBDT

Last updated on 2017-05-27 20:46:30.

Flavor Version Tinstall Tcheck Ttotal Status Flags
r-devel-linux-x86_64-debian-clang 0.2.3 45.57 40.00 85.57 NOTE
r-devel-linux-x86_64-debian-gcc 0.2.3 50.30 39.15 89.45 NOTE
r-devel-linux-x86_64-fedora-clang 0.2.3 170.36 NOTE
r-devel-linux-x86_64-fedora-gcc 0.2.3 174.46 NOTE
r-devel-windows-ix86+x86_64 0.2.3 181.00 115.00 296.00 OK
r-patched-linux-x86_64 0.2.3 45.34 40.37 85.72 NOTE
r-patched-solaris-sparc 0.2.3 887.50 OK
r-patched-solaris-x86 0.2.3 169.60 OK
r-release-linux-x86_64 0.2.3 43.02 39.87 82.89 NOTE
r-release-windows-ix86+x86_64 0.2.3 142.00 151.00 293.00 OK
r-release-osx-x86_64 0.2.3 NOTE
r-oldrel-windows-ix86+x86_64 0.2.3 191.00 122.00 313.00 OK
r-oldrel-osx-x86_64 0.2.3 NOTE

Check Details

Version: 0.2.3
Check: compiled code
Result: NOTE
    File ‘RcppBDT/libs/RcppBDT.so’:
     Found no calls to: ‘R_registerRoutines’, ‘R_useDynamicSymbols’
    
    It is good practice to register native routines and to disable symbol
    search.
    
    See ‘Writing portable packages’ in the ‘Writing R Extensions’ manual.
Flavors: r-devel-linux-x86_64-debian-clang, r-devel-linux-x86_64-debian-gcc, r-devel-linux-x86_64-fedora-clang, r-devel-linux-x86_64-fedora-gcc, r-patched-linux-x86_64, r-release-linux-x86_64

Version: 0.2.3
Check: installed package size
Result: NOTE
     installed size is 8.2Mb
     sub-directories of 1Mb or more:
     libs 8.0Mb
Flavors: r-devel-linux-x86_64-fedora-clang, r-devel-linux-x86_64-fedora-gcc, r-release-osx-x86_64, r-oldrel-osx-x86_64