CRAN Package Check Results for Package RcppBDT

Last updated on 2016-09-27 20:47:16.

Flavor Version Tinstall Tcheck Ttotal Status Flags
r-devel-linux-x86_64-debian-clang 0.2.3 40.64 29.45 70.09 NOTE
r-devel-linux-x86_64-debian-gcc 0.2.3 47.62 29.86 77.48 NOTE
r-devel-linux-x86_64-fedora-clang 0.2.3 138.80 NOTE
r-devel-linux-x86_64-fedora-gcc 0.2.3 143.19 NOTE
r-devel-macos-x86_64-clang 0.2.3 99.52 OK
r-devel-windows-ix86+x86_64 0.2.3 189.00 87.00 276.00 OK
r-patched-linux-x86_64 0.2.3 39.49 30.94 70.43 NOTE
r-patched-solaris-sparc 0.2.3 820.20 OK
r-patched-solaris-x86 0.2.3 159.90 OK
r-release-linux-x86_64 0.2.3 41.21 31.61 72.83 NOTE
r-release-osx-x86_64-mavericks 0.2.3 NOTE
r-release-windows-ix86+x86_64 0.2.3 180.00 74.00 254.00 OK
r-oldrel-windows-ix86+x86_64 0.2.3 162.00 122.00 284.00 OK

Check Details

Version: 0.2.3
Check: installed package size
Result: NOTE
     installed size is 6.9Mb
     sub-directories of 1Mb or more:
     libs 6.7Mb
Flavors: r-devel-linux-x86_64-debian-clang, r-devel-linux-x86_64-debian-gcc, r-devel-linux-x86_64-fedora-clang, r-devel-linux-x86_64-fedora-gcc, r-patched-linux-x86_64, r-release-linux-x86_64, r-release-osx-x86_64-mavericks