CRAN Package Check Results for Package RcppBDT

Last updated on 2015-08-31 23:49:46.

Flavor Version Tinstall Tcheck Ttotal Status Flags
r-devel-linux-x86_64-debian-clang 0.2.3 33.66 24.24 57.90 WARN
r-devel-linux-x86_64-debian-gcc 0.2.3 44.08 23.55 67.64 WARN
r-devel-linux-x86_64-fedora-clang 0.2.3 128.81 WARN
r-devel-linux-x86_64-fedora-gcc 0.2.3 131.87 WARN
r-devel-osx-x86_64-clang 0.2.3 97.12 WARN
r-devel-windows-ix86+x86_64 0.2.3 169.00 70.00 239.00 WARN
r-patched-linux-x86_64 0.2.3 45.97 32.30 78.26 NOTE
r-patched-solaris-sparc 0.2.3 862.40 OK
r-patched-solaris-x86 0.2.3 167.00 OK
r-release-linux-x86_64 0.2.3 44.90 32.24 77.13 NOTE
r-release-osx-x86_64-mavericks 0.2.3 NOTE
r-release-windows-ix86+x86_64 0.2.3 152.00 83.00 235.00 OK
r-oldrel-windows-ix86+x86_64 0.2.3 155.00 107.00 262.00 OK

Check Details

Version: 0.2.3
Check: installed package size
Result: NOTE
     installed size is 6.4Mb
     sub-directories of 1Mb or more:
     libs 6.2Mb
Flavors: r-devel-linux-x86_64-debian-clang, r-devel-linux-x86_64-debian-gcc, r-devel-linux-x86_64-fedora-clang, r-devel-linux-x86_64-fedora-gcc, r-patched-linux-x86_64, r-release-linux-x86_64, r-release-osx-x86_64-mavericks

Version: 0.2.3
Check: whether the namespace can be loaded with stated dependencies
Result: NOTE
    Warning: in method for ‘Arith’ with signature ‘e1="Rcpp_bdtPt",e2="Rcpp_bdtDu"’: no definition for classes “Rcpp_bdtPt”, “Rcpp_bdtDu”
    Warning: in method for ‘Arith’ with signature ‘e1="Rcpp_bdtDu",e2="Rcpp_bdtPt"’: no definition for classes “Rcpp_bdtDu”, “Rcpp_bdtPt”
    Warning: in method for ‘Arith’ with signature ‘e1="Rcpp_bdtDd",e2="Rcpp_bdtDt"’: no definition for classes “Rcpp_bdtDd”, “Rcpp_bdtDt”
    Warning: in method for ‘Arith’ with signature ‘e1="Rcpp_bdtDt",e2="Rcpp_bdtDd"’: no definition for classes “Rcpp_bdtDt”, “Rcpp_bdtDd”
    
    A namespace must be able to be loaded with just the base namespace
    loaded: otherwise if the namespace gets loaded by a saved object, the
    session will be unable to start.
    
    Probably some imports need to be declared in the NAMESPACE file.
Flavors: r-devel-linux-x86_64-debian-clang, r-devel-linux-x86_64-debian-gcc, r-devel-linux-x86_64-fedora-clang, r-devel-linux-x86_64-fedora-gcc, r-devel-osx-x86_64-clang

Version: 0.2.3
Check: dependencies in R code
Result: NOTE
    Error in .getClassFromCache(Class, where, resolve.msg = resolve.msg) :
     object ‘bdtDt’ not found
    Execution halted
Flavors: r-devel-linux-x86_64-debian-clang, r-devel-linux-x86_64-debian-gcc, r-devel-linux-x86_64-fedora-clang, r-devel-linux-x86_64-fedora-gcc, r-devel-osx-x86_64-clang

Version: 0.2.3
Check: S3 generic/method consistency
Result: WARN
    Error in .getClassFromCache(Class, where, resolve.msg = resolve.msg) :
     object ‘bdtDt’ not found
    Calls: <Anonymous> ... eval -> eval -> new -> getClass -> .getClassFromCache
    Execution halted
    See section ‘Generic functions and methods’ in the ‘Writing R
    Extensions’ manual.
Flavors: r-devel-linux-x86_64-debian-clang, r-devel-linux-x86_64-debian-gcc, r-devel-linux-x86_64-fedora-clang, r-devel-linux-x86_64-fedora-gcc, r-devel-osx-x86_64-clang

Version: 0.2.3
Check: foreign function calls
Result: NOTE
    Error in .getClassFromCache(Class, where, resolve.msg = resolve.msg) :
     object ‘bdtDt’ not found
    Calls: <Anonymous> ... eval -> eval -> new -> getClass -> .getClassFromCache
    Execution halted
    See chapter ‘System and foreign language interfaces’ in the ‘Writing R
    Extensions’ manual.
Flavors: r-devel-linux-x86_64-debian-clang, r-devel-linux-x86_64-debian-gcc, r-devel-linux-x86_64-fedora-clang, r-devel-linux-x86_64-fedora-gcc, r-devel-osx-x86_64-clang

Version: 0.2.3
Check: R code for possible problems
Result: NOTE
    Error in .getClassFromCache(Class, where, resolve.msg = resolve.msg) :
     object ‘bdtDt’ not found
    Calls: <Anonymous> ... eval -> eval -> new -> getClass -> .getClassFromCache
    Execution halted
Flavors: r-devel-linux-x86_64-debian-clang, r-devel-linux-x86_64-debian-gcc, r-devel-linux-x86_64-fedora-clang, r-devel-linux-x86_64-fedora-gcc

Version: 0.2.3
Check: for code/documentation mismatches
Result: WARN
    Error in .getClassFromCache(Class, where, resolve.msg = resolve.msg) :
     object ‘bdtDt’ not found
    Calls: <Anonymous> ... eval -> eval -> new -> getClass -> .getClassFromCache
    Execution halted
Flavors: r-devel-linux-x86_64-debian-clang, r-devel-linux-x86_64-debian-gcc, r-devel-linux-x86_64-fedora-clang, r-devel-linux-x86_64-fedora-gcc, r-devel-osx-x86_64-clang

Version: 0.2.3
Check: Rd \usage sections
Result: NOTE
    Error in .getClassFromCache(Class, where, resolve.msg = resolve.msg) :
     object ‘bdtDt’ not found
    Calls: <Anonymous> ... eval -> eval -> new -> getClass -> .getClassFromCache
    Execution halted
    The \usage entries for S3 methods should use the \method markup and not
    their full name.
    See chapter ‘Writing R documentation files’ in the ‘Writing R
    Extensions’ manual.
Flavors: r-devel-linux-x86_64-debian-clang, r-devel-linux-x86_64-debian-gcc, r-devel-linux-x86_64-fedora-clang, r-devel-linux-x86_64-fedora-gcc, r-devel-osx-x86_64-clang

Version: 0.2.3
Check: whether the package can be unloaded cleanly
Result: WARN
    
    This application has requested the Runtime to terminate it in an unusual way.
    Please contact the application's support team for more information.
    terminate called after throwing an instance of 'Rcpp::eval_error'
     what(): could not find function "new"
Flavors: r-devel-windows-ix86+x86_64, r-devel-windows-ix86+x86_64

Version: 0.2.3
Check: whether the namespace can be loaded with stated dependencies
Result: WARN
    
    This application has requested the Runtime to terminate it in an unusual way.
    Please contact the application's support team for more information.
    terminate called after throwing an instance of 'Rcpp::eval_error'
     what(): could not find function "new"
    
    A namespace must be able to be loaded with just the base namespace
    loaded: otherwise if the namespace gets loaded by a saved object, the
    session will be unable to start.
    
    Probably some imports need to be declared in the NAMESPACE file.
Flavors: r-devel-windows-ix86+x86_64, r-devel-windows-ix86+x86_64

Version: 0.2.3
Check: dependencies in R code
Result: NOTE
    
    This application has requested the Runtime to terminate it in an unusual way.
    Please contact the application's support team for more information.
    terminate called after throwing an instance of 'Rcpp::eval_error'
     what(): could not find function "new"
Flavor: r-devel-windows-ix86+x86_64

Version: 0.2.3
Check: S3 generic/method consistency
Result: WARN
    
    This application has requested the Runtime to terminate it in an unusual way.
    Please contact the application's support team for more information.
    terminate called after throwing an instance of 'Rcpp::eval_error'
     what(): could not find function "new"
    See section 'Generic functions and methods' in the 'Writing R
    Extensions' manual.
Flavor: r-devel-windows-ix86+x86_64

Version: 0.2.3
Check: replacement functions
Result: WARN
    
    This application has requested the Runtime to terminate it in an unusual way.
    Please contact the application's support team for more information.
    terminate called after throwing an instance of 'Rcpp::eval_error'
     what(): could not find function "new"
    The argument of a replacement function which corresponds to the right
    hand side must be named 'value'.
Flavor: r-devel-windows-ix86+x86_64

Version: 0.2.3
Check: foreign function calls
Result: NOTE
    
    This application has requested the Runtime to terminate it in an unusual way.
    Please contact the application's support team for more information.
    terminate called after throwing an instance of 'Rcpp::eval_error'
     what(): could not find function "new"
    See chapter 'System and foreign language interfaces' in the 'Writing R
    Extensions' manual.
Flavor: r-devel-windows-ix86+x86_64

Version: 0.2.3
Check: R code for possible problems
Result: NOTE
    
    This application has requested the Runtime to terminate it in an unusual way.
    Please contact the application's support team for more information.
    terminate called after throwing an instance of 'Rcpp::eval_error'
     what(): could not find function "new"
Flavor: r-devel-windows-ix86+x86_64

Version: 0.2.3
Check: for code/documentation mismatches
Result: WARN
    
    This application has requested the Runtime to terminate it in an unusual way.
    Please contact the application's support team for more information.
    terminate called after throwing an instance of 'Rcpp::eval_error'
     what(): could not find function "new"
    
    This application has requested the Runtime to terminate it in an unusual way.
    Please contact the application's support team for more information.
    terminate called after throwing an instance of 'Rcpp::eval_error'
     what(): could not find function "new"
    
    This application has requested the Runtime to terminate it in an unusual way.
    Please contact the application's support team for more information.
    terminate called after throwing an instance of 'Rcpp::eval_error'
     what(): could not find function "new"
Flavor: r-devel-windows-ix86+x86_64

Version: 0.2.3
Check: Rd \usage sections
Result: NOTE
    
    This application has requested the Runtime to terminate it in an unusual way.
    Please contact the application's support team for more information.
    terminate called after throwing an instance of 'Rcpp::eval_error'
     what(): could not find function "new"
    The \usage entries for S3 methods should use the \method markup and not
    their full name.
    See chapter 'Writing R documentation files' in the 'Writing R
    Extensions' manual.
Flavor: r-devel-windows-ix86+x86_64