CRAN Package Check Results for Package RcppBDT

Last updated on 2016-02-13 15:47:27.

Flavor Version Tinstall Tcheck Ttotal Status Flags
r-devel-linux-x86_64-debian-gcc 0.2.3 42.22 29.32 71.54 NOTE
r-devel-linux-x86_64-fedora-clang 0.2.3 142.92 NOTE
r-devel-linux-x86_64-fedora-gcc 0.2.3 145.98 NOTE
r-devel-osx-x86_64-clang 0.2.3 111.73 OK
r-devel-windows-ix86+x86_64 0.2.3 153.00 86.00 239.00 OK
r-patched-linux-x86_64 0.2.3 41.87 31.75 73.63 NOTE
r-patched-solaris-sparc 0.2.3 849.30 OK
r-patched-solaris-x86 0.2.3 164.30 OK
r-release-linux-x86_64 0.2.3 42.87 32.21 75.09 NOTE
r-release-osx-x86_64-mavericks 0.2.3 NOTE
r-release-windows-ix86+x86_64 0.2.3 145.00 85.00 230.00 OK
r-oldrel-windows-ix86+x86_64 0.2.3 173.00 118.00 291.00 OK

Check Details

Version: 0.2.3
Check: installed package size
Result: NOTE
     installed size is 7.6Mb
     sub-directories of 1Mb or more:
     libs 7.3Mb
Flavors: r-devel-linux-x86_64-debian-gcc, r-devel-linux-x86_64-fedora-clang, r-devel-linux-x86_64-fedora-gcc, r-patched-linux-x86_64, r-release-linux-x86_64, r-release-osx-x86_64-mavericks