CRAN Package Check Results for Package RcppBDT

Last updated on 2017-09-19 20:47:31.

Flavor Version Tinstall Tcheck Ttotal Status Flags
r-devel-linux-x86_64-debian-clang 0.2.3 46.85 40.85 87.71 NOTE
r-devel-linux-x86_64-debian-gcc 0.2.3 51.90 39.62 91.52 NOTE
r-devel-linux-x86_64-fedora-clang 0.2.3 172.69 NOTE
r-devel-linux-x86_64-fedora-gcc 0.2.3 180.47 NOTE
r-devel-windows-ix86+x86_64 0.2.3 152.00 144.00 296.00 OK
r-patched-linux-x86_64 0.2.3 49.69 40.55 90.24 NOTE
r-patched-solaris-x86 0.2.3 181.70 OK
r-release-linux-x86_64 0.2.3 49.98 41.08 91.06 NOTE
r-release-windows-ix86+x86_64 0.2.3 154.00 118.00 272.00 OK
r-release-osx-x86_64 0.2.3 NOTE
r-oldrel-windows-ix86+x86_64 0.2.3 138.00 97.00 235.00 OK
r-oldrel-osx-x86_64 0.2.3 NOTE

Check Details

Version: 0.2.3
Check: compiled code
Result: NOTE
    File ‘RcppBDT/libs/RcppBDT.so’:
     Found no calls to: ‘R_registerRoutines’, ‘R_useDynamicSymbols’
    
    It is good practice to register native routines and to disable symbol
    search.
    
    See ‘Writing portable packages’ in the ‘Writing R Extensions’ manual.
Flavors: r-devel-linux-x86_64-debian-clang, r-devel-linux-x86_64-debian-gcc, r-devel-linux-x86_64-fedora-clang, r-devel-linux-x86_64-fedora-gcc, r-patched-linux-x86_64, r-release-linux-x86_64

Version: 0.2.3
Check: installed package size
Result: NOTE
     installed size is 8.4Mb
     sub-directories of 1Mb or more:
     libs 8.2Mb
Flavors: r-devel-linux-x86_64-fedora-clang, r-devel-linux-x86_64-fedora-gcc, r-release-osx-x86_64, r-oldrel-osx-x86_64