CRAN Package Check Results for Package RcppBDT

Last updated on 2016-04-30 15:47:09.

Flavor Version Tinstall Tcheck Ttotal Status Flags
r-devel-linux-x86_64-debian-gcc 0.2.3 41.59 29.96 71.55 NOTE
r-devel-linux-x86_64-fedora-clang 0.2.3 141.62 NOTE
r-devel-linux-x86_64-fedora-gcc 0.2.3 145.05 NOTE
r-devel-osx-x86_64-clang 0.2.3 112.85 OK
r-devel-windows-ix86+x86_64 0.2.3 141.00 78.00 219.00 OK
r-patched-linux-x86_64 0.2.3 41.62 30.37 71.99 NOTE
r-patched-solaris-sparc 0.2.3 864.00 OK
r-patched-solaris-x86 0.2.3 160.50 OK
r-release-linux-x86_64 0.2.3 42.75 33.08 75.83 NOTE
r-release-osx-x86_64-mavericks 0.2.3 NOTE
r-release-windows-ix86+x86_64 0.2.3 114.00 92.00 206.00 OK
r-oldrel-windows-ix86+x86_64 0.2.3 153.00 109.00 262.00 OK

Check Details

Version: 0.2.3
Check: installed package size
Result: NOTE
     installed size is 7.4Mb
     sub-directories of 1Mb or more:
     libs 7.2Mb
Flavors: r-devel-linux-x86_64-debian-gcc, r-devel-linux-x86_64-fedora-clang, r-devel-linux-x86_64-fedora-gcc, r-patched-linux-x86_64, r-release-linux-x86_64, r-release-osx-x86_64-mavericks