CRAN Package Check Results for Package RcppBDT

Last updated on 2017-07-23 14:47:24.

Flavor Version Tinstall Tcheck Ttotal Status Flags
r-devel-linux-x86_64-debian-clang 0.2.3 44.73 45.42 90.15 NOTE
r-devel-linux-x86_64-debian-gcc 0.2.3 51.38 44.79 96.17 NOTE
r-devel-linux-x86_64-fedora-clang 0.2.3 174.58 NOTE
r-devel-linux-x86_64-fedora-gcc 0.2.3 186.25 NOTE
r-devel-windows-ix86+x86_64 0.2.3 208.00 116.00 324.00 OK
r-patched-linux-x86_64 0.2.3 50.09 45.68 95.77 NOTE
r-patched-solaris-x86 0.2.3 182.30 OK
r-release-linux-x86_64 0.2.3 50.17 44.83 95.00 NOTE
r-release-windows-ix86+x86_64 0.2.3 144.00 136.00 280.00 OK
r-release-osx-x86_64 0.2.3 NOTE
r-oldrel-windows-ix86+x86_64 0.2.3 150.00 126.00 276.00 OK
r-oldrel-osx-x86_64 0.2.3 NOTE

Check Details

Version: 0.2.3
Check: compiled code
Result: NOTE
    File ‘RcppBDT/libs/RcppBDT.so’:
     Found no calls to: ‘R_registerRoutines’, ‘R_useDynamicSymbols’
    
    It is good practice to register native routines and to disable symbol
    search.
    
    See ‘Writing portable packages’ in the ‘Writing R Extensions’ manual.
Flavors: r-devel-linux-x86_64-debian-clang, r-devel-linux-x86_64-debian-gcc, r-devel-linux-x86_64-fedora-clang, r-devel-linux-x86_64-fedora-gcc, r-patched-linux-x86_64, r-release-linux-x86_64

Version: 0.2.3
Check: installed package size
Result: NOTE
     installed size is 8.2Mb
     sub-directories of 1Mb or more:
     libs 8.0Mb
Flavors: r-devel-linux-x86_64-fedora-clang, r-devel-linux-x86_64-fedora-gcc, r-release-osx-x86_64, r-oldrel-osx-x86_64