CRAN Package Check Results for Package RcppBDT

Last updated on 2014-04-17 10:47:55.

Flavor Version Tinstall Tcheck Ttotal Status Flags
r-devel-linux-x86_64-debian-clang 0.2.3 29.92 43.80 73.72 NOTE
r-devel-linux-x86_64-debian-gcc 0.2.3 39.87 44.48 84.36 NOTE
r-devel-linux-x86_64-fedora-clang 0.2.3 89.00 NOTE
r-devel-linux-x86_64-fedora-gcc 0.2.3 99.44 NOTE
r-devel-macosx-x86_64-clang 0.2.3 114.32 OK
r-devel-macosx-x86_64-gcc 0.2.3 ERROR
r-devel-windows-ix86+x86_64 0.2.3 118.00 89.00 207.00 OK
r-patched-linux-x86_64 0.2.3 40.52 44.48 85.00 NOTE
r-patched-solaris-sparc 0.2.3 103.20 ERROR
r-patched-solaris-x86 0.2.3 22.00 ERROR
r-release-linux-ix86 0.2.3 89.00 4.00 93.00 ERROR
r-release-linux-x86_64 0.2.3 39.79 43.68 83.46 NOTE
r-release-macosx-x86_64 0.2.3 ERROR
r-release-windows-ix86+x86_64 0.2.3 120.00 94.00 214.00 OK
r-oldrel-windows-ix86+x86_64 0.2.2 29.00 50.00 79.00 OK

Check Details

Version: 0.2.3
Check: installed package size
Result: NOTE
     installed size is 5.9Mb
     sub-directories of 1Mb or more:
     libs 5.7Mb
Flavors: r-devel-linux-x86_64-debian-clang, r-devel-linux-x86_64-debian-gcc, r-devel-linux-x86_64-fedora-clang, r-devel-linux-x86_64-fedora-gcc, r-patched-linux-x86_64, r-release-linux-x86_64

Version: 0.2.3
Check: whether package can be installed
Result: ERROR
    Installation failed.
    See ‘/Volumes/XT3/Builds/R-dev-web/QA/Simon/packages/snowleopard-x86_64/results/3.2/RcppBDT.Rcheck/00install.out’ for details.
Flavor: r-devel-macosx-x86_64-gcc

Version: 0.2.3
Check: whether package can be installed
Result: ERROR
    Installation failed.
    See ‘/home/ripley/R/packages/tests32/RcppBDT.Rcheck/00install.out’ for details.
Flavors: r-patched-solaris-sparc, r-patched-solaris-x86

Version: 0.2.3
Check: whether package can be installed
Result: ERROR
    Installation failed.
    See ‘/home/hornik/tmp/R.check/r-release-gcc/Work/PKGS/RcppBDT.Rcheck/00install.out’ for details.
Flavor: r-release-linux-ix86

Version: 0.2.3
Check: whether package can be installed
Result: ERROR
    Installation failed.
    See ‘/Volumes/XT3/Builds/R-dev-web/QA/Simon/packages/snowleopard-x86_64/results/3.1/RcppBDT.Rcheck/00install.out’ for details.
Flavor: r-release-macosx-x86_64