CRAN Package Check Results for Package RcppBDT

Last updated on 2014-10-24 19:47:48.

Flavor Version Tinstall Tcheck Ttotal Status Flags
r-devel-linux-x86_64-debian-clang 0.2.3 31.93 39.75 71.68 NOTE
r-devel-linux-x86_64-debian-gcc 0.2.3 43.40 38.52 81.92 NOTE
r-devel-linux-x86_64-fedora-clang 0.2.3 153.21 NOTE
r-devel-linux-x86_64-fedora-gcc 0.2.3 143.62 NOTE
r-devel-osx-x86_64-clang 0.2.3 105.94 OK
r-devel-windows-ix86+x86_64 0.2.3 119.00 87.00 206.00 OK
r-patched-linux-x86_64 0.2.3 43.86 42.38 86.25 NOTE
r-patched-solaris-sparc 0.2.3 1059.30 NOTE
r-patched-solaris-x86 0.2.3 201.30 NOTE
r-release-linux-ix86 0.2.3 56.02 50.40 106.43 NOTE
r-release-linux-x86_64 0.2.3 43.42 42.47 85.89 NOTE
r-release-osx-x86_64-mavericks 0.2.3 NOTE
r-release-osx-x86_64-snowleopard 0.2.3 ERROR
r-release-windows-ix86+x86_64 0.2.3 107.00 98.00 205.00 OK
r-oldrel-windows-ix86+x86_64 0.2.2 29.00 50.00 79.00 OK

Check Details

Version: 0.2.3
Check: installed package size
Result: NOTE
     installed size is 6.8Mb
     sub-directories of 1Mb or more:
     libs 6.6Mb
Flavors: r-devel-linux-x86_64-debian-clang, r-devel-linux-x86_64-debian-gcc, r-devel-linux-x86_64-fedora-clang, r-devel-linux-x86_64-fedora-gcc, r-patched-linux-x86_64, r-patched-solaris-sparc, r-patched-solaris-x86, r-release-linux-ix86, r-release-linux-x86_64, r-release-osx-x86_64-mavericks

Version: 0.2.3
Check: whether package can be installed
Result: ERROR
    Installation failed.
Flavor: r-release-osx-x86_64-snowleopard