CRAN Package Check Results for Package RcppBDT

Last updated on 2018-02-23 22:48:12 CET.

Flavor Version Tinstall Tcheck Ttotal Status Flags
r-devel-linux-x86_64-debian-clang 0.2.3 67.05 58.78 125.83 NOTE
r-devel-linux-x86_64-debian-gcc 0.2.3 56.37 47.06 103.43 NOTE
r-devel-linux-x86_64-fedora-clang 0.2.3 171.28 NOTE
r-devel-linux-x86_64-fedora-gcc 0.2.3 171.31 NOTE
r-devel-windows-ix86+x86_64 0.2.3 218.00 130.00 348.00 OK
r-patched-linux-x86_64 0.2.3 69.74 65.49 135.23 NOTE
r-patched-solaris-x86 0.2.3 186.30 OK
r-release-linux-x86_64 0.2.3 68.45 65.23 133.68 NOTE
r-release-windows-ix86+x86_64 0.2.3 143.00 140.00 283.00 OK
r-release-osx-x86_64 0.2.3 NOTE
r-oldrel-windows-ix86+x86_64 0.2.3 154.00 106.00 260.00 OK
r-oldrel-osx-x86_64 0.2.3 NOTE

Check Details

Version: 0.2.3
Check: compiled code
Result: NOTE
    File ‘RcppBDT/libs/RcppBDT.so’:
     Found no calls to: ‘R_registerRoutines’, ‘R_useDynamicSymbols’
    
    It is good practice to register native routines and to disable symbol
    search.
    
    See ‘Writing portable packages’ in the ‘Writing R Extensions’ manual.
Flavors: r-devel-linux-x86_64-debian-clang, r-devel-linux-x86_64-debian-gcc, r-devel-linux-x86_64-fedora-clang, r-devel-linux-x86_64-fedora-gcc, r-patched-linux-x86_64, r-release-linux-x86_64

Version: 0.2.3
Check: installed package size
Result: NOTE
     installed size is 8.8Mb
     sub-directories of 1Mb or more:
     libs 8.5Mb
Flavors: r-devel-linux-x86_64-fedora-clang, r-devel-linux-x86_64-fedora-gcc, r-release-osx-x86_64, r-oldrel-osx-x86_64