CRAN Package Check Results for Package RcppBDT

Last updated on 2015-07-06 06:46:56.

Flavor Version Tinstall Tcheck Ttotal Status Flags
r-devel-linux-x86_64-debian-clang 0.2.3 35.66 31.57 67.23 NOTE
r-devel-linux-x86_64-debian-gcc 0.2.3 47.04 31.13 78.17 NOTE
r-devel-linux-x86_64-fedora-clang 0.2.3 145.69 NOTE
r-devel-linux-x86_64-fedora-gcc 0.2.3 151.18 NOTE
r-devel-osx-x86_64-clang 0.2.3 114.16 OK
r-devel-windows-ix86+x86_64 0.2.3 167.00 102.00 269.00 OK
r-patched-linux-x86_64 0.2.3 44.77 31.44 76.21 NOTE
r-patched-solaris-sparc 0.2.3 1035.40 NOTE
r-patched-solaris-x86 0.2.3 183.90 NOTE
r-release-linux-x86_64 0.2.3 45.36 32.29 77.65 NOTE
r-release-osx-x86_64-mavericks 0.2.3 NOTE
r-release-windows-ix86+x86_64 0.2.3 157.00 79.00 236.00 OK
r-oldrel-windows-ix86+x86_64 0.2.3 169.00 140.00 309.00 OK

Check Details

Version: 0.2.3
Check: installed package size
Result: NOTE
     installed size is 6.5Mb
     sub-directories of 1Mb or more:
     libs 6.3Mb
Flavors: r-devel-linux-x86_64-debian-clang, r-devel-linux-x86_64-debian-gcc, r-devel-linux-x86_64-fedora-clang, r-devel-linux-x86_64-fedora-gcc, r-patched-linux-x86_64, r-patched-solaris-sparc, r-patched-solaris-x86, r-release-linux-x86_64, r-release-osx-x86_64-mavericks