CRAN Package Check Results for Package RcppBDT

Last updated on 2016-08-30 04:50:40.

Flavor Version Tinstall Tcheck Ttotal Status Flags
r-devel-linux-x86_64-debian-clang 0.2.3 41.35 31.55 72.90 NOTE
r-devel-linux-x86_64-debian-gcc 0.2.3 45.78 30.72 76.50 NOTE
r-devel-linux-x86_64-fedora-clang 0.2.3 146.23 NOTE
r-devel-linux-x86_64-fedora-gcc 0.2.3 153.78 NOTE
r-devel-osx-x86_64-clang 0.2.3 105.18 OK
r-devel-windows-ix86+x86_64 0.2.3 196.00 104.00 300.00 OK
r-patched-linux-x86_64 0.2.3 39.48 30.00 69.48 NOTE
r-patched-solaris-sparc 0.2.3 820.20 OK
r-patched-solaris-x86 0.2.3 158.30 OK
r-release-linux-x86_64 0.2.3 40.27 30.07 70.34 NOTE
r-release-osx-x86_64-mavericks 0.2.3 NOTE
r-release-windows-ix86+x86_64 0.2.3 131.00 93.00 224.00 OK
r-oldrel-windows-ix86+x86_64 0.2.3 169.00 114.00 283.00 OK

Check Details

Version: 0.2.3
Check: installed package size
Result: NOTE
     installed size is 6.9Mb
     sub-directories of 1Mb or more:
     libs 6.6Mb
Flavors: r-devel-linux-x86_64-debian-clang, r-devel-linux-x86_64-debian-gcc, r-devel-linux-x86_64-fedora-clang, r-devel-linux-x86_64-fedora-gcc, r-patched-linux-x86_64, r-release-linux-x86_64, r-release-osx-x86_64-mavericks