CRAN Package Check Results for Package RcppBDT

Last updated on 2017-01-24 23:50:06.

Flavor Version Tinstall Tcheck Ttotal Status Flags
r-devel-linux-x86_64-debian-clang 0.2.3 42.67 38.00 80.67 OK
r-devel-linux-x86_64-debian-gcc 0.2.3 47.92 38.40 86.32 OK
r-devel-linux-x86_64-fedora-clang 0.2.3 168.09 NOTE --no-stop-on-test-error
r-devel-linux-x86_64-fedora-gcc 0.2.3 170.06 NOTE --no-stop-on-test-error
r-devel-macos-x86_64-clang 0.2.3 114.35 OK --no-stop-on-test-error
r-devel-windows-ix86+x86_64 0.2.3 159.00 117.00 276.00 OK
r-patched-linux-x86_64 0.2.3 40.87 33.63 74.50 OK
r-patched-solaris-sparc 0.2.3 865.80 OK
r-patched-solaris-x86 0.2.3 168.50 OK
r-release-linux-x86_64 0.2.3 40.57 33.56 74.13 OK
r-release-osx-x86_64-mavericks 0.2.3 NOTE
r-release-windows-ix86+x86_64 0.2.3 206.00 100.00 306.00 OK
r-oldrel-windows-ix86+x86_64 0.2.3 237.00 120.00 357.00 OK

Check Details

Version: 0.2.3
Flags: --no-stop-on-test-error
Check: installed package size
Result: NOTE
     installed size is 7.4Mb
     sub-directories of 1Mb or more:
     libs 7.1Mb
Flavors: r-devel-linux-x86_64-fedora-clang, r-devel-linux-x86_64-fedora-gcc

Version: 0.2.3
Check: installed package size
Result: NOTE
     installed size is 7.2Mb
     sub-directories of 1Mb or more:
     libs 7.0Mb
Flavor: r-release-osx-x86_64-mavericks