CRAN Package Check Results for Package RcppBDT

Last updated on 2017-11-24 18:50:47 CET.

Flavor Version Tinstall Tcheck Ttotal Status Flags
r-devel-linux-x86_64-debian-clang 0.2.3 59.74 96.08 155.82 NOTE
r-devel-linux-x86_64-debian-gcc 0.2.3 57.12 83.53 140.65 NOTE
r-devel-linux-x86_64-fedora-clang 0.2.3 168.53 NOTE
r-devel-linux-x86_64-fedora-gcc 0.2.3 167.43 NOTE
r-devel-windows-ix86+x86_64 0.2.3 150.00 154.00 304.00 OK
r-patched-linux-x86_64 0.2.3 66.63 100.14 166.78 NOTE
r-patched-solaris-x86 0.2.3 177.60 OK
r-release-linux-x86_64 0.2.3 66.03 100.75 166.78 NOTE
r-release-windows-ix86+x86_64 0.2.3 158.00 151.00 309.00 OK
r-release-osx-x86_64 0.2.3 NOTE
r-oldrel-windows-ix86+x86_64 0.2.3 153.00 109.00 262.00 OK
r-oldrel-osx-x86_64 0.2.3 NOTE

Check Details

Version: 0.2.3
Check: compiled code
Result: NOTE
    File ‘RcppBDT/libs/RcppBDT.so’:
     Found no calls to: ‘R_registerRoutines’, ‘R_useDynamicSymbols’
    
    It is good practice to register native routines and to disable symbol
    search.
    
    See ‘Writing portable packages’ in the ‘Writing R Extensions’ manual.
Flavors: r-devel-linux-x86_64-debian-clang, r-devel-linux-x86_64-debian-gcc, r-devel-linux-x86_64-fedora-clang, r-devel-linux-x86_64-fedora-gcc, r-patched-linux-x86_64, r-release-linux-x86_64

Version: 0.2.3
Check: installed package size
Result: NOTE
     installed size is 8.4Mb
     sub-directories of 1Mb or more:
     libs 8.2Mb
Flavors: r-devel-linux-x86_64-fedora-clang, r-devel-linux-x86_64-fedora-gcc, r-release-osx-x86_64, r-oldrel-osx-x86_64