CRAN Package Check Results for Package RcppBDT

Last updated on 2015-04-26 12:46:38.

Flavor Version Tinstall Tcheck Ttotal Status Flags
r-devel-linux-x86_64-debian-clang 0.2.3 33.65 32.55 66.20 NOTE
r-devel-linux-x86_64-debian-gcc 0.2.3 43.52 32.50 76.02 NOTE
r-devel-linux-x86_64-fedora-clang 0.2.3 143.59 NOTE
r-devel-linux-x86_64-fedora-gcc 0.2.3 159.70 NOTE
r-devel-osx-x86_64-clang 0.2.3 110.59 OK
r-devel-windows-ix86+x86_64 0.2.3 130.00 81.00 211.00 OK
r-patched-linux-x86_64 0.2.3 43.77 32.02 75.79 NOTE
r-patched-solaris-sparc 0.2.3 121.20 ERROR
r-patched-solaris-x86 0.2.3 182.90 NOTE
r-release-linux-x86_64 0.2.3 43.55 32.34 75.89 NOTE
r-release-osx-x86_64-mavericks 0.2.3 NOTE
r-release-osx-x86_64-snowleopard 0.2.3 ERROR
r-release-windows-ix86+x86_64 0.2.3 85.00 76.00 161.00 OK
r-oldrel-windows-ix86+x86_64 0.2.3 94.00 99.00 193.00 OK

Check Details

Version: 0.2.3
Check: installed package size
Result: NOTE
     installed size is 7.9Mb
     sub-directories of 1Mb or more:
     libs 7.7Mb
Flavors: r-devel-linux-x86_64-fedora-clang, r-devel-linux-x86_64-fedora-gcc, r-patched-solaris-x86, r-release-osx-x86_64-mavericks

Version: 0.2.3
Check: whether package can be installed
Result: ERROR
    Installation failed.
Flavor: r-patched-solaris-sparc