CRAN Package Check Results for Package RcppBDT

Last updated on 2015-02-01 19:50:12.

Flavor Version Tinstall Tcheck Ttotal Status Flags
r-devel-linux-x86_64-debian-clang 0.2.3 31.20 33.01 64.21 NOTE
r-devel-linux-x86_64-debian-gcc 0.2.3 44.96 30.92 75.89 NOTE
r-devel-linux-x86_64-fedora-clang 0.2.3 146.82 NOTE
r-devel-linux-x86_64-fedora-gcc 0.2.3 146.87 NOTE
r-devel-osx-x86_64-clang 0.2.3 106.20 OK
r-devel-windows-ix86+x86_64 0.2.3 138.00 91.00 229.00 OK
r-patched-linux-x86_64 0.2.3 43.84 42.53 86.37 NOTE
r-patched-solaris-sparc 0.2.3 121.90 ERROR
r-patched-solaris-x86 0.2.3 200.60 NOTE
r-release-linux-ix86 0.2.3 53.79 48.62 102.42 NOTE
r-release-linux-x86_64 0.2.3 43.63 42.66 86.29 NOTE
r-release-osx-x86_64-mavericks 0.2.3 NOTE
r-release-osx-x86_64-snowleopard 0.2.3 ERROR
r-release-windows-ix86+x86_64 0.2.3 121.00 101.00 222.00 OK
r-oldrel-windows-ix86+x86_64 0.2.2 29.00 50.00 79.00 OK

Check Details

Version: 0.2.3
Check: installed package size
Result: NOTE
     installed size is 6.8Mb
     sub-directories of 1Mb or more:
     libs 6.6Mb
Flavors: r-devel-linux-x86_64-debian-clang, r-devel-linux-x86_64-debian-gcc, r-devel-linux-x86_64-fedora-clang, r-devel-linux-x86_64-fedora-gcc, r-patched-linux-x86_64, r-patched-solaris-x86, r-release-linux-ix86, r-release-linux-x86_64, r-release-osx-x86_64-mavericks

Version: 0.2.3
Check: whether package can be installed
Result: ERROR
    Installation failed.
Flavors: r-patched-solaris-sparc, r-release-osx-x86_64-snowleopard