CRAN Package Check Results for Package RcppBDT

Last updated on 2016-06-25 08:46:52.

Flavor Version Tinstall Tcheck Ttotal Status Flags
r-devel-linux-x86_64-debian-gcc 0.2.3 50.56 31.26 81.82 NOTE
r-devel-linux-x86_64-fedora-clang 0.2.3 146.64 NOTE
r-devel-linux-x86_64-fedora-gcc 0.2.3 146.54 NOTE
r-devel-osx-x86_64-clang 0.2.3 105.08 OK
r-devel-windows-ix86+x86_64 0.2.3 188.00 99.00 287.00 OK
r-patched-linux-x86_64 0.2.3 40.61 30.67 71.29 NOTE
r-patched-solaris-sparc 0.2.3 821.60 NOTE
r-patched-solaris-x86 0.2.3 162.10 NOTE
r-release-linux-x86_64 0.2.3 41.95 30.66 72.61 NOTE
r-release-osx-x86_64-mavericks 0.2.3 NOTE
r-release-windows-ix86+x86_64 0.2.3 207.00 69.00 276.00 OK
r-oldrel-windows-ix86+x86_64 0.2.3 160.00 113.00 273.00 OK

Check Details

Version: 0.2.3
Check: installed package size
Result: NOTE
     installed size is 7.5Mb
     sub-directories of 1Mb or more:
     libs 7.3Mb
Flavors: r-devel-linux-x86_64-debian-gcc, r-devel-linux-x86_64-fedora-clang, r-devel-linux-x86_64-fedora-gcc, r-patched-linux-x86_64, r-patched-solaris-sparc, r-patched-solaris-x86, r-release-linux-x86_64, r-release-osx-x86_64-mavericks