CRAN Package Check Results for Package RcppCNPy

Last updated on 2014-09-18 18:46:55.

Flavor Version Tinstall Tcheck Ttotal Status Flags
r-devel-linux-x86_64-debian-clang 0.2.3 5.86 18.62 24.47 OK
r-devel-linux-x86_64-debian-gcc 0.2.3 7.67 18.31 25.98 OK
r-devel-linux-x86_64-fedora-clang 0.2.3 50.77 OK
r-devel-linux-x86_64-fedora-gcc 0.2.3 48.71 OK
r-devel-osx-x86_64-clang 0.2.3 49.66 OK
r-devel-windows-ix86+x86_64 0.2.3 20.00 50.00 70.00 OK
r-patched-linux-x86_64 0.2.3 7.76 19.03 26.79 OK
r-patched-solaris-sparc 0.2.3 278.30 ERROR
r-patched-solaris-x86 0.2.3 71.90 OK
r-release-linux-ix86 0.2.3 10.15 27.44 37.60 OK
r-release-linux-x86_64 0.2.3 7.80 19.24 27.03 OK
r-release-osx-x86_64-mavericks 0.2.3 NOTE
r-release-osx-x86_64-snowleopard 0.2.3 ERROR
r-release-windows-ix86+x86_64 0.2.3 29.00 54.00 83.00 OK
r-oldrel-windows-ix86+x86_64 0.2.2 22.00 46.00 68.00 OK

Check Details

Version: 0.2.3
Check: tests
Result: ERROR
    Running the tests in ‘tests/loadFiles.R’ failed.
    Last 13 lines of output:
     > #!/usr/bin/Rscript
     >
     > library(RcppCNPy)
     >
     > fmat <- npyLoad("fmat.npy")
     > fmat
     [,1] [,2] [,3] [,4]
     [1,] 0.000000e+00 -1.542349e-180 -1.542349e-180 1.247542e+190
     [2,] -1.542349e-180 2.814198e-320 1.247542e+190 -3.975406e+71
     [3,] -1.542349e-180 -6.065988e+66 4.837891e-320 3.058736e-57
     > stopifnot(all.equal(fmat, t(matrix(seq(0,11) * 1.1, 4, 3))))
     Error: all.equal(fmat, t(matrix(seq(0, 11) * 1.1, 4, 3))) is not TRUE
     Execution halted
Flavor: r-patched-solaris-sparc

Version: 0.2.3
Check: re-building of vignette outputs
Result: NOTE
    Error in re-building vignettes:
     ...
    Error in texi2dvi(file = file, pdf = TRUE, clean = clean, quiet = quiet, :
     Running 'texi2dvi' on 'RcppCNPy-intro.tex' failed.
    LaTeX errors:
    ! LaTeX Error: File `titlesec.sty' not found.
    
    Type X to quit or <RETURN> to proceed,
    or enter new name. (Default extension: sty)
    
    n_test/RcppCNPy/vignettes/RcppCNPy-intro.tex:384: ==> Fatal error occurred, no
     output PDF file produced!
    Calls: buildVignettes -> texi2pdf -> texi2dvi
    Execution halted
Flavor: r-release-osx-x86_64-mavericks

Version: 0.2.3
Check: whether package can be installed
Result: ERROR
    Installation failed.
Flavor: r-release-osx-x86_64-snowleopard