CRAN Package Check Results for Package RcppCNPy

Last updated on 2016-07-25 12:49:52.

Flavor Version Tinstall Tcheck Ttotal Status Flags
r-devel-linux-x86_64-debian-clang 0.2.4 8.92 20.11 29.03 OK
r-devel-linux-x86_64-debian-gcc 0.2.4 9.32 19.51 28.84 OK
r-devel-linux-x86_64-fedora-clang 0.2.4 44.39 OK
r-devel-linux-x86_64-fedora-gcc 0.2.4 44.76 OK
r-devel-osx-x86_64-clang 0.2.4 36.57 OK
r-devel-windows-ix86+x86_64 0.2.4 35.00 64.00 99.00 OK
r-patched-linux-x86_64 0.2.4 7.78 19.75 27.53 OK
r-patched-solaris-sparc 0.2.4 261.40 NOTE
r-patched-solaris-x86 0.2.4 55.90 OK
r-release-linux-x86_64 0.2.4 8.42 20.69 29.10 OK
r-release-osx-x86_64-mavericks 0.2.4 OK
r-release-windows-ix86+x86_64 0.2.4 30.00 65.00 95.00 OK
r-oldrel-windows-ix86+x86_64 0.2.4 31.00 79.00 110.00 OK

Check Details

Version: 0.2.4
Check: installed package size
Result: NOTE
     installed size is 5.6Mb
     sub-directories of 1Mb or more:
     libs 5.4Mb
Flavor: r-patched-solaris-sparc