CRAN Package Check Results for Package RcppCNPy

Last updated on 2016-04-30 06:47:38.

Flavor Version Tinstall Tcheck Ttotal Status Flags
r-devel-linux-x86_64-debian-gcc 0.2.4 7.76 17.10 24.86 OK
r-devel-linux-x86_64-fedora-clang 0.2.4 44.15 OK
r-devel-linux-x86_64-fedora-gcc 0.2.4 45.16 OK
r-devel-osx-x86_64-clang 0.2.4 48.66 OK
r-devel-windows-ix86+x86_64 0.2.4 30.00 52.00 82.00 OK
r-patched-linux-x86_64 0.2.4 9.96 16.96 26.92 OK
r-patched-solaris-sparc 0.2.4 255.70 OK
r-patched-solaris-x86 0.2.4 57.50 OK
r-release-linux-x86_64 0.2.4 7.78 18.66 26.44 OK
r-release-osx-x86_64-mavericks 0.2.4 NOTE
r-release-windows-ix86+x86_64 0.2.4 24.00 68.00 92.00 OK
r-oldrel-windows-ix86+x86_64 0.2.4 28.00 60.00 88.00 OK

Check Details

Version: 0.2.4
Check: re-building of vignette outputs
Result: NOTE
    Error in re-building vignettes:
     ...
    Error: processing vignette 'RcppCNPy-intro.Rnw' failed with diagnostics:
    "HighlightMain" not available for .Call() for package "highlight"
    Execution halted
Flavor: r-release-osx-x86_64-mavericks