CRAN Package Check Results for Package RcppCNPy

Last updated on 2016-02-07 23:48:24.

Flavor Version Tinstall Tcheck Ttotal Status Flags
r-devel-linux-x86_64-debian-gcc 0.2.4 7.75 16.26 24.01 OK
r-devel-linux-x86_64-fedora-clang 0.2.4 43.35 OK
r-devel-linux-x86_64-fedora-gcc 0.2.4 44.55 OK
r-devel-osx-x86_64-clang 0.2.4 47.44 OK
r-devel-windows-ix86+x86_64 0.2.4 31.00 75.00 106.00 OK
r-patched-linux-x86_64 0.2.4 7.75 17.79 25.54 OK
r-patched-solaris-sparc 0.2.4 283.40 OK
r-patched-solaris-x86 0.2.4 61.80 OK
r-release-linux-x86_64 0.2.4 8.27 17.76 26.03 OK
r-release-osx-x86_64-mavericks 0.2.4 NOTE
r-release-windows-ix86+x86_64 0.2.4 28.00 55.00 83.00 OK
r-oldrel-windows-ix86+x86_64 0.2.4 31.00 81.00 112.00 OK

Check Details

Version: 0.2.4
Check: re-building of vignette outputs
Result: NOTE
    Error in re-building vignettes:
     ...
    Error: processing vignette 'RcppCNPy-intro.Rnw' failed with diagnostics:
    "HighlightMain" not available for .Call() for package "highlight"
    Execution halted
Flavor: r-release-osx-x86_64-mavericks