CRAN Package Check Results for Package RcppCNPy

Last updated on 2015-03-05 23:48:26.

Flavor Version Tinstall Tcheck Ttotal Status Flags
r-devel-linux-x86_64-debian-clang 0.2.4 6.28 17.98 24.26 OK
r-devel-linux-x86_64-debian-gcc 0.2.4 7.92 17.64 25.55 OK
r-devel-linux-x86_64-fedora-clang 0.2.4 49.21 OK
r-devel-linux-x86_64-fedora-gcc 0.2.4 46.98 OK
r-devel-osx-x86_64-clang 0.2.4 50.23 OK
r-devel-windows-ix86+x86_64 0.2.4 23.00 52.00 75.00 OK
r-patched-linux-x86_64 0.2.4 7.99 22.14 30.14 OK
r-patched-solaris-sparc 0.2.4 354.20 OK
r-patched-solaris-x86 0.2.4 78.10 OK
r-release-linux-ix86 0.2.4 10.29 29.04 39.33 OK
r-release-linux-x86_64 0.2.4 8.37 20.43 28.80 OK
r-release-osx-x86_64-mavericks 0.2.4 OK
r-release-osx-x86_64-snowleopard 0.2.4 ERROR
r-release-windows-ix86+x86_64 0.2.4 24.00 55.00 79.00 OK
r-oldrel-windows-ix86+x86_64 0.2.2 22.00 46.00 68.00 OK

Check Details

Version: 0.2.4
Check: whether package can be installed
Result: ERROR
    Installation failed.
Flavor: r-release-osx-x86_64-snowleopard