CRAN Package Check Results for Package RcppCNPy

Last updated on 2017-05-24 09:48:16.

Flavor Version Tinstall Tcheck Ttotal Status Flags
r-devel-linux-x86_64-debian-clang 0.2.6 8.62 21.61 30.23 NOTE
r-devel-linux-x86_64-debian-gcc 0.2.6 8.47 21.52 29.99 NOTE
r-devel-linux-x86_64-fedora-clang 0.2.6 55.68 NOTE --no-stop-on-test-error
r-devel-linux-x86_64-fedora-gcc 0.2.6 55.15 NOTE --no-stop-on-test-error
r-devel-windows-ix86+x86_64 0.2.6 28.00 94.00 122.00 OK
r-patched-linux-x86_64 0.2.6 7.42 22.05 29.47 NOTE
r-patched-solaris-sparc 0.2.6 317.70 OK
r-patched-solaris-x86 0.2.6 67.20 OK --no-stop-on-test-error
r-release-linux-x86_64 0.2.6 7.25 21.15 28.40 NOTE
r-release-windows-ix86+x86_64 0.2.6 31.00 93.00 124.00 OK
r-release-osx-x86_64 0.2.6 NOTE
r-oldrel-windows-ix86+x86_64 0.2.6 35.00 77.00 112.00 OK
r-oldrel-osx-x86_64 0.2.6 OK

Check Details

Version: 0.2.6
Check: compiled code
Result: NOTE
    File ‘RcppCNPy/libs/RcppCNPy.so’:
     Found no calls to: ‘R_registerRoutines’, ‘R_useDynamicSymbols’
    
    It is good practice to register native routines and to disable symbol
    search.
    
    See ‘Writing portable packages’ in the ‘Writing R Extensions’ manual.
Flavors: r-devel-linux-x86_64-debian-clang, r-devel-linux-x86_64-debian-gcc, r-patched-linux-x86_64, r-release-linux-x86_64

Version: 0.2.6
Flags: --no-stop-on-test-error
Check: compiled code
Result: NOTE
    File ‘RcppCNPy/libs/RcppCNPy.so’:
     Found no calls to: ‘R_registerRoutines’, ‘R_useDynamicSymbols’
    
    It is good practice to register native routines and to disable symbol
    search.
    
    See ‘Writing portable packages’ in the ‘Writing R Extensions’ manual.
Flavors: r-devel-linux-x86_64-fedora-clang, r-devel-linux-x86_64-fedora-gcc

Version: 0.2.6
Check: re-building of vignette outputs
Result: NOTE
    Error in re-building vignettes:
     ...
    Error in texi2dvi(file = file, pdf = TRUE, clean = clean, quiet = quiet, :
     Running 'texi2dvi' on 'RcppCNPy-intro.tex' failed.
    LaTeX errors:
    ! LaTeX Error: File `titlesec.sty' not found.
    
    Type X to quit or <RETURN> to proceed,
    or enter new name. (Default extension: sty)
    
    ! Emergency stop.
    <read *>
    
    l.384 ^^M
    
    ! ==> Fatal error occurred, no output PDF file produced!
    Calls: buildVignettes -> texi2pdf -> texi2dvi
    Execution halted
Flavor: r-release-osx-x86_64