CRAN Package Check Results for Package RcppCNPy

Last updated on 2015-05-27 09:48:01.

Flavor Version Tinstall Tcheck Ttotal Status Flags
r-devel-linux-x86_64-debian-clang 0.2.4 6.21 18.08 24.29 OK
r-devel-linux-x86_64-debian-gcc 0.2.4 7.97 17.65 25.62 OK
r-devel-linux-x86_64-fedora-clang 0.2.4 49.41 OK
r-devel-linux-x86_64-fedora-gcc 0.2.4 52.70 OK
r-devel-osx-x86_64-clang 0.2.4 51.16 OK
r-devel-windows-ix86+x86_64 0.2.4 22.00 54.00 76.00 OK
r-patched-linux-x86_64 0.2.4 8.14 17.53 25.67 OK
r-patched-solaris-sparc 0.2.4 312.90 OK
r-patched-solaris-x86 0.2.4 70.30 OK
r-release-linux-x86_64 0.2.4 7.95 17.77 25.72 OK
r-release-osx-x86_64-mavericks 0.2.4 NOTE
r-release-osx-x86_64-snowleopard 0.2.4 ERROR
r-release-windows-ix86+x86_64 0.2.4 20.00 55.00 75.00 OK
r-oldrel-windows-ix86+x86_64 0.2.4 19.00 66.00 85.00 OK

Check Details

Version: 0.2.4
Check: re-building of vignette outputs
Result: NOTE
    Error in re-building vignettes:
     ...
    Error: processing vignette 'RcppCNPy-intro.Rnw' failed with diagnostics:
    "HighlightMain" not available for .Call() for package "highlight"
    Execution halted
Flavor: r-release-osx-x86_64-mavericks

Version: 0.2.4
Check: whether package can be installed
Result: ERROR
    Installation failed.
Flavor: r-release-osx-x86_64-snowleopard