CRAN Package Check Results for Package RcppCNPy

Last updated on 2016-06-26 11:48:23.

Flavor Version Tinstall Tcheck Ttotal Status Flags
r-devel-linux-x86_64-debian-gcc 0.2.4 8.43 17.44 25.87 OK
r-devel-linux-x86_64-fedora-clang 0.2.4 44.54 OK
r-devel-linux-x86_64-fedora-gcc 0.2.4 45.22 OK
r-devel-osx-x86_64-clang 0.2.4 36.84 OK
r-devel-windows-ix86+x86_64 0.2.4 34.00 65.00 99.00 OK
r-patched-linux-x86_64 0.2.4 7.19 17.62 24.82 OK
r-patched-solaris-sparc 0.2.4 261.40 NOTE
r-patched-solaris-x86 0.2.4 58.60 OK
r-release-linux-x86_64 0.2.4 6.96 17.86 24.82 OK
r-release-osx-x86_64-mavericks 0.2.4 OK
r-release-windows-ix86+x86_64 0.2.4 27.00 46.00 73.00 OK
r-oldrel-windows-ix86+x86_64 0.2.4 30.00 73.00 103.00 OK

Check Details

Version: 0.2.4
Check: installed package size
Result: NOTE
     installed size is 5.6Mb
     sub-directories of 1Mb or more:
     libs 5.4Mb
Flavor: r-patched-solaris-sparc