CRAN Package Check Results for Package RcppCNPy

Last updated on 2017-06-25 22:48:20.

Flavor Version Tinstall Tcheck Ttotal Status Flags
r-devel-linux-x86_64-debian-clang 0.2.6 8.53 21.73 30.26 NOTE
r-devel-linux-x86_64-debian-gcc 0.2.6 8.80 21.53 30.33 NOTE
r-devel-linux-x86_64-fedora-clang 0.2.6 56.57 NOTE
r-devel-linux-x86_64-fedora-gcc 0.2.6 53.54 NOTE
r-devel-windows-ix86+x86_64 0.2.6 43.00 96.00 139.00 OK
r-patched-linux-x86_64 0.2.6 7.38 21.00 28.38 NOTE
r-patched-solaris-sparc 0.2.6 317.70 OK
r-patched-solaris-x86 0.2.6 72.10 OK
r-release-linux-x86_64 0.2.6 8.43 21.44 29.88 NOTE
r-release-windows-ix86+x86_64 0.2.6 49.00 92.00 141.00 OK
r-release-osx-x86_64 0.2.6 NOTE
r-oldrel-windows-ix86+x86_64 0.2.6 29.00 77.00 106.00 OK
r-oldrel-osx-x86_64 0.2.6 OK

Check Details

Version: 0.2.6
Check: compiled code
Result: NOTE
    File ‘RcppCNPy/libs/RcppCNPy.so’:
     Found no calls to: ‘R_registerRoutines’, ‘R_useDynamicSymbols’
    
    It is good practice to register native routines and to disable symbol
    search.
    
    See ‘Writing portable packages’ in the ‘Writing R Extensions’ manual.
Flavors: r-devel-linux-x86_64-debian-clang, r-devel-linux-x86_64-debian-gcc, r-devel-linux-x86_64-fedora-clang, r-devel-linux-x86_64-fedora-gcc, r-patched-linux-x86_64, r-release-linux-x86_64

Version: 0.2.6
Check: re-building of vignette outputs
Result: NOTE
    Error in re-building vignettes:
     ...
    Error in texi2dvi(file = file, pdf = TRUE, clean = clean, quiet = quiet, :
     Running 'texi2dvi' on 'RcppCNPy-intro.tex' failed.
    LaTeX errors:
    ! LaTeX Error: File `titlesec.sty' not found.
    
    Type X to quit or <RETURN> to proceed,
    or enter new name. (Default extension: sty)
    
    ! Emergency stop.
    <read *>
    
    l.384 ^^M
    
    ! ==> Fatal error occurred, no output PDF file produced!
    Calls: buildVignettes -> texi2pdf -> texi2dvi
    Execution halted
Flavor: r-release-osx-x86_64