CRAN Package Check Results for Package RcppCNPy

Last updated on 2015-08-04 06:47:51.

Flavor Version Tinstall Tcheck Ttotal Status Flags
r-devel-linux-x86_64-debian-clang 0.2.4 6.38 17.92 24.30 OK
r-devel-linux-x86_64-debian-gcc 0.2.4 7.98 17.20 25.19 OK
r-devel-linux-x86_64-fedora-clang 0.2.4 49.41 OK
r-devel-linux-x86_64-fedora-gcc 0.2.4 48.00 OK
r-devel-osx-x86_64-clang 0.2.4 44.59 OK
r-devel-windows-ix86+x86_64 0.2.4 33.00 68.00 101.00 OK
r-patched-linux-x86_64 0.2.4 8.00 17.57 25.57 OK
r-patched-solaris-sparc 0.2.4 308.20 OK
r-patched-solaris-x86 0.2.4 67.70 OK
r-release-linux-x86_64 0.2.4 8.06 18.04 26.10 OK
r-release-osx-x86_64-mavericks 0.2.4 NOTE
r-release-windows-ix86+x86_64 0.2.4 31.00 55.00 86.00 OK
r-oldrel-windows-ix86+x86_64 0.2.4 34.00 60.00 94.00 OK

Check Details

Version: 0.2.4
Check: re-building of vignette outputs
Result: NOTE
    Error in re-building vignettes:
     ...
    Error: processing vignette 'RcppCNPy-intro.Rnw' failed with diagnostics:
    "HighlightMain" not available for .Call() for package "highlight"
    Execution halted
Flavor: r-release-osx-x86_64-mavericks