CRAN Package Check Results for Package RcppCNPy

Last updated on 2014-04-21 05:48:21.

Flavor Version Tinstall Tcheck Ttotal Status Flags
r-devel-linux-x86_64-debian-clang 0.2.3 5.52 19.14 24.67 OK
r-devel-linux-x86_64-debian-gcc 0.2.3 6.82 18.86 25.68 OK
r-devel-linux-x86_64-fedora-clang 0.2.3 51.27 OK
r-devel-linux-x86_64-fedora-gcc 0.2.3 50.60 OK
r-devel-macosx-x86_64-clang 0.2.3 51.98 OK
r-devel-macosx-x86_64-gcc 0.2.3 ERROR
r-devel-windows-ix86+x86_64 0.2.3 21.00 48.00 69.00 OK
r-patched-linux-x86_64 0.2.3 6.72 19.21 25.94 OK
r-patched-solaris-sparc 0.2.3 222.50 ERROR
r-patched-solaris-x86 0.2.3 72.70 OK
r-release-linux-ix86 OK
r-release-linux-x86_64 0.2.3 6.74 18.80 25.54 OK
r-release-macosx-x86_64 0.2.3 ERROR
r-release-windows-ix86+x86_64 0.2.3 32.00 64.00 96.00 OK
r-oldrel-windows-ix86+x86_64 0.2.2 22.00 46.00 68.00 OK

Check Details

Version: 0.2.3
Check: whether package can be installed
Result: ERROR
    Installation failed.
    See ‘/Volumes/XT3/Builds/R-dev-web/QA/Simon/packages/snowleopard-x86_64/results/3.2/RcppCNPy.Rcheck/00install.out’ for details.
Flavor: r-devel-macosx-x86_64-gcc

Version: 0.2.3
Check: tests
Result: ERROR
    Running the tests in ‘tests/loadFiles.R’ failed.
    Last 13 lines of output:
     > #!/usr/bin/Rscript
     >
     > library(RcppCNPy)
     >
     > fmat <- npyLoad("fmat.npy")
     > fmat
     [,1] [,2] [,3] [,4]
     [1,] 0.000000e+00 -1.542349e-180 -1.542349e-180 1.247542e+190
     [2,] -1.542349e-180 2.814198e-320 1.247542e+190 -3.975406e+71
     [3,] -1.542349e-180 -6.065988e+66 4.837891e-320 3.058736e-57
     > stopifnot(all.equal(fmat, t(matrix(seq(0,11) * 1.1, 4, 3))))
     Error: all.equal(fmat, t(matrix(seq(0, 11) * 1.1, 4, 3))) is not TRUE
     Execution halted
Flavor: r-patched-solaris-sparc

Version: 0.2.3
Check: whether package can be installed
Result: ERROR
    Installation failed.
    See ‘/Volumes/XT3/Builds/R-dev-web/QA/Simon/packages/snowleopard-x86_64/results/3.1/RcppCNPy.Rcheck/00install.out’ for details.
Flavor: r-release-macosx-x86_64