CRAN Package Check Results for Package RcppCNPy

Last updated on 2015-07-06 14:48:50.

Flavor Version Tinstall Tcheck Ttotal Status Flags
r-devel-linux-x86_64-debian-clang 0.2.4 6.17 17.74 23.90 OK
r-devel-linux-x86_64-debian-gcc 0.2.4 7.91 17.71 25.62 OK
r-devel-linux-x86_64-fedora-clang 0.2.4 47.72 OK
r-devel-linux-x86_64-fedora-gcc 0.2.4 49.50 OK
r-devel-osx-x86_64-clang 0.2.4 46.75 OK
r-devel-windows-ix86+x86_64 0.2.4 30.00 54.00 84.00 OK
r-patched-linux-x86_64 0.2.4 7.91 17.78 25.69 OK
r-patched-solaris-sparc 0.2.4 312.90 OK
r-patched-solaris-x86 0.2.4 70.20 OK
r-release-linux-x86_64 0.2.4 8.58 18.06 26.64 OK
r-release-osx-x86_64-mavericks 0.2.4 NOTE
r-release-windows-ix86+x86_64 0.2.4 26.00 53.00 79.00 OK
r-oldrel-windows-ix86+x86_64 0.2.4 30.00 77.00 107.00 OK

Check Details

Version: 0.2.4
Check: re-building of vignette outputs
Result: NOTE
    Error in re-building vignettes:
     ...
    Error: processing vignette 'RcppCNPy-intro.Rnw' failed with diagnostics:
    "HighlightMain" not available for .Call() for package "highlight"
    Execution halted
Flavor: r-release-osx-x86_64-mavericks