CRAN Package Check Results for Package RcppCNPy

Last updated on 2015-09-02 05:47:21.

Flavor Version Tinstall Tcheck Ttotal Status Flags
r-devel-linux-x86_64-debian-clang 0.2.4 6.22 17.61 23.83 WARN
r-devel-linux-x86_64-debian-gcc 0.2.4 7.97 16.69 24.66 WARN
r-devel-linux-x86_64-fedora-clang 0.2.4 45.97 WARN
r-devel-linux-x86_64-fedora-gcc 0.2.4 46.64 WARN
r-devel-osx-x86_64-clang 0.2.4 43.47 WARN
r-devel-windows-ix86+x86_64 0.2.4 31.00 57.00 88.00 WARN
r-patched-linux-x86_64 0.2.4 8.18 17.46 25.64 OK
r-patched-solaris-sparc 0.2.4 308.20 OK
r-patched-solaris-x86 0.2.4 66.20 OK
r-release-linux-x86_64 0.2.4 7.97 18.47 26.44 OK
r-release-osx-x86_64-mavericks 0.2.4 NOTE
r-release-windows-ix86+x86_64 0.2.4 33.00 57.00 90.00 OK
r-oldrel-windows-ix86+x86_64 0.2.4 30.00 56.00 86.00 OK

Check Details

Version: 0.2.4
Check: for code/documentation mismatches
Result: WARN
    Functions or methods with usage in documentation object 'RcppCNPy-package' but not in code:
     npyLoad npySave npyHasIntegerSupport
Flavors: r-devel-linux-x86_64-debian-clang, r-devel-linux-x86_64-debian-gcc, r-devel-linux-x86_64-fedora-clang, r-devel-linux-x86_64-fedora-gcc, r-devel-osx-x86_64-clang, r-devel-windows-ix86+x86_64

Version: 0.2.4
Check: re-building of vignette outputs
Result: NOTE
    Error in re-building vignettes:
     ...
    Error: processing vignette 'RcppCNPy-intro.Rnw' failed with diagnostics:
    "HighlightMain" not available for .Call() for package "highlight"
    Execution halted
Flavor: r-release-osx-x86_64-mavericks