CRAN Package Check Results for Package RcppCNPy

Last updated on 2015-04-21 11:53:07.

Flavor Version Tinstall Tcheck Ttotal Status Flags
r-devel-linux-x86_64-debian-clang 0.2.4 6.13 17.66 23.79 OK
r-devel-linux-x86_64-debian-gcc 0.2.4 8.18 17.57 25.75 OK
r-devel-linux-x86_64-fedora-clang 0.2.4 33.77 OK
r-devel-linux-x86_64-fedora-gcc 0.2.4 39.27 OK
r-devel-osx-x86_64-clang 0.2.4 53.76 OK
r-devel-windows-ix86+x86_64 0.2.4 23.00 52.00 75.00 OK
r-patched-linux-x86_64 0.2.4 8.12 18.27 26.39 OK
r-patched-solaris-sparc 0.2.4 288.50 OK
r-patched-solaris-x86 0.2.4 60.60 OK
r-release-linux-x86_64 0.2.4 8.52 93.26 101.77 NOTE
r-release-osx-x86_64-mavericks 0.2.4 NOTE
r-release-osx-x86_64-snowleopard 0.2.4 ERROR
r-release-windows-ix86+x86_64 0.2.4 17.00 50.00 67.00 OK
r-oldrel-windows-ix86+x86_64 0.2.4 19.00 66.00 85.00 OK

Check Details

Version: 0.2.4
Check: re-building of vignette outputs
Result: NOTE
    Error in re-building vignettes:
     ...
    Error: processing vignette ‘RcppCNPy-intro.Rnw’ failed with diagnostics:
    "HighlightMain" not available for .Call() for package "highlight"
    Execution halted
Flavors: r-release-linux-x86_64, r-release-osx-x86_64-mavericks

Version: 0.2.4
Check: whether package can be installed
Result: ERROR
    Installation failed.
Flavor: r-release-osx-x86_64-snowleopard