CRAN Package Check Results for Package RcppCNPy

Last updated on 2015-01-26 10:47:16.

Flavor Version Tinstall Tcheck Ttotal Status Flags
r-devel-linux-x86_64-debian-clang 0.2.4 5.98 18.65 24.62 OK
r-devel-linux-x86_64-debian-gcc 0.2.4 7.80 19.01 26.81 OK
r-devel-linux-x86_64-fedora-clang 0.2.4 54.41 OK
r-devel-linux-x86_64-fedora-gcc 0.2.4 48.15 OK
r-devel-osx-x86_64-clang 0.2.4 53.90 OK
r-devel-windows-ix86+x86_64 0.2.4 25.00 44.00 69.00 OK
r-patched-linux-x86_64 0.2.4 8.16 19.78 27.94 OK
r-patched-solaris-sparc 0.2.4 311.70 OK
r-patched-solaris-x86 0.2.4 76.50 OK
r-release-linux-ix86 0.2.4 10.14 27.86 37.99 OK
r-release-linux-x86_64 0.2.4 7.99 19.99 27.98 OK
r-release-osx-x86_64-mavericks 0.2.4 OK
r-release-osx-x86_64-snowleopard 0.2.4 ERROR
r-release-windows-ix86+x86_64 0.2.4 24.00 55.00 79.00 OK
r-oldrel-windows-ix86+x86_64 0.2.2 22.00 46.00 68.00 OK

Check Details

Version: 0.2.4
Check: whether package can be installed
Result: ERROR
    Installation failed.
Flavor: r-release-osx-x86_64-snowleopard