CRAN Package Check Results for Package RcppCNPy

Last updated on 2017-03-23 23:51:04.

Flavor Version Tinstall Tcheck Ttotal Status Flags
r-devel-linux-x86_64-debian-clang 0.2.6 6.13 21.59 27.72 NOTE
r-devel-linux-x86_64-debian-gcc 0.2.6 6.00 21.31 27.31 NOTE
r-devel-linux-x86_64-fedora-clang 0.2.6 56.31 NOTE --no-stop-on-test-error
r-devel-linux-x86_64-fedora-gcc 0.2.6 56.72 NOTE --no-stop-on-test-error
r-devel-macos-x86_64-clang 0.2.6 42.83 NOTE --no-stop-on-test-error
r-devel-windows-ix86+x86_64 0.2.6 29.00 101.00 130.00 OK
r-patched-linux-x86_64 0.2.6 6.99 17.68 24.67 OK
r-patched-solaris-sparc 0.2.6 317.70 OK
r-patched-solaris-x86 0.2.6 72.30 OK
r-release-linux-x86_64 0.2.6 6.98 17.57 24.55 OK
r-release-osx-x86_64-mavericks 0.2.6 OK
r-release-windows-ix86+x86_64 0.2.6 45.00 67.00 112.00 OK
r-oldrel-windows-ix86+x86_64 0.2.6 35.00 79.00 114.00 OK

Check Details

Version: 0.2.6
Check: compiled code
Result: NOTE
    File ‘RcppCNPy/libs/RcppCNPy.so’:
     Found no calls to: ‘R_registerRoutines’, ‘R_useDynamicSymbols’
    
    It is good practice to register native routines and to disable symbol
    search.
    
    See ‘Writing portable packages’ in the ‘Writing R Extensions’ manual.
Flavors: r-devel-linux-x86_64-debian-clang, r-devel-linux-x86_64-debian-gcc

Version: 0.2.6
Flags: --no-stop-on-test-error
Check: compiled code
Result: NOTE
    File ‘RcppCNPy/libs/RcppCNPy.so’:
     Found no calls to: ‘R_registerRoutines’, ‘R_useDynamicSymbols’
    
    It is good practice to register native routines and to disable symbol
    search.
    
    See ‘Writing portable packages’ in the ‘Writing R Extensions’ manual.
Flavors: r-devel-linux-x86_64-fedora-clang, r-devel-linux-x86_64-fedora-gcc, r-devel-macos-x86_64-clang