CRAN Package Check Results for Package RcppCNPy

Last updated on 2017-02-20 11:50:56.

Flavor Version Tinstall Tcheck Ttotal Status Flags
r-devel-linux-x86_64-debian-clang 0.2.6 8.01 21.03 29.03 NOTE
r-devel-linux-x86_64-debian-gcc 0.2.6 8.42 21.45 29.87 NOTE
r-devel-linux-x86_64-fedora-clang 0.2.6 54.46 NOTE --no-stop-on-test-error
r-devel-linux-x86_64-fedora-gcc 0.2.6 53.82 NOTE --no-stop-on-test-error
r-devel-macos-x86_64-clang 0.2.6 44.28 NOTE --no-stop-on-test-error
r-devel-windows-ix86+x86_64 0.2.6 24.00 100.00 124.00 OK
r-patched-linux-x86_64 0.2.6 7.27 17.26 24.53 OK
r-patched-solaris-sparc 0.2.6 264.10 OK
r-patched-solaris-x86 0.2.6 60.80 OK
r-release-linux-x86_64 0.2.6 7.02 17.20 24.22 OK
r-release-osx-x86_64-mavericks 0.2.6 OK
r-release-windows-ix86+x86_64 0.2.6 30.00 61.00 91.00 OK
r-oldrel-windows-ix86+x86_64 0.2.6 27.00 89.00 116.00 OK

Check Details

Version: 0.2.6
Check: compiled code
Result: NOTE
    File ‘RcppCNPy/libs/RcppCNPy.so’:
     Found no calls to: ‘R_registerRoutines’, ‘R_useDynamicSymbols’
    
    It is good practice to register native routines and to disable symbol
    search.
    
    See ‘Writing portable packages’ in the ‘Writing R Extensions’ manual.
Flavors: r-devel-linux-x86_64-debian-clang, r-devel-linux-x86_64-debian-gcc

Version: 0.2.6
Flags: --no-stop-on-test-error
Check: compiled code
Result: NOTE
    File ‘RcppCNPy/libs/RcppCNPy.so’:
     Found no calls to: ‘R_registerRoutines’, ‘R_useDynamicSymbols’
    
    It is good practice to register native routines and to disable symbol
    search.
    
    See ‘Writing portable packages’ in the ‘Writing R Extensions’ manual.
Flavors: r-devel-linux-x86_64-fedora-clang, r-devel-linux-x86_64-fedora-gcc, r-devel-macos-x86_64-clang