CRAN Package Check Results for Package RcppCensSpatial

Last updated on 2024-02-28 22:59:29 CET.

Flavor Version Tinstall Tcheck Ttotal Status Flags
r-devel-linux-x86_64-debian-clang 0.3.0 74.07 142.12 216.19 NOTE
r-devel-linux-x86_64-debian-gcc 0.3.0 62.58 108.90 171.48 NOTE
r-devel-linux-x86_64-fedora-clang 0.3.0 278.13 NOTE
r-devel-linux-x86_64-fedora-gcc 0.3.0 296.12 NOTE
r-devel-windows-x86_64 0.3.0 58.00 146.00 204.00 NOTE
r-patched-linux-x86_64 0.3.0 55.27 139.72 194.99 NOTE
r-release-linux-x86_64 0.3.0 54.85 140.21 195.06 NOTE
r-release-macos-arm64 0.3.0 82.00 NOTE
r-release-macos-x86_64 0.3.0 136.00 NOTE
r-release-windows-x86_64 0.3.0 75.00 173.00 248.00 NOTE
r-oldrel-macos-arm64 0.3.0 83.00 NOTE
r-oldrel-windows-x86_64 0.3.0 74.00 155.00 229.00 OK

Check Details

Version: 0.3.0
Check: C++ specification
Result: NOTE Specified C++11: please drop specification unless essential Flavors: r-devel-linux-x86_64-debian-clang, r-devel-linux-x86_64-debian-gcc, r-devel-linux-x86_64-fedora-clang, r-devel-linux-x86_64-fedora-gcc, r-devel-windows-x86_64, r-patched-linux-x86_64, r-release-linux-x86_64, r-release-macos-arm64, r-release-macos-x86_64, r-release-windows-x86_64

Version: 0.3.0
Check: package subdirectories
Result: NOTE Problems with news in ‘NEWS.md’: No news entries found. Flavors: r-devel-linux-x86_64-debian-clang, r-devel-linux-x86_64-debian-gcc, r-devel-linux-x86_64-fedora-clang, r-devel-linux-x86_64-fedora-gcc, r-devel-windows-x86_64, r-patched-linux-x86_64, r-release-linux-x86_64, r-release-macos-arm64, r-release-macos-x86_64, r-release-windows-x86_64

Version: 0.3.0
Check: installed package size
Result: NOTE installed size is 8.3Mb sub-directories of 1Mb or more: libs 8.1Mb Flavors: r-release-macos-arm64, r-release-macos-x86_64, r-oldrel-macos-arm64