CRAN Package Check Results for Package RcppClassic

Last updated on 2017-10-17 02:48:49.

Flavor Version Tinstall Tcheck Ttotal Status Flags
r-devel-linux-x86_64-debian-clang 0.9.8 45.01 49.57 94.57 OK
r-devel-linux-x86_64-debian-gcc 0.9.8 43.37 53.00 96.37 OK
r-devel-linux-x86_64-fedora-clang 0.9.8 199.94 OK
r-devel-linux-x86_64-fedora-gcc 0.9.8 174.59 OK
r-devel-windows-ix86+x86_64 0.9.8 138.00 114.00 252.00 OK
r-patched-linux-x86_64 0.9.8 42.02 50.33 92.36 OK
r-patched-solaris-x86 0.9.8 171.80 OK
r-release-linux-x86_64 0.9.8 42.11 49.30 91.41 OK
r-release-windows-ix86+x86_64 0.9.8 198.00 114.00 312.00 OK
r-release-osx-x86_64 0.9.8 NOTE
r-oldrel-windows-ix86+x86_64 0.9.8 202.00 142.00 344.00 OK
r-oldrel-osx-x86_64 0.9.8 OK

Additional issues

rchk

Check Details

Version: 0.9.8
Check: re-building of vignette outputs
Result: NOTE
    Error in re-building vignettes:
     ...
    Warning in engine$weave(file, quiet = quiet, encoding = enc) :
     Pandoc (>= 1.12.3) and/or pandoc-citeproc not available. Falling back to R Markdown v1.
    Loading required package: RcppClassic
    Error in texi2dvi(file = file, pdf = TRUE, clean = clean, quiet = quiet, :
     Running 'texi2dvi' on 'RcppClassic-unitTests.tex' failed.
    LaTeX errors:
    ! LaTeX Error: File `vmargin.sty' not found.
    
    Type X to quit or <RETURN> to proceed,
    or enter new name. (Default extension: sty)
    
    ! Emergency stop.
    <read *>
    
    l.4 \setmargrb
     {0.75in}{0.75in}{0.75in}{0.75in}^^M
    ! ==> Fatal error occurred, no output PDF file produced!
    Calls: buildVignettes -> texi2pdf -> texi2dvi
    Execution halted
Flavor: r-release-osx-x86_64