CRAN Package Check Results for Package RcppClassic

Last updated on 2015-07-02 11:48:36.

Flavor Version Tinstall Tcheck Ttotal Status Flags
r-devel-linux-x86_64-debian-clang 0.9.6 34.91 34.59 69.50 NOTE
r-devel-linux-x86_64-debian-gcc 0.9.6 35.73 36.80 72.52 NOTE
r-devel-linux-x86_64-fedora-clang 0.9.6 159.99 NOTE
r-devel-linux-x86_64-fedora-gcc 0.9.6 137.39 NOTE
r-devel-osx-x86_64-clang 0.9.6 122.17 OK
r-devel-windows-ix86+x86_64 0.9.6 122.00 81.00 203.00 OK
r-patched-linux-x86_64 0.9.6 35.66 37.11 72.77 NOTE
r-patched-solaris-sparc 0.9.6 921.30 NOTE
r-patched-solaris-x86 0.9.6 175.30 NOTE
r-release-linux-x86_64 0.9.6 36.93 38.28 75.21 NOTE
r-release-osx-x86_64-mavericks 0.9.6 NOTE
r-release-windows-ix86+x86_64 0.9.6 133.00 87.00 220.00 OK
r-oldrel-windows-ix86+x86_64 0.9.6 166.00 90.00 256.00 OK

Check Details

Version: 0.9.6
Check: installed package size
Result: NOTE
     installed size is 5.4Mb
     sub-directories of 1Mb or more:
     lib 3.8Mb
     libs 1.2Mb
Flavors: r-devel-linux-x86_64-debian-clang, r-devel-linux-x86_64-debian-gcc, r-devel-linux-x86_64-fedora-clang, r-devel-linux-x86_64-fedora-gcc, r-patched-linux-x86_64, r-patched-solaris-sparc, r-patched-solaris-x86, r-release-linux-x86_64

Version: 0.9.6
Check: re-building of vignette outputs
Result: NOTE
    Error in re-building vignettes:
     ...
    Loading required package: RcppClassic
    Error: processing vignette 'RcppClassic-intro.Rnw' failed with diagnostics:
    "HighlightMain" not available for .Call() for package "highlight"
    Execution halted
Flavor: r-release-osx-x86_64-mavericks