CRAN Package Check Results for Package RcppClassic

Last updated on 2016-09-30 06:47:43.

Flavor Version Tinstall Tcheck Ttotal Status Flags
r-devel-linux-x86_64-debian-clang 0.9.6 42.11 40.38 82.49 NOTE
r-devel-linux-x86_64-debian-gcc 0.9.6 38.53 40.33 78.86 NOTE
r-devel-linux-x86_64-fedora-clang 0.9.6 169.26 NOTE
r-devel-linux-x86_64-fedora-gcc 0.9.6 147.16 NOTE
r-devel-macos-x86_64-clang 0.9.6 106.38 OK
r-devel-windows-ix86+x86_64 0.9.6 110.00 122.00 232.00 OK
r-patched-linux-x86_64 0.9.6 33.16 36.72 69.88 NOTE
r-patched-solaris-sparc 0.9.6 721.70 OK
r-patched-solaris-x86 0.9.6 146.70 OK
r-release-linux-x86_64 0.9.6 33.92 35.80 69.72 NOTE
r-release-osx-x86_64-mavericks 0.9.6 OK
r-release-windows-ix86+x86_64 0.9.6 123.00 106.00 229.00 OK
r-oldrel-windows-ix86+x86_64 0.9.6 189.00 92.00 281.00 OK

Check Details

Version: 0.9.6
Check: installed package size
Result: NOTE
     installed size is 6.0Mb
     sub-directories of 1Mb or more:
     lib 4.3Mb
     libs 1.3Mb
Flavors: r-devel-linux-x86_64-debian-clang, r-devel-linux-x86_64-debian-gcc, r-devel-linux-x86_64-fedora-clang, r-devel-linux-x86_64-fedora-gcc, r-patched-linux-x86_64, r-release-linux-x86_64