CRAN Package Check Results for Package RcppClassic

Last updated on 2016-08-26 23:49:05.

Flavor Version Tinstall Tcheck Ttotal Status Flags
r-devel-linux-x86_64-debian-clang 0.9.6 41.04 36.83 77.87 NOTE
r-devel-linux-x86_64-debian-gcc 0.9.6 50.68 49.14 99.82 NOTE
r-devel-linux-x86_64-fedora-clang 0.9.6 169.14 NOTE
r-devel-linux-x86_64-fedora-gcc 0.9.6 146.94 NOTE
r-devel-osx-x86_64-clang 0.9.6 105.02 OK
r-devel-windows-ix86+x86_64 0.9.6 171.00 87.00 258.00 OK
r-patched-linux-x86_64 0.9.6 32.98 34.99 67.97 NOTE
r-patched-solaris-sparc 0.9.6 721.70 OK
r-patched-solaris-x86 0.9.6 145.70 OK
r-release-linux-x86_64 0.9.6 34.46 35.92 70.38 NOTE
r-release-osx-x86_64-mavericks 0.9.6 OK
r-release-windows-ix86+x86_64 0.9.6 185.00 86.00 271.00 OK
r-oldrel-windows-ix86+x86_64 0.9.6 123.00 120.00 243.00 OK

Check Details

Version: 0.9.6
Check: installed package size
Result: NOTE
     installed size is 6.0Mb
     sub-directories of 1Mb or more:
     lib 4.3Mb
     libs 1.3Mb
Flavors: r-devel-linux-x86_64-debian-clang, r-devel-linux-x86_64-debian-gcc, r-devel-linux-x86_64-fedora-clang, r-devel-linux-x86_64-fedora-gcc, r-patched-linux-x86_64, r-release-linux-x86_64