CRAN Package Check Results for Package RcppClassic

Last updated on 2016-12-04 12:48:02.

Flavor Version Tinstall Tcheck Ttotal Status Flags
r-devel-linux-x86_64-debian-clang 0.9.6 41.67 41.48 83.15 OK
r-devel-linux-x86_64-debian-gcc 0.9.6 38.73 41.81 80.55 OK
r-devel-linux-x86_64-fedora-clang 0.9.6 173.64 NOTE --no-stop-on-test-error
r-devel-linux-x86_64-fedora-gcc 0.9.6 155.56 NOTE
r-devel-macos-x86_64-clang 0.9.6 114.53 OK
r-devel-windows-ix86+x86_64 0.9.6 121.00 121.00 242.00 OK
r-patched-linux-x86_64 0.9.6 32.40 35.66 68.06 OK
r-patched-solaris-sparc 0.9.6 721.70 OK
r-patched-solaris-x86 0.9.6 147.00 OK
r-release-linux-x86_64 0.9.6 32.45 35.00 67.45 OK
r-release-osx-x86_64-mavericks 0.9.6 OK
r-release-windows-ix86+x86_64 0.9.6 177.00 87.00 264.00 OK
r-oldrel-windows-ix86+x86_64 0.9.6 122.00 101.00 223.00 OK

Check Details

Version: 0.9.6
Flags: --no-stop-on-test-error
Check: installed package size
Result: NOTE
     installed size is 6.8Mb
     sub-directories of 1Mb or more:
     lib 4.9Mb
     libs 1.5Mb
Flavor: r-devel-linux-x86_64-fedora-clang

Version: 0.9.6
Check: installed package size
Result: NOTE
     installed size is 11.4Mb
     sub-directories of 1Mb or more:
     lib 8.7Mb
     libs 2.2Mb
Flavor: r-devel-linux-x86_64-fedora-gcc