CRAN Package Check Results for Package RcppClassic

Last updated on 2015-05-24 10:47:07.

Flavor Version Tinstall Tcheck Ttotal Status Flags
r-devel-linux-x86_64-debian-clang 0.9.6 35.09 35.23 70.32 NOTE
r-devel-linux-x86_64-debian-gcc 0.9.6 35.77 36.86 72.64 NOTE
r-devel-linux-x86_64-fedora-clang 0.9.6 161.03 NOTE
r-devel-linux-x86_64-fedora-gcc 0.9.6 142.33 NOTE
r-devel-osx-x86_64-clang 0.9.6 121.27 OK
r-devel-windows-ix86+x86_64 0.9.6 130.00 83.00 213.00 OK
r-patched-linux-x86_64 0.9.6 37.30 37.69 74.99 NOTE
r-patched-solaris-sparc 0.9.6 921.30 NOTE
r-patched-solaris-x86 0.9.6 171.80 NOTE
r-release-linux-x86_64 0.9.6 36.21 36.94 73.15 NOTE
r-release-osx-x86_64-mavericks 0.9.6 NOTE
r-release-osx-x86_64-snowleopard 0.9.6 OK
r-release-windows-ix86+x86_64 0.9.6 123.00 80.00 203.00 OK
r-oldrel-windows-ix86+x86_64 0.9.6 98.00 84.00 182.00 OK

Check Details

Version: 0.9.6
Check: installed package size
Result: NOTE
     installed size is 5.4Mb
     sub-directories of 1Mb or more:
     lib 3.8Mb
     libs 1.2Mb
Flavors: r-devel-linux-x86_64-debian-clang, r-devel-linux-x86_64-debian-gcc, r-devel-linux-x86_64-fedora-clang, r-devel-linux-x86_64-fedora-gcc, r-patched-linux-x86_64, r-patched-solaris-sparc, r-patched-solaris-x86, r-release-linux-x86_64

Version: 0.9.6
Check: re-building of vignette outputs
Result: NOTE
    Error in re-building vignettes:
     ...
    Loading required package: RcppClassic
    Error: processing vignette 'RcppClassic-intro.Rnw' failed with diagnostics:
    "HighlightMain" not available for .Call() for package "highlight"
    Execution halted
Flavor: r-release-osx-x86_64-mavericks