CRAN Package Check Results for Package RcppClassic

Last updated on 2016-06-28 10:47:30.

Flavor Version Tinstall Tcheck Ttotal Status Flags
r-devel-linux-x86_64-debian-gcc 0.9.6 46.81 40.75 87.56 NOTE
r-devel-linux-x86_64-fedora-clang 0.9.6 167.49 NOTE
r-devel-linux-x86_64-fedora-gcc 0.9.6 136.75 NOTE
r-devel-osx-x86_64-clang 0.9.6 104.31 OK
r-devel-windows-ix86+x86_64 0.9.6 159.00 111.00 270.00 OK
r-patched-linux-x86_64 0.9.6 34.44 36.92 71.36 NOTE
r-patched-solaris-sparc 0.9.6 736.30 NOTE
r-patched-solaris-x86 0.9.6 152.80 NOTE
r-release-linux-x86_64 0.9.6 32.42 35.74 68.15 NOTE
r-release-osx-x86_64-mavericks 0.9.6 OK
r-release-windows-ix86+x86_64 0.9.6 167.00 113.00 280.00 OK
r-oldrel-windows-ix86+x86_64 0.9.6 162.00 94.00 256.00 OK

Check Details

Version: 0.9.6
Check: installed package size
Result: NOTE
     installed size is 11.2Mb
     sub-directories of 1Mb or more:
     lib 8.6Mb
     libs 2.2Mb
Flavors: r-devel-linux-x86_64-debian-gcc, r-devel-linux-x86_64-fedora-clang, r-devel-linux-x86_64-fedora-gcc, r-patched-linux-x86_64, r-patched-solaris-sparc, r-patched-solaris-x86, r-release-linux-x86_64