CRAN Package Check Results for Package RcppClassic

Last updated on 2016-05-01 03:48:56.

Flavor Version Tinstall Tcheck Ttotal Status Flags
r-devel-linux-x86_64-debian-gcc 0.9.6 32.46 34.98 67.44 NOTE
r-devel-linux-x86_64-fedora-clang 0.9.6 158.81 NOTE
r-devel-linux-x86_64-fedora-gcc 0.9.6 136.23 NOTE
r-devel-osx-x86_64-clang 0.9.6 127.53 OK
r-devel-windows-ix86+x86_64 0.9.6 124.00 90.00 214.00 OK
r-patched-linux-x86_64 0.9.6 32.26 35.51 67.77 NOTE
r-patched-solaris-sparc 0.9.6 804.60 OK
r-patched-solaris-x86 0.9.6 148.90 OK
r-release-linux-x86_64 0.9.6 32.92 36.67 69.59 NOTE
r-release-osx-x86_64-mavericks 0.9.6 NOTE
r-release-windows-ix86+x86_64 0.9.6 187.00 116.00 303.00 OK
r-oldrel-windows-ix86+x86_64 0.9.6 190.00 93.00 283.00 OK

Check Details

Version: 0.9.6
Check: installed package size
Result: NOTE
     installed size is 11.0Mb
     sub-directories of 1Mb or more:
     lib 8.5Mb
     libs 2.2Mb
Flavors: r-devel-linux-x86_64-debian-gcc, r-devel-linux-x86_64-fedora-clang, r-devel-linux-x86_64-fedora-gcc, r-patched-linux-x86_64, r-release-linux-x86_64

Version: 0.9.6
Check: re-building of vignette outputs
Result: NOTE
    Error in re-building vignettes:
     ...
    Loading required package: RcppClassic
    Error: processing vignette 'RcppClassic-intro.Rnw' failed with diagnostics:
    "HighlightMain" not available for .Call() for package "highlight"
    Execution halted
Flavor: r-release-osx-x86_64-mavericks