CRAN Package Check Results for Package RcppClassic

Last updated on 2017-01-20 23:50:44.

Flavor Version Tinstall Tcheck Ttotal Status Flags
r-devel-linux-x86_64-debian-clang 0.9.6 42.70 41.83 84.53 OK
r-devel-linux-x86_64-debian-gcc 0.9.6 39.04 42.71 81.75 OK
r-devel-linux-x86_64-fedora-clang 0.9.6 177.19 NOTE --no-stop-on-test-error
r-devel-linux-x86_64-fedora-gcc 0.9.6 159.62 NOTE --no-stop-on-test-error
r-devel-macos-x86_64-clang 0.9.6 114.08 OK --no-stop-on-test-error
r-devel-windows-ix86+x86_64 0.9.6 175.00 207.00 382.00 OK
r-patched-linux-x86_64 0.9.6 32.73 36.43 69.16 OK
r-patched-solaris-sparc 0.9.6 796.50 OK
r-patched-solaris-x86 0.9.6 161.70 OK
r-release-linux-x86_64 0.9.6 32.97 36.75 69.72 OK
r-release-osx-x86_64-mavericks 0.9.6 OK
r-release-windows-ix86+x86_64 0.9.6 134.00 118.00 252.00 OK
r-oldrel-windows-ix86+x86_64 0.9.6 179.00 196.00 375.00 OK

Check Details

Version: 0.9.6
Flags: --no-stop-on-test-error
Check: installed package size
Result: NOTE
     installed size is 6.8Mb
     sub-directories of 1Mb or more:
     lib 4.9Mb
     libs 1.5Mb
Flavors: r-devel-linux-x86_64-fedora-clang, r-devel-linux-x86_64-fedora-gcc