CRAN Package Check Results for Package RcppClassic

Last updated on 2018-07-16 06:47:08 CEST.

Flavor Version Tinstall Tcheck Ttotal Status Flags
r-devel-linux-x86_64-debian-clang 0.9.10 71.25 74.71 145.96 OK
r-devel-linux-x86_64-debian-gcc 0.9.10 52.56 63.42 115.98 WARN
r-devel-linux-x86_64-fedora-clang 0.9.11 156.92 OK
r-devel-linux-x86_64-fedora-gcc 0.9.11 197.33 OK
r-devel-windows-ix86+x86_64 0.9.11 189.00 154.00 343.00 OK
r-patched-linux-x86_64 0.9.10 69.11 82.15 151.26 OK
r-patched-solaris-x86 0.9.10 167.40 OK
r-release-linux-x86_64 0.9.10 72.03 83.37 155.40 OK
r-release-windows-ix86+x86_64 0.9.10 184.00 122.00 306.00 OK
r-release-osx-x86_64 0.9.10 OK
r-oldrel-windows-ix86+x86_64 0.9.10 140.00 161.00 301.00 OK
r-oldrel-osx-x86_64 0.9.10 OK

Check Details

Version: 0.9.10
Check: whether package can be installed
Result: WARN
    Found the following significant warnings:
     ../inst/include/classic/RcppList.h:37:60: warning: dynamic exception specifications are deprecated in C++11 [-Wdeprecated]
     ../inst/include/classic/RcppResultSet.h:89:92: warning: dynamic exception specifications are deprecated in C++11 [-Wdeprecated]
     ../inst/include/classic/RcppResultSet__backward.h:32:106: warning: dynamic exception specifications are deprecated in C++11 [-Wdeprecated]
     ../inst/include/classic/RcppList__backward.h:26:66: warning: dynamic exception specifications are deprecated in C++11 [-Wdeprecated]
Flavor: r-devel-linux-x86_64-debian-gcc