CRAN Package Check Results for Package RcppClassic

Last updated on 2015-03-02 16:50:15.

Flavor Version Tinstall Tcheck Ttotal Status Flags
r-devel-linux-x86_64-debian-clang 0.9.6 32.19 33.48 65.68 NOTE
r-devel-linux-x86_64-debian-gcc 0.9.6 35.16 36.02 71.18 NOTE
r-devel-linux-x86_64-fedora-clang 0.9.6 159.13 NOTE
r-devel-linux-x86_64-fedora-gcc 0.9.6 130.86 NOTE
r-devel-osx-x86_64-clang 0.9.6 108.51 OK
r-devel-windows-ix86+x86_64 0.9.6 181.00 81.00 262.00 OK
r-patched-linux-x86_64 0.9.6 36.20 39.80 76.00 NOTE
r-patched-solaris-sparc 0.9.6 739.50 NOTE
r-patched-solaris-x86 0.9.6 162.50 NOTE
r-release-linux-ix86 0.9.6 41.70 51.16 92.85 NOTE
r-release-linux-x86_64 0.9.6 34.85 39.75 74.60 NOTE
r-release-osx-x86_64-mavericks 0.9.6 OK
r-release-osx-x86_64-snowleopard 0.9.6 OK
r-release-windows-ix86+x86_64 0.9.6 116.00 79.00 195.00 OK
r-oldrel-windows-ix86+x86_64 0.9.6 114.00 78.00 192.00 OK

Check Details

Version: 0.9.6
Check: installed package size
Result: NOTE
     installed size is 5.6Mb
     sub-directories of 1Mb or more:
     lib 4.0Mb
     libs 1.2Mb
Flavors: r-devel-linux-x86_64-debian-clang, r-devel-linux-x86_64-debian-gcc, r-devel-linux-x86_64-fedora-clang, r-devel-linux-x86_64-fedora-gcc, r-patched-linux-x86_64, r-patched-solaris-sparc, r-patched-solaris-x86, r-release-linux-ix86, r-release-linux-x86_64