CRAN Package Check Results for Package RcppClassic

Last updated on 2014-11-28 19:51:27.

Flavor Version Tinstall Tcheck Ttotal Status Flags
r-devel-linux-x86_64-debian-clang 0.9.5 32.04 52.57 84.61 NOTE
r-devel-linux-x86_64-debian-gcc 0.9.5 34.40 58.01 92.42 NOTE
r-devel-linux-x86_64-fedora-clang 0.9.5 199.03 NOTE
r-devel-linux-x86_64-fedora-gcc 0.9.5 182.02 NOTE
r-devel-osx-x86_64-clang 0.9.5 139.03 OK
r-devel-windows-ix86+x86_64 0.9.5 111.00 112.00 223.00 OK
r-patched-linux-x86_64 0.9.5 34.62 60.32 94.94 NOTE
r-patched-solaris-sparc 0.9.5 896.60 NOTE
r-patched-solaris-x86 0.9.5 168.20 NOTE
r-release-linux-ix86 0.9.5 41.47 73.08 114.54 NOTE
r-release-linux-x86_64 0.9.5 35.74 60.48 96.21 NOTE
r-release-osx-x86_64-mavericks 0.9.5 NOTE
r-release-osx-x86_64-snowleopard 0.9.5 OK
r-release-windows-ix86+x86_64 0.9.5 121.00 112.00 233.00 OK
r-oldrel-windows-ix86+x86_64 0.9.5 114.00 106.00 220.00 OK

Check Details

Version: 0.9.5
Check: installed package size
Result: NOTE
     installed size is 5.6Mb
     sub-directories of 1Mb or more:
     lib 4.0Mb
     libs 1.2Mb
Flavors: r-devel-linux-x86_64-debian-clang, r-devel-linux-x86_64-debian-gcc, r-devel-linux-x86_64-fedora-clang, r-devel-linux-x86_64-fedora-gcc, r-patched-linux-x86_64, r-patched-solaris-sparc, r-patched-solaris-x86, r-release-linux-ix86, r-release-linux-x86_64

Version: 0.9.5
Check: re-building of vignette outputs
Result: NOTE
    Error in re-building vignettes:
     ...
    Loading required package: RcppClassic
    make: Fatal error in reader: Makefile, line 20: Unexpected end of line seen
    Current working directory /home/ripley/R/packages/tests32/RcppClassic.Rcheck/vign_test/RcppClassic/vignettes
    Error in buildVignettes(dir = "/home/ripley/R/packages/tests32/RcppClassic.Rcheck/vign_test/RcppClassic") :
     running 'make' failed
    Execution halted
Flavors: r-patched-solaris-sparc, r-patched-solaris-x86

Version: 0.9.5
Check: re-building of vignette outputs
Result: NOTE
    Error in re-building vignettes:
     ...
    
    
    
    Executing test function test.RcppResultSet.string ... done successfully.
    
    [1] TRUE
    /Library/Frameworks/R.framework/Resources/bin/R CMD Sweave RcppClassic-unitTests.Rnw
    Loading required package: RcppClassic
    Output file: RcppClassic-unitTests.tex
    /Library/Frameworks/R.framework/Resources/bin/Rscript --vanilla -e "tools::texi2dvi( 'RcppClassic-unitTests.tex', pdf = TRUE, clean = TRUE )"
    Error in tools::texi2dvi("RcppClassic-unitTests.tex", pdf = TRUE, clean = TRUE) :
     Running 'texi2dvi' on 'RcppClassic-unitTests.tex' failed.
    LaTeX errors:
    ! LaTeX Error: File `vmargin.sty' not found.
    
    Type X to quit or <RETURN> to proceed,
    or enter new name. (Default extension: sty)
    
    vign_test/RcppClassic/vignettes/RcppClassic-unitTests.tex:4: ==> Fatal error o
    ccurred, no output PDF file produced!
    Execution halted
    make: *** [RcppClassic-unitTests.pdf] Error 1
    Error in buildVignettes(dir = "/Builds/CRAN-QA-Simon/packages/mavericks-x86_64/results/3.1/RcppClassic.Rcheck/vign_test/RcppClassic") :
     running 'make' failed
    Execution halted
Flavor: r-release-osx-x86_64-mavericks