CRAN Package Check Results for Package RcppClassic

Last updated on 2016-02-09 20:47:17.

Flavor Version Tinstall Tcheck Ttotal Status Flags
r-devel-linux-x86_64-debian-gcc 0.9.6 32.09 33.24 65.33 NOTE
r-devel-linux-x86_64-fedora-clang 0.9.6 161.11 NOTE
r-devel-linux-x86_64-fedora-gcc 0.9.6 134.48 NOTE
r-devel-osx-x86_64-clang 0.9.6 134.83 OK
r-devel-windows-ix86+x86_64 0.9.6 177.00 84.00 261.00 OK
r-patched-linux-x86_64 0.9.6 31.77 35.08 66.85 NOTE
r-patched-solaris-sparc 0.9.6 818.20 OK
r-patched-solaris-x86 0.9.6 149.10 OK
r-release-linux-x86_64 0.9.6 31.52 35.44 66.96 NOTE
r-release-osx-x86_64-mavericks 0.9.6 NOTE
r-release-windows-ix86+x86_64 0.9.6 173.00 89.00 262.00 OK
r-oldrel-windows-ix86+x86_64 0.9.6 178.00 115.00 293.00 OK

Check Details

Version: 0.9.6
Check: installed package size
Result: NOTE
     installed size is 11.0Mb
     sub-directories of 1Mb or more:
     lib 8.5Mb
     libs 2.2Mb
Flavors: r-devel-linux-x86_64-debian-gcc, r-devel-linux-x86_64-fedora-clang, r-devel-linux-x86_64-fedora-gcc, r-patched-linux-x86_64, r-release-linux-x86_64

Version: 0.9.6
Check: re-building of vignette outputs
Result: NOTE
    Error in re-building vignettes:
     ...
    Loading required package: RcppClassic
    Error: processing vignette 'RcppClassic-intro.Rnw' failed with diagnostics:
    "HighlightMain" not available for .Call() for package "highlight"
    Execution halted
Flavor: r-release-osx-x86_64-mavericks