CRAN Package Check Results for Package RcppClassic

Last updated on 2015-04-26 10:48:18.

Flavor Version Tinstall Tcheck Ttotal Status Flags
r-devel-linux-x86_64-debian-clang 0.9.6 34.73 34.70 69.43 NOTE
r-devel-linux-x86_64-debian-gcc 0.9.6 35.15 36.73 71.88 NOTE
r-devel-linux-x86_64-fedora-clang 0.9.6 159.53 NOTE
r-devel-linux-x86_64-fedora-gcc 0.9.6 141.97 NOTE
r-devel-osx-x86_64-clang 0.9.6 122.31 OK
r-devel-windows-ix86+x86_64 0.9.6 132.00 83.00 215.00 OK
r-patched-linux-x86_64 0.9.6 35.11 36.68 71.79 NOTE
r-patched-solaris-sparc 0.9.6 758.70 NOTE
r-patched-solaris-x86 0.9.6 169.30 NOTE
r-release-linux-x86_64 0.9.6 35.29 36.16 71.45 NOTE
r-release-osx-x86_64-mavericks 0.9.6 NOTE
r-release-osx-x86_64-snowleopard 0.9.6 OK
r-release-windows-ix86+x86_64 0.9.6 96.00 71.00 167.00 OK
r-oldrel-windows-ix86+x86_64 0.9.6 98.00 84.00 182.00 OK

Check Details

Version: 0.9.6
Check: installed package size
Result: NOTE
     installed size is 7.2Mb
     sub-directories of 1Mb or more:
     lib 5.2Mb
     libs 1.6Mb
Flavors: r-devel-linux-x86_64-fedora-clang, r-devel-linux-x86_64-fedora-gcc

Version: 0.9.6
Check: re-building of vignette outputs
Result: NOTE
    Error in re-building vignettes:
     ...
    Loading required package: RcppClassic
    Error: processing vignette 'RcppClassic-intro.Rnw' failed with diagnostics:
    "HighlightMain" not available for .Call() for package "highlight"
    Execution halted
Flavor: r-release-osx-x86_64-mavericks