CRAN Package Check Results for Package RcppClassic

Last updated on 2015-01-28 22:47:47.

Flavor Version Tinstall Tcheck Ttotal Status Flags
r-devel-linux-x86_64-debian-clang 0.9.6 34.74 34.18 68.92 NOTE
r-devel-linux-x86_64-debian-gcc 0.9.6 34.35 39.36 73.71 NOTE
r-devel-linux-x86_64-fedora-clang 0.9.6 154.07 NOTE
r-devel-linux-x86_64-fedora-gcc 0.9.6 140.37 NOTE
r-devel-osx-x86_64-clang 0.9.6 109.04 OK
r-devel-windows-ix86+x86_64 0.9.6 147.00 69.00 216.00 OK
r-patched-linux-x86_64 0.9.6 34.36 38.42 72.79 NOTE
r-patched-solaris-sparc 0.9.6 739.50 NOTE
r-patched-solaris-x86 0.9.6 175.20 NOTE
r-release-linux-ix86 0.9.6 40.42 49.31 89.73 NOTE
r-release-linux-x86_64 0.9.6 34.84 39.76 74.60 NOTE
r-release-osx-x86_64-mavericks 0.9.6 OK
r-release-osx-x86_64-snowleopard 0.9.6 OK
r-release-windows-ix86+x86_64 0.9.6 116.00 79.00 195.00 OK
r-oldrel-windows-ix86+x86_64 0.9.6 114.00 78.00 192.00 OK

Check Details

Version: 0.9.6
Check: installed package size
Result: NOTE
     installed size is 5.6Mb
     sub-directories of 1Mb or more:
     lib 4.0Mb
     libs 1.2Mb
Flavors: r-devel-linux-x86_64-debian-clang, r-devel-linux-x86_64-debian-gcc, r-devel-linux-x86_64-fedora-clang, r-devel-linux-x86_64-fedora-gcc, r-patched-linux-x86_64, r-patched-solaris-sparc, r-patched-solaris-x86, r-release-linux-ix86, r-release-linux-x86_64