CRAN Package Check Results for Package RcppClassic

Last updated on 2014-07-24 15:52:25.

Flavor Version Tinstall Tcheck Ttotal Status Flags
r-devel-linux-x86_64-debian-clang 0.9.5 32.45 50.38 82.84 NOTE
r-devel-linux-x86_64-debian-gcc 0.9.5 35.17 59.72 94.89 NOTE
r-devel-linux-x86_64-fedora-clang 0.9.5 184.99 NOTE
r-devel-linux-x86_64-fedora-gcc 0.9.5 174.93 NOTE
r-devel-osx-x86_64-clang 0.9.5 162.57 OK
r-devel-windows-ix86+x86_64 0.9.5 115.00 117.00 232.00 OK
r-patched-linux-x86_64 0.9.5 34.54 57.82 92.36 NOTE
r-patched-solaris-sparc 0.9.5 747.00 NOTE
r-patched-solaris-x86 0.9.5 170.40 NOTE
r-release-linux-ix86 0.9.5 42.87 75.82 118.68 NOTE
r-release-linux-x86_64 0.9.5 35.57 59.72 95.30 NOTE
r-release-osx-x86_64-mavericks 0.9.5 NOTE
r-release-osx-x86_64-snowleopard 0.9.5 OK
r-release-windows-ix86+x86_64 0.9.5 156.00 111.00 267.00 OK
r-oldrel-windows-ix86+x86_64 0.9.5 115.00 107.00 222.00 OK

Check Details

Version: 0.9.5
Check: installed package size
Result: NOTE
     installed size is 5.4Mb
     sub-directories of 1Mb or more:
     lib 3.9Mb
     libs 1.1Mb
Flavors: r-devel-linux-x86_64-debian-clang, r-devel-linux-x86_64-debian-gcc, r-devel-linux-x86_64-fedora-clang, r-devel-linux-x86_64-fedora-gcc, r-patched-linux-x86_64, r-patched-solaris-sparc, r-patched-solaris-x86, r-release-linux-ix86, r-release-linux-x86_64

Version: 0.9.5
Check: re-building of vignette outputs
Result: NOTE
    Error in re-building vignettes:
     ...
    Loading required package: RcppClassic
    make: Fatal error in reader: Makefile, line 20: Unexpected end of line seen
    Current working directory /home/ripley/R/packages/tests32/RcppClassic.Rcheck/vign_test/RcppClassic/vignettes
    Error in buildVignettes(dir = "/home/ripley/R/packages/tests32/RcppClassic.Rcheck/vign_test/RcppClassic") :
     running 'make' failed
    Execution halted
Flavors: r-patched-solaris-sparc, r-patched-solaris-x86

Version: 0.9.5
Check: re-building of vignette outputs
Result: NOTE
    Error in re-building vignettes:
     ...
    
    
    
    Executing test function test.RcppResultSet.string ... done successfully.
    
    [1] TRUE
    /Library/Frameworks/R.framework/Resources/bin/R CMD Sweave RcppClassic-unitTests.Rnw
    Loading required package: RcppClassic
    Output file: RcppClassic-unitTests.tex
    /Library/Frameworks/R.framework/Resources/bin/Rscript --vanilla -e "tools::texi2dvi( 'RcppClassic-unitTests.tex', pdf = TRUE, clean = TRUE )"
    Error in tools::texi2dvi("RcppClassic-unitTests.tex", pdf = TRUE, clean = TRUE) :
     Running 'texi2dvi' on 'RcppClassic-unitTests.tex' failed.
    LaTeX errors:
    ! LaTeX Error: File `vmargin.sty' not found.
    
    Type X to quit or <RETURN> to proceed,
    or enter new name. (Default extension: sty)
    
    vign_test/RcppClassic/vignettes/RcppClassic-unitTests.tex:4: ==> Fatal error o
    ccurred, no output PDF file produced!
    Execution halted
    make: *** [RcppClassic-unitTests.pdf] Error 1
    Error in buildVignettes(dir = "/Builds/CRAN-QA-Simon/packages/mavericks-x86_64/results/3.1/RcppClassic.Rcheck/vign_test/RcppClassic") :
     running 'make' failed
    Execution halted
Flavor: r-release-osx-x86_64-mavericks