CRAN Package Check Results for Package RcppClassic

Last updated on 2016-07-28 23:47:22.

Flavor Version Tinstall Tcheck Ttotal Status Flags
r-devel-linux-x86_64-debian-clang 0.9.6 56.71 45.91 102.61 NOTE
r-devel-linux-x86_64-debian-gcc 0.9.6 54.95 45.64 100.59 NOTE
r-devel-linux-x86_64-fedora-clang 0.9.6 167.57 NOTE
r-devel-linux-x86_64-fedora-gcc 0.9.6 134.21 NOTE
r-devel-osx-x86_64-clang 0.9.6 104.87 OK
r-devel-windows-ix86+x86_64 0.9.6 173.00 88.00 261.00 OK
r-patched-linux-x86_64 0.9.6 38.85 40.09 78.94 NOTE
r-patched-solaris-sparc 0.9.6 721.70 OK
r-patched-solaris-x86 0.9.6 142.40 OK
r-release-linux-x86_64 0.9.6 38.36 39.54 77.90 NOTE
r-release-osx-x86_64-mavericks 0.9.6 OK
r-release-windows-ix86+x86_64 0.9.6 175.00 121.00 296.00 OK
r-oldrel-windows-ix86+x86_64 0.9.6 168.00 126.00 294.00 OK

Check Details

Version: 0.9.6
Check: installed package size
Result: NOTE
     installed size is 5.5Mb
     sub-directories of 1Mb or more:
     lib 3.9Mb
     libs 1.2Mb
Flavors: r-devel-linux-x86_64-debian-clang, r-devel-linux-x86_64-debian-gcc, r-devel-linux-x86_64-fedora-clang, r-devel-linux-x86_64-fedora-gcc, r-patched-linux-x86_64, r-release-linux-x86_64