CRAN Package Check Results for Package RcppClassic

Last updated on 2014-04-20 11:47:01.

Flavor Version Tinstall Tcheck Ttotal Status Flags
r-devel-linux-x86_64-debian-clang 0.9.5 35.23 53.68 88.91 NOTE
r-devel-linux-x86_64-debian-gcc 0.9.5 35.37 58.64 94.01 NOTE
r-devel-linux-x86_64-fedora-clang 0.9.5 184.32 NOTE
r-devel-linux-x86_64-fedora-gcc 0.9.5 175.12 NOTE
r-devel-macosx-x86_64-clang 0.9.5 147.67 OK
r-devel-macosx-x86_64-gcc 0.9.5 OK
r-devel-windows-ix86+x86_64 0.9.5 116.00 115.00 231.00 OK
r-patched-linux-x86_64 0.9.5 35.27 58.39 93.66 NOTE
r-patched-solaris-sparc 0.9.5 747.00 NOTE
r-patched-solaris-x86 0.9.5 167.40 NOTE
r-release-linux-ix86 NOTE
r-release-linux-x86_64 0.9.5 34.96 58.08 93.04 NOTE
r-release-macosx-x86_64 0.9.5 OK
r-release-windows-ix86+x86_64 0.9.5 175.00 141.00 316.00 OK
r-oldrel-windows-ix86+x86_64 0.9.5 116.00 106.00 222.00 OK

Check Details

Version: 0.9.5
Check: installed package size
Result: NOTE
     installed size is 5.3Mb
     sub-directories of 1Mb or more:
     lib 3.8Mb
     libs 1.1Mb
Flavors: r-devel-linux-x86_64-debian-clang, r-devel-linux-x86_64-debian-gcc, r-devel-linux-x86_64-fedora-clang, r-devel-linux-x86_64-fedora-gcc, r-patched-linux-x86_64, r-patched-solaris-sparc, r-patched-solaris-x86, r-release-linux-ix86, r-release-linux-x86_64

Version: 0.9.5
Check: re-building of vignette outputs
Result: NOTE
    Error in re-building vignettes:
     ...
    Loading required package: RcppClassic
    make: Fatal error in reader: Makefile, line 20: Unexpected end of line seen
    Current working directory /home/ripley/R/packages/tests32/RcppClassic.Rcheck/vign_test/RcppClassic/vignettes
    Error in buildVignettes(dir = "/home/ripley/R/packages/tests32/RcppClassic.Rcheck/vign_test/RcppClassic") :
     running 'make' failed
    Execution halted
Flavors: r-patched-solaris-sparc, r-patched-solaris-x86