CRAN Package Check Results for Package RcppClassic

Last updated on 2015-09-01 06:48:17.

Flavor Version Tinstall Tcheck Ttotal Status Flags
r-devel-linux-x86_64-debian-clang 0.9.6 35.71 34.01 69.72 NOTE
r-devel-linux-x86_64-debian-gcc 0.9.6 37.51 35.96 73.47 NOTE
r-devel-linux-x86_64-fedora-clang 0.9.6 157.70 NOTE
r-devel-linux-x86_64-fedora-gcc 0.9.6 135.62 NOTE
r-devel-osx-x86_64-clang 0.9.6 109.08 OK
r-devel-windows-ix86+x86_64 0.9.6 179.00 117.00 296.00 OK
r-patched-linux-x86_64 0.9.6 36.02 37.66 73.68 NOTE
r-patched-solaris-sparc 0.9.6 734.90 OK
r-patched-solaris-x86 0.9.6 171.20 OK
r-release-linux-x86_64 0.9.6 35.83 37.02 72.85 NOTE
r-release-osx-x86_64-mavericks 0.9.6 NOTE
r-release-windows-ix86+x86_64 0.9.6 165.00 91.00 256.00 OK
r-oldrel-windows-ix86+x86_64 0.9.6 177.00 93.00 270.00 OK

Check Details

Version: 0.9.6
Check: installed package size
Result: NOTE
     installed size is 5.4Mb
     sub-directories of 1Mb or more:
     lib 3.8Mb
     libs 1.2Mb
Flavors: r-devel-linux-x86_64-debian-clang, r-devel-linux-x86_64-debian-gcc, r-devel-linux-x86_64-fedora-clang, r-devel-linux-x86_64-fedora-gcc, r-patched-linux-x86_64, r-release-linux-x86_64

Version: 0.9.6
Check: re-building of vignette outputs
Result: NOTE
    Error in re-building vignettes:
     ...
    Loading required package: RcppClassic
    Error: processing vignette 'RcppClassic-intro.Rnw' failed with diagnostics:
    "HighlightMain" not available for .Call() for package "highlight"
    Execution halted
Flavor: r-release-osx-x86_64-mavericks