CRAN Package Check Results for Package RcppClassic

Last updated on 2017-08-16 20:48:26.

Flavor Version Tinstall Tcheck Ttotal Status Flags
r-devel-linux-x86_64-debian-clang 0.9.6 44.87 43.76 88.63 NOTE
r-devel-linux-x86_64-debian-gcc 0.9.6 42.78 45.92 88.70 NOTE
r-devel-linux-x86_64-fedora-clang 0.9.6 188.68 NOTE
r-devel-linux-x86_64-fedora-gcc 0.9.6 173.03 NOTE
r-devel-windows-ix86+x86_64 0.9.6 129.00 161.00 290.00 OK
r-patched-linux-x86_64 0.9.6 42.48 45.39 87.87 NOTE
r-patched-solaris-x86 0.9.6 174.40 OK
r-release-linux-x86_64 0.9.6 42.48 44.59 87.07 NOTE
r-release-windows-ix86+x86_64 0.9.6 142.00 146.00 288.00 OK
r-release-osx-x86_64 0.9.6 NOTE
r-oldrel-windows-ix86+x86_64 0.9.6 179.00 98.00 277.00 OK
r-oldrel-osx-x86_64 0.9.6 OK

Additional issues

rchk

Check Details

Version: 0.9.6
Check: compiled code
Result: NOTE
    File ‘RcppClassic/libs/RcppClassic.so’:
     Found no calls to: ‘R_registerRoutines’, ‘R_useDynamicSymbols’
    
    It is good practice to register native routines and to disable symbol
    search.
    
    See ‘Writing portable packages’ in the ‘Writing R Extensions’ manual.
Flavors: r-devel-linux-x86_64-debian-clang, r-devel-linux-x86_64-debian-gcc, r-devel-linux-x86_64-fedora-clang, r-devel-linux-x86_64-fedora-gcc, r-patched-linux-x86_64, r-release-linux-x86_64

Version: 0.9.6
Check: installed package size
Result: NOTE
     installed size is 6.8Mb
     sub-directories of 1Mb or more:
     lib 4.9Mb
     libs 1.5Mb
Flavors: r-devel-linux-x86_64-fedora-clang, r-devel-linux-x86_64-fedora-gcc

Version: 0.9.6
Check: re-building of vignette outputs
Result: NOTE
    Error in re-building vignettes:
     ...
    Loading required package: RcppClassic
    Error in texi2dvi(file = file, pdf = TRUE, clean = clean, quiet = quiet, :
     Running 'texi2dvi' on 'RcppClassic-intro.tex' failed.
    LaTeX errors:
    ! LaTeX Error: File `vmargin.sty' not found.
    
    Type X to quit or <RETURN> to proceed,
    or enter new name. (Default extension: sty)
    
    ! Emergency stop.
    <read *>
    
    l.382 \setmargrb
     {0.75in}{0.75in}{0.75in}{0.75in}^^M
    ! ==> Fatal error occurred, no output PDF file produced!
    Calls: buildVignettes -> texi2pdf -> texi2dvi
    Execution halted
Flavor: r-release-osx-x86_64