CRAN Package Check Results for Package RcppClassic

Last updated on 2017-02-20 16:47:33.

Flavor Version Tinstall Tcheck Ttotal Status Flags
r-devel-linux-x86_64-debian-clang 0.9.6 41.99 41.49 83.48 NOTE
r-devel-linux-x86_64-debian-gcc 0.9.6 39.26 43.51 82.78 NOTE
r-devel-linux-x86_64-fedora-clang 0.9.6 177.57 NOTE --no-stop-on-test-error
r-devel-linux-x86_64-fedora-gcc 0.9.6 155.21 NOTE --no-stop-on-test-error
r-devel-macos-x86_64-clang 0.9.6 115.34 NOTE --no-stop-on-test-error
r-devel-windows-ix86+x86_64 0.9.6 145.00 146.00 291.00 OK
r-patched-linux-x86_64 0.9.6 32.97 35.94 68.91 OK
r-patched-solaris-sparc 0.9.6 796.50 OK
r-patched-solaris-x86 0.9.6 153.50 OK
r-release-linux-x86_64 0.9.6 33.31 36.41 69.73 OK
r-release-osx-x86_64-mavericks 0.9.6 OK
r-release-windows-ix86+x86_64 0.9.6 121.00 96.00 217.00 OK
r-oldrel-windows-ix86+x86_64 0.9.6 128.00 139.00 267.00 OK

Check Details

Version: 0.9.6
Check: compiled code
Result: NOTE
    File ‘RcppClassic/libs/RcppClassic.so’:
     Found no calls to: ‘R_registerRoutines’, ‘R_useDynamicSymbols’
    
    It is good practice to register native routines and to disable symbol
    search.
    
    See ‘Writing portable packages’ in the ‘Writing R Extensions’ manual.
Flavors: r-devel-linux-x86_64-debian-clang, r-devel-linux-x86_64-debian-gcc

Version: 0.9.6
Flags: --no-stop-on-test-error
Check: installed package size
Result: NOTE
     installed size is 6.8Mb
     sub-directories of 1Mb or more:
     lib 4.9Mb
     libs 1.5Mb
Flavors: r-devel-linux-x86_64-fedora-clang, r-devel-linux-x86_64-fedora-gcc

Version: 0.9.6
Flags: --no-stop-on-test-error
Check: compiled code
Result: NOTE
    File ‘RcppClassic/libs/RcppClassic.so’:
     Found no calls to: ‘R_registerRoutines’, ‘R_useDynamicSymbols’
    
    It is good practice to register native routines and to disable symbol
    search.
    
    See ‘Writing portable packages’ in the ‘Writing R Extensions’ manual.
Flavors: r-devel-linux-x86_64-fedora-clang, r-devel-linux-x86_64-fedora-gcc, r-devel-macos-x86_64-clang