CRAN Package Check Results for Package RcppDE

Last updated on 2017-08-17 06:47:19.

Flavor Version Tinstall Tcheck Ttotal Status Flags
r-devel-linux-x86_64-debian-clang 0.1.5 24.25 27.53 51.78 NOTE
r-devel-linux-x86_64-debian-gcc 0.1.5 26.53 28.44 54.97 NOTE
r-devel-linux-x86_64-fedora-clang 0.1.5 97.07 NOTE
r-devel-linux-x86_64-fedora-gcc 0.1.5 102.20 NOTE
r-devel-windows-ix86+x86_64 0.1.5 86.00 85.00 171.00 OK
r-patched-linux-x86_64 0.1.5 26.78 27.71 54.50 NOTE
r-patched-solaris-x86 0.1.5 106.60 OK
r-release-linux-x86_64 0.1.5 26.99 27.77 54.76 NOTE
r-release-windows-ix86+x86_64 0.1.5 78.00 81.00 159.00 OK
r-release-osx-x86_64 0.1.5 OK
r-oldrel-windows-ix86+x86_64 0.1.5 89.00 65.00 154.00 OK
r-oldrel-osx-x86_64 0.1.5 OK

Check Details

Version: 0.1.5
Check: compiled code
Result: NOTE
    File ‘RcppDE/libs/RcppDE.so’:
     Found no calls to: ‘R_registerRoutines’, ‘R_useDynamicSymbols’
    
    It is good practice to register native routines and to disable symbol
    search.
    
    See ‘Writing portable packages’ in the ‘Writing R Extensions’ manual.
Flavors: r-devel-linux-x86_64-debian-clang, r-devel-linux-x86_64-debian-gcc, r-devel-linux-x86_64-fedora-clang, r-devel-linux-x86_64-fedora-gcc, r-patched-linux-x86_64, r-release-linux-x86_64