CRAN Package Check Results for Package RcppDE

Last updated on 2014-09-01 21:48:59.

Flavor Version Tinstall Tcheck Ttotal Status Flags
r-devel-linux-x86_64-debian-clang 0.1.2 12.88 22.53 35.40 NOTE
r-devel-linux-x86_64-debian-gcc 0.1.2 15.76 22.25 38.02 NOTE
r-devel-linux-x86_64-fedora-clang 0.1.2 88.60 NOTE
r-devel-linux-x86_64-fedora-gcc 0.1.2 77.92 NOTE
r-devel-osx-x86_64-clang 0.1.2 63.99 NOTE
r-devel-windows-ix86+x86_64 0.1.2 45.00 63.00 108.00 NOTE
r-patched-linux-x86_64 0.1.2 15.86 23.44 39.29 NOTE
r-patched-solaris-sparc 0.1.2 463.20 NOTE
r-patched-solaris-x86 0.1.2 113.10 NOTE
r-release-linux-ix86 0.1.2 20.38 31.90 52.28 NOTE
r-release-linux-x86_64 0.1.2 15.67 24.08 39.75 NOTE
r-release-osx-x86_64-mavericks 0.1.2 NOTE
r-release-osx-x86_64-snowleopard 0.1.2 OK
r-release-windows-ix86+x86_64 0.1.2 53.00 57.00 110.00 NOTE
r-oldrel-windows-ix86+x86_64 0.1.2 64.00 60.00 124.00 NOTE

Check Details

Version: 0.1.2
Check: dependencies in R code
Result: NOTE
    Packages in Depends field not imported from:
     ‘Rcpp’ ‘RcppArmadillo’
     These packages need to be imported from (in the NAMESPACE file)
     for when this namespace is loaded but not attached.
    See the information on DESCRIPTION files in the chapter ‘Creating R
    packages’ of the ‘Writing R Extensions’ manual.
Flavors: r-devel-linux-x86_64-debian-clang, r-devel-linux-x86_64-debian-gcc, r-devel-linux-x86_64-fedora-clang, r-devel-linux-x86_64-fedora-gcc, r-devel-osx-x86_64-clang, r-devel-windows-ix86+x86_64, r-patched-linux-x86_64, r-patched-solaris-sparc, r-patched-solaris-x86, r-release-linux-ix86, r-release-linux-x86_64, r-release-osx-x86_64-mavericks, r-release-windows-ix86+x86_64, r-oldrel-windows-ix86+x86_64