CRAN Package Check Results for Package RcppDE

Last updated on 2015-04-19 11:51:18.

Flavor Version Tinstall Tcheck Ttotal Status Flags
r-devel-linux-x86_64-debian-clang 0.1.2 14.45 23.40 37.85 NOTE
r-devel-linux-x86_64-debian-gcc 0.1.2 16.18 22.86 39.04 NOTE
r-devel-linux-x86_64-fedora-clang 0.1.2 80.62 NOTE
r-devel-linux-x86_64-fedora-gcc 0.1.2 79.16 NOTE
r-devel-osx-x86_64-clang 0.1.2 78.65 NOTE
r-devel-windows-ix86+x86_64 0.1.2 69.00 54.00 123.00 NOTE
r-patched-linux-x86_64 0.1.2 16.30 23.19 39.49 NOTE
r-patched-solaris-sparc 0.1.2 468.10 NOTE
r-patched-solaris-x86 0.1.2 99.10 NOTE
r-release-linux-x86_64 0.1.2 16.23 22.86 39.10 NOTE
r-release-osx-x86_64-mavericks 0.1.2 NOTE
r-release-osx-x86_64-snowleopard 0.1.2 NOTE
r-release-windows-ix86+x86_64 0.1.2 44.00 53.00 97.00 NOTE
r-oldrel-windows-ix86+x86_64 0.1.2 56.00 76.00 132.00 NOTE

Check Details

Version: 0.1.2
Check: dependencies in R code
Result: NOTE
    Packages in Depends field not imported from:
     ‘Rcpp’ ‘RcppArmadillo’
     These packages need to be imported from (in the NAMESPACE file)
     for when this namespace is loaded but not attached.
Flavors: r-devel-linux-x86_64-debian-clang, r-devel-linux-x86_64-debian-gcc, r-devel-linux-x86_64-fedora-clang, r-devel-linux-x86_64-fedora-gcc, r-devel-osx-x86_64-clang, r-devel-windows-ix86+x86_64, r-patched-linux-x86_64, r-patched-solaris-sparc, r-patched-solaris-x86, r-release-linux-x86_64, r-release-osx-x86_64-mavericks, r-release-osx-x86_64-snowleopard, r-release-windows-ix86+x86_64, r-oldrel-windows-ix86+x86_64