CRAN Package Check Results for Package RcppDE

Last updated on 2015-03-05 10:50:09.

Flavor Version Tinstall Tcheck Ttotal Status Flags
r-devel-linux-x86_64-debian-clang 0.1.2 13.48 22.34 35.82 NOTE
r-devel-linux-x86_64-debian-gcc 0.1.2 17.08 21.94 39.02 NOTE
r-devel-linux-x86_64-fedora-clang 0.1.2 79.47 NOTE
r-devel-linux-x86_64-fedora-gcc 0.1.2 75.79 NOTE
r-devel-osx-x86_64-clang 0.1.2 66.93 NOTE
r-devel-windows-ix86+x86_64 0.1.2 54.00 54.00 108.00 NOTE
r-patched-linux-x86_64 0.1.2 17.81 26.73 44.54 NOTE
r-patched-solaris-sparc 0.1.2 490.70 NOTE
r-patched-solaris-x86 0.1.2 107.30 NOTE
r-release-linux-ix86 0.1.2 19.93 34.24 54.18 NOTE
r-release-linux-x86_64 0.1.2 16.42 25.92 42.35 NOTE
r-release-osx-x86_64-mavericks 0.1.2 NOTE
r-release-osx-x86_64-snowleopard 0.1.2 OK
r-release-windows-ix86+x86_64 0.1.2 51.00 60.00 111.00 NOTE
r-oldrel-windows-ix86+x86_64 0.1.2 54.00 68.00 122.00 NOTE

Check Details

Version: 0.1.2
Check: dependencies in R code
Result: NOTE
    Packages in Depends field not imported from:
     ‘Rcpp’ ‘RcppArmadillo’
     These packages need to be imported from (in the NAMESPACE file)
     for when this namespace is loaded but not attached.
Flavors: r-devel-linux-x86_64-debian-clang, r-devel-linux-x86_64-debian-gcc, r-devel-linux-x86_64-fedora-clang, r-devel-linux-x86_64-fedora-gcc, r-devel-osx-x86_64-clang, r-devel-windows-ix86+x86_64, r-patched-linux-x86_64, r-patched-solaris-sparc, r-patched-solaris-x86

Version: 0.1.2
Check: dependencies in R code
Result: NOTE
    Packages in Depends field not imported from:
     ‘Rcpp’ ‘RcppArmadillo’
     These packages need to be imported from (in the NAMESPACE file)
     for when this namespace is loaded but not attached.
    See the information on DESCRIPTION files in the chapter ‘Creating R
    packages’ of the ‘Writing R Extensions’ manual.
Flavors: r-release-linux-ix86, r-release-linux-x86_64, r-release-osx-x86_64-mavericks, r-release-windows-ix86+x86_64, r-oldrel-windows-ix86+x86_64