CRAN Package Check Results for Package RcppDE

Last updated on 2014-08-23 20:47:02.

Flavor Version Tinstall Tcheck Ttotal Status Flags
r-devel-linux-x86_64-debian-clang 0.1.2 14.43 23.05 37.48 NOTE
r-devel-linux-x86_64-debian-gcc 0.1.2 17.42 23.03 40.45 NOTE
r-devel-linux-x86_64-fedora-clang 0.1.2 83.15 NOTE
r-devel-linux-x86_64-fedora-gcc 0.1.2 80.52 NOTE
r-devel-osx-x86_64-clang 0.1.2 72.54 NOTE
r-devel-windows-ix86+x86_64 0.1.2 49.00 57.00 106.00 NOTE
r-patched-linux-x86_64 0.1.2 17.42 23.99 41.41 NOTE
r-patched-solaris-sparc 0.1.2 463.20 NOTE
r-patched-solaris-x86 0.1.2 113.10 NOTE
r-release-linux-ix86 0.1.2 20.32 31.94 52.27 NOTE
r-release-linux-x86_64 0.1.2 16.00 24.00 40.00 NOTE
r-release-osx-x86_64-mavericks 0.1.2 NOTE
r-release-osx-x86_64-snowleopard 0.1.2 OK
r-release-windows-ix86+x86_64 0.1.2 56.00 58.00 114.00 NOTE
r-oldrel-windows-ix86+x86_64 0.1.2 49.00 64.00 113.00 NOTE

Check Details

Version: 0.1.2
Check: dependencies in R code
Result: NOTE
    Packages in Depends field not imported from:
     ‘Rcpp’ ‘RcppArmadillo’
     These packages need to be imported from (in the NAMESPACE file)
     for when this namespace is loaded but not attached.
    See the information on DESCRIPTION files in the chapter ‘Creating R
    packages’ of the ‘Writing R Extensions’ manual.
Flavors: r-devel-linux-x86_64-debian-clang, r-devel-linux-x86_64-debian-gcc, r-devel-linux-x86_64-fedora-clang, r-devel-linux-x86_64-fedora-gcc, r-devel-osx-x86_64-clang, r-devel-windows-ix86+x86_64, r-patched-linux-x86_64, r-patched-solaris-sparc, r-patched-solaris-x86, r-release-linux-ix86, r-release-linux-x86_64, r-release-osx-x86_64-mavericks, r-release-windows-ix86+x86_64, r-oldrel-windows-ix86+x86_64