CRAN Package Check Results for Package RcppDE

Last updated on 2016-07-02 06:47:32.

Flavor Version Tinstall Tcheck Ttotal Status Flags
r-devel-linux-x86_64-debian-gcc 0.1.5 30.95 23.34 54.30 OK
r-devel-linux-x86_64-fedora-clang 0.1.5 85.28 OK
r-devel-linux-x86_64-fedora-gcc 0.1.5 76.27 OK
r-devel-osx-x86_64-clang 0.1.5 58.56 OK
r-devel-windows-ix86+x86_64 0.1.5 97.00 72.00 169.00 OK
r-patched-linux-x86_64 0.1.5 21.84 23.91 45.75 OK
r-patched-solaris-sparc 0.1.5 427.00 NOTE
r-patched-solaris-x86 0.1.5 89.70 NOTE
r-release-linux-x86_64 0.1.5 18.25 21.41 39.66 OK
r-release-osx-x86_64-mavericks 0.1.5 OK
r-release-windows-ix86+x86_64 0.1.5 101.00 71.00 172.00 OK
r-oldrel-windows-ix86+x86_64 0.1.5 63.00 94.00 157.00 OK

Check Details

Version: 0.1.5
Check: installed package size
Result: NOTE
     installed size is 5.8Mb
     sub-directories of 1Mb or more:
     libs 5.3Mb
Flavors: r-patched-solaris-sparc, r-patched-solaris-x86