CRAN Package Check Results for Package RcppDE

Last updated on 2018-05-22 12:49:30 CEST.

Flavor Version Tinstall Tcheck Ttotal Status Flags
r-devel-linux-x86_64-debian-clang 0.1.5 41.69 38.69 80.38 NOTE
r-devel-linux-x86_64-debian-gcc 0.1.5 34.79 30.90 65.69 NOTE
r-devel-linux-x86_64-fedora-clang 0.1.5 105.78 NOTE
r-devel-linux-x86_64-fedora-gcc 0.1.5 102.63 NOTE
r-devel-windows-ix86+x86_64 0.1.5 102.00 81.00 183.00 OK
r-patched-linux-x86_64 0.1.5 48.10 36.78 84.88 NOTE
r-patched-solaris-x86 0.1.5 123.60 OK
r-release-linux-x86_64 0.1.5 46.82 36.62 83.44 NOTE
r-release-windows-ix86+x86_64 0.1.5 99.00 74.00 173.00 OK
r-release-osx-x86_64 0.1.5 OK
r-oldrel-windows-ix86+x86_64 0.1.5 105.00 102.00 207.00 OK
r-oldrel-osx-x86_64 0.1.5 OK

Check Details

Version: 0.1.5
Check: compiled code
Result: NOTE
    File ‘RcppDE/libs/RcppDE.so’:
     Found no calls to: ‘R_registerRoutines’, ‘R_useDynamicSymbols’
    
    It is good practice to register native routines and to disable symbol
    search.
    
    See ‘Writing portable packages’ in the ‘Writing R Extensions’ manual.
Flavors: r-devel-linux-x86_64-debian-clang, r-devel-linux-x86_64-debian-gcc, r-devel-linux-x86_64-fedora-clang, r-devel-linux-x86_64-fedora-gcc, r-patched-linux-x86_64, r-release-linux-x86_64