CRAN Package Check Results for Package RcppDE

Last updated on 2014-04-18 11:47:24.

Flavor Version Tinstall Tcheck Ttotal Status Flags
r-devel-linux-x86_64-debian-clang 0.1.2 14.07 25.71 39.78 NOTE
r-devel-linux-x86_64-debian-gcc NOTE
r-devel-linux-x86_64-fedora-clang 0.1.2 85.84 NOTE
r-devel-linux-x86_64-fedora-gcc 0.1.2 85.46 NOTE
r-devel-macosx-x86_64-clang 0.1.2 73.52 NOTE
r-devel-macosx-x86_64-gcc 0.1.2 NOTE
r-devel-windows-ix86+x86_64 0.1.2 53.00 52.00 105.00 NOTE
r-patched-linux-x86_64 0.1.2 15.27 24.54 39.81 NOTE
r-patched-solaris-sparc 0.1.2 460.00 NOTE
r-patched-solaris-x86 0.1.2 110.80 NOTE
r-release-linux-ix86 0.1.2 33.00 45.00 78.00 NOTE
r-release-linux-x86_64 0.1.2 15.34 25.65 40.99 NOTE
r-release-macosx-x86_64 0.1.2 OK
r-release-windows-ix86+x86_64 0.1.2 49.00 55.00 104.00 NOTE
r-oldrel-windows-ix86+x86_64 0.1.2 47.00 59.00 106.00 NOTE

Check Details

Version: 0.1.2
Check: dependencies in R code
Result: NOTE
    Packages in Depends field not imported from:
     ‘Rcpp’ ‘RcppArmadillo’
     These packages need to be imported from (in the NAMESPACE file)
     for when this namespace is loaded but not attached.
    See the information on DESCRIPTION files in the chapter ‘Creating R
    packages’ of the ‘Writing R Extensions’ manual.
Flavors: r-devel-linux-x86_64-debian-clang, r-devel-linux-x86_64-debian-gcc, r-devel-linux-x86_64-fedora-clang, r-devel-linux-x86_64-fedora-gcc, r-devel-macosx-x86_64-clang, r-devel-macosx-x86_64-gcc, r-devel-windows-ix86+x86_64, r-patched-linux-x86_64, r-patched-solaris-sparc, r-patched-solaris-x86, r-release-linux-ix86, r-release-linux-x86_64, r-release-windows-ix86+x86_64, r-oldrel-windows-ix86+x86_64