CRAN Package Check Results for Package RcppDE

Last updated on 2015-05-24 14:47:06.

Flavor Version Tinstall Tcheck Ttotal Status Flags
r-devel-linux-x86_64-debian-clang 0.1.2 14.73 22.82 37.55 NOTE
r-devel-linux-x86_64-debian-gcc 0.1.2 16.52 21.99 38.50 NOTE
r-devel-linux-x86_64-fedora-clang 0.1.2 80.39 NOTE
r-devel-linux-x86_64-fedora-gcc 0.1.2 78.45 NOTE
r-devel-osx-x86_64-clang 0.1.2 67.11 NOTE
r-devel-windows-ix86+x86_64 0.1.2 51.00 57.00 108.00 NOTE
r-patched-linux-x86_64 0.1.2 16.55 22.15 38.70 NOTE
r-patched-solaris-sparc 0.1.2 460.90 NOTE
r-patched-solaris-x86 0.1.2 101.30 NOTE
r-release-linux-x86_64 0.1.2 16.50 23.82 40.32 NOTE
r-release-osx-x86_64-mavericks 0.1.2 NOTE
r-release-osx-x86_64-snowleopard 0.1.2 NOTE
r-release-windows-ix86+x86_64 0.1.2 52.00 55.00 107.00 NOTE
r-oldrel-windows-ix86+x86_64 0.1.2 54.00 94.00 148.00 NOTE

Check Details

Version: 0.1.2
Check: dependencies in R code
Result: NOTE
    Packages in Depends field not imported from:
     ‘Rcpp’ ‘RcppArmadillo’
     These packages need to be imported from (in the NAMESPACE file)
     for when this namespace is loaded but not attached.
Flavors: r-devel-linux-x86_64-debian-clang, r-devel-linux-x86_64-debian-gcc, r-devel-linux-x86_64-fedora-clang, r-devel-linux-x86_64-fedora-gcc, r-devel-osx-x86_64-clang, r-devel-windows-ix86+x86_64, r-patched-linux-x86_64, r-patched-solaris-sparc, r-patched-solaris-x86, r-release-linux-x86_64, r-release-osx-x86_64-mavericks, r-release-osx-x86_64-snowleopard, r-release-windows-ix86+x86_64, r-oldrel-windows-ix86+x86_64