CRAN Package Check Results for Package RcppDE

Last updated on 2014-11-01 13:49:58.

Flavor Version Tinstall Tcheck Ttotal Status Flags
r-devel-linux-x86_64-debian-clang 0.1.2 13.34 24.96 38.30 NOTE
r-devel-linux-x86_64-debian-gcc 0.1.2 16.45 24.48 40.93 NOTE
r-devel-linux-x86_64-fedora-clang 0.1.2 82.13 NOTE
r-devel-linux-x86_64-fedora-gcc 0.1.2 73.58 NOTE
r-devel-osx-x86_64-clang 0.1.2 71.45 NOTE
r-devel-windows-ix86+x86_64 0.1.2 51.00 54.00 105.00 NOTE
r-patched-linux-x86_64 0.1.2 15.91 25.23 41.14 NOTE
r-patched-solaris-sparc 0.1.2 554.70 NOTE
r-patched-solaris-x86 0.1.2 101.20 NOTE
r-release-linux-ix86 0.1.2 20.73 32.50 53.24 NOTE
r-release-linux-x86_64 0.1.2 17.62 25.70 43.32 NOTE
r-release-osx-x86_64-mavericks 0.1.2 NOTE
r-release-osx-x86_64-snowleopard 0.1.2 OK
r-release-windows-ix86+x86_64 0.1.2 49.00 63.00 112.00 NOTE
r-oldrel-windows-ix86+x86_64 0.1.2 48.00 69.00 117.00 NOTE

Check Details

Version: 0.1.2
Check: dependencies in R code
Result: NOTE
    Packages in Depends field not imported from:
     ‘Rcpp’ ‘RcppArmadillo’
     These packages need to be imported from (in the NAMESPACE file)
     for when this namespace is loaded but not attached.
    See the information on DESCRIPTION files in the chapter ‘Creating R
    packages’ of the ‘Writing R Extensions’ manual.
Flavors: r-devel-linux-x86_64-debian-clang, r-devel-linux-x86_64-debian-gcc, r-devel-linux-x86_64-fedora-clang, r-devel-linux-x86_64-fedora-gcc, r-devel-osx-x86_64-clang, r-devel-windows-ix86+x86_64, r-patched-linux-x86_64, r-patched-solaris-sparc, r-patched-solaris-x86, r-release-linux-ix86, r-release-linux-x86_64, r-release-osx-x86_64-mavericks, r-release-windows-ix86+x86_64, r-oldrel-windows-ix86+x86_64