CRAN Package Check Results for Package RcppDE

Last updated on 2017-04-27 23:50:12.

Flavor Version Tinstall Tcheck Ttotal Status Flags
r-devel-linux-x86_64-debian-clang 0.1.5 23.16 27.51 50.68 NOTE
r-devel-linux-x86_64-debian-gcc 0.1.5 24.19 27.02 51.21 NOTE
r-devel-linux-x86_64-fedora-clang 0.1.5 96.13 NOTE --no-stop-on-test-error
r-devel-linux-x86_64-fedora-gcc 0.1.5 93.31 NOTE --no-stop-on-test-error
r-devel-windows-ix86+x86_64 0.1.5 79.00 105.00 184.00 OK
r-patched-linux-x86_64 0.1.5 19.16 27.26 46.43 NOTE
r-patched-solaris-sparc 0.1.5 474.80 OK
r-patched-solaris-x86 0.1.5 103.70 OK
r-release-linux-x86_64 0.1.5 18.98 28.02 47.01 NOTE
r-release-windows-ix86+x86_64 0.1.5 73.00 86.00 159.00 OK
r-release-osx-x86_64 0.1.5 OK
r-oldrel-windows-ix86+x86_64 0.1.5 103.00 69.00 172.00 OK
r-oldrel-osx-x86_64 0.1.5 OK

Check Details

Version: 0.1.5
Check: compiled code
Result: NOTE
    File ‘RcppDE/libs/RcppDE.so’:
     Found no calls to: ‘R_registerRoutines’, ‘R_useDynamicSymbols’
    
    It is good practice to register native routines and to disable symbol
    search.
    
    See ‘Writing portable packages’ in the ‘Writing R Extensions’ manual.
Flavors: r-devel-linux-x86_64-debian-clang, r-devel-linux-x86_64-debian-gcc, r-patched-linux-x86_64, r-release-linux-x86_64

Version: 0.1.5
Flags: --no-stop-on-test-error
Check: compiled code
Result: NOTE
    File ‘RcppDE/libs/RcppDE.so’:
     Found no calls to: ‘R_registerRoutines’, ‘R_useDynamicSymbols’
    
    It is good practice to register native routines and to disable symbol
    search.
    
    See ‘Writing portable packages’ in the ‘Writing R Extensions’ manual.
Flavors: r-devel-linux-x86_64-fedora-clang, r-devel-linux-x86_64-fedora-gcc