CRAN Package Check Results for Package RcppDE

Last updated on 2014-07-23 04:48:30.

Flavor Version Tinstall Tcheck Ttotal Status Flags
r-devel-linux-x86_64-debian-clang 0.1.2 12.92 23.90 36.82 NOTE
r-devel-linux-x86_64-debian-gcc 0.1.2 15.76 23.56 39.32 NOTE
r-devel-linux-x86_64-fedora-clang 0.1.2 85.80 NOTE
r-devel-linux-x86_64-fedora-gcc 0.1.2 82.20 NOTE
r-devel-osx-x86_64-clang 0.1.2 72.53 NOTE
r-devel-windows-ix86+x86_64 0.1.2 47.00 55.00 102.00 NOTE
r-patched-linux-x86_64 0.1.2 15.59 24.27 39.86 NOTE
r-patched-solaris-sparc 0.1.2 460.00 NOTE
r-patched-solaris-x86 0.1.2 111.70 NOTE
r-release-linux-ix86 0.1.2 20.01 31.76 51.77 NOTE
r-release-linux-x86_64 0.1.2 16.09 23.86 39.95 NOTE
r-release-osx-x86_64-mavericks 0.1.2 NOTE
r-release-osx-x86_64-snowleopard 0.1.2 OK
r-release-windows-ix86+x86_64 0.1.2 49.00 57.00 106.00 NOTE
r-oldrel-windows-ix86+x86_64 0.1.2 51.00 67.00 118.00 NOTE

Check Details

Version: 0.1.2
Check: dependencies in R code
Result: NOTE
    Packages in Depends field not imported from:
     ‘Rcpp’ ‘RcppArmadillo’
     These packages need to be imported from (in the NAMESPACE file)
     for when this namespace is loaded but not attached.
    See the information on DESCRIPTION files in the chapter ‘Creating R
    packages’ of the ‘Writing R Extensions’ manual.
Flavors: r-devel-linux-x86_64-debian-clang, r-devel-linux-x86_64-debian-gcc, r-devel-linux-x86_64-fedora-clang, r-devel-linux-x86_64-fedora-gcc, r-devel-osx-x86_64-clang, r-devel-windows-ix86+x86_64, r-patched-linux-x86_64, r-patched-solaris-sparc, r-patched-solaris-x86, r-release-linux-ix86, r-release-linux-x86_64, r-release-osx-x86_64-mavericks, r-release-windows-ix86+x86_64, r-oldrel-windows-ix86+x86_64