CRAN Package Check Results for Package RcppDE

Last updated on 2017-02-27 23:03:50.

Flavor Version Tinstall Tcheck Ttotal Status Flags
r-devel-linux-x86_64-debian-clang 0.1.5 21.98 27.36 49.34 NOTE
r-devel-linux-x86_64-debian-gcc 0.1.5 24.30 28.47 52.77 NOTE
r-devel-linux-x86_64-fedora-clang 0.1.5 94.26 NOTE --no-stop-on-test-error
r-devel-linux-x86_64-fedora-gcc 0.1.5 93.64 NOTE --no-stop-on-test-error
r-devel-macos-x86_64-clang 0.1.5 65.16 NOTE --no-stop-on-test-error
r-devel-windows-ix86+x86_64 0.1.5 68.00 108.00 176.00 OK
r-patched-linux-x86_64 0.1.5 19.05 21.68 40.74 OK
r-patched-solaris-sparc 0.1.5 431.00 OK
r-patched-solaris-x86 0.1.5 94.30 OK
r-release-linux-x86_64 0.1.5 19.29 21.77 41.05 OK
r-release-osx-x86_64-mavericks 0.1.5 OK
r-release-windows-ix86+x86_64 0.1.5 105.00 93.00 198.00 OK
r-oldrel-windows-ix86+x86_64 0.1.5 69.00 95.00 164.00 OK

Check Details

Version: 0.1.5
Check: compiled code
Result: NOTE
    File ‘RcppDE/libs/RcppDE.so’:
     Found no calls to: ‘R_registerRoutines’, ‘R_useDynamicSymbols’
    
    It is good practice to register native routines and to disable symbol
    search.
    
    See ‘Writing portable packages’ in the ‘Writing R Extensions’ manual.
Flavors: r-devel-linux-x86_64-debian-clang, r-devel-linux-x86_64-debian-gcc

Version: 0.1.5
Flags: --no-stop-on-test-error
Check: compiled code
Result: NOTE
    File ‘RcppDE/libs/RcppDE.so’:
     Found no calls to: ‘R_registerRoutines’, ‘R_useDynamicSymbols’
    
    It is good practice to register native routines and to disable symbol
    search.
    
    See ‘Writing portable packages’ in the ‘Writing R Extensions’ manual.
Flavors: r-devel-linux-x86_64-fedora-clang, r-devel-linux-x86_64-fedora-gcc, r-devel-macos-x86_64-clang