CRAN Package Check Results for Package RcppDE

Last updated on 2015-07-07 15:46:45.

Flavor Version Tinstall Tcheck Ttotal Status Flags
r-devel-linux-x86_64-debian-clang 0.1.2 14.30 22.08 36.38 NOTE
r-devel-linux-x86_64-debian-gcc 0.1.2 18.06 21.85 39.91 NOTE
r-devel-linux-x86_64-fedora-clang 0.1.2 77.26 NOTE
r-devel-linux-x86_64-fedora-gcc 0.1.2 75.63 NOTE
r-devel-osx-x86_64-clang 0.1.2 68.30 NOTE
r-devel-windows-ix86+x86_64 0.1.2 62.00 62.00 124.00 NOTE
r-patched-linux-x86_64 0.1.2 16.36 22.72 39.08 NOTE
r-patched-solaris-sparc 0.1.2 460.90 NOTE
r-patched-solaris-x86 0.1.2 100.00 NOTE
r-release-linux-x86_64 0.1.2 16.38 22.66 39.04 NOTE
r-release-osx-x86_64-mavericks 0.1.2 NOTE
r-release-windows-ix86+x86_64 0.1.2 69.00 62.00 131.00 NOTE
r-oldrel-windows-ix86+x86_64 0.1.2 53.00 90.00 143.00 NOTE

Check Details

Version: 0.1.2
Check: dependencies in R code
Result: NOTE
    Packages in Depends field not imported from:
     ‘Rcpp’ ‘RcppArmadillo’
     These packages need to be imported from (in the NAMESPACE file)
     for when this namespace is loaded but not attached.
Flavors: r-devel-linux-x86_64-debian-clang, r-devel-linux-x86_64-debian-gcc, r-devel-linux-x86_64-fedora-clang, r-devel-linux-x86_64-fedora-gcc, r-devel-osx-x86_64-clang, r-devel-windows-ix86+x86_64, r-patched-linux-x86_64, r-patched-solaris-sparc, r-patched-solaris-x86, r-release-linux-x86_64, r-release-osx-x86_64-mavericks, r-release-windows-ix86+x86_64, r-oldrel-windows-ix86+x86_64

Version: 0.1.2
Check: R code for possible problems
Result: NOTE
    plot.DEoptim: no visible global function definition for ‘plot.new’
    plot.DEoptim: no visible global function definition for ‘par’
    plot.DEoptim: no visible global function definition for ‘devAskNewPage’
    plot.DEoptim: no visible global function definition for ‘plot’
    plot.DEoptim: no visible global function definition for ‘abline’
    plot.DEoptim: no visible global function definition for ‘matplot’
    Undefined global functions or variables:
     abline devAskNewPage matplot par plot plot.new
Flavors: r-devel-linux-x86_64-debian-clang, r-devel-linux-x86_64-debian-gcc, r-devel-linux-x86_64-fedora-clang, r-devel-linux-x86_64-fedora-gcc, r-devel-windows-ix86+x86_64