CRAN Package Check Results for Package RcppDE

Last updated on 2017-10-22 22:49:02.

Flavor Version Tinstall Tcheck Ttotal Status Flags
r-devel-linux-x86_64-debian-clang 0.1.5 24.13 26.98 51.11 NOTE
r-devel-linux-x86_64-debian-gcc 0.1.5 24.82 27.87 52.69 NOTE
r-devel-linux-x86_64-fedora-clang 0.1.5 101.69 NOTE
r-devel-linux-x86_64-fedora-gcc 0.1.5 98.19 NOTE
r-devel-windows-ix86+x86_64 0.1.5 82.00 107.00 189.00 OK
r-patched-linux-x86_64 0.1.5 27.54 27.49 55.03 NOTE
r-patched-solaris-x86 0.1.5 105.50 OK
r-release-linux-x86_64 0.1.5 27.84 27.40 55.24 NOTE
r-release-windows-ix86+x86_64 0.1.5 107.00 104.00 211.00 OK
r-release-osx-x86_64 0.1.5 OK
r-oldrel-windows-ix86+x86_64 0.1.5 75.00 88.00 163.00 OK
r-oldrel-osx-x86_64 0.1.5 OK

Check Details

Version: 0.1.5
Check: compiled code
Result: NOTE
    File ‘RcppDE/libs/RcppDE.so’:
     Found no calls to: ‘R_registerRoutines’, ‘R_useDynamicSymbols’
    
    It is good practice to register native routines and to disable symbol
    search.
    
    See ‘Writing portable packages’ in the ‘Writing R Extensions’ manual.
Flavors: r-devel-linux-x86_64-debian-clang, r-devel-linux-x86_64-debian-gcc, r-devel-linux-x86_64-fedora-clang, r-devel-linux-x86_64-fedora-gcc, r-patched-linux-x86_64, r-release-linux-x86_64