CRAN Package Check Results for Package RcppDE

Last updated on 2015-08-02 23:48:17.

Flavor Version Tinstall Tcheck Ttotal Status Flags
r-devel-linux-x86_64-debian-clang 0.1.2 14.29 23.84 38.14 NOTE
r-devel-linux-x86_64-debian-gcc 0.1.2 16.37 22.10 38.47 NOTE
r-devel-linux-x86_64-fedora-clang 0.1.2 78.13 NOTE
r-devel-linux-x86_64-fedora-gcc 0.1.2 74.81 NOTE
r-devel-osx-x86_64-clang 0.1.2 58.92 NOTE
r-devel-windows-ix86+x86_64 0.1.2 52.00 61.00 113.00 NOTE
r-patched-linux-x86_64 0.1.2 16.82 22.71 39.53 NOTE
r-patched-solaris-sparc 0.1.2 427.90 NOTE
r-patched-solaris-x86 0.1.2 93.80 NOTE
r-release-linux-x86_64 0.1.2 18.38 22.26 40.64 NOTE
r-release-osx-x86_64-mavericks 0.1.2 NOTE
r-release-windows-ix86+x86_64 0.1.2 64.00 76.00 140.00 NOTE
r-oldrel-windows-ix86+x86_64 0.1.2 76.00 68.00 144.00 NOTE

Check Details

Version: 0.1.2
Check: dependencies in R code
Result: NOTE
    Packages in Depends field not imported from:
     ‘Rcpp’ ‘RcppArmadillo’
     These packages need to be imported from (in the NAMESPACE file)
     for when this namespace is loaded but not attached.
Flavors: r-devel-linux-x86_64-debian-clang, r-devel-linux-x86_64-debian-gcc, r-devel-linux-x86_64-fedora-clang, r-devel-linux-x86_64-fedora-gcc, r-devel-osx-x86_64-clang, r-devel-windows-ix86+x86_64, r-patched-linux-x86_64, r-patched-solaris-sparc, r-patched-solaris-x86, r-release-linux-x86_64, r-release-osx-x86_64-mavericks, r-release-windows-ix86+x86_64, r-oldrel-windows-ix86+x86_64

Version: 0.1.2
Check: R code for possible problems
Result: NOTE
    plot.DEoptim: no visible global function definition for ‘plot.new’
    plot.DEoptim: no visible global function definition for ‘par’
    plot.DEoptim: no visible global function definition for ‘devAskNewPage’
    plot.DEoptim: no visible global function definition for ‘plot’
    plot.DEoptim: no visible global function definition for ‘abline’
    plot.DEoptim: no visible global function definition for ‘matplot’
    Undefined global functions or variables:
     abline devAskNewPage matplot par plot plot.new
    Consider adding
     importFrom("grDevices", "devAskNewPage")
     importFrom("graphics", "abline", "matplot", "par", "plot", "plot.new")
    to your NAMESPACE.
Flavors: r-devel-linux-x86_64-debian-clang, r-devel-linux-x86_64-debian-gcc, r-devel-linux-x86_64-fedora-clang, r-devel-linux-x86_64-fedora-gcc, r-devel-windows-ix86+x86_64