CRAN Package Check Results for Package RcppDE

Last updated on 2015-01-30 09:54:30.

Flavor Version Tinstall Tcheck Ttotal Status Flags
r-devel-linux-x86_64-debian-clang 0.1.2 13.92 23.03 36.95 NOTE
r-devel-linux-x86_64-debian-gcc 0.1.2 16.11 23.25 39.36 NOTE
r-devel-linux-x86_64-fedora-clang 0.1.2 83.38 NOTE
r-devel-linux-x86_64-fedora-gcc 0.1.2 80.05 NOTE
r-devel-osx-x86_64-clang 0.1.2 71.72 NOTE
r-devel-windows-ix86+x86_64 0.1.2 71.00 52.00 123.00 NOTE
r-patched-linux-x86_64 0.1.2 16.17 26.32 42.49 NOTE
r-patched-solaris-sparc 0.1.2 503.70 NOTE
r-patched-solaris-x86 0.1.2 108.40 NOTE
r-release-linux-ix86 0.1.2 19.55 31.27 50.82 NOTE
r-release-linux-x86_64 0.1.2 16.46 26.92 43.38 NOTE
r-release-osx-x86_64-mavericks 0.1.2 NOTE
r-release-osx-x86_64-snowleopard 0.1.2 OK
r-release-windows-ix86+x86_64 0.1.2 51.00 59.00 110.00 NOTE
r-oldrel-windows-ix86+x86_64 0.1.2 48.00 61.00 109.00 NOTE

Check Details

Version: 0.1.2
Check: dependencies in R code
Result: NOTE
    Packages in Depends field not imported from:
     ‘Rcpp’ ‘RcppArmadillo’
     These packages need to be imported from (in the NAMESPACE file)
     for when this namespace is loaded but not attached.
Flavors: r-devel-linux-x86_64-debian-clang, r-devel-linux-x86_64-debian-gcc, r-devel-linux-x86_64-fedora-clang, r-devel-linux-x86_64-fedora-gcc, r-devel-osx-x86_64-clang, r-devel-windows-ix86+x86_64

Version: 0.1.2
Check: dependencies in R code
Result: NOTE
    Packages in Depends field not imported from:
     ‘Rcpp’ ‘RcppArmadillo’
     These packages need to be imported from (in the NAMESPACE file)
     for when this namespace is loaded but not attached.
    See the information on DESCRIPTION files in the chapter ‘Creating R
    packages’ of the ‘Writing R Extensions’ manual.
Flavors: r-patched-linux-x86_64, r-patched-solaris-sparc, r-patched-solaris-x86, r-release-linux-ix86, r-release-linux-x86_64, r-release-osx-x86_64-mavericks, r-release-windows-ix86+x86_64, r-oldrel-windows-ix86+x86_64