CRAN Package Check Results for Package RcppEigen

Last updated on 2016-07-25 00:46:56.

Flavor Version Tinstall Tcheck Ttotal Status Flags
r-devel-linux-x86_64-debian-clang 0.3.2.8.1 42.18 176.50 218.68 NOTE
r-devel-linux-x86_64-debian-gcc 0.3.2.8.1 44.89 173.40 218.28 NOTE
r-devel-linux-x86_64-fedora-clang 0.3.2.8.1 369.13 NOTE
r-devel-linux-x86_64-fedora-gcc 0.3.2.8.1 315.67 NOTE
r-devel-osx-x86_64-clang 0.3.2.8.1 248.94 NOTE
r-devel-windows-ix86+x86_64 0.3.2.8.1 120.00 406.00 526.00 NOTE
r-patched-linux-x86_64 0.3.2.8.1 36.64 138.85 175.50 NOTE
r-patched-solaris-sparc 0.3.2.8.1 1481.30 NOTE
r-patched-solaris-x86 0.3.2.8.1 300.20 OK
r-release-linux-x86_64 0.3.2.8.1 35.90 141.04 176.94 NOTE
r-release-osx-x86_64-mavericks 0.3.2.8.1 NOTE
r-release-windows-ix86+x86_64 0.3.2.8.1 101.00 406.00 507.00 NOTE
r-oldrel-windows-ix86+x86_64 0.3.2.8.1 117.00 380.00 497.00 NOTE

Check Details

Version: 0.3.2.8.1
Check: installed package size
Result: NOTE
     installed size is 27.2Mb
     sub-directories of 1Mb or more:
     include 4.6Mb
     libs 21.9Mb
Flavors: r-devel-linux-x86_64-debian-clang, r-devel-linux-x86_64-debian-gcc, r-devel-linux-x86_64-fedora-clang, r-devel-linux-x86_64-fedora-gcc, r-devel-osx-x86_64-clang, r-devel-windows-ix86+x86_64, r-patched-linux-x86_64, r-patched-solaris-sparc, r-release-linux-x86_64, r-release-osx-x86_64-mavericks, r-release-windows-ix86+x86_64, r-oldrel-windows-ix86+x86_64

Version: 0.3.2.8.1
Check: re-building of vignette outputs
Result: NOTE
    Error in re-building vignettes:
     ...
    Warning in grepl("(Rerun to get|biblatex.*\\(re\\)run)", readLines(log, :
     input string 428 is invalid in this locale
    Warning in grepl("(Rerun to get|biblatex.*\\(re\\)run)", readLines(log, :
     input string 429 is invalid in this locale
    Warning in grepl("(Rerun to get|biblatex.*\\(re\\)run)", readLines(log, :
     input string 437 is invalid in this locale
    Error in texi2dvi(file = file, pdf = TRUE, clean = clean, quiet = quiet, :
     Running 'texi2dvi' on 'RcppEigen-Introduction.tex' failed.
    LaTeX errors:
    ! Undefined control sequence.
    l.17 <ff>B<ff><84>Vꪋn<ba>ɢ<ea><a6>d<db>J(<de>YJ6<a0>ʴR+,<8f>j<8f>,<8a>^^_a<e2>aJ<86><f8>5\<8f>
     q<cd>^^Db<cf>[^^\q<e5>^^G^^A<db>`ژ<f2>[<8c>...
    The control sequence at the end of the top line
    of your error message was never \def'ed. If you have
    ! Undefined control sequence.
    l.18 g^^W^^V^^V^^@ <9f><cf>^^?<fd><f5><d7>(BL<d2>DQt<b9>\<eb>
     <eb><eb><a2>(ʲ<fc><ed><b7><df>.//K<92><b4><bc><bc><8c><db>x|||}}<dd><e3><f1>|<f1><c5>^^W]<9b><d0>e...
    The control sequence at the end of the top line
    of your error message was never \def'ed. If you have
    ! Extra }, or forgotten \endgroup.
    l.18 ...^^?<fd><f5><d7>(BL<d2>DQt<b9>\<eb><eb><eb><a2>(ʲ<fc><ed><b7><df>.//K<92><b4><bc><bc><8c><db>x|||}}
     <dd><e3><f1>|<f1><c5>^^W]<9b><d0>e|<b3>c<c8>d2<99>L^^Fϗ...
    I'v
    Calls: buildVignettes -> texi2pdf -> texi2dvi
    Execution halted
Flavor: r-release-osx-x86_64-mavericks