CRAN Package Check Results for Package RcppEigen

Last updated on 2018-09-21 03:48:59 CEST.

Flavor Version Tinstall Tcheck Ttotal Status Flags
r-devel-linux-x86_64-debian-clang 0.3.3.4.0 66.00 359.60 425.60 OK
r-devel-linux-x86_64-debian-gcc 0.3.3.4.0 64.15 291.78 355.93 OK
r-devel-linux-x86_64-fedora-clang 0.3.3.4.0 541.90 NOTE
r-devel-linux-x86_64-fedora-gcc 0.3.3.4.0 505.20 OK
r-devel-windows-ix86+x86_64 0.3.3.4.0 144.00 720.00 864.00 NOTE
r-patched-linux-x86_64 0.3.3.4.0 71.93 380.53 452.46 OK
r-patched-solaris-x86 0.3.3.4.0 436.70 NOTE
r-release-linux-x86_64 0.3.3.4.0 71.42 376.18 447.60 OK
r-release-windows-ix86+x86_64 0.3.3.4.0 157.00 528.00 685.00 NOTE
r-release-osx-x86_64 0.3.3.4.0 NOTE
r-oldrel-windows-ix86+x86_64 0.3.3.4.0 107.00 694.00 801.00 NOTE
r-oldrel-osx-x86_64 0.3.3.4.0 NOTE

Check Details

Version: 0.3.3.4.0
Check: installed package size
Result: NOTE
     installed size is 32.4Mb
     sub-directories of 1Mb or more:
     include 7.9Mb
     libs 23.9Mb
Flavors: r-devel-linux-x86_64-fedora-clang, r-devel-windows-ix86+x86_64, r-patched-solaris-x86, r-release-windows-ix86+x86_64, r-release-osx-x86_64, r-oldrel-windows-ix86+x86_64, r-oldrel-osx-x86_64