CRAN Package Check Results for Package RcppEigen

Last updated on 2016-09-30 23:48:08.

Flavor Version Tinstall Tcheck Ttotal Status Flags
r-devel-linux-x86_64-debian-clang 0.3.2.9.0 35.53 150.26 185.79 NOTE
r-devel-linux-x86_64-debian-gcc 0.3.2.9.0 38.13 146.63 184.76 NOTE
r-devel-linux-x86_64-fedora-clang 0.3.2.9.0 387.27 NOTE
r-devel-linux-x86_64-fedora-gcc 0.3.2.9.0 350.26 NOTE
r-devel-macos-x86_64-clang 0.3.2.9.0 247.25 NOTE
r-devel-windows-ix86+x86_64 0.3.2.9.0 131.00 514.00 645.00 NOTE
r-patched-linux-x86_64 0.3.2.9.0 33.07 125.95 159.02 NOTE
r-patched-solaris-sparc 0.3.2.9.0 1367.80 OK
r-patched-solaris-x86 0.3.2.9.0 322.90 OK
r-release-linux-x86_64 0.3.2.9.0 33.22 126.44 159.66 NOTE
r-release-osx-x86_64-mavericks 0.3.2.9.0 NOTE
r-release-windows-ix86+x86_64 0.3.2.9.0 92.00 612.00 704.00 NOTE
r-oldrel-windows-ix86+x86_64 0.3.2.9.0 118.00 493.00 611.00 NOTE

Check Details

Version: 0.3.2.9.0
Check: installed package size
Result: NOTE
     installed size is 27.2Mb
     sub-directories of 1Mb or more:
     include 4.6Mb
     libs 21.9Mb
Flavors: r-devel-linux-x86_64-debian-clang, r-devel-linux-x86_64-debian-gcc, r-devel-linux-x86_64-fedora-clang, r-devel-linux-x86_64-fedora-gcc, r-devel-macos-x86_64-clang, r-devel-windows-ix86+x86_64, r-patched-linux-x86_64, r-release-linux-x86_64, r-release-osx-x86_64-mavericks, r-release-windows-ix86+x86_64, r-oldrel-windows-ix86+x86_64

Version: 0.3.2.9.0
Check: re-building of vignette outputs
Result: NOTE
    Error in re-building vignettes:
     ...
     input string 420 is invalid in this locale
    Warning in grepl("(Rerun to get|biblatex.*\\(re\\)run)", readLines(log, :
     input string 428 is invalid in this locale
    Warning in grepl("(Rerun to get|biblatex.*\\(re\\)run)", readLines(log, :
     input string 429 is invalid in this locale
    Warning in grepl("(Rerun to get|biblatex.*\\(re\\)run)", readLines(log, :
     input string 437 is invalid in this locale
    Error in texi2dvi(file = file, pdf = TRUE, clean = clean, quiet = quiet, :
     Running 'texi2dvi' on 'RcppEigen-Introduction.tex' failed.
    LaTeX errors:
    ! Undefined control sequence.
    l.16 ...^?^^_Q<bd>^^Y<ec>^^^<c1><d2><d2><d2><ce><ce>N<af><b0>u<88><b3>킞<b1><87><b0><b1><b1><b1><b1><b1><81>ǹ\<8e>
     ^^^۶<fd><f0><e1><c3>gϞ<9d><b4><b8>ue^^O<e1><9a><dd><d3>tv...
    The control sequence at the end of the top line
    of your error message was never \def'ed. If you have
    ! Undefined control sequence.
    l.20 ...<8e><8d><8d>!1<84>^^P<96>e<db><d2>܅<ee><e1><83>^^EAh-^^U<0b><82>@<a5>HQ^^TT^^L\<83>
     <be><9b>.C<b6>eY<c6>^^E<84>^^PUUQ<a9><e8><ab><d1>4<ad>V<ab>...
    The control sequence at the end of the top line
    of your error message was never \def'ed. If you have
    ! Undefined control sequence.
    l.20 ...^^W^^@Lӌ<c7><e3><8f>^^^=<9a><9a><9a><a2><95>_|4jc<ab><c4><f6><80><bd>^^N_<c1>yl`<b9>\<ee>
     <c4><dc>w^^N]^^De<f9>|<de><e7><f3>i<9a>^^V<
    Calls: buildVignettes -> texi2pdf -> texi2dvi
    Execution halted
Flavor: r-release-osx-x86_64-mavericks