CRAN Package Check Results for Package RcppEigen

Last updated on 2017-12-13 07:48:41 CET.

Flavor Version Tinstall Tcheck Ttotal Status Flags
r-devel-linux-x86_64-debian-clang 0.3.3.3.1 59.56 304.30 363.86 OK
r-devel-linux-x86_64-debian-gcc 0.3.3.3.1 51.28 230.42 281.70 OK
r-devel-linux-x86_64-fedora-clang 0.3.3.3.1 487.83 WARN
r-devel-linux-x86_64-fedora-gcc 0.3.3.3.1 445.74 WARN
r-devel-windows-ix86+x86_64 0.3.3.3.1 143.00 500.00 643.00 NOTE
r-patched-linux-x86_64 0.3.3.3.1 60.72 314.12 374.84 OK
r-patched-solaris-x86 0.3.3.3.1 442.50 NOTE
r-release-linux-x86_64 0.3.3.3.1 60.66 312.33 372.99 OK
r-release-windows-ix86+x86_64 0.3.3.3.1 108.00 724.00 832.00 NOTE
r-release-osx-x86_64 0.3.3.3.1 NOTE
r-oldrel-windows-ix86+x86_64 0.3.3.3.1 119.00 677.00 796.00 NOTE
r-oldrel-osx-x86_64 0.3.3.3.1 NOTE

Check Details

Version: 0.3.3.3.1
Check: installed package size
Result: NOTE
     installed size is 31.9Mb
     sub-directories of 1Mb or more:
     include 7.8Mb
     libs 23.4Mb
Flavors: r-devel-linux-x86_64-fedora-clang, r-devel-linux-x86_64-fedora-gcc, r-devel-windows-ix86+x86_64, r-patched-solaris-x86, r-release-windows-ix86+x86_64, r-release-osx-x86_64, r-oldrel-windows-ix86+x86_64, r-oldrel-osx-x86_64

Version: 0.3.3.3.1
Check: pragmas in C/C++ headers and code
Result: WARN
    Files which contain pragma(s) suppressing important diagnostics:
     ‘inst/include/Eigen/src/Core/arch/SSE/Complex.h’
     ‘inst/include/Eigen/src/Core/util/DisableStupidWarnings.h’
Flavors: r-devel-linux-x86_64-fedora-clang, r-devel-linux-x86_64-fedora-gcc

Version: 0.3.3.3.1
Check: re-building of vignette outputs
Result: NOTE
    Error in re-building vignettes:
     ...
     input string 420 is invalid in this locale
    Warning in grepl("(Rerun to get|biblatex.*\\(re\\)run)", readLines(log, :
     input string 428 is invalid in this locale
    Warning in grepl("(Rerun to get|biblatex.*\\(re\\)run)", readLines(log, :
     input string 429 is invalid in this locale
    Warning in grepl("(Rerun to get|biblatex.*\\(re\\)run)", readLines(log, :
     input string 437 is invalid in this locale
    Error in texi2dvi(file = file, pdf = TRUE, clean = clean, quiet = quiet, :
     Running 'texi2dvi' on 'RcppEigen-Introduction.tex' failed.
    LaTeX errors:
    ! Undefined control sequence.
    l.19 ...\(^^T<c2><e1>0<cf><f3>^^@@^^H<91>e<b9>Z<ad>F"<91><b3>j׻ջ<9c><f4><f7>v-^^Ly\f
     <92>$<e9>$<b3><bf>6<ce>~<a6><f3>ƽ<ce> <a1><f3><f8><f8><b8><db><ed>Fw<fa>^...
    The control sequence at the end of the top line
    of your error message was never \def'ed. If you have
    ! Undefined control sequence.
    l.22 ...<ab>U^^@<e8>0^^[`t]k<b9><a2>t<ad>^?S^^W<a0><ec><db>o<bf><bd>u<eb><96> ^^H<b9>\^^N
     <db>^^@<ad><d7>H<82> <e8><ba>^<af><d7>%Q<d4>^^?<fc>Q<98><9d>5t...
    The control sequence at the end of the top line
    of your error message was never \def'ed. If you have
    ! Undefined control sequence.
    l.26 <c3>H<a7>ӣ<a3><a3>XYs:<9d>SSSX<a1><e8><bd>zG<e8><fc><0b><d5>!^^G<96>"^l<c6><c0>\<8b>
     <ae><eb><c5>b<f1><9d>w<de><c1>2D<eb>^^X\[Ji<a1>P^^@<80><fd><fd>}|^^E^^...
    Calls: buildVignettes -> texi2pdf -> texi2dvi
    Execution halted
Flavor: r-oldrel-osx-x86_64