CRAN Package Check Results for Package RcppEigen

Last updated on 2017-04-27 23:50:12.

Flavor Version Tinstall Tcheck Ttotal Status Flags
r-devel-linux-x86_64-debian-clang 0.3.2.9.1 36.35 159.43 195.79 OK
r-devel-linux-x86_64-debian-gcc 0.3.2.9.1 37.48 154.26 191.74 OK
r-devel-linux-x86_64-fedora-clang 0.3.2.9.1 407.14 NOTE --no-stop-on-test-error
r-devel-linux-x86_64-fedora-gcc 0.3.2.9.1 378.07 NOTE --no-stop-on-test-error
r-devel-windows-ix86+x86_64 0.3.2.9.1 90.00 566.00 656.00 NOTE
r-patched-linux-x86_64 0.3.2.9.1 32.08 133.28 165.36 OK
r-patched-solaris-sparc 0.3.2.9.1 1501.90 OK
r-patched-solaris-x86 0.3.2.9.1 368.30 OK
r-release-linux-x86_64 0.3.2.9.1 32.40 135.58 167.98 OK
r-release-windows-ix86+x86_64 0.3.2.9.1 93.00 448.00 541.00 NOTE
r-release-osx-x86_64 0.3.2.9.1 NOTE
r-oldrel-windows-ix86+x86_64 0.3.2.9.1 114.00 413.00 527.00 NOTE
r-oldrel-osx-x86_64 0.3.2.9.1 NOTE

Check Details

Version: 0.3.2.9.1
Flags: --no-stop-on-test-error
Check: installed package size
Result: NOTE
     installed size is 27.0Mb
     sub-directories of 1Mb or more:
     include 4.6Mb
     libs 21.7Mb
Flavors: r-devel-linux-x86_64-fedora-clang, r-devel-linux-x86_64-fedora-gcc

Version: 0.3.2.9.1
Check: installed package size
Result: NOTE
     installed size is 6.8Mb
     sub-directories of 1Mb or more:
     include 4.5Mb
     libs 1.7Mb
Flavors: r-devel-windows-ix86+x86_64, r-release-windows-ix86+x86_64, r-release-osx-x86_64, r-oldrel-windows-ix86+x86_64, r-oldrel-osx-x86_64

Version: 0.3.2.9.1
Check: re-building of vignette outputs
Result: NOTE
    Error in re-building vignettes:
     ...
    Warning in grepl("(Rerun to get|biblatex.*\\(re\\)run)", readLines(log, :
     input string 440 is invalid in this locale
    Error in texi2dvi(file = file, pdf = TRUE, clean = clean, quiet = quiet, :
     Running 'texi2dvi' on 'RcppEigen-Introduction.tex' failed.
    LaTeX errors:
    ! LaTeX Error: Missing \begin{document}.
    
    See the LaTeX manual or LaTeX Companion for explanation.
    Type H <return> for immediate help.
     ...
    ! Missing $ inserted.
    <inserted text>
     $
    l.17 <f1>^^Xc<8c><91>a<94>}<be>^
     E^^YJ<a5>t"<8a><c5><c2><8c>ٖe<d7><eb>^^Nc<b6><a2>^^L^^Q<91><a6><b1><a3>GlQ<ec>3<8c><b2>$<f9>q<eb>v?<f5><fb><eb>D<e4>r<b9>J<a5><92><df><ef>'...
    ! Undefined control sequence.
    l.18 ...i<af>u<d3>z<b1>3<d7>CS&^^]^^L><da>^^P/<95>J<e1>^^E^^S<91><a6>ix<eb><b9>\nbb
     <82>^^G{<e5>rٲ,XN*<95>"<a2>X,<86><8b>h4<da>hi<e5>...
    The control sequence at the end of the top line
    of your error message was never \def'ed. If you have
    ! Undefined control sequence.
    l.20 ...^L<94><cd>f<a1>s<b8>PD<c9>ܝ<9e>@mhOUUQ^^T^^[<a7>^^B<e8><c8>dž)bB\^^X
     .'<ac>^
    Calls: buildVignettes -> texi2pdf -> texi2dvi
    Execution halted
Flavor: r-oldrel-osx-x86_64