CRAN Package Check Results for Package RcppEigen

Last updated on 2014-09-18 14:47:02.

Flavor Version Tinstall Tcheck Ttotal Status Flags
r-devel-linux-x86_64-debian-clang 0.3.2.2.0 25.05 117.38 142.43 NOTE
r-devel-linux-x86_64-debian-gcc 0.3.2.2.0 30.89 121.21 152.10 NOTE
r-devel-linux-x86_64-fedora-clang 0.3.2.2.0 327.89 NOTE
r-devel-linux-x86_64-fedora-gcc 0.3.2.2.0 306.31 NOTE
r-devel-osx-x86_64-clang 0.3.2.2.0 239.62 NOTE
r-devel-windows-ix86+x86_64 0.3.2.2.0 78.00 286.00 364.00 NOTE
r-patched-linux-x86_64 0.3.2.2.0 31.36 123.24 154.60 NOTE
r-patched-solaris-sparc 0.3.2.2.0 1600.30 NOTE
r-patched-solaris-x86 0.3.2.2.0 378.10 NOTE
r-release-linux-ix86 0.3.2.2.0 34.45 150.30 184.74 NOTE
r-release-linux-x86_64 0.3.2.2.0 31.48 123.34 154.82 NOTE
r-release-osx-x86_64-mavericks 0.3.2.2.0 NOTE
r-release-osx-x86_64-snowleopard 0.3.2.2.0 NOTE
r-release-windows-ix86+x86_64 0.3.2.2.0 71.00 290.00 361.00 NOTE
r-oldrel-windows-ix86+x86_64 0.3.2.2.0 75.00 294.00 369.00 NOTE

Memtest notes: UBSAN-gcc UBSAN

Check Details

Version: 0.3.2.2.0
Check: installed package size
Result: NOTE
     installed size is 27.7Mb
     sub-directories of 1Mb or more:
     include 4.5Mb
     libs 22.4Mb
Flavors: r-devel-linux-x86_64-debian-clang, r-devel-linux-x86_64-debian-gcc, r-devel-linux-x86_64-fedora-clang, r-devel-linux-x86_64-fedora-gcc, r-devel-osx-x86_64-clang, r-devel-windows-ix86+x86_64, r-patched-linux-x86_64, r-patched-solaris-sparc, r-patched-solaris-x86, r-release-linux-ix86, r-release-linux-x86_64, r-release-osx-x86_64-mavericks, r-release-osx-x86_64-snowleopard, r-release-windows-ix86+x86_64, r-oldrel-windows-ix86+x86_64