CRAN Package Check Results for Package RcppEigen

Last updated on 2014-04-24 23:48:10.

Flavor Version Tinstall Tcheck Ttotal Status Flags
r-devel-linux-x86_64-debian-clang 0.3.2.1.1 23.92 110.21 134.13 NOTE
r-devel-linux-x86_64-debian-gcc 0.3.2.1.1 30.42 126.52 156.93 NOTE
r-devel-linux-x86_64-fedora-clang 0.3.2.1.1 315.85 NOTE
r-devel-linux-x86_64-fedora-gcc 0.3.2.1.1 319.75 NOTE
r-devel-osx-x86_64-clang 0.3.2.1.1 243.67 NOTE
r-devel-osx-x86_64-gcc 0.3.2.1.1 NOTE
r-devel-windows-ix86+x86_64 0.3.2.1.1 70.00 293.00 363.00 NOTE
r-patched-linux-x86_64 0.3.2.1.1 30.40 126.36 156.76 NOTE
r-patched-solaris-sparc 0.3.2.1.1 1647.00 NOTE
r-patched-solaris-x86 0.3.2.1.1 364.20 NOTE
r-release-linux-ix86 0.3.2.1.1 43.00 193.00 236.00 NOTE
r-release-linux-x86_64 0.3.2.1.1 30.85 127.01 157.86 NOTE
r-release-osx-x86_64-mavericks 0.3.2.1.1 WARN
r-release-osx-x86_64-snowleopard 0.3.2.1.1 NOTE
r-release-windows-ix86+x86_64 0.3.2.1.1 68.00 286.00 354.00 NOTE
r-oldrel-windows-ix86+x86_64 0.3.2.1.1 65.00 289.00 354.00 NOTE

Memtest notes: UBSAN

Check Details

Version: 0.3.2.1.1
Check: installed package size
Result: NOTE
     installed size is 26.3Mb
     sub-directories of 1Mb or more:
     include 4.8Mb
     libs 20.8Mb
Flavors: r-devel-linux-x86_64-debian-clang, r-devel-linux-x86_64-debian-gcc, r-devel-linux-x86_64-fedora-clang, r-devel-linux-x86_64-fedora-gcc, r-devel-osx-x86_64-clang, r-devel-osx-x86_64-gcc, r-devel-windows-ix86+x86_64, r-patched-linux-x86_64, r-patched-solaris-sparc, r-patched-solaris-x86, r-release-linux-ix86, r-release-linux-x86_64, r-release-osx-x86_64-mavericks, r-release-osx-x86_64-snowleopard, r-release-windows-ix86+x86_64, r-oldrel-windows-ix86+x86_64

Version: 0.3.2.1.1
Check: PDF version of manual
Result: WARNING
    LaTeX errors when creating PDF version.
    This typically indicates Rd problems.
    LaTeX errors found:
    ! LaTeX Error: File `upquote.sty' not found.
    
    Type X to quit or <RETURN> to proceed,
    or enter new name. (Default extension: sty)
    
    041b120/Rd2.tex:8: ==> Fatal error occurred, no output PDF file produced!
Flavor: r-release-osx-x86_64-mavericks