CRAN Package Check Results for Package RcppEigen

Last updated on 2015-09-05 09:47:03.

Flavor Version Tinstall Tcheck Ttotal Status Flags
r-devel-linux-x86_64-debian-clang 0.3.2.5.0 25.34 126.16 151.49 NOTE
r-devel-linux-x86_64-debian-gcc 0.3.2.5.0 29.00 129.74 158.73 NOTE
r-devel-linux-x86_64-fedora-clang 0.3.2.5.0 337.42 NOTE
r-devel-linux-x86_64-fedora-gcc 0.3.2.5.0 307.69 NOTE
r-devel-osx-x86_64-clang 0.3.2.5.0 248.30 NOTE
r-devel-windows-ix86+x86_64 0.3.2.5.0 104.00 417.00 521.00 NOTE
r-patched-linux-x86_64 0.3.2.5.0 29.44 130.40 159.83 NOTE
r-patched-solaris-sparc 0.3.2.5.0 1426.90 OK
r-patched-solaris-x86 0.3.2.5.0 314.90 OK
r-release-linux-x86_64 0.3.2.5.0 30.62 130.93 161.56 NOTE
r-release-osx-x86_64-mavericks 0.3.2.5.0 NOTE
r-release-windows-ix86+x86_64 0.3.2.5.0 100.00 386.00 486.00 NOTE
r-oldrel-windows-ix86+x86_64 0.3.2.5.0 80.00 408.00 488.00 NOTE

Memtest notes: clang-UBSAN gcc-UBSAN

Check Details

Version: 0.3.2.5.0
Check: installed package size
Result: NOTE
     installed size is 27.7Mb
     sub-directories of 1Mb or more:
     include 4.6Mb
     libs 22.4Mb
Flavors: r-devel-linux-x86_64-debian-clang, r-devel-linux-x86_64-debian-gcc, r-devel-linux-x86_64-fedora-clang, r-devel-linux-x86_64-fedora-gcc, r-devel-osx-x86_64-clang, r-devel-windows-ix86+x86_64, r-patched-linux-x86_64, r-release-linux-x86_64, r-release-osx-x86_64-mavericks, r-release-windows-ix86+x86_64, r-oldrel-windows-ix86+x86_64