CRAN Package Check Results for Package RcppEigen

Last updated on 2016-02-10 02:49:17.

Flavor Version Tinstall Tcheck Ttotal Status Flags
r-devel-linux-x86_64-debian-gcc 0.3.2.7.0 32.87 121.52 154.39 NOTE
r-devel-linux-x86_64-fedora-clang 0.3.2.7.0 345.77 NOTE
r-devel-linux-x86_64-fedora-gcc 0.3.2.7.0 313.95 NOTE
r-devel-osx-x86_64-clang 0.3.2.7.0 308.06 NOTE
r-devel-windows-ix86+x86_64 0.3.2.7.0 107.00 487.00 594.00 NOTE
r-patched-linux-x86_64 0.3.2.7.0 31.78 123.72 155.51 NOTE
r-patched-solaris-sparc 0.3.2.7.0 1395.50 OK
r-patched-solaris-x86 0.3.2.7.0 314.50 OK
r-release-linux-x86_64 0.3.2.7.0 32.57 124.76 157.33 NOTE
r-release-osx-x86_64-mavericks 0.3.2.7.0 NOTE
r-release-windows-ix86+x86_64 0.3.2.7.0 107.00 393.00 500.00 NOTE
r-oldrel-windows-ix86+x86_64 0.3.2.7.0 114.00 419.00 533.00 WARN

Memtest notes: gcc6-UBSAN gcc-UBSAN

Check Details

Version: 0.3.2.7.0
Check: installed package size
Result: NOTE
     installed size is 26.7Mb
     sub-directories of 1Mb or more:
     include 4.6Mb
     libs 21.4Mb
Flavors: r-devel-linux-x86_64-debian-gcc, r-devel-linux-x86_64-fedora-clang, r-devel-linux-x86_64-fedora-gcc, r-devel-osx-x86_64-clang, r-devel-windows-ix86+x86_64, r-patched-linux-x86_64, r-release-linux-x86_64, r-release-osx-x86_64-mavericks, r-release-windows-ix86+x86_64, r-oldrel-windows-ix86+x86_64

Version: 0.3.2.7.0
Check: re-building of vignette outputs
Result: NOTE
    Error in re-building vignettes:
     ...
    Error in texi2dvi(file = file, pdf = TRUE, clean = clean, quiet = quiet, :
     Running 'texi2dvi' on 'RcppEigen-Introduction.tex' failed.
    LaTeX errors:
    ! Undefined control sequence.
    l.15 x<9c><ed>^^[MO^^[<d7><f6>d\^^?
     ̓<eb><e1>>+`<dc>^^X<cc>^^H^^ZR#c4R<d5>"!#<85>U^^WQ7<fc><85><fe><84>Vꪋn<ba>ɢ<ea><a6>d<db>J(<de>...
    The control sequence at the end of the top line
    of your error message was never \def'ed. If you have
    ! LaTeX Error: Missing \begin{document}.
    
    See the LaTeX manual or LaTeX Companion for explanation.
    Type H <return> for immediate help.
     ...
    ! Extra }, or forgotten \endgroup.
    l.15 ...<ca>ʮsx<97>O<ef>m<83>^^?<bc><dd><eb>ihm<f7>N<87><85><85><85><83><83><83><9b>7o<a2>EB<a3>$I<92>$I<df>}
     <f7><dd>ݻw<db><c1>077W<a9>T<ea><f5><ba>,<cb>l~nn^^NM...
    I've deleted a group-closing symbol because it seems to be
    spurious, as in `$x}$'. But perhaps the } is legitimate and
    ! Undefined control sequence.
    l.15 ...<d0>Xw^^EU^^W<a1><e3><d3>Co
    Calls: buildVignettes -> texi2pdf -> texi2dvi
    Execution halted
Flavor: r-release-osx-x86_64-mavericks

Version: 0.3.2.7.0
Check: package subdirectories
Result: WARN
    Problems with news in 'inst/NEWS.Rd':
     inst/NEWS.Rd:34: unknown macro '\CRANpkg'
     inst/NEWS.Rd:85: unknown macro '\CRANpkg'
     inst/NEWS.Rd:87: unknown macro '\CRANpkg'
     inst/NEWS.Rd:96: unknown macro '\CRANpkg'
     inst/NEWS.Rd:97: unknown macro '\CRANpkg'
     inst/NEWS.Rd:98: unknown macro '\CRANpkg'
     inst/NEWS.Rd:100: unknown macro '\CRANpkg'
Flavor: r-oldrel-windows-ix86+x86_64