CRAN Package Check Results for Package RcppEigen

Last updated on 2014-07-25 19:50:18.

Flavor Version Tinstall Tcheck Ttotal Status Flags
r-devel-linux-x86_64-debian-clang 0.3.2.1.2 23.08 111.11 134.19 NOTE
r-devel-linux-x86_64-debian-gcc 0.3.2.1.2 29.98 120.52 150.50 NOTE
r-devel-linux-x86_64-fedora-clang 0.3.2.1.2 314.03 NOTE
r-devel-linux-x86_64-fedora-gcc 0.3.2.1.2 310.36 NOTE
r-devel-osx-x86_64-clang 0.3.2.1.2 255.94 NOTE
r-devel-windows-ix86+x86_64 0.3.2.1.2 73.00 297.00 370.00 NOTE
r-patched-linux-x86_64 0.3.2.1.2 29.81 121.88 151.68 NOTE
r-patched-solaris-sparc 0.3.2.1.2 1588.30 NOTE
r-patched-solaris-x86 0.3.2.1.2 383.30 NOTE
r-release-linux-ix86 0.3.2.1.2 34.26 156.84 191.10 NOTE
r-release-linux-x86_64 0.3.2.1.2 30.50 123.11 153.61 NOTE
r-release-osx-x86_64-mavericks 0.3.2.1.2 NOTE
r-release-osx-x86_64-snowleopard 0.3.2.1.2 NOTE
r-release-windows-ix86+x86_64 0.3.2.1.2 78.00 294.00 372.00 NOTE
r-oldrel-windows-ix86+x86_64 0.3.2.1.2 71.00 289.00 360.00 NOTE

Memtest notes: UBSAN

Check Details

Version: 0.3.2.1.2
Check: installed package size
Result: NOTE
     installed size is 26.3Mb
     sub-directories of 1Mb or more:
     include 4.8Mb
     libs 20.8Mb
Flavors: r-devel-linux-x86_64-debian-clang, r-devel-linux-x86_64-debian-gcc, r-devel-linux-x86_64-fedora-clang, r-devel-linux-x86_64-fedora-gcc, r-devel-osx-x86_64-clang, r-devel-windows-ix86+x86_64, r-patched-linux-x86_64, r-patched-solaris-sparc, r-patched-solaris-x86, r-release-linux-ix86, r-release-linux-x86_64, r-release-osx-x86_64-mavericks, r-release-osx-x86_64-snowleopard, r-release-windows-ix86+x86_64, r-oldrel-windows-ix86+x86_64