CRAN Package Check Results for Package RcppEigen

Last updated on 2018-06-23 11:50:23 CEST.

Flavor Version Tinstall Tcheck Ttotal Status Flags
r-devel-linux-x86_64-debian-clang 0.3.3.4.0 72.31 351.04 423.35 OK
r-devel-linux-x86_64-debian-gcc 0.3.3.4.0 56.09 258.73 314.82 OK
r-devel-linux-x86_64-fedora-clang 0.3.3.4.0 494.71 NOTE
r-devel-linux-x86_64-fedora-gcc 0.3.3.4.0 457.17 OK
r-devel-windows-ix86+x86_64 0.3.3.4.0 151.00 782.00 933.00 NOTE
r-patched-linux-x86_64 0.3.3.4.0 64.11 351.78 415.89 OK
r-patched-solaris-x86 0.3.3.4.0 437.60 NOTE
r-release-linux-x86_64 0.3.3.4.0 70.31 356.23 426.54 OK
r-release-windows-ix86+x86_64 0.3.3.4.0 112.00 520.00 632.00 NOTE
r-release-osx-x86_64 0.3.3.4.0 NOTE
r-oldrel-windows-ix86+x86_64 0.3.3.4.0 148.00 698.00 846.00 NOTE
r-oldrel-osx-x86_64 0.3.3.4.0 NOTE

Check Details

Version: 0.3.3.4.0
Check: installed package size
Result: NOTE
     installed size is 32.1Mb
     sub-directories of 1Mb or more:
     include 7.9Mb
     libs 23.5Mb
Flavors: r-devel-linux-x86_64-fedora-clang, r-devel-windows-ix86+x86_64, r-patched-solaris-x86, r-release-windows-ix86+x86_64, r-release-osx-x86_64, r-oldrel-windows-ix86+x86_64, r-oldrel-osx-x86_64