CRAN Package Check Results for Package RcppEigen

Last updated on 2014-10-31 23:47:37.

Flavor Version Tinstall Tcheck Ttotal Status Flags
r-devel-linux-x86_64-debian-clang 0.3.2.2.0 24.42 118.19 142.61 NOTE
r-devel-linux-x86_64-debian-gcc 0.3.2.2.0 29.48 120.74 150.22 NOTE
r-devel-linux-x86_64-fedora-clang 0.3.2.2.0 327.78 NOTE
r-devel-linux-x86_64-fedora-gcc 0.3.2.2.0 300.27 NOTE
r-devel-osx-x86_64-clang 0.3.2.2.0 228.94 NOTE
r-devel-windows-ix86+x86_64 0.3.2.2.0 70.00 290.00 360.00 NOTE
r-patched-linux-x86_64 0.3.2.2.0 30.16 123.58 153.73 NOTE
r-patched-solaris-sparc 0.3.2.2.0 1600.30 NOTE
r-patched-solaris-x86 0.3.2.2.0 377.10 NOTE
r-release-linux-ix86 0.3.2.2.0 34.74 151.20 185.94 NOTE
r-release-linux-x86_64 0.3.2.2.0 30.32 124.85 155.16 NOTE
r-release-osx-x86_64-mavericks 0.3.2.2.0 NOTE
r-release-osx-x86_64-snowleopard 0.3.2.2.0 NOTE
r-release-windows-ix86+x86_64 0.3.2.2.0 70.00 310.00 380.00 NOTE
r-oldrel-windows-ix86+x86_64 0.3.2.2.0 71.00 307.00 378.00 NOTE

Memtest notes: UBSAN-gcc UBSAN

Check Details

Version: 0.3.2.2.0
Check: installed package size
Result: NOTE
     installed size is 27.7Mb
     sub-directories of 1Mb or more:
     include 4.5Mb
     libs 22.4Mb
Flavors: r-devel-linux-x86_64-debian-clang, r-devel-linux-x86_64-debian-gcc, r-devel-linux-x86_64-fedora-clang, r-devel-linux-x86_64-fedora-gcc, r-devel-osx-x86_64-clang, r-devel-windows-ix86+x86_64, r-patched-linux-x86_64, r-patched-solaris-sparc, r-patched-solaris-x86, r-release-linux-ix86, r-release-linux-x86_64, r-release-osx-x86_64-mavericks, r-release-osx-x86_64-snowleopard, r-release-windows-ix86+x86_64, r-oldrel-windows-ix86+x86_64