CRAN Package Check Results for Package RcppEigen

Last updated on 2018-02-25 10:47:25 CET.

Flavor Version Tinstall Tcheck Ttotal Status Flags
r-devel-linux-x86_64-debian-clang 0.3.3.4.0 56.89 319.27 376.16 OK
r-devel-linux-x86_64-debian-gcc 0.3.3.4.0 53.10 235.62 288.72 OK
r-devel-linux-x86_64-fedora-clang 0.3.3.4.0 476.95 NOTE
r-devel-linux-x86_64-fedora-gcc 0.3.3.4.0 461.97 NOTE
r-devel-windows-ix86+x86_64 0.3.3.4.0 159.00 702.00 861.00 NOTE
r-patched-linux-x86_64 0.3.3.4.0 57.72 323.02 380.74 OK
r-patched-solaris-x86 0.3.3.4.0 435.40 NOTE
r-release-linux-x86_64 0.3.3.4.0 60.41 320.62 381.03 OK
r-release-windows-ix86+x86_64 0.3.3.4.0 132.00 707.00 839.00 NOTE
r-release-osx-x86_64 0.3.3.4.0 NOTE
r-oldrel-windows-ix86+x86_64 0.3.3.4.0 109.00 541.00 650.00 NOTE
r-oldrel-osx-x86_64 0.3.3.3.1 NOTE

Check Details

Version: 0.3.3.4.0
Check: installed package size
Result: NOTE
     installed size is 32.1Mb
     sub-directories of 1Mb or more:
     include 7.9Mb
     libs 23.5Mb
Flavors: r-devel-linux-x86_64-fedora-clang, r-devel-linux-x86_64-fedora-gcc, r-devel-windows-ix86+x86_64, r-patched-solaris-x86, r-release-windows-ix86+x86_64, r-release-osx-x86_64, r-oldrel-windows-ix86+x86_64

Version: 0.3.3.3.1
Check: installed package size
Result: NOTE
     installed size is 32.3Mb
     sub-directories of 1Mb or more:
     include 7.6Mb
     libs 24.1Mb
Flavor: r-oldrel-osx-x86_64

Version: 0.3.3.3.1
Check: re-building of vignette outputs
Result: NOTE
    Error in re-building vignettes:
     ...
     input string 420 is invalid in this locale
    Warning in grepl("(Rerun to get|biblatex.*\\(re\\)run)", readLines(log, :
     input string 428 is invalid in this locale
    Warning in grepl("(Rerun to get|biblatex.*\\(re\\)run)", readLines(log, :
     input string 429 is invalid in this locale
    Warning in grepl("(Rerun to get|biblatex.*\\(re\\)run)", readLines(log, :
     input string 437 is invalid in this locale
    Error in texi2dvi(file = file, pdf = TRUE, clean = clean, quiet = quiet, :
     Running 'texi2dvi' on 'RcppEigen-Introduction.tex' failed.
    LaTeX errors:
    ! Undefined control sequence.
    l.19 ...\(^^T<c2><e1>0<cf><f3>^^@@^^H<91>e<b9>Z<ad>F"<91><b3>j׻ջ<9c><f4><f7>v-^^Ly\f
     <92>$<e9>$<b3><bf>6<ce>~<a6><f3>ƽ<ce> <a1><f3><f8><f8><b8><db><ed>Fw<fa>^...
    The control sequence at the end of the top line
    of your error message was never \def'ed. If you have
    ! Undefined control sequence.
    l.22 ...<ab>U^^@<e8>0^^[`t]k<b9><a2>t<ad>^?S^^W<a0><ec><db>o<bf><bd>u<eb><96> ^^H<b9>\^^N
     <db>^^@<ad><d7>H<82> <e8><ba>^<af><d7>%Q<d4>^^?<fc>Q<98><9d>5t...
    The control sequence at the end of the top line
    of your error message was never \def'ed. If you have
    ! Undefined control sequence.
    l.26 <c3>H<a7>ӣ<a3><a3>XYs:<9d>SSSX<a1><e8><bd>zG<e8><fc><0b><d5>!^^G<96>"^l<c6><c0>\<8b>
     <ae><eb><c5>b<f1><9d>w<de><c1>2D<eb>^^X\[Ji<a1>P^^@<80><fd><fd>}|^^E^^...
    Calls: buildVignettes -> texi2pdf -> texi2dvi
    Execution halted
Flavor: r-oldrel-osx-x86_64