Last updated on 2021-04-16 01:47:14 CEST.
Flavor | Version | Tinstall | Tcheck | Ttotal | Status | Flags |
---|---|---|---|---|---|---|
r-devel-linux-x86_64-debian-clang | 0.3.3.9.1 | 85.66 | 83.55 | 169.21 | OK | |
r-devel-linux-x86_64-debian-gcc | 0.3.3.9.1 | 60.50 | 66.88 | 127.38 | OK | |
r-devel-linux-x86_64-fedora-clang | 0.3.3.9.1 | 227.99 | NOTE | |||
r-devel-linux-x86_64-fedora-gcc | 0.3.3.9.1 | 212.26 | OK | |||
r-devel-windows-ix86+x86_64 | 0.3.3.9.1 | 171.00 | 387.00 | 558.00 | NOTE | |
r-devel-windows-x86_64-gcc10-UCRT | 0.3.3.9.1 | OK | ||||
r-patched-linux-x86_64 | 0.3.3.9.1 | 67.59 | 81.47 | 149.06 | OK | |
r-patched-solaris-x86 | 0.3.3.9.1 | 342.90 | NOTE | |||
r-release-linux-x86_64 | 0.3.3.9.1 | 66.23 | 80.86 | 147.09 | OK | |
r-release-macos-x86_64 | 0.3.3.9.1 | NOTE | ||||
r-release-windows-ix86+x86_64 | 0.3.3.9.1 | 143.00 | 390.00 | 533.00 | NOTE | |
r-oldrel-macos-x86_64 | 0.3.3.9.1 | NOTE | ||||
r-oldrel-windows-ix86+x86_64 | 0.3.3.9.1 | 151.00 | 267.00 | 418.00 | NOTE |
Version: 0.3.3.9.1
Check: installed package size
Result: NOTE
installed size is 32.6Mb
sub-directories of 1Mb or more:
include 7.9Mb
libs 24.0Mb
Flavors: r-devel-linux-x86_64-fedora-clang, r-devel-windows-ix86+x86_64, r-patched-solaris-x86, r-release-macos-x86_64, r-release-windows-ix86+x86_64, r-oldrel-macos-x86_64, r-oldrel-windows-ix86+x86_64