CRAN Package Check Results for Package RcppEigen

Last updated on 2015-07-06 21:46:45.

Flavor Version Tinstall Tcheck Ttotal Status Flags
r-devel-linux-x86_64-debian-clang 0.3.2.4.0 26.55 129.72 156.27 NOTE
r-devel-linux-x86_64-debian-gcc 0.3.2.4.0 29.79 130.82 160.61 NOTE
r-devel-linux-x86_64-fedora-clang 0.3.2.4.0 334.26 NOTE
r-devel-linux-x86_64-fedora-gcc 0.3.2.4.0 312.01 NOTE
r-devel-osx-x86_64-clang 0.3.2.4.0 270.89 NOTE
r-devel-windows-ix86+x86_64 0.3.2.4.0 99.00 348.00 447.00 NOTE
r-patched-linux-x86_64 0.3.2.4.0 29.42 135.40 164.82 NOTE
r-patched-solaris-sparc 0.3.2.4.0 1897.10 NOTE
r-patched-solaris-x86 0.3.2.4.0 381.20 NOTE
r-release-linux-x86_64 0.3.2.4.0 29.74 133.34 163.08 NOTE
r-release-osx-x86_64-mavericks 0.3.2.4.0 NOTE
r-release-windows-ix86+x86_64 0.3.2.4.0 101.00 343.00 444.00 NOTE
r-oldrel-windows-ix86+x86_64 0.3.2.4.0 77.00 563.00 640.00 NOTE

Memtest notes: UBSAN-gcc UBSAN

Check Details

Version: 0.3.2.4.0
Check: installed package size
Result: NOTE
     installed size is 27.6Mb
     sub-directories of 1Mb or more:
     include 4.6Mb
     libs 22.3Mb
Flavors: r-devel-linux-x86_64-debian-clang, r-devel-linux-x86_64-debian-gcc, r-devel-linux-x86_64-fedora-clang, r-devel-linux-x86_64-fedora-gcc, r-devel-osx-x86_64-clang, r-devel-windows-ix86+x86_64, r-patched-linux-x86_64, r-patched-solaris-sparc, r-patched-solaris-x86, r-release-linux-x86_64, r-release-osx-x86_64-mavericks, r-release-windows-ix86+x86_64, r-oldrel-windows-ix86+x86_64

Version: 0.3.2.4.0
Check: R code for possible problems
Result: NOTE
    RcppEigen.package.skeleton: no visible global function definition for
     ‘packageDescription’
    fastLm.formula: no visible global function definition for ‘model.frame’
    fastLm.formula: no visible global function definition for
     ‘model.matrix’
    fastLm.formula: no visible global function definition for
     ‘model.response’
    predict.fastLm: no visible global function definition for ‘fitted’
    predict.fastLm: no visible global function definition for
     ‘model.matrix’
    predict.fastLm: no visible global function definition for ‘coef’
    print.summary.fastLm: no visible global function definition for
     ‘printCoefmat’
    summary.fastLm: no visible global function definition for ‘pt’
    Undefined global functions or variables:
     coef fitted model.frame model.matrix model.response
     packageDescription printCoefmat pt
Flavors: r-devel-linux-x86_64-debian-clang, r-devel-linux-x86_64-debian-gcc, r-devel-linux-x86_64-fedora-clang, r-devel-linux-x86_64-fedora-gcc, r-devel-windows-ix86+x86_64

Version: 0.3.2.4.0
Check: re-building of vignette outputs
Result: NOTE
    Error in re-building vignettes:
     ...
    Error in texi2dvi(file = file, pdf = TRUE, clean = clean, quiet = quiet, :
     Running 'texi2dvi' on 'RcppEigen-Introduction.tex' failed.
    LaTeX errors:
    ! Undefined control sequence.
    l.17 ...<8f>s<ce>^^OQ^^SW^^D٣sp<fd><8d>^^O^^U<e3><a3>w<bd>^^Q<ef>4<9c><a1><eb>:<e7>\Q
     ^^T,<97>1655<f5><d5>W_^^Q<91><aa><aa><f8><fc><f4><d3>O<fd>~...
    The control sequence at the end of the top line
    of your error message was never \def'ed. If you have
    ! LaTeX Error: Missing \begin{document}.
    
    See the LaTeX manual or LaTeX Companion for explanation.
    Type H <return> for immediate help.
     ...
    ! Extra }, or forgotten \endgroup.
    l.17 ...55<f5><d5>W_^^Q<91><aa><aa><f8><fc><f4><d3>O<fd>~<ff>g<9f>}677<a7><eb><fa><ee><ee><ee><97>_~<89>ELOO?}
     <fa><b4><bf><bf><9f><88>^^Xc<8c>1^^Pa<8c><e1>^^J
    I've deleted a group-closing symbol because it seems to be
    spurious, as in `$x}$'. But perhaps the } is legitimate and
    ! Missing $ inserted.
    <inserted text>
    
    Calls: buildVignettes -> texi2pdf -> texi2dvi
    Execution halted
Flavor: r-release-osx-x86_64-mavericks