CRAN Package Check Results for Package RcppEigen

Last updated on 2015-01-27 12:47:37.

Flavor Version Tinstall Tcheck Ttotal Status Flags
r-devel-linux-x86_64-debian-clang 0.3.2.3.0 24.40 125.98 150.38 NOTE
r-devel-linux-x86_64-debian-gcc 0.3.2.3.0 29.78 131.78 161.56 NOTE
r-devel-linux-x86_64-fedora-clang 0.3.2.3.0 331.43 NOTE
r-devel-linux-x86_64-fedora-gcc 0.3.2.3.0 326.02 NOTE
r-devel-osx-x86_64-clang 0.3.2.3.0 245.10 NOTE
r-devel-windows-ix86+x86_64 0.3.2.3.0 74.00 327.00 401.00 NOTE
r-patched-linux-x86_64 0.3.2.3.0 30.49 134.76 165.25 NOTE
r-patched-solaris-sparc 0.3.2.3.0 1776.00 NOTE
r-patched-solaris-x86 0.3.2.3.0 403.00 NOTE
r-release-linux-ix86 0.3.2.3.0 33.25 157.40 190.64 NOTE
r-release-linux-x86_64 0.3.2.3.0 30.82 136.54 167.37 NOTE
r-release-osx-x86_64-mavericks 0.3.2.3.0 NOTE
r-release-osx-x86_64-snowleopard 0.3.2.3.0 NOTE
r-release-windows-ix86+x86_64 0.3.2.3.0 78.00 354.00 432.00 NOTE
r-oldrel-windows-ix86+x86_64 0.3.2.3.0 107.00 485.00 592.00 NOTE

Memtest notes: UBSAN-clang-trunk UBSAN

Check Details

Version: 0.3.2.3.0
Check: installed package size
Result: NOTE
     installed size is 27.9Mb
     sub-directories of 1Mb or more:
     include 4.6Mb
     libs 22.5Mb
Flavors: r-devel-linux-x86_64-debian-clang, r-devel-linux-x86_64-debian-gcc, r-devel-linux-x86_64-fedora-clang, r-devel-linux-x86_64-fedora-gcc, r-devel-osx-x86_64-clang, r-devel-windows-ix86+x86_64, r-patched-linux-x86_64, r-patched-solaris-sparc, r-patched-solaris-x86, r-release-linux-ix86, r-release-linux-x86_64, r-release-osx-x86_64-mavericks, r-release-osx-x86_64-snowleopard, r-release-windows-ix86+x86_64, r-oldrel-windows-ix86+x86_64

Version: 0.3.2.3.0
Check: re-building of vignette outputs
Result: NOTE
    Error in re-building vignettes:
     ...
    Error in texi2dvi(file = file, pdf = TRUE, clean = clean, quiet = quiet, :
     Running 'texi2dvi' on 'RcppEigen-Introduction.tex' failed.
    LaTeX errors:
    ! Undefined control sequence.
    l.15 ...^^[L^^[S>!<eb>z|<e7><cc>=s<cf>=<bf><b9><e1>8^^N]]<b8><fe><e9>^^E\.<ae><d9>kg\<b3>
     <d7>θf<af><9d>q<cd>^;㚽vƿ<9e>=M<d3>4M<e3>c~<9d>...
    The control sequence at the end of the top line
    of your error message was never \def'ed. If you have
    ! LaTeX Error: Missing \begin{document}.
    
    See the LaTeX manual or LaTeX Companion for explanation.
    Type H <return> for immediate help.
     ...
    ! Missing $ inserted.
    <inserted text>
     $
    l.22 ...gD^^G<ba><be>&˒$^^]<c8>2i<9a>&ID<c4>dY*<95><fe>Gļ<de><e7>D<ec><d7>_^^?P<94>^
     <cb>ҋ<c5>"^^QU<ab>U"<aa>e <c2>^^L<c0><cb>m0^^Q...
    ! Undefined control sequence.
    l.23 ...<bf>^^Z<c3>0J<a5><d2>ݻw<89>^^Hg<ef>ѣG<e3><e3><e3><<f3><8b>G<e3>4<d6>Jl<0b><d8>k<f0>^^U\D
    
    Calls: buildVignettes -> texi2pdf -> texi2dvi
    Execution halted
Flavor: r-release-osx-x86_64-mavericks