CRAN Package Check Results for Package RcppEigen

Last updated on 2017-10-19 12:49:42.

Flavor Version Tinstall Tcheck Ttotal Status Flags
r-devel-linux-x86_64-debian-clang 0.3.3.3.0 43.39 184.98 228.37 OK
r-devel-linux-x86_64-debian-gcc 0.3.3.3.0 50.80 194.49 245.28 OK
r-devel-linux-x86_64-fedora-clang 0.3.3.3.0 479.53 NOTE
r-devel-linux-x86_64-fedora-gcc 0.3.3.3.0 470.88 NOTE
r-devel-windows-ix86+x86_64 0.3.3.3.0 104.00 497.00 601.00 NOTE
r-patched-linux-x86_64 0.3.3.3.0 45.22 188.48 233.69 OK
r-patched-solaris-x86 0.3.3.3.0 447.70 NOTE
r-release-linux-x86_64 0.3.3.3.0 46.26 186.77 233.04 OK
r-release-windows-ix86+x86_64 0.3.3.3.0 143.00 513.00 656.00 NOTE
r-release-osx-x86_64 0.3.3.3.0 NOTE
r-oldrel-windows-ix86+x86_64 0.3.3.3.0 138.00 656.00 794.00 NOTE
r-oldrel-osx-x86_64 0.3.3.3.0 NOTE

Check Details

Version: 0.3.3.3.0
Check: installed package size
Result: NOTE
     installed size is 31.9Mb
     sub-directories of 1Mb or more:
     include 7.8Mb
     libs 23.4Mb
Flavors: r-devel-linux-x86_64-fedora-clang, r-devel-linux-x86_64-fedora-gcc, r-devel-windows-ix86+x86_64, r-patched-solaris-x86, r-release-windows-ix86+x86_64, r-release-osx-x86_64, r-oldrel-windows-ix86+x86_64, r-oldrel-osx-x86_64

Version: 0.3.3.3.0
Check: re-building of vignette outputs
Result: NOTE
    Error in re-building vignettes:
     ...
     input string 420 is invalid in this locale
    Warning in grepl("(Rerun to get|biblatex.*\\(re\\)run)", readLines(log, :
     input string 428 is invalid in this locale
    Warning in grepl("(Rerun to get|biblatex.*\\(re\\)run)", readLines(log, :
     input string 429 is invalid in this locale
    Warning in grepl("(Rerun to get|biblatex.*\\(re\\)run)", readLines(log, :
     input string 437 is invalid in this locale
    Error in texi2dvi(file = file, pdf = TRUE, clean = clean, quiet = quiet, :
     Running 'texi2dvi' on 'RcppEigen-Introduction.tex' failed.
    LaTeX errors:
    ! Undefined control sequence.
    l.15 ....<ba><e9>&<8b><aa><9b><92>m+<a1>zg<a9>ـ*<bb><95><fa>^^DbT۲^^H~<84><89><87>)^^Y<e2>6\<8f>
     q<cc>$Ğ<b7><f8><89>+<8b>$<d8>^^F<93>Ɣ<b3><b0>f<ae><ef><9c>{<cf>...
    The control sequence at the end of the top line
    of your error message was never \def'ed. If you have
    ! Undefined control sequence.
    l.15 ...^^B^^[^^_<e1>h_<9e><83><f1>W.ʯ_~<ea><95><f0>N<d3>^^Y<9a><a6>1<c6>dY<c6>vEQ\XX
     <f8>ꫯ<88>HQ^^T<fc>~<fa>駁@<e0><b3><cf>>[YY<d1>4...
    The control sequence at the end of the top line
    of your error message was never \def'ed. If you have
    ! Extra }, or forgotten \endgroup.
    l.15 ...˲<aa><aa><df>~<fb><ed><ca>ʊ<a2>(+++8Ʒn<dd><da><dc><dc><ec><eb><eb><fb><e2><8b>/:<b6><a1><8b>xg'`}}}
     }}^^]<d7><cb><cb>˧<cc>츄w<98>{o^^[<fc><ed><ed>^W
    Calls: buildVignettes -> texi2pdf -> texi2dvi
    Execution halted
Flavor: r-oldrel-osx-x86_64