CRAN Package Check Results for Package RcppEigen

Last updated on 2014-11-22 11:49:20.

Flavor Version Tinstall Tcheck Ttotal Status Flags
r-devel-linux-x86_64-debian-clang 0.3.2.2.0 25.08 116.45 141.52 NOTE
r-devel-linux-x86_64-debian-gcc 0.3.2.2.0 30.52 120.20 150.72 NOTE
r-devel-linux-x86_64-fedora-clang 0.3.2.2.0 309.85 NOTE
r-devel-linux-x86_64-fedora-gcc 0.3.2.2.0 302.79 NOTE
r-devel-osx-x86_64-clang 0.3.2.2.0 230.90 NOTE
r-devel-windows-ix86+x86_64 0.3.2.2.0 80.00 310.00 390.00 NOTE
r-patched-linux-x86_64 0.3.2.2.0 30.54 120.36 150.90 NOTE
r-patched-solaris-sparc 0.3.2.2.0 1600.30 NOTE
r-patched-solaris-x86 0.3.2.2.0 378.50 NOTE
r-release-linux-ix86 0.3.2.2.0 32.84 143.33 176.17 NOTE
r-release-linux-x86_64 0.3.2.2.0 29.97 111.28 141.24 NOTE
r-release-osx-x86_64-mavericks 0.3.2.2.0 NOTE
r-release-osx-x86_64-snowleopard 0.3.2.2.0 NOTE
r-release-windows-ix86+x86_64 0.3.2.2.0 96.00 301.00 397.00 NOTE
r-oldrel-windows-ix86+x86_64 0.3.2.2.0 73.00 299.00 372.00 NOTE

Memtest notes: UBSAN-gcc UBSAN

Check Details

Version: 0.3.2.2.0
Check: installed package size
Result: NOTE
     installed size is 27.7Mb
     sub-directories of 1Mb or more:
     include 4.5Mb
     libs 22.4Mb
Flavors: r-devel-linux-x86_64-debian-clang, r-devel-linux-x86_64-debian-gcc, r-devel-linux-x86_64-fedora-clang, r-devel-linux-x86_64-fedora-gcc, r-devel-osx-x86_64-clang, r-devel-windows-ix86+x86_64, r-patched-linux-x86_64, r-patched-solaris-sparc, r-patched-solaris-x86, r-release-linux-ix86, r-release-linux-x86_64, r-release-osx-x86_64-mavericks, r-release-osx-x86_64-snowleopard, r-release-windows-ix86+x86_64, r-oldrel-windows-ix86+x86_64