CRAN Package Check Results for Package RcppEigen

Last updated on 2015-08-02 19:47:37.

Flavor Version Tinstall Tcheck Ttotal Status Flags
r-devel-linux-x86_64-debian-clang 0.3.2.5.0 25.76 132.22 157.98 NOTE
r-devel-linux-x86_64-debian-gcc 0.3.2.5.0 29.62 134.28 163.90 NOTE
r-devel-linux-x86_64-fedora-clang 0.3.2.5.0 331.08 NOTE
r-devel-linux-x86_64-fedora-gcc 0.3.2.5.0 309.63 NOTE
r-devel-osx-x86_64-clang 0.3.2.5.0 247.32 NOTE
r-devel-windows-ix86+x86_64 0.3.2.5.0 78.00 402.00 480.00 NOTE
r-patched-linux-x86_64 0.3.2.5.0 29.96 133.08 163.04 NOTE
r-patched-solaris-sparc 0.3.2.5.0 1426.90 OK
r-patched-solaris-x86 0.3.2.5.0 313.70 OK
r-release-linux-x86_64 0.3.2.5.0 29.66 134.01 163.68 NOTE
r-release-osx-x86_64-mavericks 0.3.2.5.0 NOTE
r-release-windows-ix86+x86_64 0.3.2.5.0 99.00 414.00 513.00 NOTE
r-oldrel-windows-ix86+x86_64 0.3.2.5.0 103.00 384.00 487.00 NOTE

Memtest notes: UBSAN-gcc UBSAN

Check Details

Version: 0.3.2.5.0
Check: installed package size
Result: NOTE
     installed size is 27.7Mb
     sub-directories of 1Mb or more:
     include 4.6Mb
     libs 22.4Mb
Flavors: r-devel-linux-x86_64-debian-clang, r-devel-linux-x86_64-debian-gcc, r-devel-linux-x86_64-fedora-clang, r-devel-linux-x86_64-fedora-gcc, r-devel-osx-x86_64-clang, r-devel-windows-ix86+x86_64, r-patched-linux-x86_64, r-release-linux-x86_64, r-release-osx-x86_64-mavericks, r-release-windows-ix86+x86_64, r-oldrel-windows-ix86+x86_64