CRAN Package Check Results for Package RcppExamples

Last updated on 2015-05-23 03:48:52.

Flavor Version Tinstall Tcheck Ttotal Status Flags
r-devel-linux-x86_64-debian-clang 0.1.6 21.60 11.76 33.36 NOTE
r-devel-linux-x86_64-debian-gcc 0.1.6 25.03 11.23 36.26 NOTE
r-devel-linux-x86_64-fedora-clang 0.1.6 75.25 NOTE
r-devel-linux-x86_64-fedora-gcc 0.1.6 70.86 NOTE
r-devel-osx-x86_64-clang 0.1.6 60.45 NOTE
r-devel-windows-ix86+x86_64 0.1.6 107.00 37.00 144.00 NOTE
r-patched-linux-x86_64 0.1.6 24.38 11.53 35.91 NOTE
r-patched-solaris-sparc 0.1.6 327.90 ERROR
r-patched-solaris-x86 0.1.6 64.20 ERROR
r-release-linux-x86_64 0.1.6 25.12 11.47 36.59 NOTE
r-release-osx-x86_64-mavericks 0.1.6 NOTE
r-release-osx-x86_64-snowleopard 0.1.6 NOTE
r-release-windows-ix86+x86_64 0.1.6 70.00 36.00 106.00 NOTE
r-oldrel-windows-ix86+x86_64 0.1.6 63.00 39.00 102.00 NOTE

Check Details

Version: 0.1.6
Check: dependencies in R code
Result: NOTE
    Package in Depends field not imported from: ‘Rcpp’
     These packages need to be imported from (in the NAMESPACE file)
     for when this namespace is loaded but not attached.
Flavors: r-devel-linux-x86_64-debian-clang, r-devel-linux-x86_64-debian-gcc, r-devel-linux-x86_64-fedora-clang, r-devel-linux-x86_64-fedora-gcc, r-devel-osx-x86_64-clang, r-devel-windows-ix86+x86_64, r-patched-linux-x86_64, r-release-linux-x86_64, r-release-osx-x86_64-mavericks, r-release-osx-x86_64-snowleopard, r-release-windows-ix86+x86_64, r-oldrel-windows-ix86+x86_64

Version: 0.1.6
Check: whether package can be installed
Result: ERROR
    Installation failed.
Flavors: r-patched-solaris-sparc, r-patched-solaris-x86