CRAN Package Check Results for Package RcppExamples

Last updated on 2015-04-02 02:48:22.

Flavor Version Tinstall Tcheck Ttotal Status Flags
r-devel-linux-x86_64-debian-clang 0.1.6 21.19 11.14 32.34 NOTE
r-devel-linux-x86_64-debian-gcc 0.1.6 23.78 11.49 35.27 NOTE
r-devel-linux-x86_64-fedora-clang 0.1.6 73.96 NOTE
r-devel-linux-x86_64-fedora-gcc 0.1.6 68.50 NOTE
r-devel-osx-x86_64-clang 0.1.6 52.25 NOTE
r-prerel-windows-ix86+x86_64 0.1.6 102.00 34.00 136.00 NOTE
r-prerel-linux-x86_64 0.1.6 24.12 11.85 35.97 NOTE
r-prerel-solaris-sparc 0.1.6 331.70 ERROR
r-prerel-solaris-x86 0.1.6 65.20 ERROR
r-release-linux-x86_64 0.1.6 24.30 13.48 37.79 NOTE
r-release-osx-x86_64-mavericks 0.1.6 NOTE
r-release-osx-x86_64-snowleopard 0.1.6 OK
r-release-windows-ix86+x86_64 0.1.6 98.00 38.00 136.00 NOTE
r-oldrel-windows-ix86+x86_64 0.1.6 80.00 40.00 120.00 NOTE

Check Details

Version: 0.1.6
Check: dependencies in R code
Result: NOTE
    Package in Depends field not imported from: ‘Rcpp’
     These packages need to be imported from (in the NAMESPACE file)
     for when this namespace is loaded but not attached.
Flavors: r-devel-linux-x86_64-debian-clang, r-devel-linux-x86_64-debian-gcc, r-devel-linux-x86_64-fedora-clang, r-devel-linux-x86_64-fedora-gcc, r-devel-osx-x86_64-clang, r-prerel-windows-ix86+x86_64, r-prerel-linux-x86_64, r-release-linux-x86_64, r-release-windows-ix86+x86_64

Version: 0.1.6
Check: whether package can be installed
Result: ERROR
    Installation failed.
Flavors: r-prerel-solaris-sparc, r-prerel-solaris-x86

Version: 0.1.6
Check: dependencies in R code
Result: NOTE
    Package in Depends field not imported from: ‘Rcpp’
     These packages need to be imported from (in the NAMESPACE file)
     for when this namespace is loaded but not attached.
    See the information on DESCRIPTION files in the chapter ‘Creating R
    packages’ of the ‘Writing R Extensions’ manual.
Flavors: r-release-osx-x86_64-mavericks, r-oldrel-windows-ix86+x86_64