CRAN Package Check Results for Package RcppExamples

Last updated on 2014-08-22 03:48:06.

Flavor Version Tinstall Tcheck Ttotal Status Flags
r-devel-linux-x86_64-debian-clang 0.1.6 18.68 13.29 31.96 NOTE
r-devel-linux-x86_64-debian-gcc 0.1.6 22.56 13.04 35.59 NOTE
r-devel-linux-x86_64-fedora-clang 0.1.6 71.14 NOTE
r-devel-linux-x86_64-fedora-gcc 0.1.6 66.82 NOTE
r-devel-osx-x86_64-clang 0.1.6 60.58 NOTE
r-devel-windows-ix86+x86_64 0.1.6 70.00 41.00 111.00 NOTE
r-patched-linux-x86_64 0.1.6 23.44 12.93 36.37 NOTE
r-patched-solaris-sparc 0.1.6 301.60 ERROR
r-patched-solaris-x86 0.1.6 58.20 ERROR
r-release-linux-ix86 0.1.6 28.02 19.67 47.69 NOTE
r-release-linux-x86_64 0.1.6 22.62 13.33 35.94 NOTE
r-release-osx-x86_64-mavericks 0.1.6 NOTE
r-release-osx-x86_64-snowleopard 0.1.6 OK
r-release-windows-ix86+x86_64 0.1.6 99.00 40.00 139.00 NOTE
r-oldrel-windows-ix86+x86_64 0.1.6 69.00 37.00 106.00 NOTE

Check Details

Version: 0.1.6
Check: dependencies in R code
Result: NOTE
    Package in Depends field not imported from: ‘Rcpp’
     These packages need to be imported from (in the NAMESPACE file)
     for when this namespace is loaded but not attached.
    See the information on DESCRIPTION files in the chapter ‘Creating R
    packages’ of the ‘Writing R Extensions’ manual.
Flavors: r-devel-linux-x86_64-debian-clang, r-devel-linux-x86_64-debian-gcc, r-devel-linux-x86_64-fedora-clang, r-devel-linux-x86_64-fedora-gcc, r-devel-osx-x86_64-clang, r-devel-windows-ix86+x86_64, r-patched-linux-x86_64, r-release-linux-ix86, r-release-linux-x86_64, r-release-osx-x86_64-mavericks, r-release-windows-ix86+x86_64, r-oldrel-windows-ix86+x86_64

Version: 0.1.6
Check: whether package can be installed
Result: ERROR
    Installation failed.
Flavors: r-patched-solaris-sparc, r-patched-solaris-x86