CRAN Package Check Results for Package RcppExamples

Last updated on 2017-07-23 14:47:24.

Flavor Version Tinstall Tcheck Ttotal Status Flags
r-devel-linux-x86_64-debian-clang 0.1.8 29.94 20.31 50.24 NOTE
r-devel-linux-x86_64-debian-gcc 0.1.8 32.06 20.02 52.08 NOTE
r-devel-linux-x86_64-fedora-clang 0.1.8 92.07 NOTE
r-devel-linux-x86_64-fedora-gcc 0.1.8 91.78 NOTE
r-devel-windows-ix86+x86_64 0.1.8 134.00 56.00 190.00 OK
r-patched-linux-x86_64 0.1.8 31.23 20.21 51.44 NOTE
r-patched-solaris-x86 0.1.8 95.20 OK
r-release-linux-x86_64 0.1.8 31.95 20.18 52.13 NOTE
r-release-windows-ix86+x86_64 0.1.8 90.00 65.00 155.00 OK
r-release-osx-x86_64 0.1.8 OK
r-oldrel-windows-ix86+x86_64 0.1.8 89.00 59.00 148.00 OK
r-oldrel-osx-x86_64 0.1.8 OK

Check Details

Version: 0.1.8
Check: compiled code
Result: NOTE
    File ‘RcppExamples/libs/RcppExamples.so’:
     Found no calls to: ‘R_registerRoutines’, ‘R_useDynamicSymbols’
    
    It is good practice to register native routines and to disable symbol
    search.
    
    See ‘Writing portable packages’ in the ‘Writing R Extensions’ manual.
Flavors: r-devel-linux-x86_64-debian-clang, r-devel-linux-x86_64-debian-gcc, r-devel-linux-x86_64-fedora-clang, r-devel-linux-x86_64-fedora-gcc, r-patched-linux-x86_64, r-release-linux-x86_64