CRAN Package Check Results for Package RcppExamples

Last updated on 2015-09-05 06:48:23.

Flavor Version Tinstall Tcheck Ttotal Status Flags
r-devel-linux-x86_64-debian-clang 0.1.6 20.70 11.10 31.80 NOTE
r-devel-linux-x86_64-debian-gcc 0.1.6 23.19 10.98 34.16 NOTE
r-devel-linux-x86_64-fedora-clang 0.1.6 73.20 NOTE
r-devel-linux-x86_64-fedora-gcc 0.1.6 65.90 NOTE
r-devel-osx-x86_64-clang 0.1.6 52.98 NOTE
r-devel-windows-ix86+x86_64 0.1.6 103.00 46.00 149.00 NOTE
r-patched-linux-x86_64 0.1.6 24.73 11.58 36.31 NOTE
r-patched-solaris-sparc 0.1.6 266.20 ERROR
r-patched-solaris-x86 0.1.6 50.40 ERROR
r-release-linux-x86_64 0.1.6 23.81 11.28 35.08 NOTE
r-release-osx-x86_64-mavericks 0.1.6 NOTE
r-release-windows-ix86+x86_64 0.1.6 101.00 50.00 151.00 NOTE
r-oldrel-windows-ix86+x86_64 0.1.6 101.00 50.00 151.00 NOTE

Check Details

Version: 0.1.6
Check: dependencies in R code
Result: NOTE
    Package in Depends field not imported from: ‘Rcpp’
     These packages need to be imported from (in the NAMESPACE file)
     for when this namespace is loaded but not attached.
Flavors: r-devel-linux-x86_64-debian-clang, r-devel-linux-x86_64-debian-gcc, r-devel-linux-x86_64-fedora-clang, r-devel-linux-x86_64-fedora-gcc, r-devel-osx-x86_64-clang, r-devel-windows-ix86+x86_64, r-patched-linux-x86_64, r-release-linux-x86_64, r-release-osx-x86_64-mavericks, r-release-windows-ix86+x86_64, r-oldrel-windows-ix86+x86_64

Version: 0.1.6
Check: whether package can be installed
Result: ERROR
    Installation failed.
Flavors: r-patched-solaris-sparc, r-patched-solaris-x86