CRAN Package Check Results for Package RcppExamples

Last updated on 2015-03-05 03:48:08.

Flavor Version Tinstall Tcheck Ttotal Status Flags
r-devel-linux-x86_64-debian-clang 0.1.6 19.45 11.52 30.97 NOTE
r-devel-linux-x86_64-debian-gcc 0.1.6 22.33 11.65 33.98 NOTE
r-devel-linux-x86_64-fedora-clang 0.1.6 73.42 NOTE
r-devel-linux-x86_64-fedora-gcc 0.1.6 65.65 NOTE
r-devel-osx-x86_64-clang 0.1.6 50.77 NOTE
r-devel-windows-ix86+x86_64 0.1.6 77.00 32.00 109.00 NOTE
r-patched-linux-x86_64 0.1.6 23.02 13.29 36.31 NOTE
r-patched-solaris-sparc 0.1.6 302.30 ERROR
r-patched-solaris-x86 0.1.6 60.00 ERROR
r-release-linux-ix86 0.1.6 28.51 19.65 48.16 NOTE
r-release-linux-x86_64 0.1.6 22.81 13.68 36.50 NOTE
r-release-osx-x86_64-mavericks 0.1.6 NOTE
r-release-osx-x86_64-snowleopard 0.1.6 OK
r-release-windows-ix86+x86_64 0.1.6 70.00 38.00 108.00 NOTE
r-oldrel-windows-ix86+x86_64 0.1.6 71.00 44.00 115.00 NOTE

Check Details

Version: 0.1.6
Check: dependencies in R code
Result: NOTE
    Package in Depends field not imported from: ‘Rcpp’
     These packages need to be imported from (in the NAMESPACE file)
     for when this namespace is loaded but not attached.
Flavors: r-devel-linux-x86_64-debian-clang, r-devel-linux-x86_64-debian-gcc, r-devel-linux-x86_64-fedora-clang, r-devel-linux-x86_64-fedora-gcc, r-devel-osx-x86_64-clang, r-devel-windows-ix86+x86_64, r-patched-linux-x86_64

Version: 0.1.6
Check: whether package can be installed
Result: ERROR
    Installation failed.
Flavors: r-patched-solaris-sparc, r-patched-solaris-x86

Version: 0.1.6
Check: dependencies in R code
Result: NOTE
    Package in Depends field not imported from: ‘Rcpp’
     These packages need to be imported from (in the NAMESPACE file)
     for when this namespace is loaded but not attached.
    See the information on DESCRIPTION files in the chapter ‘Creating R
    packages’ of the ‘Writing R Extensions’ manual.
Flavors: r-release-linux-ix86, r-release-linux-x86_64, r-release-osx-x86_64-mavericks, r-release-windows-ix86+x86_64, r-oldrel-windows-ix86+x86_64