CRAN Package Check Results for Package RcppExamples

Last updated on 2017-05-27 22:46:29.

Flavor Version Tinstall Tcheck Ttotal Status Flags
r-devel-linux-x86_64-debian-clang 0.1.8 30.90 14.14 45.04 NOTE
r-devel-linux-x86_64-debian-gcc 0.1.8 32.26 14.56 46.82 NOTE
r-devel-linux-x86_64-fedora-clang 0.1.8 91.08 NOTE
r-devel-linux-x86_64-fedora-gcc 0.1.8 87.56 NOTE
r-devel-windows-ix86+x86_64 0.1.8 120.00 56.00 176.00 OK
r-patched-linux-x86_64 0.1.8 28.82 15.20 44.02 NOTE
r-patched-solaris-sparc 0.1.8 405.50 OK
r-patched-solaris-x86 0.1.8 88.10 OK
r-release-linux-x86_64 0.1.8 27.31 14.85 42.16 NOTE
r-release-windows-ix86+x86_64 0.1.8 88.00 69.00 157.00 OK
r-release-osx-x86_64 0.1.8 OK
r-oldrel-windows-ix86+x86_64 0.1.8 121.00 55.00 176.00 OK
r-oldrel-osx-x86_64 0.1.8 OK

Check Details

Version: 0.1.8
Check: compiled code
Result: NOTE
    File ‘RcppExamples/libs/RcppExamples.so’:
     Found no calls to: ‘R_registerRoutines’, ‘R_useDynamicSymbols’
    
    It is good practice to register native routines and to disable symbol
    search.
    
    See ‘Writing portable packages’ in the ‘Writing R Extensions’ manual.
Flavors: r-devel-linux-x86_64-debian-clang, r-devel-linux-x86_64-debian-gcc, r-devel-linux-x86_64-fedora-clang, r-devel-linux-x86_64-fedora-gcc, r-patched-linux-x86_64, r-release-linux-x86_64