CRAN Package Check Results for Package RcppExamples

Last updated on 2017-02-22 23:54:16.

Flavor Version Tinstall Tcheck Ttotal Status Flags
r-devel-linux-x86_64-debian-clang 0.1.8 27.26 14.08 41.33 NOTE
r-devel-linux-x86_64-debian-gcc 0.1.8 27.20 14.06 41.26 NOTE
r-devel-linux-x86_64-fedora-clang 0.1.8 84.35 NOTE --no-stop-on-test-error
r-devel-linux-x86_64-fedora-gcc 0.1.8 77.09 NOTE --no-stop-on-test-error
r-devel-macos-x86_64-clang 0.1.8 55.80 NOTE --no-stop-on-test-error
r-devel-windows-ix86+x86_64 0.1.8 114.00 91.00 205.00 OK
r-patched-linux-x86_64 0.1.8 22.70 11.82 34.52 OK
r-patched-solaris-sparc 0.1.8 397.90 OK
r-patched-solaris-x86 0.1.8 81.30 OK
r-release-linux-x86_64 0.1.8 23.23 11.61 34.84 OK
r-release-osx-x86_64-mavericks 0.1.8 OK
r-release-windows-ix86+x86_64 0.1.8 110.00 80.00 190.00 OK
r-oldrel-windows-ix86+x86_64 0.1.8 100.00 56.00 156.00 OK

Check Details

Version: 0.1.8
Check: compiled code
Result: NOTE
    File ‘RcppExamples/libs/RcppExamples.so’:
     Found no calls to: ‘R_registerRoutines’, ‘R_useDynamicSymbols’
    
    It is good practice to register native routines and to disable symbol
    search.
    
    See ‘Writing portable packages’ in the ‘Writing R Extensions’ manual.
Flavors: r-devel-linux-x86_64-debian-clang, r-devel-linux-x86_64-debian-gcc

Version: 0.1.8
Flags: --no-stop-on-test-error
Check: compiled code
Result: NOTE
    File ‘RcppExamples/libs/RcppExamples.so’:
     Found no calls to: ‘R_registerRoutines’, ‘R_useDynamicSymbols’
    
    It is good practice to register native routines and to disable symbol
    search.
    
    See ‘Writing portable packages’ in the ‘Writing R Extensions’ manual.
Flavors: r-devel-linux-x86_64-fedora-clang, r-devel-linux-x86_64-fedora-gcc, r-devel-macos-x86_64-clang