CRAN Package Check Results for Package RcppExamples

Last updated on 2015-07-04 16:46:38.

Flavor Version Tinstall Tcheck Ttotal Status Flags
r-devel-linux-x86_64-debian-clang 0.1.6 21.79 11.62 33.41 NOTE
r-devel-linux-x86_64-debian-gcc 0.1.6 24.14 11.62 35.76 NOTE
r-devel-linux-x86_64-fedora-clang 0.1.6 73.81 NOTE
r-devel-linux-x86_64-fedora-gcc 0.1.6 69.21 NOTE
r-devel-osx-x86_64-clang 0.1.6 59.54 NOTE
r-devel-windows-ix86+x86_64 0.1.6 103.00 46.00 149.00 NOTE
r-patched-linux-x86_64 0.1.6 24.30 11.41 35.72 NOTE
r-patched-solaris-sparc 0.1.6 327.90 ERROR
r-patched-solaris-x86 0.1.6 64.00 ERROR
r-release-linux-x86_64 0.1.6 24.59 11.65 36.24 NOTE
r-release-osx-x86_64-mavericks 0.1.6 NOTE
r-release-windows-ix86+x86_64 0.1.6 100.00 34.00 134.00 NOTE
r-oldrel-windows-ix86+x86_64 0.1.6 99.00 39.00 138.00 NOTE

Check Details

Version: 0.1.6
Check: dependencies in R code
Result: NOTE
    Package in Depends field not imported from: ‘Rcpp’
     These packages need to be imported from (in the NAMESPACE file)
     for when this namespace is loaded but not attached.
Flavors: r-devel-linux-x86_64-debian-clang, r-devel-linux-x86_64-debian-gcc, r-devel-linux-x86_64-fedora-clang, r-devel-linux-x86_64-fedora-gcc, r-devel-osx-x86_64-clang, r-devel-windows-ix86+x86_64, r-patched-linux-x86_64, r-release-linux-x86_64, r-release-osx-x86_64-mavericks, r-release-windows-ix86+x86_64, r-oldrel-windows-ix86+x86_64

Version: 0.1.6
Check: whether package can be installed
Result: ERROR
    Installation failed.
Flavors: r-patched-solaris-sparc, r-patched-solaris-x86