CRAN Package Check Results for Package RcppExamples

Last updated on 2017-10-24 09:49:48.

Flavor Version Tinstall Tcheck Ttotal Status Flags
r-devel-linux-x86_64-debian-clang 0.1.8 30.40 13.42 43.83 NOTE
r-devel-linux-x86_64-debian-gcc 0.1.8 33.54 14.38 47.92 NOTE
r-devel-linux-x86_64-fedora-clang 0.1.8 91.11 NOTE
r-devel-linux-x86_64-fedora-gcc 0.1.8 84.85 NOTE
r-devel-windows-ix86+x86_64 0.1.8 96.00 73.00 169.00 OK
r-patched-linux-x86_64 0.1.8 31.92 14.11 46.02 NOTE
r-patched-solaris-x86 0.1.8 95.20 OK
r-release-linux-x86_64 0.1.8 32.11 14.57 46.68 NOTE
r-release-windows-ix86+x86_64 0.1.8 123.00 61.00 184.00 OK
r-release-osx-x86_64 0.1.8 OK
r-oldrel-windows-ix86+x86_64 0.1.8 86.00 42.00 128.00 OK
r-oldrel-osx-x86_64 0.1.8 OK

Check Details

Version: 0.1.8
Check: compiled code
Result: NOTE
    File ‘RcppExamples/libs/RcppExamples.so’:
     Found no calls to: ‘R_registerRoutines’, ‘R_useDynamicSymbols’
    
    It is good practice to register native routines and to disable symbol
    search.
    
    See ‘Writing portable packages’ in the ‘Writing R Extensions’ manual.
Flavors: r-devel-linux-x86_64-debian-clang, r-devel-linux-x86_64-debian-gcc, r-devel-linux-x86_64-fedora-clang, r-devel-linux-x86_64-fedora-gcc, r-patched-linux-x86_64, r-release-linux-x86_64