CRAN Package Check Results for Package RcppExamples

Last updated on 2017-03-29 23:53:26.

Flavor Version Tinstall Tcheck Ttotal Status Flags
r-devel-linux-x86_64-debian-clang 0.1.8 28.87 14.00 42.87 NOTE
r-devel-linux-x86_64-debian-gcc 0.1.8 27.10 14.11 41.21 NOTE
r-devel-linux-x86_64-fedora-clang 0.1.8 86.62 NOTE --no-stop-on-test-error
r-devel-linux-x86_64-fedora-gcc 0.1.8 78.22 NOTE --no-stop-on-test-error
r-devel-macos-x86_64-clang 0.1.8 55.13 NOTE --no-stop-on-test-error
r-devel-windows-ix86+x86_64 0.1.8 87.00 45.00 132.00 OK
r-patched-linux-x86_64 0.1.8 22.73 14.03 36.76 NOTE
r-patched-solaris-sparc 0.1.8 405.50 OK
r-patched-solaris-x86 0.1.8 88.20 OK
r-release-linux-x86_64 0.1.8 22.97 11.45 34.42 OK
r-release-osx-x86_64-mavericks 0.1.8 OK
r-release-windows-ix86+x86_64 0.1.8 176.00 66.00 242.00 OK
r-oldrel-windows-ix86+x86_64 0.1.8 145.00 58.00 203.00 OK

Check Details

Version: 0.1.8
Check: compiled code
Result: NOTE
    File ‘RcppExamples/libs/RcppExamples.so’:
     Found no calls to: ‘R_registerRoutines’, ‘R_useDynamicSymbols’
    
    It is good practice to register native routines and to disable symbol
    search.
    
    See ‘Writing portable packages’ in the ‘Writing R Extensions’ manual.
Flavors: r-devel-linux-x86_64-debian-clang, r-devel-linux-x86_64-debian-gcc, r-patched-linux-x86_64

Version: 0.1.8
Flags: --no-stop-on-test-error
Check: compiled code
Result: NOTE
    File ‘RcppExamples/libs/RcppExamples.so’:
     Found no calls to: ‘R_registerRoutines’, ‘R_useDynamicSymbols’
    
    It is good practice to register native routines and to disable symbol
    search.
    
    See ‘Writing portable packages’ in the ‘Writing R Extensions’ manual.
Flavors: r-devel-linux-x86_64-fedora-clang, r-devel-linux-x86_64-fedora-gcc, r-devel-macos-x86_64-clang