CRAN Package Check Results for Package RcppExamples

Last updated on 2015-08-03 11:49:25.

Flavor Version Tinstall Tcheck Ttotal Status Flags
r-devel-linux-x86_64-debian-clang 0.1.6 20.88 11.87 32.75 NOTE
r-devel-linux-x86_64-debian-gcc 0.1.6 23.89 11.52 35.41 NOTE
r-devel-linux-x86_64-fedora-clang 0.1.6 72.32 NOTE
r-devel-linux-x86_64-fedora-gcc 0.1.6 68.37 NOTE
r-devel-osx-x86_64-clang 0.1.6 48.68 NOTE
r-devel-windows-ix86+x86_64 0.1.6 74.00 45.00 119.00 NOTE
r-patched-linux-x86_64 0.1.6 23.78 11.80 35.59 NOTE
r-patched-solaris-sparc 0.1.6 266.20 ERROR
r-patched-solaris-x86 0.1.6 52.90 ERROR
r-release-linux-x86_64 0.1.6 23.58 11.52 35.10 NOTE
r-release-osx-x86_64-mavericks 0.1.6 NOTE
r-release-windows-ix86+x86_64 0.1.6 102.00 45.00 147.00 NOTE
r-oldrel-windows-ix86+x86_64 0.1.6 106.00 39.00 145.00 NOTE

Check Details

Version: 0.1.6
Check: dependencies in R code
Result: NOTE
    Package in Depends field not imported from: ‘Rcpp’
     These packages need to be imported from (in the NAMESPACE file)
     for when this namespace is loaded but not attached.
Flavors: r-devel-linux-x86_64-debian-clang, r-devel-linux-x86_64-debian-gcc, r-devel-linux-x86_64-fedora-clang, r-devel-linux-x86_64-fedora-gcc, r-devel-osx-x86_64-clang, r-devel-windows-ix86+x86_64, r-patched-linux-x86_64, r-release-linux-x86_64, r-release-osx-x86_64-mavericks, r-release-windows-ix86+x86_64, r-oldrel-windows-ix86+x86_64

Version: 0.1.6
Check: whether package can be installed
Result: ERROR
    Installation failed.
Flavors: r-patched-solaris-sparc, r-patched-solaris-x86