CRAN Package Check Results for Package RcppExamples

Last updated on 2014-04-23 07:55:06.

Flavor Version Tinstall Tcheck Ttotal Status Flags
r-devel-linux-x86_64-debian-clang 0.1.6 18.68 13.66 32.34 NOTE
r-devel-linux-x86_64-debian-gcc 0.1.6 23.04 13.67 36.71 NOTE
r-devel-linux-x86_64-fedora-clang 0.1.6 70.68 NOTE
r-devel-linux-x86_64-fedora-gcc 0.1.6 70.52 NOTE
r-devel-osx-x86_64-clang 0.1.6 57.21 NOTE
r-devel-osx-x86_64-gcc 0.1.6 NOTE
r-devel-windows-ix86+x86_64 0.1.6 72.00 39.00 111.00 NOTE
r-patched-linux-x86_64 0.1.6 22.78 13.43 36.20 NOTE
r-patched-solaris-sparc 0.1.6 287.70 ERROR
r-patched-solaris-x86 0.1.6 64.00 ERROR
r-release-linux-ix86 0.1.6 35.00 28.00 63.00 NOTE
r-release-linux-x86_64 0.1.6 22.86 13.54 36.40 NOTE
r-release-osx-x86_64-mavericks 0.1.6 WARN
r-release-osx-x86_64-snowleopard 0.1.6 OK
r-release-windows-ix86+x86_64 0.1.6 112.00 46.00 158.00 NOTE
r-oldrel-windows-ix86+x86_64 0.1.6 70.00 37.00 107.00 NOTE

Check Details

Version: 0.1.6
Check: dependencies in R code
Result: NOTE
    Package in Depends field not imported from: ‘Rcpp’
     These packages need to be imported from (in the NAMESPACE file)
     for when this namespace is loaded but not attached.
    See the information on DESCRIPTION files in the chapter ‘Creating R
    packages’ of the ‘Writing R Extensions’ manual.
Flavors: r-devel-linux-x86_64-debian-clang, r-devel-linux-x86_64-debian-gcc, r-devel-linux-x86_64-fedora-clang, r-devel-linux-x86_64-fedora-gcc, r-devel-osx-x86_64-clang, r-devel-osx-x86_64-gcc, r-devel-windows-ix86+x86_64, r-patched-linux-x86_64, r-release-linux-ix86, r-release-linux-x86_64, r-release-osx-x86_64-mavericks, r-release-windows-ix86+x86_64, r-oldrel-windows-ix86+x86_64

Version: 0.1.6
Check: whether package can be installed
Result: ERROR
    Installation failed.
    See ‘/home/ripley/R/packages/tests32/RcppExamples.Rcheck/00install.out’ for details.
Flavors: r-patched-solaris-sparc, r-patched-solaris-x86

Version: 0.1.6
Check: PDF version of manual
Result: WARNING
    LaTeX errors when creating PDF version.
    This typically indicates Rd problems.
    LaTeX errors found:
    ! LaTeX Error: File `upquote.sty' not found.
    
    Type X to quit or <RETURN> to proceed,
    or enter new name. (Default extension: sty)
    
    f1a2ae0/Rd2.tex:8: ==> Fatal error occurred, no output PDF file produced!
Flavor: r-release-osx-x86_64-mavericks