CRAN Package Check Results for Package RcppExamples

Last updated on 2014-11-23 19:47:54.

Flavor Version Tinstall Tcheck Ttotal Status Flags
r-devel-linux-x86_64-debian-clang 0.1.6 19.13 13.06 32.19 NOTE
r-devel-linux-x86_64-debian-gcc 0.1.6 22.15 13.29 35.44 NOTE
r-devel-linux-x86_64-fedora-clang 0.1.6 76.97 NOTE
r-devel-linux-x86_64-fedora-gcc 0.1.6 66.90 NOTE
r-devel-osx-x86_64-clang 0.1.6 57.25 NOTE
r-devel-windows-ix86+x86_64 0.1.6 72.00 31.00 103.00 NOTE
r-patched-linux-x86_64 0.1.6 22.60 13.25 35.85 NOTE
r-patched-solaris-sparc 0.1.6 301.60 ERROR
r-patched-solaris-x86 0.1.6 58.90 ERROR
r-release-linux-ix86 0.1.6 27.09 18.87 45.96 NOTE
r-release-linux-x86_64 0.1.6 23.06 13.62 36.68 NOTE
r-release-osx-x86_64-mavericks 0.1.6 NOTE
r-release-osx-x86_64-snowleopard 0.1.6 OK
r-release-windows-ix86+x86_64 0.1.6 77.00 31.00 108.00 NOTE
r-oldrel-windows-ix86+x86_64 0.1.6 72.00 37.00 109.00 NOTE

Check Details

Version: 0.1.6
Check: dependencies in R code
Result: NOTE
    Package in Depends field not imported from: ‘Rcpp’
     These packages need to be imported from (in the NAMESPACE file)
     for when this namespace is loaded but not attached.
    See the information on DESCRIPTION files in the chapter ‘Creating R
    packages’ of the ‘Writing R Extensions’ manual.
Flavors: r-devel-linux-x86_64-debian-clang, r-devel-linux-x86_64-debian-gcc, r-devel-linux-x86_64-fedora-clang, r-devel-linux-x86_64-fedora-gcc, r-devel-osx-x86_64-clang, r-devel-windows-ix86+x86_64, r-patched-linux-x86_64, r-release-linux-ix86, r-release-linux-x86_64, r-release-osx-x86_64-mavericks, r-release-windows-ix86+x86_64, r-oldrel-windows-ix86+x86_64

Version: 0.1.6
Check: whether package can be installed
Result: ERROR
    Installation failed.
Flavors: r-patched-solaris-sparc, r-patched-solaris-x86