CRAN Package Check Results for Package RcppExamples

Last updated on 2018-01-18 14:47:41 CET.

Flavor Version Tinstall Tcheck Ttotal Status Flags
r-devel-linux-x86_64-debian-clang 0.1.8 44.38 18.80 63.18 NOTE
r-devel-linux-x86_64-debian-gcc 0.1.8 36.47 16.68 53.15 NOTE
r-devel-linux-x86_64-fedora-clang 0.1.8 94.99 NOTE
r-devel-linux-x86_64-fedora-gcc 0.1.8 84.65 NOTE
r-devel-windows-ix86+x86_64 0.1.8 134.00 74.00 208.00 OK
r-patched-linux-x86_64 0.1.8 41.72 20.34 62.06 NOTE
r-patched-solaris-x86 0.1.8 102.90 OK
r-release-linux-x86_64 0.1.8 45.32 20.09 65.41 NOTE
r-release-windows-ix86+x86_64 0.1.8 90.00 56.00 146.00 OK
r-release-osx-x86_64 0.1.8 OK
r-oldrel-windows-ix86+x86_64 0.1.8 117.00 48.00 165.00 OK
r-oldrel-osx-x86_64 0.1.8 OK

Check Details

Version: 0.1.8
Check: compiled code
Result: NOTE
    File ‘RcppExamples/libs/RcppExamples.so’:
     Found no calls to: ‘R_registerRoutines’, ‘R_useDynamicSymbols’
    
    It is good practice to register native routines and to disable symbol
    search.
    
    See ‘Writing portable packages’ in the ‘Writing R Extensions’ manual.
Flavors: r-devel-linux-x86_64-debian-clang, r-devel-linux-x86_64-debian-gcc, r-devel-linux-x86_64-fedora-clang, r-devel-linux-x86_64-fedora-gcc, r-patched-linux-x86_64, r-release-linux-x86_64