CRAN Package Check Results for Package RcppExamples

Last updated on 2015-01-29 10:48:20.

Flavor Version Tinstall Tcheck Ttotal Status Flags
r-devel-linux-x86_64-debian-clang 0.1.6 19.84 12.30 32.14 NOTE
r-devel-linux-x86_64-debian-gcc 0.1.6 23.71 11.94 35.65 NOTE
r-devel-linux-x86_64-fedora-clang 0.1.6 73.20 NOTE
r-devel-linux-x86_64-fedora-gcc 0.1.6 70.33 NOTE
r-devel-osx-x86_64-clang 0.1.6 53.86 NOTE
r-devel-windows-ix86+x86_64 0.1.6 89.00 37.00 126.00 NOTE
r-patched-linux-x86_64 0.1.6 22.78 12.90 35.67 NOTE
r-patched-solaris-sparc 0.1.6 296.80 ERROR
r-patched-solaris-x86 0.1.6 58.50 ERROR
r-release-linux-ix86 0.1.6 27.11 18.89 46.00 NOTE
r-release-linux-x86_64 0.1.6 22.82 13.42 36.24 NOTE
r-release-osx-x86_64-mavericks 0.1.6 NOTE
r-release-osx-x86_64-snowleopard 0.1.6 OK
r-release-windows-ix86+x86_64 0.1.6 70.00 38.00 108.00 NOTE
r-oldrel-windows-ix86+x86_64 0.1.6 71.00 44.00 115.00 NOTE

Check Details

Version: 0.1.6
Check: dependencies in R code
Result: NOTE
    Package in Depends field not imported from: ‘Rcpp’
     These packages need to be imported from (in the NAMESPACE file)
     for when this namespace is loaded but not attached.
Flavors: r-devel-linux-x86_64-debian-clang, r-devel-linux-x86_64-debian-gcc, r-devel-linux-x86_64-fedora-clang, r-devel-linux-x86_64-fedora-gcc, r-devel-osx-x86_64-clang, r-devel-windows-ix86+x86_64

Version: 0.1.6
Check: dependencies in R code
Result: NOTE
    Package in Depends field not imported from: ‘Rcpp’
     These packages need to be imported from (in the NAMESPACE file)
     for when this namespace is loaded but not attached.
    See the information on DESCRIPTION files in the chapter ‘Creating R
    packages’ of the ‘Writing R Extensions’ manual.
Flavors: r-patched-linux-x86_64, r-release-linux-ix86, r-release-linux-x86_64, r-release-osx-x86_64-mavericks, r-release-windows-ix86+x86_64, r-oldrel-windows-ix86+x86_64

Version: 0.1.6
Check: whether package can be installed
Result: ERROR
    Installation failed.
Flavors: r-patched-solaris-sparc, r-patched-solaris-x86