CRAN Package Check Results for Package RcppExamples

Last updated on 2014-07-25 03:49:52.

Flavor Version Tinstall Tcheck Ttotal Status Flags
r-devel-linux-x86_64-debian-clang 0.1.6 19.10 12.98 32.08 NOTE
r-devel-linux-x86_64-debian-gcc 0.1.6 22.08 12.71 34.79 NOTE
r-devel-linux-x86_64-fedora-clang 0.1.6 70.64 NOTE
r-devel-linux-x86_64-fedora-gcc 0.1.6 67.52 NOTE
r-devel-osx-x86_64-clang 0.1.6 66.38 NOTE
r-devel-windows-ix86+x86_64 0.1.6 69.00 39.00 108.00 NOTE
r-patched-linux-x86_64 0.1.6 22.14 12.78 34.92 NOTE
r-patched-solaris-sparc 0.1.6 287.70 ERROR
r-patched-solaris-x86 0.1.6 57.00 ERROR
r-release-linux-ix86 0.1.6 27.96 19.47 47.43 NOTE
r-release-linux-x86_64 0.1.6 22.73 13.42 36.15 NOTE
r-release-osx-x86_64-mavericks 0.1.6 NOTE
r-release-osx-x86_64-snowleopard 0.1.6 OK
r-release-windows-ix86+x86_64 0.1.6 99.00 40.00 139.00 NOTE
r-oldrel-windows-ix86+x86_64 0.1.6 69.00 37.00 106.00 NOTE

Check Details

Version: 0.1.6
Check: dependencies in R code
Result: NOTE
    Package in Depends field not imported from: ‘Rcpp’
     These packages need to be imported from (in the NAMESPACE file)
     for when this namespace is loaded but not attached.
    See the information on DESCRIPTION files in the chapter ‘Creating R
    packages’ of the ‘Writing R Extensions’ manual.
Flavors: r-devel-linux-x86_64-debian-clang, r-devel-linux-x86_64-debian-gcc, r-devel-linux-x86_64-fedora-clang, r-devel-linux-x86_64-fedora-gcc, r-devel-osx-x86_64-clang, r-devel-windows-ix86+x86_64, r-patched-linux-x86_64, r-release-linux-ix86, r-release-linux-x86_64, r-release-osx-x86_64-mavericks, r-release-windows-ix86+x86_64, r-oldrel-windows-ix86+x86_64

Version: 0.1.6
Check: whether package can be installed
Result: ERROR
    Installation failed.
    See ‘/home/ripley/R/packages/tests32/RcppExamples.Rcheck/00install.out’ for details.
Flavors: r-patched-solaris-sparc, r-patched-solaris-x86