CRAN Package Check Results for Package RcppExamples

Last updated on 2014-10-25 14:51:02.

Flavor Version Tinstall Tcheck Ttotal Status Flags
r-devel-linux-x86_64-debian-clang 0.1.6 20.13 13.41 33.54 NOTE
r-devel-linux-x86_64-debian-gcc 0.1.6 22.79 13.44 36.23 NOTE
r-devel-linux-x86_64-fedora-clang 0.1.6 71.57 NOTE
r-devel-linux-x86_64-fedora-gcc 0.1.6 65.41 NOTE
r-devel-osx-x86_64-clang 0.1.6 56.05 NOTE
r-devel-windows-ix86+x86_64 0.1.6 68.00 37.00 105.00 NOTE
r-patched-linux-x86_64 0.1.6 22.35 13.07 35.42 NOTE
r-patched-solaris-sparc 0.1.6 301.60 ERROR
r-patched-solaris-x86 0.1.6 57.20 ERROR
r-release-linux-ix86 0.1.6 28.47 19.56 48.03 NOTE
r-release-linux-x86_64 0.1.6 22.27 13.38 35.65 NOTE
r-release-osx-x86_64-mavericks 0.1.6 NOTE
r-release-osx-x86_64-snowleopard 0.1.6 OK
r-release-windows-ix86+x86_64 0.1.6 67.00 39.00 106.00 NOTE
r-oldrel-windows-ix86+x86_64 0.1.6 72.00 37.00 109.00 NOTE

Check Details

Version: 0.1.6
Check: dependencies in R code
Result: NOTE
    Package in Depends field not imported from: ‘Rcpp’
     These packages need to be imported from (in the NAMESPACE file)
     for when this namespace is loaded but not attached.
    See the information on DESCRIPTION files in the chapter ‘Creating R
    packages’ of the ‘Writing R Extensions’ manual.
Flavors: r-devel-linux-x86_64-debian-clang, r-devel-linux-x86_64-debian-gcc, r-devel-linux-x86_64-fedora-clang, r-devel-linux-x86_64-fedora-gcc, r-devel-osx-x86_64-clang, r-devel-windows-ix86+x86_64, r-patched-linux-x86_64, r-release-linux-ix86, r-release-linux-x86_64, r-release-osx-x86_64-mavericks, r-release-windows-ix86+x86_64, r-oldrel-windows-ix86+x86_64

Version: 0.1.6
Check: whether package can be installed
Result: ERROR
    Installation failed.
Flavors: r-patched-solaris-sparc, r-patched-solaris-x86