CRAN Package Check Results for Package RcppExamples

Last updated on 2016-06-27 21:47:17.

Flavor Version Tinstall Tcheck Ttotal Status Flags
r-devel-linux-x86_64-debian-gcc 0.1.7 31.68 11.34 43.02 OK
r-devel-linux-x86_64-fedora-clang 0.1.7 81.62 OK
r-devel-linux-x86_64-fedora-gcc 0.1.7 67.34 OK
r-devel-osx-x86_64-clang 0.1.7 52.29 OK
r-devel-windows-ix86+x86_64 0.1.7 75.00 32.00 107.00 OK
r-patched-linux-x86_64 0.1.7 23.15 11.79 34.94 OK
r-patched-solaris-sparc 0.1.7 398.00 NOTE
r-patched-solaris-x86 0.1.7 82.20 OK
r-release-linux-x86_64 0.1.7 22.86 11.74 34.60 OK
r-release-osx-x86_64-mavericks 0.1.7 OK
r-release-windows-ix86+x86_64 0.1.7 108.00 43.00 151.00 OK
r-oldrel-windows-ix86+x86_64 0.1.7 102.00 52.00 154.00 OK

Check Details

Version: 0.1.7
Check: installed package size
Result: NOTE
     installed size is 5.3Mb
     sub-directories of 1Mb or more:
     libs 5.3Mb
Flavor: r-patched-solaris-sparc