CRAN Package Check Results for Package RcppGSL

Last updated on 2016-08-28 13:50:31.

Flavor Version Tinstall Tcheck Ttotal Status Flags
r-devel-linux-x86_64-debian-clang 0.3.0 11.10 58.57 69.67 OK
r-devel-linux-x86_64-debian-gcc 0.3.0 10.72 58.45 69.17 OK
r-devel-linux-x86_64-fedora-clang 0.3.0 324.36 ERROR
r-devel-linux-x86_64-fedora-gcc 0.3.0 130.57 OK
r-devel-osx-x86_64-clang 0.3.0 95.11 OK
r-devel-windows-ix86+x86_64 0.3.0 56.00 296.00 352.00 OK
r-patched-linux-x86_64 0.3.0 9.08 53.53 62.61 OK
r-patched-solaris-sparc 0.3.0 1305.90 ERROR
r-patched-solaris-x86 0.3.0 250.80 ERROR
r-release-linux-x86_64 0.3.0 9.60 53.49 63.10 OK
r-release-osx-x86_64-mavericks 0.3.0 OK
r-release-windows-ix86+x86_64 0.3.0 47.00 271.00 318.00 OK
r-oldrel-windows-ix86+x86_64 0.3.0 49.00 314.00 363.00 OK

Check Details

Version: 0.3.0
Check: tests
Result: ERROR
    Running the tests in ‘tests/doRUnit.R’ failed.
    Last 13 lines of output:
     ^
     1 error generated.
     make[1]: *** [gsl.o] Error 1
     make[1]: Target 'all' not remade because of errors.
     make[1]: Entering directory '/tmp/RtmpBYvC4A/sourceCpp-x86_64-pc-linux-gnu-0.12.6/sourcecpp_8b6e27ad19f3'
     clang++ -stdlib=libc++ -I/data/gannet/ripley/R/R-clang/include -DNDEBUG -I/usr/include -I/usr/local/include -I"/data/gannet/ripley/R/test-clang/Rcpp/include" -I"/data/gannet/ripley/R/packages/tests-clang/RcppGSL.Rcheck/RcppGSL/include" -I"/data/gannet/ripley/R/packages/tests-clang/RcppGSL.Rcheck/RcppGSL/unitTests/cpp" -fpic -g -O3 -Wall -pedantic -mtune=native -c gsl.cpp -o gsl.o
     /data/gannet/ripley/R/R-clang/etc/Makeconf:146: recipe for target 'gsl.o' failed
     make[1]: Leaving directory '/tmp/RtmpBYvC4A/sourceCpp-x86_64-pc-linux-gnu-0.12.6/sourcecpp_8b6e27ad19f3'
     Error in sourceCpp(file.path(pathRcppTests, "cpp/gsl.cpp")) :
     Error 1 occurred building shared library.
     saving txt unit test report to '/data/gannet/ripley/R/packages/tests-clang/RcppGSL.Rcheck/tests/RcppGSL-unitTests.txt'
     saving html unit test report to '/data/gannet/ripley/R/packages/tests-clang/RcppGSL.Rcheck/tests/RcppGSL-unitTests.html'
     Error in eval(ei, envir) : unit test problems: 0 failures, 14 errors
     Calls: source -> withVisible -> eval -> eval
     Execution halted
Flavor: r-devel-linux-x86_64-fedora-clang

Version: 0.3.0
Check: re-building of vignette outputs
Result: WARN
    Error in re-building vignettes:
     ...
    Loading required package: inline
Flavors: r-devel-linux-x86_64-fedora-clang, r-patched-solaris-sparc, r-patched-solaris-x86

Version: 0.3.0
Check: tests
Result: ERROR
    Running the tests in ‘tests/doRUnit.R’ failed.
    Last 13 lines of output:
     ^
     make: Fatal error: Command failed for target `gsl.o'
     Current working directory /tmp/Rtmp7naqfL/sourceCpp-sparc-sun-solaris2.10-0.12.6/sourcecpp_4a2a5c182749
     /opt/csw/bin/g++ -I/home/ripley/R/gcc/include -DNDEBUG -I/usr/local/include -I/opt/csw/include -I/usr/local/include -I"/home/ripley/R/Lib32/Rcpp/include" -I"/home/ripley/R/Lib32/RcppGSL/include" -I"/home/ripley/R/Lib32/RcppGSL/unitTests/cpp" -fPIC -O2 -mcpu=niagara2 -c gsl.cpp -o gsl.o
     *** Error code 1
     Error in sourceCpp(file.path(pathRcppTests, "cpp/gsl.cpp")) :
     Error 1 occurred building shared library.
     saving txt unit test report to '/home/ripley/R/packages/tests32/RcppGSL.Rcheck/tests/RcppGSL-unitTests.txt'
     saving html unit test report to '/home/ripley/R/packages/tests32/RcppGSL.Rcheck/tests/RcppGSL-unitTests.html'
     Error in eval(expr, envir, enclos) :
     unit test problems: 0 failures, 14 errors
     Calls: source -> withVisible -> eval -> eval
     Execution halted
Flavor: r-patched-solaris-sparc

Version: 0.3.0
Check: tests
Result: ERROR
    Running the tests in ‘tests/doRUnit.R’ failed.
    Last 13 lines of output:
     ^
     make: Fatal error: Command failed for target `gsl.o'
     Current working directory /tmp/Rtmp1BaOkx/sourceCpp-i386-pc-solaris2.10-0.12.6/sourcecpp_2e556dba1e95
     /opt/csw//bin/g++ -m32 -I/home/ripley/R/gcc/include -DNDEBUG -I/usr/local/include -I/opt/csw/include -I/usr/local/include -I"/home/ripley/R/Lib32/Rcpp/include" -I"/home/ripley/R/Lib32/RcppGSL/include" -I"/home/ripley/R/Lib32/RcppGSL/unitTests/cpp" -fPIC -O2 -c gsl.cpp -o gsl.o
     *** Error code 1
     Error in sourceCpp(file.path(pathRcppTests, "cpp/gsl.cpp")) :
     Error 1 occurred building shared library.
     saving txt unit test report to '/home/ripley/R/packages/tests32/RcppGSL.Rcheck/tests/RcppGSL-unitTests.txt'
     saving html unit test report to '/home/ripley/R/packages/tests32/RcppGSL.Rcheck/tests/RcppGSL-unitTests.html'
     Error in eval(expr, envir, enclos) :
     unit test problems: 0 failures, 14 errors
     Calls: source -> withVisible -> eval -> eval
     Execution halted
Flavor: r-patched-solaris-x86