CRAN Package Check Results for Package RcppGSL

Last updated on 2015-01-31 13:48:32.

Flavor Version Tinstall Tcheck Ttotal Status Flags
r-devel-linux-x86_64-debian-clang 0.2.4 9.50 61.08 70.58 OK
r-devel-linux-x86_64-debian-gcc 0.2.4 9.61 67.15 76.76 OK
r-devel-linux-x86_64-fedora-clang 0.2.4 162.58 OK
r-devel-linux-x86_64-fedora-gcc 0.2.4 145.00 OK
r-devel-osx-x86_64-clang 0.2.4 84.42 OK
r-devel-windows-ix86+x86_64 0.2.4 32.00 207.00 239.00 OK
r-patched-linux-x86_64 0.2.4 9.68 70.69 80.37 OK
r-patched-solaris-sparc 0.2.4 578.00 ERROR
r-patched-solaris-x86 0.2.4 154.20 ERROR
r-release-linux-ix86 0.2.4 12.00 91.15 103.14 OK
r-release-linux-x86_64 0.2.4 9.71 72.21 81.92 OK
r-release-osx-x86_64-mavericks 0.2.4 OK
r-release-osx-x86_64-snowleopard 0.2.4 OK
r-release-windows-ix86+x86_64 0.2.4 36.00 168.00 204.00 OK
r-oldrel-windows-ix86+x86_64 0.2.4 27.00 164.00 191.00 OK

Check Details

Version: 0.2.4
Check: tests
Result: ERROR
    Running the tests in ‘tests/doRUnit.R’ failed.
    Last 13 lines of output:
     Current working directory /tmp/RtmpTFaiLC/sourcecpp_39295d185f77
     CC -library=stlport4 -I/home/ripley/R/cc/include -DNDEBUG -I/usr/local/include -I/usr/local/include -I"/home/ripley/R/Lib32/Rcpp/include" -I"/home/ripley/R/Lib32/RcppGSL/include" -KPIC -O -features=tmplrefstatic -features=extensions -c gsl.cpp -o gsl.o
     *** Error code 2
     CC -library=stlport4 -I/home/ripley/R/cc/include -DNDEBUG -I/usr/local/include -I/usr/local/include -I"/home/ripley/R/Lib32/Rcpp/include" -I"/home/ripley/R/Lib32/RcppGSL/include" -KPIC -O -features=tmplrefstatic -features=extensions -c gsl.cpp -o gsl.o
     *** Error code 2
     Error in sourceCpp(file.path(pathRcppTests, "cpp/gsl.cpp")) :
     Error 1 occurred building shared library.
     saving txt unit test report to '/home/ripley/R/packages/tests32/RcppGSL.Rcheck/tests/RcppGSL-unitTests.txt'
     saving html unit test report to '/home/ripley/R/packages/tests32/RcppGSL.Rcheck/tests/RcppGSL-unitTests.html'
     Error in eval(expr, envir, enclos) :
     unit test problems: 0 failures, 15 errors
     Calls: source -> withVisible -> eval -> eval
     Execution halted
Flavor: r-patched-solaris-sparc

Version: 0.2.4
Check: tests
Result: ERROR
    Running the tests in ‘tests/doRUnit.R’ failed.
    Last 13 lines of output:
     Current working directory /tmp/RtmpF0aytg/sourcecpp_c9b2391e3a
     CC -library=stlport4 -I/home/ripley/R/cc/include -DNDEBUG -I/usr/local/include -I/usr/local/include -I"/home/ripley/R/Lib32/Rcpp/include" -I"/home/ripley/R/Lib32/RcppGSL/include" -KPIC -O -xlibmil -xtarget=native -nofstore -c gsl.cpp -o gsl.o
     *** Error code 2
     CC -library=stlport4 -I/home/ripley/R/cc/include -DNDEBUG -I/usr/local/include -I/usr/local/include -I"/home/ripley/R/Lib32/Rcpp/include" -I"/home/ripley/R/Lib32/RcppGSL/include" -KPIC -O -xlibmil -xtarget=native -nofstore -c gsl.cpp -o gsl.o
     *** Error code 2
     Error in sourceCpp(file.path(pathRcppTests, "cpp/gsl.cpp")) :
     Error 1 occurred building shared library.
     saving txt unit test report to '/home/ripley/R/packages/tests32/RcppGSL.Rcheck/tests/RcppGSL-unitTests.txt'
     saving html unit test report to '/home/ripley/R/packages/tests32/RcppGSL.Rcheck/tests/RcppGSL-unitTests.html'
     Error in eval(expr, envir, enclos) :
     unit test problems: 0 failures, 14 errors
     Calls: source -> withVisible -> eval -> eval
     Execution halted
Flavor: r-patched-solaris-x86