CRAN Package Check Results for Package RcppGSL

Last updated on 2018-04-22 00:47:04 CEST.

Flavor Version Tinstall Tcheck Ttotal Status Flags
r-devel-linux-x86_64-debian-clang 0.3.3 20.79 130.21 151.00 OK
r-devel-linux-x86_64-debian-gcc 0.3.3 16.43 96.40 112.83 OK
r-devel-linux-x86_64-fedora-clang 0.3.3 358.24 ERROR
r-devel-linux-x86_64-fedora-gcc 0.3.3 152.01 OK
r-devel-windows-ix86+x86_64 0.3.3 52.00 165.00 217.00 WARN
r-devel-osx-x86_64 0.3.3 ERROR
r-patched-linux-x86_64 0.3.3 20.50 132.46 152.96 OK
r-patched-solaris-x86 0.3.3 319.40 ERROR
r-release-linux-x86_64 0.3.3 21.36 92.40 113.76 WARN
r-release-windows-ix86+x86_64 0.3.3 62.00 170.00 232.00 WARN
r-release-osx-x86_64 0.3.3 ERROR
r-oldrel-windows-ix86+x86_64 0.3.3 64.00 153.00 217.00 WARN

Check Details

Version: 0.3.3
Check: tests
Result: ERROR
     Running ‘doRUnit.R’ [132s/149s]
    Running the tests in ‘tests/doRUnit.R’ failed.
    Complete output:
     > ## doRUnit.R --- Run RUnit tests
     > ##
     > ## with credits to package fUtilities in RMetrics
     > ## which credits Gregor Gojanc's example in CRAN package 'gdata'
     > ## as per the (now deceased) R Wiki http://wiki.r-project.org/rwiki/doku.php?id=developers:runit
     > ## and changed further by Martin Maechler
     > ## and usage across several Rcpp* package
     > ## and more changes by Murray Stokely in HistogramTools
     > ##
     > ## Dirk Eddelbuettel, 2010 - 2017
     >
     > if (requireNamespace("RUnit", quietly=TRUE) &&
     + requireNamespace("RcppGSL", quietly=TRUE)) {
     +
     + library(RUnit)
     + library(RcppGSL)
     +
     + ## Set a seed to make the test deterministic
     + set.seed(42)
     +
     + ## Define tests
     + testSuite <- defineTestSuite(name="RcppGSL Unit Tests",
     + dirs=system.file("unitTests", package = "RcppGSL"),
     + testFuncRegexp = "^[Tt]est.+")
     +
     + Sys.setenv("R_TESTS"="") # without this, we get (or used to get) unit test failures
     +
     + tests <- runTestSuite(testSuite) # run tests
     + printTextProtocol(tests) # print results
     +
     + ## Return success or failure to R CMD CHECK
     + if (getErrors(tests)$nFail > 0) stop("TEST FAILED!")
     + if (getErrors(tests)$nErr > 0) stop("TEST HAD ERRORS!")
     + if (getErrors(tests)$nTestFunc < 1) stop("NO TEST FUNCTIONS RUN!")
     +
     + }
    
    
     Executing test function test.client.package ... * checking for file ‘RcppGSLExample/DESCRIPTION’ ... OK
     * preparing ‘RcppGSLExample’:
     * checking DESCRIPTION meta-information ... OK
     * cleaning src
     * checking for LF line-endings in source and make files and shell scripts
     * checking for empty or unneeded directories
     * building ‘RcppGSLExample_0.0.3.tar.gz’
    
     * installing *source* package ‘RcppGSLExample’ ...
     checking for gsl-config... /usr/bin/gsl-config
     configure: creating ./config.status
     config.status: creating src/Makevars
     ** libs
     make[1]: Entering directory '/tmp/Rtmp5RkqrF/R.INSTALL733360366e8c/RcppGSLExample/src'
     clang++ -std=gnu++98 -I"/data/gannet/ripley/R/R-clang/include" -DNDEBUG -I/usr/include -I"/tmp/RtmpcyenK1/RLIBS_2fc613f8ca0f/Rcpp/include" -I"/tmp/RtmpcyenK1/RLIBS_2fc613f8ca0f/RcppGSL/include" -isystem /usr/local/clang/include -fpic -g -O3 -Wall -pedantic -frtti -c RcppExports.cpp -o RcppExports.o
     clang++ -std=gnu++98 -I"/data/gannet/ripley/R/R-clang/include" -DNDEBUG -I/usr/include -I"/tmp/RtmpcyenK1/RLIBS_2fc613f8ca0f/Rcpp/include" -I"/tmp/RtmpcyenK1/RLIBS_2fc613f8ca0f/RcppGSL/include" -isystem /usr/local/clang/include -fpic -g -O3 -Wall -pedantic -frtti -c colNorm.cpp -o colNorm.o
     clang++ -std=gnu++98 -shared -L/usr/local/clang/lib64 -L/usr/local/lib64 -o RcppGSLExample.so RcppExports.o colNorm.o -lgsl -lgslcblas -lm
     make[1]: Leaving directory '/tmp/Rtmp5RkqrF/R.INSTALL733360366e8c/RcppGSLExample/src'
     make[1]: Entering directory '/tmp/Rtmp5RkqrF/R.INSTALL733360366e8c/RcppGSLExample/src'
     make[1]: Leaving directory '/tmp/Rtmp5RkqrF/R.INSTALL733360366e8c/RcppGSLExample/src'
     installing to /tmp/Rtmp0k5xU1/file720a7dcfdc12/templib/RcppGSLExample/libs
     ** R
     ** byte-compile and prepare package for lazy loading
     ** help
     *** installing help indices
     ** building package indices
     ** testing if installed package can be loaded
     * DONE (RcppGSLExample)
     Loading required package: Rcpp
    
     Attaching package: 'Rcpp'
    
     The following object is masked from 'package:RcppGSL':
    
     LdFlags
    
     Loading required package: RcppGSLExample
     done successfully.
    
    
    
     Executing test function test.fastLm ... done successfully.
    
    
    
     Executing test function test.fastLm.default ... done successfully.
    
    
    
     Executing test function test.fastLm.formula ... done successfully.
    
    
    
     Executing test function test.summary.fastLm ... done successfully.
    
    
    
     Executing test function test.gsl.RcppGSL.matrix.indexing ... gsl.cpp:293:5: error: no matching function for call to 'transform'
     std::transform(vec.begin(), vec.end(), res.begin(), ::sqrt);
     ^~~~~~~~~~~~~~
     /usr/local/bin/../include/c++/v1/algorithm:2028:1: note: candidate template ignored: couldn't infer template argument '_UnaryOperation'
     transform(_InputIterator __first, _InputIterator __last, _OutputIterator __result, _UnaryOperation __op)
     ^
     /usr/local/bin/../include/c++/v1/algorithm:2038:1: note: candidate function template not viable: requires 5 arguments, but 4 were provided
     transform(_InputIterator1 __first1, _InputIterator1 __last1, _InputIterator2 __first2,
     ^
     1 error generated.
     make[1]: *** [/data/gannet/ripley/R/R-clang/etc/Makeconf:166: gsl.o] Error 1
     make[1]: Target 'all' not remade because of errors.
     make[1]: Entering directory '/tmp/Rtmp0k5xU1/sourceCpp-x86_64-pc-linux-gnu-0.12.16/sourcecpp_720a6f44851b'
     clang++ -std=gnu++98 -I"/data/gannet/ripley/R/R-clang/include" -DNDEBUG -I/usr/include -I"/data/gannet/ripley/R/test-clang/Rcpp/include" -I"/data/gannet/ripley/R/packages/tests-clang/RcppGSL.Rcheck/RcppGSL/include" -I"/data/gannet/ripley/R/packages/tests-clang/RcppGSL.Rcheck/RcppGSL/unitTests/cpp" -isystem /usr/local/clang/include -fpic -g -O3 -Wall -pedantic -frtti -c gsl.cpp -o gsl.o
     make[1]: Leaving directory '/tmp/Rtmp0k5xU1/sourceCpp-x86_64-pc-linux-gnu-0.12.16/sourcecpp_720a6f44851b'
     Error in sourceCpp(file.path(pathRcppTests, "cpp/gsl.cpp")) :
     Error 1 occurred building shared library.
    
    
     Executing test function test.gsl.RcppGSL.matrix.view.indexing ... gsl.cpp:293:5: error: no matching function for call to 'transform'
     std::transform(vec.begin(), vec.end(), res.begin(), ::sqrt);
     ^~~~~~~~~~~~~~
     /usr/local/bin/../include/c++/v1/algorithm:2028:1: note: candidate template ignored: couldn't infer template argument '_UnaryOperation'
     transform(_InputIterator __first, _InputIterator __last, _OutputIterator __result, _UnaryOperation __op)
     ^
     /usr/local/bin/../include/c++/v1/algorithm:2038:1: note: candidate function template not viable: requires 5 arguments, but 4 were provided
     transform(_InputIterator1 __first1, _InputIterator1 __last1, _InputIterator2 __first2,
     ^
     1 error generated.
     make[1]: *** [/data/gannet/ripley/R/R-clang/etc/Makeconf:166: gsl.o] Error 1
     make[1]: Target 'all' not remade because of errors.
     make[1]: Entering directory '/tmp/Rtmp0k5xU1/sourceCpp-x86_64-pc-linux-gnu-0.12.16/sourcecpp_720a6f44851b'
     clang++ -std=gnu++98 -I"/data/gannet/ripley/R/R-clang/include" -DNDEBUG -I/usr/include -I"/data/gannet/ripley/R/test-clang/Rcpp/include" -I"/data/gannet/ripley/R/packages/tests-clang/RcppGSL.Rcheck/RcppGSL/include" -I"/data/gannet/ripley/R/packages/tests-clang/RcppGSL.Rcheck/RcppGSL/unitTests/cpp" -isystem /usr/local/clang/include -fpic -g -O3 -Wall -pedantic -frtti -c gsl.cpp -o gsl.o
     make[1]: Leaving directory '/tmp/Rtmp0k5xU1/sourceCpp-x86_64-pc-linux-gnu-0.12.16/sourcecpp_720a6f44851b'
     Error in sourceCpp(file.path(pathRcppTests, "cpp/gsl.cpp")) :
     Error 1 occurred building shared library.
    
    
     Executing test function test.gsl.RcppGSL.vector ... gsl.cpp:293:5: error: no matching function for call to 'transform'
     std::transform(vec.begin(), vec.end(), res.begin(), ::sqrt);
     ^~~~~~~~~~~~~~
     /usr/local/bin/../include/c++/v1/algorithm:2028:1: note: candidate template ignored: couldn't infer template argument '_UnaryOperation'
     transform(_InputIterator __first, _InputIterator __last, _OutputIterator __result, _UnaryOperation __op)
     ^
     /usr/local/bin/../include/c++/v1/algorithm:2038:1: note: candidate function template not viable: requires 5 arguments, but 4 were provided
     transform(_InputIterator1 __first1, _InputIterator1 __last1, _InputIterator2 __first2,
     ^
     1 error generated.
     make[1]: *** [/data/gannet/ripley/R/R-clang/etc/Makeconf:166: gsl.o] Error 1
     make[1]: Target 'all' not remade because of errors.
     make[1]: Entering directory '/tmp/Rtmp0k5xU1/sourceCpp-x86_64-pc-linux-gnu-0.12.16/sourcecpp_720a6f44851b'
     clang++ -std=gnu++98 -I"/data/gannet/ripley/R/R-clang/include" -DNDEBUG -I/usr/include -I"/data/gannet/ripley/R/test-clang/Rcpp/include" -I"/data/gannet/ripley/R/packages/tests-clang/RcppGSL.Rcheck/RcppGSL/include" -I"/data/gannet/ripley/R/packages/tests-clang/RcppGSL.Rcheck/RcppGSL/unitTests/cpp" -isystem /usr/local/clang/include -fpic -g -O3 -Wall -pedantic -frtti -c gsl.cpp -o gsl.o
     make[1]: Leaving directory '/tmp/Rtmp0k5xU1/sourceCpp-x86_64-pc-linux-gnu-0.12.16/sourcecpp_720a6f44851b'
     Error in sourceCpp(file.path(pathRcppTests, "cpp/gsl.cpp")) :
     Error 1 occurred building shared library.
    
    
     Executing test function test.gsl.RcppGSL.vector.indexing ... gsl.cpp:293:5: error: no matching function for call to 'transform'
     std::transform(vec.begin(), vec.end(), res.begin(), ::sqrt);
     ^~~~~~~~~~~~~~
     /usr/local/bin/../include/c++/v1/algorithm:2028:1: note: candidate template ignored: couldn't infer template argument '_UnaryOperation'
     transform(_InputIterator __first, _InputIterator __last, _OutputIterator __result, _UnaryOperation __op)
     ^
     /usr/local/bin/../include/c++/v1/algorithm:2038:1: note: candidate function template not viable: requires 5 arguments, but 4 were provided
     transform(_InputIterator1 __first1, _InputIterator1 __last1, _InputIterator2 __first2,
     ^
     1 error generated.
     make[1]: *** [/data/gannet/ripley/R/R-clang/etc/Makeconf:166: gsl.o] Error 1
     make[1]: Target 'all' not remade because of errors.
     make[1]: Entering directory '/tmp/Rtmp0k5xU1/sourceCpp-x86_64-pc-linux-gnu-0.12.16/sourcecpp_720a6f44851b'
     clang++ -std=gnu++98 -I"/data/gannet/ripley/R/R-clang/include" -DNDEBUG -I/usr/include -I"/data/gannet/ripley/R/test-clang/Rcpp/include" -I"/data/gannet/ripley/R/packages/tests-clang/RcppGSL.Rcheck/RcppGSL/include" -I"/data/gannet/ripley/R/packages/tests-clang/RcppGSL.Rcheck/RcppGSL/unitTests/cpp" -isystem /usr/local/clang/include -fpic -g -O3 -Wall -pedantic -frtti -c gsl.cpp -o gsl.o
     make[1]: Leaving directory '/tmp/Rtmp0k5xU1/sourceCpp-x86_64-pc-linux-gnu-0.12.16/sourcecpp_720a6f44851b'
     Error in sourceCpp(file.path(pathRcppTests, "cpp/gsl.cpp")) :
     Error 1 occurred building shared library.
    
    
     Executing test function test.gsl.RcppGSL.vector.iterating ... gsl.cpp:293:5: error: no matching function for call to 'transform'
     std::transform(vec.begin(), vec.end(), res.begin(), ::sqrt);
     ^~~~~~~~~~~~~~
     /usr/local/bin/../include/c++/v1/algorithm:2028:1: note: candidate template ignored: couldn't infer template argument '_UnaryOperation'
     transform(_InputIterator __first, _InputIterator __last, _OutputIterator __result, _UnaryOperation __op)
     ^
     /usr/local/bin/../include/c++/v1/algorithm:2038:1: note: candidate function template not viable: requires 5 arguments, but 4 were provided
     transform(_InputIterator1 __first1, _InputIterator1 __last1, _InputIterator2 __first2,
     ^
     1 error generated.
     make[1]: *** [/data/gannet/ripley/R/R-clang/etc/Makeconf:166: gsl.o] Error 1
     make[1]: Target 'all' not remade because of errors.
     make[1]: Entering directory '/tmp/Rtmp0k5xU1/sourceCpp-x86_64-pc-linux-gnu-0.12.16/sourcecpp_720a6f44851b'
     clang++ -std=gnu++98 -I"/data/gannet/ripley/R/R-clang/include" -DNDEBUG -I/usr/include -I"/data/gannet/ripley/R/test-clang/Rcpp/include" -I"/data/gannet/ripley/R/packages/tests-clang/RcppGSL.Rcheck/RcppGSL/include" -I"/data/gannet/ripley/R/packages/tests-clang/RcppGSL.Rcheck/RcppGSL/unitTests/cpp" -isystem /usr/local/clang/include -fpic -g -O3 -Wall -pedantic -frtti -c gsl.cpp -o gsl.o
     make[1]: Leaving directory '/tmp/Rtmp0k5xU1/sourceCpp-x86_64-pc-linux-gnu-0.12.16/sourcecpp_720a6f44851b'
     Error in sourceCpp(file.path(pathRcppTests, "cpp/gsl.cpp")) :
     Error 1 occurred building shared library.
    
    
     Executing test function test.gsl.RcppGSL.vector.iterator.transform ... gsl.cpp:293:5: error: no matching function for call to 'transform'
     std::transform(vec.begin(), vec.end(), res.begin(), ::sqrt);
     ^~~~~~~~~~~~~~
     /usr/local/bin/../include/c++/v1/algorithm:2028:1: note: candidate template ignored: couldn't infer template argument '_UnaryOperation'
     transform(_InputIterator __first, _InputIterator __last, _OutputIterator __result, _UnaryOperation __op)
     ^
     /usr/local/bin/../include/c++/v1/algorithm:2038:1: note: candidate function template not viable: requires 5 arguments, but 4 were provided
     transform(_InputIterator1 __first1, _InputIterator1 __last1, _InputIterator2 __first2,
     ^
     1 error generated.
     make[1]: *** [/data/gannet/ripley/R/R-clang/etc/Makeconf:166: gsl.o] Error 1
     make[1]: Target 'all' not remade because of errors.
     make[1]: Entering directory '/tmp/Rtmp0k5xU1/sourceCpp-x86_64-pc-linux-gnu-0.12.16/sourcecpp_720a6f44851b'
     clang++ -std=gnu++98 -I"/data/gannet/ripley/R/R-clang/include" -DNDEBUG -I/usr/include -I"/data/gannet/ripley/R/test-clang/Rcpp/include" -I"/data/gannet/ripley/R/packages/tests-clang/RcppGSL.Rcheck/RcppGSL/include" -I"/data/gannet/ripley/R/packages/tests-clang/RcppGSL.Rcheck/RcppGSL/unitTests/cpp" -isystem /usr/local/clang/include -fpic -g -O3 -Wall -pedantic -frtti -c gsl.cpp -o gsl.o
     make[1]: Leaving directory '/tmp/Rtmp0k5xU1/sourceCpp-x86_64-pc-linux-gnu-0.12.16/sourcecpp_720a6f44851b'
     Error in sourceCpp(file.path(pathRcppTests, "cpp/gsl.cpp")) :
     Error 1 occurred building shared library.
    
    
     Executing test function test.gsl.RcppGSL.vector.view.iterating ... gsl.cpp:293:5: error: no matching function for call to 'transform'
     std::transform(vec.begin(), vec.end(), res.begin(), ::sqrt);
     ^~~~~~~~~~~~~~
     /usr/local/bin/../include/c++/v1/algorithm:2028:1: note: candidate template ignored: couldn't infer template argument '_UnaryOperation'
     transform(_InputIterator __first, _InputIterator __last, _OutputIterator __result, _UnaryOperation __op)
     ^
     /usr/local/bin/../include/c++/v1/algorithm:2038:1: note: candidate function template not viable: requires 5 arguments, but 4 were provided
     transform(_InputIterator1 __first1, _InputIterator1 __last1, _InputIterator2 __first2,
     ^
     1 error generated.
     make[1]: *** [/data/gannet/ripley/R/R-clang/etc/Makeconf:166: gsl.o] Error 1
     make[1]: Target 'all' not remade because of errors.
     make[1]: Entering directory '/tmp/Rtmp0k5xU1/sourceCpp-x86_64-pc-linux-gnu-0.12.16/sourcecpp_720a6f44851b'
     clang++ -std=gnu++98 -I"/data/gannet/ripley/R/R-clang/include" -DNDEBUG -I/usr/include -I"/data/gannet/ripley/R/test-clang/Rcpp/include" -I"/data/gannet/ripley/R/packages/tests-clang/RcppGSL.Rcheck/RcppGSL/include" -I"/data/gannet/ripley/R/packages/tests-clang/RcppGSL.Rcheck/RcppGSL/unitTests/cpp" -isystem /usr/local/clang/include -fpic -g -O3 -Wall -pedantic -frtti -c gsl.cpp -o gsl.o
     make[1]: Leaving directory '/tmp/Rtmp0k5xU1/sourceCpp-x86_64-pc-linux-gnu-0.12.16/sourcecpp_720a6f44851b'
     Error in sourceCpp(file.path(pathRcppTests, "cpp/gsl.cpp")) :
     Error 1 occurred building shared library.
    
    
     Executing test function test.gsl.matrix ... gsl.cpp:293:5: error: no matching function for call to 'transform'
     std::transform(vec.begin(), vec.end(), res.begin(), ::sqrt);
     ^~~~~~~~~~~~~~
     /usr/local/bin/../include/c++/v1/algorithm:2028:1: note: candidate template ignored: couldn't infer template argument '_UnaryOperation'
     transform(_InputIterator __first, _InputIterator __last, _OutputIterator __result, _UnaryOperation __op)
     ^
     /usr/local/bin/../include/c++/v1/algorithm:2038:1: note: candidate function template not viable: requires 5 arguments, but 4 were provided
     transform(_InputIterator1 __first1, _InputIterator1 __last1, _InputIterator2 __first2,
     ^
     1 error generated.
     make[1]: *** [/data/gannet/ripley/R/R-clang/etc/Makeconf:166: gsl.o] Error 1
     make[1]: Target 'all' not remade because of errors.
     make[1]: Entering directory '/tmp/Rtmp0k5xU1/sourceCpp-x86_64-pc-linux-gnu-0.12.16/sourcecpp_720a6f44851b'
     clang++ -std=gnu++98 -I"/data/gannet/ripley/R/R-clang/include" -DNDEBUG -I/usr/include -I"/data/gannet/ripley/R/test-clang/Rcpp/include" -I"/data/gannet/ripley/R/packages/tests-clang/RcppGSL.Rcheck/RcppGSL/include" -I"/data/gannet/ripley/R/packages/tests-clang/RcppGSL.Rcheck/RcppGSL/unitTests/cpp" -isystem /usr/local/clang/include -fpic -g -O3 -Wall -pedantic -frtti -c gsl.cpp -o gsl.o
     make[1]: Leaving directory '/tmp/Rtmp0k5xU1/sourceCpp-x86_64-pc-linux-gnu-0.12.16/sourcecpp_720a6f44851b'
     Error in sourceCpp(file.path(pathRcppTests, "cpp/gsl.cpp")) :
     Error 1 occurred building shared library.
    
    
     Executing test function test.gsl.matrix.input.SEXP ... gsl.cpp:293:5: error: no matching function for call to 'transform'
     std::transform(vec.begin(), vec.end(), res.begin(), ::sqrt);
     ^~~~~~~~~~~~~~
     /usr/local/bin/../include/c++/v1/algorithm:2028:1: note: candidate template ignored: couldn't infer template argument '_UnaryOperation'
     transform(_InputIterator __first, _InputIterator __last, _OutputIterator __result, _UnaryOperation __op)
     ^
     /usr/local/bin/../include/c++/v1/algorithm:2038:1: note: candidate function template not viable: requires 5 arguments, but 4 were provided
     transform(_InputIterator1 __first1, _InputIterator1 __last1, _InputIterator2 __first2,
     ^
     1 error generated.
     make[1]: *** [/data/gannet/ripley/R/R-clang/etc/Makeconf:166: gsl.o] Error 1
     make[1]: Target 'all' not remade because of errors.
     make[1]: Entering directory '/tmp/Rtmp0k5xU1/sourceCpp-x86_64-pc-linux-gnu-0.12.16/sourcecpp_720a6f44851b'
     clang++ -std=gnu++98 -I"/data/gannet/ripley/R/R-clang/include" -DNDEBUG -I/usr/include -I"/data/gannet/ripley/R/test-clang/Rcpp/include" -I"/data/gannet/ripley/R/packages/tests-clang/RcppGSL.Rcheck/RcppGSL/include" -I"/data/gannet/ripley/R/packages/tests-clang/RcppGSL.Rcheck/RcppGSL/unitTests/cpp" -isystem /usr/local/clang/include -fpic -g -O3 -Wall -pedantic -frtti -c gsl.cpp -o gsl.o
     make[1]: Leaving directory '/tmp/Rtmp0k5xU1/sourceCpp-x86_64-pc-linux-gnu-0.12.16/sourcecpp_720a6f44851b'
     Error in sourceCpp(file.path(pathRcppTests, "cpp/gsl.cpp")) :
     Error 1 occurred building shared library.
    
    
     Executing test function test.gsl.matrix.view ... gsl.cpp:293:5: error: no matching function for call to 'transform'
     std::transform(vec.begin(), vec.end(), res.begin(), ::sqrt);
     ^~~~~~~~~~~~~~
     /usr/local/bin/../include/c++/v1/algorithm:2028:1: note: candidate template ignored: couldn't infer template argument '_UnaryOperation'
     transform(_InputIterator __first, _InputIterator __last, _OutputIterator __result, _UnaryOperation __op)
     ^
     /usr/local/bin/../include/c++/v1/algorithm:2038:1: note: candidate function template not viable: requires 5 arguments, but 4 were provided
     transform(_InputIterator1 __first1, _InputIterator1 __last1, _InputIterator2 __first2,
     ^
     1 error generated.
     make[1]: *** [/data/gannet/ripley/R/R-clang/etc/Makeconf:166: gsl.o] Error 1
     make[1]: Target 'all' not remade because of errors.
     make[1]: Entering directory '/tmp/Rtmp0k5xU1/sourceCpp-x86_64-pc-linux-gnu-0.12.16/sourcecpp_720a6f44851b'
     clang++ -std=gnu++98 -I"/data/gannet/ripley/R/R-clang/include" -DNDEBUG -I/usr/include -I"/data/gannet/ripley/R/test-clang/Rcpp/include" -I"/data/gannet/ripley/R/packages/tests-clang/RcppGSL.Rcheck/RcppGSL/include" -I"/data/gannet/ripley/R/packages/tests-clang/RcppGSL.Rcheck/RcppGSL/unitTests/cpp" -isystem /usr/local/clang/include -fpic -g -O3 -Wall -pedantic -frtti -c gsl.cpp -o gsl.o
     make[1]: Leaving directory '/tmp/Rtmp0k5xU1/sourceCpp-x86_64-pc-linux-gnu-0.12.16/sourcecpp_720a6f44851b'
     Error in sourceCpp(file.path(pathRcppTests, "cpp/gsl.cpp")) :
     Error 1 occurred building shared library.
    
    
     Executing test function test.gsl.vector ... gsl.cpp:293:5: error: no matching function for call to 'transform'
     std::transform(vec.begin(), vec.end(), res.begin(), ::sqrt);
     ^~~~~~~~~~~~~~
     /usr/local/bin/../include/c++/v1/algorithm:2028:1: note: candidate template ignored: couldn't infer template argument '_UnaryOperation'
     transform(_InputIterator __first, _InputIterator __last, _OutputIterator __result, _UnaryOperation __op)
     ^
     /usr/local/bin/../include/c++/v1/algorithm:2038:1: note: candidate function template not viable: requires 5 arguments, but 4 were provided
     transform(_InputIterator1 __first1, _InputIterator1 __last1, _InputIterator2 __first2,
     ^
     1 error generated.
     make[1]: *** [/data/gannet/ripley/R/R-clang/etc/Makeconf:166: gsl.o] Error 1
     make[1]: Target 'all' not remade because of errors.
     make[1]: Entering directory '/tmp/Rtmp0k5xU1/sourceCpp-x86_64-pc-linux-gnu-0.12.16/sourcecpp_720a6f44851b'
     clang++ -std=gnu++98 -I"/data/gannet/ripley/R/R-clang/include" -DNDEBUG -I/usr/include -I"/data/gannet/ripley/R/test-clang/Rcpp/include" -I"/data/gannet/ripley/R/packages/tests-clang/RcppGSL.Rcheck/RcppGSL/include" -I"/data/gannet/ripley/R/packages/tests-clang/RcppGSL.Rcheck/RcppGSL/unitTests/cpp" -isystem /usr/local/clang/include -fpic -g -O3 -Wall -pedantic -frtti -c gsl.cpp -o gsl.o
     make[1]: Leaving directory '/tmp/Rtmp0k5xU1/sourceCpp-x86_64-pc-linux-gnu-0.12.16/sourcecpp_720a6f44851b'
     Error in sourceCpp(file.path(pathRcppTests, "cpp/gsl.cpp")) :
     Error 1 occurred building shared library.
    
    
     Executing test function test.gsl.vector.input.SEXP ... gsl.cpp:293:5: error: no matching function for call to 'transform'
     std::transform(vec.begin(), vec.end(), res.begin(), ::sqrt);
     ^~~~~~~~~~~~~~
     /usr/local/bin/../include/c++/v1/algorithm:2028:1: note: candidate template ignored: couldn't infer template argument '_UnaryOperation'
     transform(_InputIterator __first, _InputIterator __last, _OutputIterator __result, _UnaryOperation __op)
     ^
     /usr/local/bin/../include/c++/v1/algorithm:2038:1: note: candidate function template not viable: requires 5 arguments, but 4 were provided
     transform(_InputIterator1 __first1, _InputIterator1 __last1, _InputIterator2 __first2,
     ^
     1 error generated.
     make[1]: *** [/data/gannet/ripley/R/R-clang/etc/Makeconf:166: gsl.o] Error 1
     make[1]: Target 'all' not remade because of errors.
     make[1]: Entering directory '/tmp/Rtmp0k5xU1/sourceCpp-x86_64-pc-linux-gnu-0.12.16/sourcecpp_720a6f44851b'
     clang++ -std=gnu++98 -I"/data/gannet/ripley/R/R-clang/include" -DNDEBUG -I/usr/include -I"/data/gannet/ripley/R/test-clang/Rcpp/include" -I"/data/gannet/ripley/R/packages/tests-clang/RcppGSL.Rcheck/RcppGSL/include" -I"/data/gannet/ripley/R/packages/tests-clang/RcppGSL.Rcheck/RcppGSL/unitTests/cpp" -isystem /usr/local/clang/include -fpic -g -O3 -Wall -pedantic -frtti -c gsl.cpp -o gsl.o
     make[1]: Leaving directory '/tmp/Rtmp0k5xU1/sourceCpp-x86_64-pc-linux-gnu-0.12.16/sourcecpp_720a6f44851b'
     Error in sourceCpp(file.path(pathRcppTests, "cpp/gsl.cpp")) :
     Error 1 occurred building shared library.
    
    
     Executing test function test.gsl.vector.view ... gsl.cpp:293:5: error: no matching function for call to 'transform'
     std::transform(vec.begin(), vec.end(), res.begin(), ::sqrt);
     ^~~~~~~~~~~~~~
     /usr/local/bin/../include/c++/v1/algorithm:2028:1: note: candidate template ignored: couldn't infer template argument '_UnaryOperation'
     transform(_InputIterator __first, _InputIterator __last, _OutputIterator __result, _UnaryOperation __op)
     ^
     /usr/local/bin/../include/c++/v1/algorithm:2038:1: note: candidate function template not viable: requires 5 arguments, but 4 were provided
     transform(_InputIterator1 __first1, _InputIterator1 __last1, _InputIterator2 __first2,
     ^
     1 error generated.
     make[1]: *** [/data/gannet/ripley/R/R-clang/etc/Makeconf:166: gsl.o] Error 1
     make[1]: Target 'all' not remade because of errors.
     make[1]: Entering directory '/tmp/Rtmp0k5xU1/sourceCpp-x86_64-pc-linux-gnu-0.12.16/sourcecpp_720a6f44851b'
     clang++ -std=gnu++98 -I"/data/gannet/ripley/R/R-clang/include" -DNDEBUG -I/usr/include -I"/data/gannet/ripley/R/test-clang/Rcpp/include" -I"/data/gannet/ripley/R/packages/tests-clang/RcppGSL.Rcheck/RcppGSL/include" -I"/data/gannet/ripley/R/packages/tests-clang/RcppGSL.Rcheck/RcppGSL/unitTests/cpp" -isystem /usr/local/clang/include -fpic -g -O3 -Wall -pedantic -frtti -c gsl.cpp -o gsl.o
     make[1]: Leaving directory '/tmp/Rtmp0k5xU1/sourceCpp-x86_64-pc-linux-gnu-0.12.16/sourcecpp_720a6f44851b'
     Error in sourceCpp(file.path(pathRcppTests, "cpp/gsl.cpp")) :
     Error 1 occurred building shared library.
    
    
     Executing test function test.gsl.vector.wrappers ... gsl.cpp:293:5: error: no matching function for call to 'transform'
     std::transform(vec.begin(), vec.end(), res.begin(), ::sqrt);
     ^~~~~~~~~~~~~~
     /usr/local/bin/../include/c++/v1/algorithm:2028:1: note: candidate template ignored: couldn't infer template argument '_UnaryOperation'
     transform(_InputIterator __first, _InputIterator __last, _OutputIterator __result, _UnaryOperation __op)
     ^
     /usr/local/bin/../include/c++/v1/algorithm:2038:1: note: candidate function template not viable: requires 5 arguments, but 4 were provided
     transform(_InputIterator1 __first1, _InputIterator1 __last1, _InputIterator2 __first2,
     ^
     1 error generated.
     make[1]: *** [/data/gannet/ripley/R/R-clang/etc/Makeconf:166: gsl.o] Error 1
     make[1]: Target 'all' not remade because of errors.
     make[1]: Entering directory '/tmp/Rtmp0k5xU1/sourceCpp-x86_64-pc-linux-gnu-0.12.16/sourcecpp_720a6f44851b'
     clang++ -std=gnu++98 -I"/data/gannet/ripley/R/R-clang/include" -DNDEBUG -I/usr/include -I"/data/gannet/ripley/R/test-clang/Rcpp/include" -I"/data/gannet/ripley/R/packages/tests-clang/RcppGSL.Rcheck/RcppGSL/include" -I"/data/gannet/ripley/R/packages/tests-clang/RcppGSL.Rcheck/RcppGSL/unitTests/cpp" -isystem /usr/local/clang/include -fpic -g -O3 -Wall -pedantic -frtti -c gsl.cpp -o gsl.o
     make[1]: Leaving directory '/tmp/Rtmp0k5xU1/sourceCpp-x86_64-pc-linux-gnu-0.12.16/sourcecpp_720a6f44851b'
     Error in sourceCpp(file.path(pathRcppTests, "cpp/gsl.cpp")) :
     Error 1 occurred building shared library.
     RUNIT TEST PROTOCOL -- Sat Apr 21 11:08:43 2018
     ***********************************************
     Number of test functions: 19
     Number of errors: 14
     Number of failures: 0
    
    
     1 Test Suite :
     RcppGSL Unit Tests - 19 test functions, 14 errors, 0 failures
     ERROR in .setUp (before test.gsl.RcppGSL.matrix.indexing): Error executing .setUp before test.gsl.RcppGSL.matrix.indexing : Error in sourceCpp(file.path(pathRcppTests, "cpp/gsl.cpp")) :
     Error 1 occurred building shared library.
     ERROR in .setUp (before test.gsl.RcppGSL.matrix.view.indexing): Error executing .setUp before test.gsl.RcppGSL.matrix.view.indexing : Error in sourceCpp(file.path(pathRcppTests, "cpp/gsl.cpp")) :
     Error 1 occurred building shared library.
     ERROR in .setUp (before test.gsl.RcppGSL.vector): Error executing .setUp before test.gsl.RcppGSL.vector : Error in sourceCpp(file.path(pathRcppTests, "cpp/gsl.cpp")) :
     Error 1 occurred building shared library.
     ERROR in .setUp (before test.gsl.RcppGSL.vector.indexing): Error executing .setUp before test.gsl.RcppGSL.vector.indexing : Error in sourceCpp(file.path(pathRcppTests, "cpp/gsl.cpp")) :
     Error 1 occurred building shared library.
     ERROR in .setUp (before test.gsl.RcppGSL.vector.iterating): Error executing .setUp before test.gsl.RcppGSL.vector.iterating : Error in sourceCpp(file.path(pathRcppTests, "cpp/gsl.cpp")) :
     Error 1 occurred building shared library.
     ERROR in .setUp (before test.gsl.RcppGSL.vector.iterator.transform): Error executing .setUp before test.gsl.RcppGSL.vector.iterator.transform : Error in sourceCpp(file.path(pathRcppTests, "cpp/gsl.cpp")) :
     Error 1 occurred building shared library.
     ERROR in .setUp (before test.gsl.RcppGSL.vector.view.iterating): Error executing .setUp before test.gsl.RcppGSL.vector.view.iterating : Error in sourceCpp(file.path(pathRcppTests, "cpp/gsl.cpp")) :
     Error 1 occurred building shared library.
     ERROR in .setUp (before test.gsl.matrix): Error executing .setUp before test.gsl.matrix : Error in sourceCpp(file.path(pathRcppTests, "cpp/gsl.cpp")) :
     Error 1 occurred building shared library.
     ERROR in .setUp (before test.gsl.matrix.input.SEXP): Error executing .setUp before test.gsl.matrix.input.SEXP : Error in sourceCpp(file.path(pathRcppTests, "cpp/gsl.cpp")) :
     Error 1 occurred building shared library.
     ERROR in .setUp (before test.gsl.matrix.view): Error executing .setUp before test.gsl.matrix.view : Error in sourceCpp(file.path(pathRcppTests, "cpp/gsl.cpp")) :
     Error 1 occurred building shared library.
     ERROR in .setUp (before test.gsl.vector): Error executing .setUp before test.gsl.vector : Error in sourceCpp(file.path(pathRcppTests, "cpp/gsl.cpp")) :
     Error 1 occurred building shared library.
     ERROR in .setUp (before test.gsl.vector.input.SEXP): Error executing .setUp before test.gsl.vector.input.SEXP : Error in sourceCpp(file.path(pathRcppTests, "cpp/gsl.cpp")) :
     Error 1 occurred building shared library.
     ERROR in .setUp (before test.gsl.vector.view): Error executing .setUp before test.gsl.vector.view : Error in sourceCpp(file.path(pathRcppTests, "cpp/gsl.cpp")) :
     Error 1 occurred building shared library.
     ERROR in .setUp (before test.gsl.vector.wrappers): Error executing .setUp before test.gsl.vector.wrappers : Error in sourceCpp(file.path(pathRcppTests, "cpp/gsl.cpp")) :
     Error 1 occurred building shared library.
    
    
    
     Details
     ***************************
     Test Suite: RcppGSL Unit Tests
     Test function regexp: ^[Tt]est.+
     Test file regexp: ^runit.+\.[rR]$
     Involved directory:
     /data/gannet/ripley/R/packages/tests-clang/RcppGSL.Rcheck/RcppGSL/unitTests
     ---------------------------
     Test file: /data/gannet/ripley/R/packages/tests-clang/RcppGSL.Rcheck/RcppGSL/unitTests/runit.client.package.R
     test.client.package: (1 checks) ... OK (17.33 seconds)
     ---------------------------
     Test file: /data/gannet/ripley/R/packages/tests-clang/RcppGSL.Rcheck/RcppGSL/unitTests/runit.fastLm.R
     test.fastLm: (3 checks) ... OK (0.02 seconds)
     test.fastLm.default: (5 checks) ... OK (0.01 seconds)
     test.fastLm.formula: (5 checks) ... OK (0.02 seconds)
     test.summary.fastLm: (12 checks) ... OK (0.05 seconds)
     ---------------------------
     Test file: /data/gannet/ripley/R/packages/tests-clang/RcppGSL.Rcheck/RcppGSL/unitTests/runit.gsl.R
     .setUp (before test.gsl.RcppGSL.matrix.indexing): ERROR !!
     Error executing .setUp before test.gsl.RcppGSL.matrix.indexing : Error in sourceCpp(file.path(pathRcppTests, "cpp/gsl.cpp")) :
     Error 1 occurred building shared library.
     .setUp (before test.gsl.RcppGSL.matrix.view.indexing): ERROR !!
     Error executing .setUp before test.gsl.RcppGSL.matrix.view.indexing : Error in sourceCpp(file.path(pathRcppTests, "cpp/gsl.cpp")) :
     Error 1 occurred building shared library.
     .setUp (before test.gsl.RcppGSL.vector): ERROR !!
     Error executing .setUp before test.gsl.RcppGSL.vector : Error in sourceCpp(file.path(pathRcppTests, "cpp/gsl.cpp")) :
     Error 1 occurred building shared library.
     .setUp (before test.gsl.RcppGSL.vector.indexing): ERROR !!
     Error executing .setUp before test.gsl.RcppGSL.vector.indexing : Error in sourceCpp(file.path(pathRcppTests, "cpp/gsl.cpp")) :
     Error 1 occurred building shared library.
     .setUp (before test.gsl.RcppGSL.vector.iterating): ERROR !!
     Error executing .setUp before test.gsl.RcppGSL.vector.iterating : Error in sourceCpp(file.path(pathRcppTests, "cpp/gsl.cpp")) :
     Error 1 occurred building shared library.
     .setUp (before test.gsl.RcppGSL.vector.iterator.transform): ERROR !!
     Error executing .setUp before test.gsl.RcppGSL.vector.iterator.transform : Error in sourceCpp(file.path(pathRcppTests, "cpp/gsl.cpp")) :
     Error 1 occurred building shared library.
     .setUp (before test.gsl.RcppGSL.vector.view.iterating): ERROR !!
     Error executing .setUp before test.gsl.RcppGSL.vector.view.iterating : Error in sourceCpp(file.path(pathRcppTests, "cpp/gsl.cpp")) :
     Error 1 occurred building shared library.
     .setUp (before test.gsl.matrix): ERROR !!
     Error executing .setUp before test.gsl.matrix : Error in sourceCpp(file.path(pathRcppTests, "cpp/gsl.cpp")) :
     Error 1 occurred building shared library.
     .setUp (before test.gsl.matrix.input.SEXP): ERROR !!
     Error executing .setUp before test.gsl.matrix.input.SEXP : Error in sourceCpp(file.path(pathRcppTests, "cpp/gsl.cpp")) :
     Error 1 occurred building shared library.
     .setUp (before test.gsl.matrix.view): ERROR !!
     Error executing .setUp before test.gsl.matrix.view : Error in sourceCpp(file.path(pathRcppTests, "cpp/gsl.cpp")) :
     Error 1 occurred building shared library.
     .setUp (before test.gsl.vector): ERROR !!
     Error executing .setUp before test.gsl.vector : Error in sourceCpp(file.path(pathRcppTests, "cpp/gsl.cpp")) :
     Error 1 occurred building shared library.
     .setUp (before test.gsl.vector.input.SEXP): ERROR !!
     Error executing .setUp before test.gsl.vector.input.SEXP : Error in sourceCpp(file.path(pathRcppTests, "cpp/gsl.cpp")) :
     Error 1 occurred building shared library.
     .setUp (before test.gsl.vector.view): ERROR !!
     Error executing .setUp before test.gsl.vector.view : Error in sourceCpp(file.path(pathRcppTests, "cpp/gsl.cpp")) :
     Error 1 occurred building shared library.
     .setUp (before test.gsl.vector.wrappers): ERROR !!
     Error executing .setUp before test.gsl.vector.wrappers : Error in sourceCpp(file.path(pathRcppTests, "cpp/gsl.cpp")) :
     Error 1 occurred building shared library.
     Error: TEST HAD ERRORS!
     Execution halted
Flavor: r-devel-linux-x86_64-fedora-clang

Version: 0.3.3
Check: re-building of vignette outputs
Result: WARN
    Error in re-building vignettes:
     ...
    You are recommended to install the tinytex package to build PDF.FALSE
    Latexmk: This is Latexmk, John Collins, 17 Jan. 2018, version: 4.55.
    Loading required package: RcppGSL
Flavor: r-devel-linux-x86_64-fedora-clang

Version: 0.3.3
Check: re-building of vignette outputs
Result: WARN
    Error in re-building vignettes:
     ...
    You are recommended to install the tinytex package to build PDF.FALSE
    File::Path version 2.08 required--this is only version 1.08 at D:\Compiler\texmf\scripts\latexmk\perl\latexmk.pl line 122.
    BEGIN failed--compilation aborted at D:\Compiler\texmf\scripts\latexmk\perl\latexmk.pl line 122.
    Warning: The LaTeX package latexmk was not correctly installed.
    File::Path version 2.08 required--this is only version 1.08 at D:\Compiler\texmf\scripts\latexmk\perl\latexmk.pl line 122.
    BEGIN failed--compilation aborted at D:\Compiler\texmf\scripts\latexmk\perl\latexmk.pl line 122.
    Warning in shell("latexmk -v") :
     'latexmk -v' execution failed with error code 255
    File::Path version 2.08 required--this is only version 1.08 at D:\Compiler\texmf\scripts\latexmk\perl\latexmk.pl line 122.
    BEGIN failed--compilation aborted at D:\Compiler\texmf\scripts\latexmk\perl\latexmk.pl line 122.
    This is BibTeX, Version 0.99d (MiKTeX 2.9)
    The top-level auxiliary file: RcppGSL-intro.aux
    I couldn't open database file Rcpp.bib
    ---line 151 of file RcppGSL-intro.aux
     : \bibdata{Rcpp
     : }
    I'm skipping whatever remains of this command
    The style file: jss.bst
    I found no database files---while reading file RcppGSL-intro.aux
    Warning--I didn't find a database entry for "GSL"
    Warning--I didn't find a database entry for "JSS:Rcpp"
    Warning--I didn't find a database entry for "Eddelbuettel:2013:Rcpp"
    Warning--I didn't find a database entry for "CRAN:Rcpp"
    Warning--I didn't find a database entry for "R:Main"
    Warning--I didn't find a database entry for "CRAN:RcppArmadillo"
    Warning--I didn't find a database entry for "Eddelbuettel+Sanderson:2013:RcppArmadillo"
    Warning--I didn't find a database entry for "Sanderson:2010:Armadillo"
    Warning--I didn't find a database entry for "CRAN:RcppEigen"
    Warning--I didn't find a database entry for "JSS:RcppEigen"
    Warning--I didn't find a database entry for "CRAN:inline"
    Warning--I didn't find a database entry for "CRAN:Rcpp:Attributes"
    (There were 2 error messages)
    Error: processing vignette 'RcppGSL-intro.Rmd' failed with diagnostics:
    Failed to build the bibliography via bibtex
    Execution halted
Flavor: r-devel-windows-ix86+x86_64

Version: 0.3.3
Check: tests
Result: ERROR
     Running ‘doRUnit.R’ [119s/270s]
    Running the tests in ‘tests/doRUnit.R’ failed.
    Last 13 lines of output:
     Error 1 occurred building shared library.
     .setUp (before test.gsl.vector): ERROR !!
     Error executing .setUp before test.gsl.vector : Error in sourceCpp(file.path(pathRcppTests, "cpp/gsl.cpp")) :
     Error 1 occurred building shared library.
     .setUp (before test.gsl.vector.input.SEXP): ERROR !!
     Error executing .setUp before test.gsl.vector.input.SEXP : Error in sourceCpp(file.path(pathRcppTests, "cpp/gsl.cpp")) :
     Error 1 occurred building shared library.
     .setUp (before test.gsl.vector.view): ERROR !!
     Error executing .setUp before test.gsl.vector.view : Error in sourceCpp(file.path(pathRcppTests, "cpp/gsl.cpp")) :
     Error 1 occurred building shared library.
     .setUp (before test.gsl.vector.wrappers): ERROR !!
     Error executing .setUp before test.gsl.vector.wrappers : Error in sourceCpp(file.path(pathRcppTests, "cpp/gsl.cpp")) :
     Error 1 occurred building shared library.
     Error: TEST HAD ERRORS!
     Execution halted
Flavor: r-devel-osx-x86_64

Version: 0.3.3
Check: running R code from vignettes
Result: ERROR
    Errors in running code in vignettes:
    when running code in ‘RcppGSL-unitTests.Rnw’
     ...
    
    > if (err$nFail > 0) stop(sprintf("unit test problems: %d failures",
    + err$nFail))
    
    > if (err$nErr > 0) stop(sprintf("unit test problems: %d errors",
    + err$nErr))
    
     When sourcing ‘RcppGSL-unitTests.R’:
    Error: unit test problems: 14 errors
    Execution halted
Flavors: r-devel-osx-x86_64, r-release-osx-x86_64

Version: 0.3.3
Check: re-building of vignette outputs
Result: NOTE
    Error in re-building vignettes:
     ...
    /usr/local/clang4/bin/../include/c++/v1/algorithm:1932:1: note: candidate function template not viable: requires 5 arguments, but 4 were provided
    transform(_InputIterator1 __first1, _InputIterator1 __last1, _InputIterator2 __first2,
    ^
    1 error generated.
    make: *** [gsl.o] Error 1
    Error in sourceCpp(file.path(pathRcppTests, "cpp/gsl.cpp")) :
     Error 1 occurred building shared library.
    gsl.cpp:293:5: error: no matching function for call to 'transform'
     std::transform(vec.begin(), vec.end(), res.begin(), ::sqrt);
     ^~~~~~~~~~~~~~
    /usr/local/clang4/bin/../include/c++/v1/algorithm:1922:1: note: candidate template ignored: couldn't infer template argument '_UnaryOperation'
    transform(_InputIterator __first, _InputIterator __last, _OutputIterator __result, _UnaryOperation __op)
    ^
    /usr/local/clang4/bin/../include/c++/v1/algorithm:1932:1: note: candidate function template not viable: requires 5 arguments, but 4 were provided
    transform(_InputIterator1 __first1, _InputIterator1 __last1, _InputIterator2 __first2,
    ^
    1 error generated.
    make: *** [gsl.o] Error 1
    Error in sourceCpp(file.path(pathRcppTests, "cpp/gsl.cpp")) :
     Error 1 occurred building shared library.
    
    Error: processing vignette 'RcppGSL-unitTests.Rnw' failed with diagnostics:
     chunk 2 (label = unitTesting)
    Error in eval(expr, .GlobalEnv) : unit test problems: 14 errors
    Execution halted
Flavors: r-devel-osx-x86_64, r-release-osx-x86_64

Version: 0.3.3
Check: tests
Result: ERROR
     Running ‘doRUnit.R’ [110s/238s]
    Running the tests in ‘tests/doRUnit.R’ failed.
    Complete output:
     > ## doRUnit.R --- Run RUnit tests
     > ##
     > ## with credits to package fUtilities in RMetrics
     > ## which credits Gregor Gojanc's example in CRAN package 'gdata'
     > ## as per the (now deceased) R Wiki http://wiki.r-project.org/rwiki/doku.php?id=developers:runit
     > ## and changed further by Martin Maechler
     > ## and usage across several Rcpp* package
     > ## and more changes by Murray Stokely in HistogramTools
     > ##
     > ## Dirk Eddelbuettel, 2010 - 2017
     >
     > if (requireNamespace("RUnit", quietly=TRUE) &&
     + requireNamespace("RcppGSL", quietly=TRUE)) {
     +
     + library(RUnit)
     + library(RcppGSL)
     +
     + ## Set a seed to make the test deterministic
     + set.seed(42)
     +
     + ## Define tests
     + testSuite <- defineTestSuite(name="RcppGSL Unit Tests",
     + dirs=system.file("unitTests", package = "RcppGSL"),
     + testFuncRegexp = "^[Tt]est.+")
     +
     + Sys.setenv("R_TESTS"="") # without this, we get (or used to get) unit test failures
     +
     + tests <- runTestSuite(testSuite) # run tests
     + printTextProtocol(tests) # print results
     +
     + ## Return success or failure to R CMD CHECK
     + if (getErrors(tests)$nFail > 0) stop("TEST FAILED!")
     + if (getErrors(tests)$nErr > 0) stop("TEST HAD ERRORS!")
     + if (getErrors(tests)$nTestFunc < 1) stop("NO TEST FUNCTIONS RUN!")
     +
     + }
    
    
     Executing test function test.client.package ... * checking for file ‘RcppGSLExample/DESCRIPTION’ ... OK
     * preparing ‘RcppGSLExample’:
     * checking DESCRIPTION meta-information ... OK
     * cleaning src
     * checking for LF line-endings in source and make files and shell scripts
     * checking for empty or unneeded directories
     * building ‘RcppGSLExample_0.0.3.tar.gz’
    
     * installing *source* package ‘RcppGSLExample’ ...
     checking for gsl-config... /usr/local/bin/gsl-config
     configure: creating ./config.status
     config.status: creating src/Makevars
     ** libs
     /opt/csw//bin/g++ -I"/home/ripley/R/gcc/include" -DNDEBUG -I/usr/local/include -I"/tmp/Rtmppua4wr/RLIBS_22b726245bc2/Rcpp/include" -I"/tmp/Rtmppua4wr/RLIBS_22b726245bc2/RcppGSL/include" -I/opt/csw/include -I/usr/local/include -fPIC -O2 -c RcppExports.cpp -o RcppExports.o
     /opt/csw//bin/g++ -I"/home/ripley/R/gcc/include" -DNDEBUG -I/usr/local/include -I"/tmp/Rtmppua4wr/RLIBS_22b726245bc2/Rcpp/include" -I"/tmp/Rtmppua4wr/RLIBS_22b726245bc2/RcppGSL/include" -I/opt/csw/include -I/usr/local/include -fPIC -O2 -c colNorm.cpp -o colNorm.o
     /opt/csw//bin/g++ -shared -L/usr/local/lib -L/opt/csw/lib -L/opt/developerstudio12.5/lib -o RcppGSLExample.so RcppExports.o colNorm.o -L/usr/local/lib -lgsl -lgslcblas -lm
     installing to /tmp/RtmpAMaOZJ/file479d46cd52cc/templib/RcppGSLExample/libs
     ** R
     ** byte-compile and prepare package for lazy loading
     ** help
     *** installing help indices
     ** building package indices
     ** testing if installed package can be loaded
     * DONE (RcppGSLExample)
     Loading required package: Rcpp
    
     Attaching package: 'Rcpp'
    
     The following object is masked from 'package:RcppGSL':
    
     LdFlags
    
     Loading required package: RcppGSLExample
     done successfully.
    
    
    
     Executing test function test.fastLm ... done successfully.
    
    
    
     Executing test function test.fastLm.default ... done successfully.
    
    
    
     Executing test function test.fastLm.formula ... done successfully.
    
    
    
     Executing test function test.summary.fastLm ... done successfully.
    
    
    
     Executing test function test.gsl.RcppGSL.matrix.indexing ... gsl.cpp: In function ‘Rcpp::NumericVector test_gsl_vector_iterator_transform(Rcpp::NumericVector)’:
     gsl.cpp:293:63: error: no matching function for call to ‘transform(RcppGSL::vector<double>::iterator, RcppGSL::vector<double>::iterator, Rcpp::Vector<14, Rcpp::PreserveStorage>::iterator, <unresolved overloaded function type>)’
     std::transform(vec.begin(), vec.end(), res.begin(), ::sqrt);
     ^
     In file included from /opt/csw/include/c++/5.2.0/algorithm:62:0,
     from /home/ripley/R/Lib32/Rcpp/include/RcppCommon.h:72,
     from /home/ripley/R/Lib32/RcppGSL/include/RcppGSLForward.h:25,
     from /home/ripley/R/Lib32/RcppGSL/include/RcppGSL.h:25,
     from gsl.cpp:22:
     /opt/csw/include/c++/5.2.0/bits/stl_algo.h:4164:5: note: candidate: template<class _IIter, class _OIter, class _UnaryOperation> _OIter std::transform(_IIter, _IIter, _OIter, _UnaryOperation)
     transform(_InputIterator __first, _InputIterator __last,
     ^
     /opt/csw/include/c++/5.2.0/bits/stl_algo.h:4164:5: note: template argument deduction/substitution failed:
     gsl.cpp:293:63: note: couldn't deduce template parameter ‘_UnaryOperation’
     std::transform(vec.begin(), vec.end(), res.begin(), ::sqrt);
     ^
     In file included from /opt/csw/include/c++/5.2.0/algorithm:62:0,
     from /home/ripley/R/Lib32/Rcpp/include/RcppCommon.h:72,
     from /home/ripley/R/Lib32/RcppGSL/include/RcppGSLForward.h:25,
     from /home/ripley/R/Lib32/RcppGSL/include/RcppGSL.h:25,
     from gsl.cpp:22:
     /opt/csw/include/c++/5.2.0/bits/stl_algo.h:4201:5: note: candidate: template<class _IIter1, class _IIter2, class _OIter, class _BinaryOperation> _OIter std::transform(_IIter1, _IIter1, _IIter2, _OIter, _BinaryOperation)
     transform(_InputIterator1 __first1, _InputIterator1 __last1,
     ^
     /opt/csw/include/c++/5.2.0/bits/stl_algo.h:4201:5: note: template argument deduction/substitution failed:
     gsl.cpp:293:63: note: candidate expects 5 arguments, 4 provided
     std::transform(vec.begin(), vec.end(), res.begin(), ::sqrt);
     ^
     make: Fatal error: Command failed for target `gsl.o'
     Current working directory /tmp/RtmpAMaOZJ/sourceCpp-i386-pc-solaris2.10-0.12.16/sourcecpp_479d699129be
     /opt/csw//bin/g++ -I"/home/ripley/R/gcc/include" -DNDEBUG -I/usr/local/include -I"/home/ripley/R/Lib32/Rcpp/include" -I"/home/ripley/R/Lib32/RcppGSL/include" -I"/home/ripley/R/Lib32/RcppGSL/unitTests/cpp" -I/opt/csw/include -I/usr/local/include -fPIC -O2 -c gsl.cpp -o gsl.o
     *** Error code 1
     Error in sourceCpp(file.path(pathRcppTests, "cpp/gsl.cpp")) :
     Error 1 occurred building shared library.
    
    
     Executing test function test.gsl.RcppGSL.matrix.view.indexing ... gsl.cpp: In function ‘Rcpp::NumericVector test_gsl_vector_iterator_transform(Rcpp::NumericVector)’:
     gsl.cpp:293:63: error: no matching function for call to ‘transform(RcppGSL::vector<double>::iterator, RcppGSL::vector<double>::iterator, Rcpp::Vector<14, Rcpp::PreserveStorage>::iterator, <unresolved overloaded function type>)’
     std::transform(vec.begin(), vec.end(), res.begin(), ::sqrt);
     ^
     In file included from /opt/csw/include/c++/5.2.0/algorithm:62:0,
     from /home/ripley/R/Lib32/Rcpp/include/RcppCommon.h:72,
     from /home/ripley/R/Lib32/RcppGSL/include/RcppGSLForward.h:25,
     from /home/ripley/R/Lib32/RcppGSL/include/RcppGSL.h:25,
     from gsl.cpp:22:
     /opt/csw/include/c++/5.2.0/bits/stl_algo.h:4164:5: note: candidate: template<class _IIter, class _OIter, class _UnaryOperation> _OIter std::transform(_IIter, _IIter, _OIter, _UnaryOperation)
     transform(_InputIterator __first, _InputIterator __last,
     ^
     /opt/csw/include/c++/5.2.0/bits/stl_algo.h:4164:5: note: template argument deduction/substitution failed:
     gsl.cpp:293:63: note: couldn't deduce template parameter ‘_UnaryOperation’
     std::transform(vec.begin(), vec.end(), res.begin(), ::sqrt);
     ^
     In file included from /opt/csw/include/c++/5.2.0/algorithm:62:0,
     from /home/ripley/R/Lib32/Rcpp/include/RcppCommon.h:72,
     from /home/ripley/R/Lib32/RcppGSL/include/RcppGSLForward.h:25,
     from /home/ripley/R/Lib32/RcppGSL/include/RcppGSL.h:25,
     from gsl.cpp:22:
     /opt/csw/include/c++/5.2.0/bits/stl_algo.h:4201:5: note: candidate: template<class _IIter1, class _IIter2, class _OIter, class _BinaryOperation> _OIter std::transform(_IIter1, _IIter1, _IIter2, _OIter, _BinaryOperation)
     transform(_InputIterator1 __first1, _InputIterator1 __last1,
     ^
     /opt/csw/include/c++/5.2.0/bits/stl_algo.h:4201:5: note: template argument deduction/substitution failed:
     gsl.cpp:293:63: note: candidate expects 5 arguments, 4 provided
     std::transform(vec.begin(), vec.end(), res.begin(), ::sqrt);
     ^
     make: Fatal error: Command failed for target `gsl.o'
     Current working directory /tmp/RtmpAMaOZJ/sourceCpp-i386-pc-solaris2.10-0.12.16/sourcecpp_479d699129be
     /opt/csw//bin/g++ -I"/home/ripley/R/gcc/include" -DNDEBUG -I/usr/local/include -I"/home/ripley/R/Lib32/Rcpp/include" -I"/home/ripley/R/Lib32/RcppGSL/include" -I"/home/ripley/R/Lib32/RcppGSL/unitTests/cpp" -I/opt/csw/include -I/usr/local/include -fPIC -O2 -c gsl.cpp -o gsl.o
     *** Error code 1
     Error in sourceCpp(file.path(pathRcppTests, "cpp/gsl.cpp")) :
     Error 1 occurred building shared library.
    
    
     Executing test function test.gsl.RcppGSL.vector ... gsl.cpp: In function ‘Rcpp::NumericVector test_gsl_vector_iterator_transform(Rcpp::NumericVector)’:
     gsl.cpp:293:63: error: no matching function for call to ‘transform(RcppGSL::vector<double>::iterator, RcppGSL::vector<double>::iterator, Rcpp::Vector<14, Rcpp::PreserveStorage>::iterator, <unresolved overloaded function type>)’
     std::transform(vec.begin(), vec.end(), res.begin(), ::sqrt);
     ^
     In file included from /opt/csw/include/c++/5.2.0/algorithm:62:0,
     from /home/ripley/R/Lib32/Rcpp/include/RcppCommon.h:72,
     from /home/ripley/R/Lib32/RcppGSL/include/RcppGSLForward.h:25,
     from /home/ripley/R/Lib32/RcppGSL/include/RcppGSL.h:25,
     from gsl.cpp:22:
     /opt/csw/include/c++/5.2.0/bits/stl_algo.h:4164:5: note: candidate: template<class _IIter, class _OIter, class _UnaryOperation> _OIter std::transform(_IIter, _IIter, _OIter, _UnaryOperation)
     transform(_InputIterator __first, _InputIterator __last,
     ^
     /opt/csw/include/c++/5.2.0/bits/stl_algo.h:4164:5: note: template argument deduction/substitution failed:
     gsl.cpp:293:63: note: couldn't deduce template parameter ‘_UnaryOperation’
     std::transform(vec.begin(), vec.end(), res.begin(), ::sqrt);
     ^
     In file included from /opt/csw/include/c++/5.2.0/algorithm:62:0,
     from /home/ripley/R/Lib32/Rcpp/include/RcppCommon.h:72,
     from /home/ripley/R/Lib32/RcppGSL/include/RcppGSLForward.h:25,
     from /home/ripley/R/Lib32/RcppGSL/include/RcppGSL.h:25,
     from gsl.cpp:22:
     /opt/csw/include/c++/5.2.0/bits/stl_algo.h:4201:5: note: candidate: template<class _IIter1, class _IIter2, class _OIter, class _BinaryOperation> _OIter std::transform(_IIter1, _IIter1, _IIter2, _OIter, _BinaryOperation)
     transform(_InputIterator1 __first1, _InputIterator1 __last1,
     ^
     /opt/csw/include/c++/5.2.0/bits/stl_algo.h:4201:5: note: template argument deduction/substitution failed:
     gsl.cpp:293:63: note: candidate expects 5 arguments, 4 provided
     std::transform(vec.begin(), vec.end(), res.begin(), ::sqrt);
     ^
     make: Fatal error: Command failed for target `gsl.o'
     Current working directory /tmp/RtmpAMaOZJ/sourceCpp-i386-pc-solaris2.10-0.12.16/sourcecpp_479d699129be
     /opt/csw//bin/g++ -I"/home/ripley/R/gcc/include" -DNDEBUG -I/usr/local/include -I"/home/ripley/R/Lib32/Rcpp/include" -I"/home/ripley/R/Lib32/RcppGSL/include" -I"/home/ripley/R/Lib32/RcppGSL/unitTests/cpp" -I/opt/csw/include -I/usr/local/include -fPIC -O2 -c gsl.cpp -o gsl.o
     *** Error code 1
     Error in sourceCpp(file.path(pathRcppTests, "cpp/gsl.cpp")) :
     Error 1 occurred building shared library.
    
    
     Executing test function test.gsl.RcppGSL.vector.indexing ... gsl.cpp: In function ‘Rcpp::NumericVector test_gsl_vector_iterator_transform(Rcpp::NumericVector)’:
     gsl.cpp:293:63: error: no matching function for call to ‘transform(RcppGSL::vector<double>::iterator, RcppGSL::vector<double>::iterator, Rcpp::Vector<14, Rcpp::PreserveStorage>::iterator, <unresolved overloaded function type>)’
     std::transform(vec.begin(), vec.end(), res.begin(), ::sqrt);
     ^
     In file included from /opt/csw/include/c++/5.2.0/algorithm:62:0,
     from /home/ripley/R/Lib32/Rcpp/include/RcppCommon.h:72,
     from /home/ripley/R/Lib32/RcppGSL/include/RcppGSLForward.h:25,
     from /home/ripley/R/Lib32/RcppGSL/include/RcppGSL.h:25,
     from gsl.cpp:22:
     /opt/csw/include/c++/5.2.0/bits/stl_algo.h:4164:5: note: candidate: template<class _IIter, class _OIter, class _UnaryOperation> _OIter std::transform(_IIter, _IIter, _OIter, _UnaryOperation)
     transform(_InputIterator __first, _InputIterator __last,
     ^
     /opt/csw/include/c++/5.2.0/bits/stl_algo.h:4164:5: note: template argument deduction/substitution failed:
     gsl.cpp:293:63: note: couldn't deduce template parameter ‘_UnaryOperation’
     std::transform(vec.begin(), vec.end(), res.begin(), ::sqrt);
     ^
     In file included from /opt/csw/include/c++/5.2.0/algorithm:62:0,
     from /home/ripley/R/Lib32/Rcpp/include/RcppCommon.h:72,
     from /home/ripley/R/Lib32/RcppGSL/include/RcppGSLForward.h:25,
     from /home/ripley/R/Lib32/RcppGSL/include/RcppGSL.h:25,
     from gsl.cpp:22:
     /opt/csw/include/c++/5.2.0/bits/stl_algo.h:4201:5: note: candidate: template<class _IIter1, class _IIter2, class _OIter, class _BinaryOperation> _OIter std::transform(_IIter1, _IIter1, _IIter2, _OIter, _BinaryOperation)
     transform(_InputIterator1 __first1, _InputIterator1 __last1,
     ^
     /opt/csw/include/c++/5.2.0/bits/stl_algo.h:4201:5: note: template argument deduction/substitution failed:
     gsl.cpp:293:63: note: candidate expects 5 arguments, 4 provided
     std::transform(vec.begin(), vec.end(), res.begin(), ::sqrt);
     ^
     make: Fatal error: Command failed for target `gsl.o'
     Current working directory /tmp/RtmpAMaOZJ/sourceCpp-i386-pc-solaris2.10-0.12.16/sourcecpp_479d699129be
     /opt/csw//bin/g++ -I"/home/ripley/R/gcc/include" -DNDEBUG -I/usr/local/include -I"/home/ripley/R/Lib32/Rcpp/include" -I"/home/ripley/R/Lib32/RcppGSL/include" -I"/home/ripley/R/Lib32/RcppGSL/unitTests/cpp" -I/opt/csw/include -I/usr/local/include -fPIC -O2 -c gsl.cpp -o gsl.o
     *** Error code 1
     Error in sourceCpp(file.path(pathRcppTests, "cpp/gsl.cpp")) :
     Error 1 occurred building shared library.
    
    
     Executing test function test.gsl.RcppGSL.vector.iterating ... gsl.cpp: In function ‘Rcpp::NumericVector test_gsl_vector_iterator_transform(Rcpp::NumericVector)’:
     gsl.cpp:293:63: error: no matching function for call to ‘transform(RcppGSL::vector<double>::iterator, RcppGSL::vector<double>::iterator, Rcpp::Vector<14, Rcpp::PreserveStorage>::iterator, <unresolved overloaded function type>)’
     std::transform(vec.begin(), vec.end(), res.begin(), ::sqrt);
     ^
     In file included from /opt/csw/include/c++/5.2.0/algorithm:62:0,
     from /home/ripley/R/Lib32/Rcpp/include/RcppCommon.h:72,
     from /home/ripley/R/Lib32/RcppGSL/include/RcppGSLForward.h:25,
     from /home/ripley/R/Lib32/RcppGSL/include/RcppGSL.h:25,
     from gsl.cpp:22:
     /opt/csw/include/c++/5.2.0/bits/stl_algo.h:4164:5: note: candidate: template<class _IIter, class _OIter, class _UnaryOperation> _OIter std::transform(_IIter, _IIter, _OIter, _UnaryOperation)
     transform(_InputIterator __first, _InputIterator __last,
     ^
     /opt/csw/include/c++/5.2.0/bits/stl_algo.h:4164:5: note: template argument deduction/substitution failed:
     gsl.cpp:293:63: note: couldn't deduce template parameter ‘_UnaryOperation’
     std::transform(vec.begin(), vec.end(), res.begin(), ::sqrt);
     ^
     In file included from /opt/csw/include/c++/5.2.0/algorithm:62:0,
     from /home/ripley/R/Lib32/Rcpp/include/RcppCommon.h:72,
     from /home/ripley/R/Lib32/RcppGSL/include/RcppGSLForward.h:25,
     from /home/ripley/R/Lib32/RcppGSL/include/RcppGSL.h:25,
     from gsl.cpp:22:
     /opt/csw/include/c++/5.2.0/bits/stl_algo.h:4201:5: note: candidate: template<class _IIter1, class _IIter2, class _OIter, class _BinaryOperation> _OIter std::transform(_IIter1, _IIter1, _IIter2, _OIter, _BinaryOperation)
     transform(_InputIterator1 __first1, _InputIterator1 __last1,
     ^
     /opt/csw/include/c++/5.2.0/bits/stl_algo.h:4201:5: note: template argument deduction/substitution failed:
     gsl.cpp:293:63: note: candidate expects 5 arguments, 4 provided
     std::transform(vec.begin(), vec.end(), res.begin(), ::sqrt);
     ^
     make: Fatal error: Command failed for target `gsl.o'
     Current working directory /tmp/RtmpAMaOZJ/sourceCpp-i386-pc-solaris2.10-0.12.16/sourcecpp_479d699129be
     /opt/csw//bin/g++ -I"/home/ripley/R/gcc/include" -DNDEBUG -I/usr/local/include -I"/home/ripley/R/Lib32/Rcpp/include" -I"/home/ripley/R/Lib32/RcppGSL/include" -I"/home/ripley/R/Lib32/RcppGSL/unitTests/cpp" -I/opt/csw/include -I/usr/local/include -fPIC -O2 -c gsl.cpp -o gsl.o
     *** Error code 1
     Error in sourceCpp(file.path(pathRcppTests, "cpp/gsl.cpp")) :
     Error 1 occurred building shared library.
    
    
     Executing test function test.gsl.RcppGSL.vector.iterator.transform ... gsl.cpp: In function ‘Rcpp::NumericVector test_gsl_vector_iterator_transform(Rcpp::NumericVector)’:
     gsl.cpp:293:63: error: no matching function for call to ‘transform(RcppGSL::vector<double>::iterator, RcppGSL::vector<double>::iterator, Rcpp::Vector<14, Rcpp::PreserveStorage>::iterator, <unresolved overloaded function type>)’
     std::transform(vec.begin(), vec.end(), res.begin(), ::sqrt);
     ^
     In file included from /opt/csw/include/c++/5.2.0/algorithm:62:0,
     from /home/ripley/R/Lib32/Rcpp/include/RcppCommon.h:72,
     from /home/ripley/R/Lib32/RcppGSL/include/RcppGSLForward.h:25,
     from /home/ripley/R/Lib32/RcppGSL/include/RcppGSL.h:25,
     from gsl.cpp:22:
     /opt/csw/include/c++/5.2.0/bits/stl_algo.h:4164:5: note: candidate: template<class _IIter, class _OIter, class _UnaryOperation> _OIter std::transform(_IIter, _IIter, _OIter, _UnaryOperation)
     transform(_InputIterator __first, _InputIterator __last,
     ^
     /opt/csw/include/c++/5.2.0/bits/stl_algo.h:4164:5: note: template argument deduction/substitution failed:
     gsl.cpp:293:63: note: couldn't deduce template parameter ‘_UnaryOperation’
     std::transform(vec.begin(), vec.end(), res.begin(), ::sqrt);
     ^
     In file included from /opt/csw/include/c++/5.2.0/algorithm:62:0,
     from /home/ripley/R/Lib32/Rcpp/include/RcppCommon.h:72,
     from /home/ripley/R/Lib32/RcppGSL/include/RcppGSLForward.h:25,
     from /home/ripley/R/Lib32/RcppGSL/include/RcppGSL.h:25,
     from gsl.cpp:22:
     /opt/csw/include/c++/5.2.0/bits/stl_algo.h:4201:5: note: candidate: template<class _IIter1, class _IIter2, class _OIter, class _BinaryOperation> _OIter std::transform(_IIter1, _IIter1, _IIter2, _OIter, _BinaryOperation)
     transform(_InputIterator1 __first1, _InputIterator1 __last1,
     ^
     /opt/csw/include/c++/5.2.0/bits/stl_algo.h:4201:5: note: template argument deduction/substitution failed:
     gsl.cpp:293:63: note: candidate expects 5 arguments, 4 provided
     std::transform(vec.begin(), vec.end(), res.begin(), ::sqrt);
     ^
     make: Fatal error: Command failed for target `gsl.o'
     Current working directory /tmp/RtmpAMaOZJ/sourceCpp-i386-pc-solaris2.10-0.12.16/sourcecpp_479d699129be
     /opt/csw//bin/g++ -I"/home/ripley/R/gcc/include" -DNDEBUG -I/usr/local/include -I"/home/ripley/R/Lib32/Rcpp/include" -I"/home/ripley/R/Lib32/RcppGSL/include" -I"/home/ripley/R/Lib32/RcppGSL/unitTests/cpp" -I/opt/csw/include -I/usr/local/include -fPIC -O2 -c gsl.cpp -o gsl.o
     *** Error code 1
     Error in sourceCpp(file.path(pathRcppTests, "cpp/gsl.cpp")) :
     Error 1 occurred building shared library.
    
    
     Executing test function test.gsl.RcppGSL.vector.view.iterating ... gsl.cpp: In function ‘Rcpp::NumericVector test_gsl_vector_iterator_transform(Rcpp::NumericVector)’:
     gsl.cpp:293:63: error: no matching function for call to ‘transform(RcppGSL::vector<double>::iterator, RcppGSL::vector<double>::iterator, Rcpp::Vector<14, Rcpp::PreserveStorage>::iterator, <unresolved overloaded function type>)’
     std::transform(vec.begin(), vec.end(), res.begin(), ::sqrt);
     ^
     In file included from /opt/csw/include/c++/5.2.0/algorithm:62:0,
     from /home/ripley/R/Lib32/Rcpp/include/RcppCommon.h:72,
     from /home/ripley/R/Lib32/RcppGSL/include/RcppGSLForward.h:25,
     from /home/ripley/R/Lib32/RcppGSL/include/RcppGSL.h:25,
     from gsl.cpp:22:
     /opt/csw/include/c++/5.2.0/bits/stl_algo.h:4164:5: note: candidate: template<class _IIter, class _OIter, class _UnaryOperation> _OIter std::transform(_IIter, _IIter, _OIter, _UnaryOperation)
     transform(_InputIterator __first, _InputIterator __last,
     ^
     /opt/csw/include/c++/5.2.0/bits/stl_algo.h:4164:5: note: template argument deduction/substitution failed:
     gsl.cpp:293:63: note: couldn't deduce template parameter ‘_UnaryOperation’
     std::transform(vec.begin(), vec.end(), res.begin(), ::sqrt);
     ^
     In file included from /opt/csw/include/c++/5.2.0/algorithm:62:0,
     from /home/ripley/R/Lib32/Rcpp/include/RcppCommon.h:72,
     from /home/ripley/R/Lib32/RcppGSL/include/RcppGSLForward.h:25,
     from /home/ripley/R/Lib32/RcppGSL/include/RcppGSL.h:25,
     from gsl.cpp:22:
     /opt/csw/include/c++/5.2.0/bits/stl_algo.h:4201:5: note: candidate: template<class _IIter1, class _IIter2, class _OIter, class _BinaryOperation> _OIter std::transform(_IIter1, _IIter1, _IIter2, _OIter, _BinaryOperation)
     transform(_InputIterator1 __first1, _InputIterator1 __last1,
     ^
     /opt/csw/include/c++/5.2.0/bits/stl_algo.h:4201:5: note: template argument deduction/substitution failed:
     gsl.cpp:293:63: note: candidate expects 5 arguments, 4 provided
     std::transform(vec.begin(), vec.end(), res.begin(), ::sqrt);
     ^
     make: Fatal error: Command failed for target `gsl.o'
     Current working directory /tmp/RtmpAMaOZJ/sourceCpp-i386-pc-solaris2.10-0.12.16/sourcecpp_479d699129be
     /opt/csw//bin/g++ -I"/home/ripley/R/gcc/include" -DNDEBUG -I/usr/local/include -I"/home/ripley/R/Lib32/Rcpp/include" -I"/home/ripley/R/Lib32/RcppGSL/include" -I"/home/ripley/R/Lib32/RcppGSL/unitTests/cpp" -I/opt/csw/include -I/usr/local/include -fPIC -O2 -c gsl.cpp -o gsl.o
     *** Error code 1
     Error in sourceCpp(file.path(pathRcppTests, "cpp/gsl.cpp")) :
     Error 1 occurred building shared library.
    
    
     Executing test function test.gsl.matrix ... gsl.cpp: In function ‘Rcpp::NumericVector test_gsl_vector_iterator_transform(Rcpp::NumericVector)’:
     gsl.cpp:293:63: error: no matching function for call to ‘transform(RcppGSL::vector<double>::iterator, RcppGSL::vector<double>::iterator, Rcpp::Vector<14, Rcpp::PreserveStorage>::iterator, <unresolved overloaded function type>)’
     std::transform(vec.begin(), vec.end(), res.begin(), ::sqrt);
     ^
     In file included from /opt/csw/include/c++/5.2.0/algorithm:62:0,
     from /home/ripley/R/Lib32/Rcpp/include/RcppCommon.h:72,
     from /home/ripley/R/Lib32/RcppGSL/include/RcppGSLForward.h:25,
     from /home/ripley/R/Lib32/RcppGSL/include/RcppGSL.h:25,
     from gsl.cpp:22:
     /opt/csw/include/c++/5.2.0/bits/stl_algo.h:4164:5: note: candidate: template<class _IIter, class _OIter, class _UnaryOperation> _OIter std::transform(_IIter, _IIter, _OIter, _UnaryOperation)
     transform(_InputIterator __first, _InputIterator __last,
     ^
     /opt/csw/include/c++/5.2.0/bits/stl_algo.h:4164:5: note: template argument deduction/substitution failed:
     gsl.cpp:293:63: note: couldn't deduce template parameter ‘_UnaryOperation’
     std::transform(vec.begin(), vec.end(), res.begin(), ::sqrt);
     ^
     In file included from /opt/csw/include/c++/5.2.0/algorithm:62:0,
     from /home/ripley/R/Lib32/Rcpp/include/RcppCommon.h:72,
     from /home/ripley/R/Lib32/RcppGSL/include/RcppGSLForward.h:25,
     from /home/ripley/R/Lib32/RcppGSL/include/RcppGSL.h:25,
     from gsl.cpp:22:
     /opt/csw/include/c++/5.2.0/bits/stl_algo.h:4201:5: note: candidate: template<class _IIter1, class _IIter2, class _OIter, class _BinaryOperation> _OIter std::transform(_IIter1, _IIter1, _IIter2, _OIter, _BinaryOperation)
     transform(_InputIterator1 __first1, _InputIterator1 __last1,
     ^
     /opt/csw/include/c++/5.2.0/bits/stl_algo.h:4201:5: note: template argument deduction/substitution failed:
     gsl.cpp:293:63: note: candidate expects 5 arguments, 4 provided
     std::transform(vec.begin(), vec.end(), res.begin(), ::sqrt);
     ^
     make: Fatal error: Command failed for target `gsl.o'
     Current working directory /tmp/RtmpAMaOZJ/sourceCpp-i386-pc-solaris2.10-0.12.16/sourcecpp_479d699129be
     /opt/csw//bin/g++ -I"/home/ripley/R/gcc/include" -DNDEBUG -I/usr/local/include -I"/home/ripley/R/Lib32/Rcpp/include" -I"/home/ripley/R/Lib32/RcppGSL/include" -I"/home/ripley/R/Lib32/RcppGSL/unitTests/cpp" -I/opt/csw/include -I/usr/local/include -fPIC -O2 -c gsl.cpp -o gsl.o
     *** Error code 1
     Error in sourceCpp(file.path(pathRcppTests, "cpp/gsl.cpp")) :
     Error 1 occurred building shared library.
    
    
     Executing test function test.gsl.matrix.input.SEXP ... gsl.cpp: In function ‘Rcpp::NumericVector test_gsl_vector_iterator_transform(Rcpp::NumericVector)’:
     gsl.cpp:293:63: error: no matching function for call to ‘transform(RcppGSL::vector<double>::iterator, RcppGSL::vector<double>::iterator, Rcpp::Vector<14, Rcpp::PreserveStorage>::iterator, <unresolved overloaded function type>)’
     std::transform(vec.begin(), vec.end(), res.begin(), ::sqrt);
     ^
     In file included from /opt/csw/include/c++/5.2.0/algorithm:62:0,
     from /home/ripley/R/Lib32/Rcpp/include/RcppCommon.h:72,
     from /home/ripley/R/Lib32/RcppGSL/include/RcppGSLForward.h:25,
     from /home/ripley/R/Lib32/RcppGSL/include/RcppGSL.h:25,
     from gsl.cpp:22:
     /opt/csw/include/c++/5.2.0/bits/stl_algo.h:4164:5: note: candidate: template<class _IIter, class _OIter, class _UnaryOperation> _OIter std::transform(_IIter, _IIter, _OIter, _UnaryOperation)
     transform(_InputIterator __first, _InputIterator __last,
     ^
     /opt/csw/include/c++/5.2.0/bits/stl_algo.h:4164:5: note: template argument deduction/substitution failed:
     gsl.cpp:293:63: note: couldn't deduce template parameter ‘_UnaryOperation’
     std::transform(vec.begin(), vec.end(), res.begin(), ::sqrt);
     ^
     In file included from /opt/csw/include/c++/5.2.0/algorithm:62:0,
     from /home/ripley/R/Lib32/Rcpp/include/RcppCommon.h:72,
     from /home/ripley/R/Lib32/RcppGSL/include/RcppGSLForward.h:25,
     from /home/ripley/R/Lib32/RcppGSL/include/RcppGSL.h:25,
     from gsl.cpp:22:
     /opt/csw/include/c++/5.2.0/bits/stl_algo.h:4201:5: note: candidate: template<class _IIter1, class _IIter2, class _OIter, class _BinaryOperation> _OIter std::transform(_IIter1, _IIter1, _IIter2, _OIter, _BinaryOperation)
     transform(_InputIterator1 __first1, _InputIterator1 __last1,
     ^
     /opt/csw/include/c++/5.2.0/bits/stl_algo.h:4201:5: note: template argument deduction/substitution failed:
     gsl.cpp:293:63: note: candidate expects 5 arguments, 4 provided
     std::transform(vec.begin(), vec.end(), res.begin(), ::sqrt);
     ^
     make: Fatal error: Command failed for target `gsl.o'
     Current working directory /tmp/RtmpAMaOZJ/sourceCpp-i386-pc-solaris2.10-0.12.16/sourcecpp_479d699129be
     /opt/csw//bin/g++ -I"/home/ripley/R/gcc/include" -DNDEBUG -I/usr/local/include -I"/home/ripley/R/Lib32/Rcpp/include" -I"/home/ripley/R/Lib32/RcppGSL/include" -I"/home/ripley/R/Lib32/RcppGSL/unitTests/cpp" -I/opt/csw/include -I/usr/local/include -fPIC -O2 -c gsl.cpp -o gsl.o
     *** Error code 1
     Error in sourceCpp(file.path(pathRcppTests, "cpp/gsl.cpp")) :
     Error 1 occurred building shared library.
    
    
     Executing test function test.gsl.matrix.view ... gsl.cpp: In function ‘Rcpp::NumericVector test_gsl_vector_iterator_transform(Rcpp::NumericVector)’:
     gsl.cpp:293:63: error: no matching function for call to ‘transform(RcppGSL::vector<double>::iterator, RcppGSL::vector<double>::iterator, Rcpp::Vector<14, Rcpp::PreserveStorage>::iterator, <unresolved overloaded function type>)’
     std::transform(vec.begin(), vec.end(), res.begin(), ::sqrt);
     ^
     In file included from /opt/csw/include/c++/5.2.0/algorithm:62:0,
     from /home/ripley/R/Lib32/Rcpp/include/RcppCommon.h:72,
     from /home/ripley/R/Lib32/RcppGSL/include/RcppGSLForward.h:25,
     from /home/ripley/R/Lib32/RcppGSL/include/RcppGSL.h:25,
     from gsl.cpp:22:
     /opt/csw/include/c++/5.2.0/bits/stl_algo.h:4164:5: note: candidate: template<class _IIter, class _OIter, class _UnaryOperation> _OIter std::transform(_IIter, _IIter, _OIter, _UnaryOperation)
     transform(_InputIterator __first, _InputIterator __last,
     ^
     /opt/csw/include/c++/5.2.0/bits/stl_algo.h:4164:5: note: template argument deduction/substitution failed:
     gsl.cpp:293:63: note: couldn't deduce template parameter ‘_UnaryOperation’
     std::transform(vec.begin(), vec.end(), res.begin(), ::sqrt);
     ^
     In file included from /opt/csw/include/c++/5.2.0/algorithm:62:0,
     from /home/ripley/R/Lib32/Rcpp/include/RcppCommon.h:72,
     from /home/ripley/R/Lib32/RcppGSL/include/RcppGSLForward.h:25,
     from /home/ripley/R/Lib32/RcppGSL/include/RcppGSL.h:25,
     from gsl.cpp:22:
     /opt/csw/include/c++/5.2.0/bits/stl_algo.h:4201:5: note: candidate: template<class _IIter1, class _IIter2, class _OIter, class _BinaryOperation> _OIter std::transform(_IIter1, _IIter1, _IIter2, _OIter, _BinaryOperation)
     transform(_InputIterator1 __first1, _InputIterator1 __last1,
     ^
     /opt/csw/include/c++/5.2.0/bits/stl_algo.h:4201:5: note: template argument deduction/substitution failed:
     gsl.cpp:293:63: note: candidate expects 5 arguments, 4 provided
     std::transform(vec.begin(), vec.end(), res.begin(), ::sqrt);
     ^
     make: Fatal error: Command failed for target `gsl.o'
     Current working directory /tmp/RtmpAMaOZJ/sourceCpp-i386-pc-solaris2.10-0.12.16/sourcecpp_479d699129be
     /opt/csw//bin/g++ -I"/home/ripley/R/gcc/include" -DNDEBUG -I/usr/local/include -I"/home/ripley/R/Lib32/Rcpp/include" -I"/home/ripley/R/Lib32/RcppGSL/include" -I"/home/ripley/R/Lib32/RcppGSL/unitTests/cpp" -I/opt/csw/include -I/usr/local/include -fPIC -O2 -c gsl.cpp -o gsl.o
     *** Error code 1
     Error in sourceCpp(file.path(pathRcppTests, "cpp/gsl.cpp")) :
     Error 1 occurred building shared library.
    
    
     Executing test function test.gsl.vector ... gsl.cpp: In function ‘Rcpp::NumericVector test_gsl_vector_iterator_transform(Rcpp::NumericVector)’:
     gsl.cpp:293:63: error: no matching function for call to ‘transform(RcppGSL::vector<double>::iterator, RcppGSL::vector<double>::iterator, Rcpp::Vector<14, Rcpp::PreserveStorage>::iterator, <unresolved overloaded function type>)’
     std::transform(vec.begin(), vec.end(), res.begin(), ::sqrt);
     ^
     In file included from /opt/csw/include/c++/5.2.0/algorithm:62:0,
     from /home/ripley/R/Lib32/Rcpp/include/RcppCommon.h:72,
     from /home/ripley/R/Lib32/RcppGSL/include/RcppGSLForward.h:25,
     from /home/ripley/R/Lib32/RcppGSL/include/RcppGSL.h:25,
     from gsl.cpp:22:
     /opt/csw/include/c++/5.2.0/bits/stl_algo.h:4164:5: note: candidate: template<class _IIter, class _OIter, class _UnaryOperation> _OIter std::transform(_IIter, _IIter, _OIter, _UnaryOperation)
     transform(_InputIterator __first, _InputIterator __last,
     ^
     /opt/csw/include/c++/5.2.0/bits/stl_algo.h:4164:5: note: template argument deduction/substitution failed:
     gsl.cpp:293:63: note: couldn't deduce template parameter ‘_UnaryOperation’
     std::transform(vec.begin(), vec.end(), res.begin(), ::sqrt);
     ^
     In file included from /opt/csw/include/c++/5.2.0/algorithm:62:0,
     from /home/ripley/R/Lib32/Rcpp/include/RcppCommon.h:72,
     from /home/ripley/R/Lib32/RcppGSL/include/RcppGSLForward.h:25,
     from /home/ripley/R/Lib32/RcppGSL/include/RcppGSL.h:25,
     from gsl.cpp:22:
     /opt/csw/include/c++/5.2.0/bits/stl_algo.h:4201:5: note: candidate: template<class _IIter1, class _IIter2, class _OIter, class _BinaryOperation> _OIter std::transform(_IIter1, _IIter1, _IIter2, _OIter, _BinaryOperation)
     transform(_InputIterator1 __first1, _InputIterator1 __last1,
     ^
     /opt/csw/include/c++/5.2.0/bits/stl_algo.h:4201:5: note: template argument deduction/substitution failed:
     gsl.cpp:293:63: note: candidate expects 5 arguments, 4 provided
     std::transform(vec.begin(), vec.end(), res.begin(), ::sqrt);
     ^
     make: Fatal error: Command failed for target `gsl.o'
     Current working directory /tmp/RtmpAMaOZJ/sourceCpp-i386-pc-solaris2.10-0.12.16/sourcecpp_479d699129be
     /opt/csw//bin/g++ -I"/home/ripley/R/gcc/include" -DNDEBUG -I/usr/local/include -I"/home/ripley/R/Lib32/Rcpp/include" -I"/home/ripley/R/Lib32/RcppGSL/include" -I"/home/ripley/R/Lib32/RcppGSL/unitTests/cpp" -I/opt/csw/include -I/usr/local/include -fPIC -O2 -c gsl.cpp -o gsl.o
     *** Error code 1
     Error in sourceCpp(file.path(pathRcppTests, "cpp/gsl.cpp")) :
     Error 1 occurred building shared library.
    
    
     Executing test function test.gsl.vector.input.SEXP ... gsl.cpp: In function ‘Rcpp::NumericVector test_gsl_vector_iterator_transform(Rcpp::NumericVector)’:
     gsl.cpp:293:63: error: no matching function for call to ‘transform(RcppGSL::vector<double>::iterator, RcppGSL::vector<double>::iterator, Rcpp::Vector<14, Rcpp::PreserveStorage>::iterator, <unresolved overloaded function type>)’
     std::transform(vec.begin(), vec.end(), res.begin(), ::sqrt);
     ^
     In file included from /opt/csw/include/c++/5.2.0/algorithm:62:0,
     from /home/ripley/R/Lib32/Rcpp/include/RcppCommon.h:72,
     from /home/ripley/R/Lib32/RcppGSL/include/RcppGSLForward.h:25,
     from /home/ripley/R/Lib32/RcppGSL/include/RcppGSL.h:25,
     from gsl.cpp:22:
     /opt/csw/include/c++/5.2.0/bits/stl_algo.h:4164:5: note: candidate: template<class _IIter, class _OIter, class _UnaryOperation> _OIter std::transform(_IIter, _IIter, _OIter, _UnaryOperation)
     transform(_InputIterator __first, _InputIterator __last,
     ^
     /opt/csw/include/c++/5.2.0/bits/stl_algo.h:4164:5: note: template argument deduction/substitution failed:
     gsl.cpp:293:63: note: couldn't deduce template parameter ‘_UnaryOperation’
     std::transform(vec.begin(), vec.end(), res.begin(), ::sqrt);
     ^
     In file included from /opt/csw/include/c++/5.2.0/algorithm:62:0,
     from /home/ripley/R/Lib32/Rcpp/include/RcppCommon.h:72,
     from /home/ripley/R/Lib32/RcppGSL/include/RcppGSLForward.h:25,
     from /home/ripley/R/Lib32/RcppGSL/include/RcppGSL.h:25,
     from gsl.cpp:22:
     /opt/csw/include/c++/5.2.0/bits/stl_algo.h:4201:5: note: candidate: template<class _IIter1, class _IIter2, class _OIter, class _BinaryOperation> _OIter std::transform(_IIter1, _IIter1, _IIter2, _OIter, _BinaryOperation)
     transform(_InputIterator1 __first1, _InputIterator1 __last1,
     ^
     /opt/csw/include/c++/5.2.0/bits/stl_algo.h:4201:5: note: template argument deduction/substitution failed:
     gsl.cpp:293:63: note: candidate expects 5 arguments, 4 provided
     std::transform(vec.begin(), vec.end(), res.begin(), ::sqrt);
     ^
     make: Fatal error: Command failed for target `gsl.o'
     Current working directory /tmp/RtmpAMaOZJ/sourceCpp-i386-pc-solaris2.10-0.12.16/sourcecpp_479d699129be
     /opt/csw//bin/g++ -I"/home/ripley/R/gcc/include" -DNDEBUG -I/usr/local/include -I"/home/ripley/R/Lib32/Rcpp/include" -I"/home/ripley/R/Lib32/RcppGSL/include" -I"/home/ripley/R/Lib32/RcppGSL/unitTests/cpp" -I/opt/csw/include -I/usr/local/include -fPIC -O2 -c gsl.cpp -o gsl.o
     *** Error code 1
     Error in sourceCpp(file.path(pathRcppTests, "cpp/gsl.cpp")) :
     Error 1 occurred building shared library.
    
    
     Executing test function test.gsl.vector.view ... gsl.cpp: In function ‘Rcpp::NumericVector test_gsl_vector_iterator_transform(Rcpp::NumericVector)’:
     gsl.cpp:293:63: error: no matching function for call to ‘transform(RcppGSL::vector<double>::iterator, RcppGSL::vector<double>::iterator, Rcpp::Vector<14, Rcpp::PreserveStorage>::iterator, <unresolved overloaded function type>)’
     std::transform(vec.begin(), vec.end(), res.begin(), ::sqrt);
     ^
     In file included from /opt/csw/include/c++/5.2.0/algorithm:62:0,
     from /home/ripley/R/Lib32/Rcpp/include/RcppCommon.h:72,
     from /home/ripley/R/Lib32/RcppGSL/include/RcppGSLForward.h:25,
     from /home/ripley/R/Lib32/RcppGSL/include/RcppGSL.h:25,
     from gsl.cpp:22:
     /opt/csw/include/c++/5.2.0/bits/stl_algo.h:4164:5: note: candidate: template<class _IIter, class _OIter, class _UnaryOperation> _OIter std::transform(_IIter, _IIter, _OIter, _UnaryOperation)
     transform(_InputIterator __first, _InputIterator __last,
     ^
     /opt/csw/include/c++/5.2.0/bits/stl_algo.h:4164:5: note: template argument deduction/substitution failed:
     gsl.cpp:293:63: note: couldn't deduce template parameter ‘_UnaryOperation’
     std::transform(vec.begin(), vec.end(), res.begin(), ::sqrt);
     ^
     In file included from /opt/csw/include/c++/5.2.0/algorithm:62:0,
     from /home/ripley/R/Lib32/Rcpp/include/RcppCommon.h:72,
     from /home/ripley/R/Lib32/RcppGSL/include/RcppGSLForward.h:25,
     from /home/ripley/R/Lib32/RcppGSL/include/RcppGSL.h:25,
     from gsl.cpp:22:
     /opt/csw/include/c++/5.2.0/bits/stl_algo.h:4201:5: note: candidate: template<class _IIter1, class _IIter2, class _OIter, class _BinaryOperation> _OIter std::transform(_IIter1, _IIter1, _IIter2, _OIter, _BinaryOperation)
     transform(_InputIterator1 __first1, _InputIterator1 __last1,
     ^
     /opt/csw/include/c++/5.2.0/bits/stl_algo.h:4201:5: note: template argument deduction/substitution failed:
     gsl.cpp:293:63: note: candidate expects 5 arguments, 4 provided
     std::transform(vec.begin(), vec.end(), res.begin(), ::sqrt);
     ^
     make: Fatal error: Command failed for target `gsl.o'
     Current working directory /tmp/RtmpAMaOZJ/sourceCpp-i386-pc-solaris2.10-0.12.16/sourcecpp_479d699129be
     /opt/csw//bin/g++ -I"/home/ripley/R/gcc/include" -DNDEBUG -I/usr/local/include -I"/home/ripley/R/Lib32/Rcpp/include" -I"/home/ripley/R/Lib32/RcppGSL/include" -I"/home/ripley/R/Lib32/RcppGSL/unitTests/cpp" -I/opt/csw/include -I/usr/local/include -fPIC -O2 -c gsl.cpp -o gsl.o
     *** Error code 1
     Error in sourceCpp(file.path(pathRcppTests, "cpp/gsl.cpp")) :
     Error 1 occurred building shared library.
    
    
     Executing test function test.gsl.vector.wrappers ... gsl.cpp: In function ‘Rcpp::NumericVector test_gsl_vector_iterator_transform(Rcpp::NumericVector)’:
     gsl.cpp:293:63: error: no matching function for call to ‘transform(RcppGSL::vector<double>::iterator, RcppGSL::vector<double>::iterator, Rcpp::Vector<14, Rcpp::PreserveStorage>::iterator, <unresolved overloaded function type>)’
     std::transform(vec.begin(), vec.end(), res.begin(), ::sqrt);
     ^
     In file included from /opt/csw/include/c++/5.2.0/algorithm:62:0,
     from /home/ripley/R/Lib32/Rcpp/include/RcppCommon.h:72,
     from /home/ripley/R/Lib32/RcppGSL/include/RcppGSLForward.h:25,
     from /home/ripley/R/Lib32/RcppGSL/include/RcppGSL.h:25,
     from gsl.cpp:22:
     /opt/csw/include/c++/5.2.0/bits/stl_algo.h:4164:5: note: candidate: template<class _IIter, class _OIter, class _UnaryOperation> _OIter std::transform(_IIter, _IIter, _OIter, _UnaryOperation)
     transform(_InputIterator __first, _InputIterator __last,
     ^
     /opt/csw/include/c++/5.2.0/bits/stl_algo.h:4164:5: note: template argument deduction/substitution failed:
     gsl.cpp:293:63: note: couldn't deduce template parameter ‘_UnaryOperation’
     std::transform(vec.begin(), vec.end(), res.begin(), ::sqrt);
     ^
     In file included from /opt/csw/include/c++/5.2.0/algorithm:62:0,
     from /home/ripley/R/Lib32/Rcpp/include/RcppCommon.h:72,
     from /home/ripley/R/Lib32/RcppGSL/include/RcppGSLForward.h:25,
     from /home/ripley/R/Lib32/RcppGSL/include/RcppGSL.h:25,
     from gsl.cpp:22:
     /opt/csw/include/c++/5.2.0/bits/stl_algo.h:4201:5: note: candidate: template<class _IIter1, class _IIter2, class _OIter, class _BinaryOperation> _OIter std::transform(_IIter1, _IIter1, _IIter2, _OIter, _BinaryOperation)
     transform(_InputIterator1 __first1, _InputIterator1 __last1,
     ^
     /opt/csw/include/c++/5.2.0/bits/stl_algo.h:4201:5: note: template argument deduction/substitution failed:
     gsl.cpp:293:63: note: candidate expects 5 arguments, 4 provided
     std::transform(vec.begin(), vec.end(), res.begin(), ::sqrt);
     ^
     make: Fatal error: Command failed for target `gsl.o'
     Current working directory /tmp/RtmpAMaOZJ/sourceCpp-i386-pc-solaris2.10-0.12.16/sourcecpp_479d699129be
     /opt/csw//bin/g++ -I"/home/ripley/R/gcc/include" -DNDEBUG -I/usr/local/include -I"/home/ripley/R/Lib32/Rcpp/include" -I"/home/ripley/R/Lib32/RcppGSL/include" -I"/home/ripley/R/Lib32/RcppGSL/unitTests/cpp" -I/opt/csw/include -I/usr/local/include -fPIC -O2 -c gsl.cpp -o gsl.o
     *** Error code 1
     Error in sourceCpp(file.path(pathRcppTests, "cpp/gsl.cpp")) :
     Error 1 occurred building shared library.
     RUNIT TEST PROTOCOL -- Mon Apr 16 00:19:38 2018
     ***********************************************
     Number of test functions: 19
     Number of errors: 14
     Number of failures: 0
    
    
     1 Test Suite :
     RcppGSL Unit Tests - 19 test functions, 14 errors, 0 failures
     ERROR in .setUp (before test.gsl.RcppGSL.matrix.indexing): Error executing .setUp before test.gsl.RcppGSL.matrix.indexing : Error in sourceCpp(file.path(pathRcppTests, "cpp/gsl.cpp")) :
     Error 1 occurred building shared library.
     ERROR in .setUp (before test.gsl.RcppGSL.matrix.view.indexing): Error executing .setUp before test.gsl.RcppGSL.matrix.view.indexing : Error in sourceCpp(file.path(pathRcppTests, "cpp/gsl.cpp")) :
     Error 1 occurred building shared library.
     ERROR in .setUp (before test.gsl.RcppGSL.vector): Error executing .setUp before test.gsl.RcppGSL.vector : Error in sourceCpp(file.path(pathRcppTests, "cpp/gsl.cpp")) :
     Error 1 occurred building shared library.
     ERROR in .setUp (before test.gsl.RcppGSL.vector.indexing): Error executing .setUp before test.gsl.RcppGSL.vector.indexing : Error in sourceCpp(file.path(pathRcppTests, "cpp/gsl.cpp")) :
     Error 1 occurred building shared library.
     ERROR in .setUp (before test.gsl.RcppGSL.vector.iterating): Error executing .setUp before test.gsl.RcppGSL.vector.iterating : Error in sourceCpp(file.path(pathRcppTests, "cpp/gsl.cpp")) :
     Error 1 occurred building shared library.
     ERROR in .setUp (before test.gsl.RcppGSL.vector.iterator.transform): Error executing .setUp before test.gsl.RcppGSL.vector.iterator.transform : Error in sourceCpp(file.path(pathRcppTests, "cpp/gsl.cpp")) :
     Error 1 occurred building shared library.
     ERROR in .setUp (before test.gsl.RcppGSL.vector.view.iterating): Error executing .setUp before test.gsl.RcppGSL.vector.view.iterating : Error in sourceCpp(file.path(pathRcppTests, "cpp/gsl.cpp")) :
     Error 1 occurred building shared library.
     ERROR in .setUp (before test.gsl.matrix): Error executing .setUp before test.gsl.matrix : Error in sourceCpp(file.path(pathRcppTests, "cpp/gsl.cpp")) :
     Error 1 occurred building shared library.
     ERROR in .setUp (before test.gsl.matrix.input.SEXP): Error executing .setUp before test.gsl.matrix.input.SEXP : Error in sourceCpp(file.path(pathRcppTests, "cpp/gsl.cpp")) :
     Error 1 occurred building shared library.
     ERROR in .setUp (before test.gsl.matrix.view): Error executing .setUp before test.gsl.matrix.view : Error in sourceCpp(file.path(pathRcppTests, "cpp/gsl.cpp")) :
     Error 1 occurred building shared library.
     ERROR in .setUp (before test.gsl.vector): Error executing .setUp before test.gsl.vector : Error in sourceCpp(file.path(pathRcppTests, "cpp/gsl.cpp")) :
     Error 1 occurred building shared library.
     ERROR in .setUp (before test.gsl.vector.input.SEXP): Error executing .setUp before test.gsl.vector.input.SEXP : Error in sourceCpp(file.path(pathRcppTests, "cpp/gsl.cpp")) :
     Error 1 occurred building shared library.
     ERROR in .setUp (before test.gsl.vector.view): Error executing .setUp before test.gsl.vector.view : Error in sourceCpp(file.path(pathRcppTests, "cpp/gsl.cpp")) :
     Error 1 occurred building shared library.
     ERROR in .setUp (before test.gsl.vector.wrappers): Error executing .setUp before test.gsl.vector.wrappers : Error in sourceCpp(file.path(pathRcppTests, "cpp/gsl.cpp")) :
     Error 1 occurred building shared library.
    
    
    
     Details
     ***************************
     Test Suite: RcppGSL Unit Tests
     Test function regexp: ^[Tt]est.+
     Test file regexp: ^runit.+\.[rR]$
     Involved directory:
     /home/ripley/R/Lib32/RcppGSL/unitTests
     ---------------------------
     Test file: /home/ripley/R/Lib32/RcppGSL/unitTests/runit.client.package.R
     test.client.package: (1 checks) ... OK (64.02 seconds)
     ---------------------------
     Test file: /home/ripley/R/Lib32/RcppGSL/unitTests/runit.fastLm.R
     test.fastLm: (3 checks) ... OK (0.03 seconds)
     test.fastLm.default: (5 checks) ... OK (0.01 seconds)
     test.fastLm.formula: (5 checks) ... OK (0.01 seconds)
     test.summary.fastLm: (12 checks) ... OK (0.15 seconds)
     ---------------------------
     Test file: /home/ripley/R/Lib32/RcppGSL/unitTests/runit.gsl.R
     .setUp (before test.gsl.RcppGSL.matrix.indexing): ERROR !!
     Error executing .setUp before test.gsl.RcppGSL.matrix.indexing : Error in sourceCpp(file.path(pathRcppTests, "cpp/gsl.cpp")) :
     Error 1 occurred building shared library.
     .setUp (before test.gsl.RcppGSL.matrix.view.indexing): ERROR !!
     Error executing .setUp before test.gsl.RcppGSL.matrix.view.indexing : Error in sourceCpp(file.path(pathRcppTests, "cpp/gsl.cpp")) :
     Error 1 occurred building shared library.
     .setUp (before test.gsl.RcppGSL.vector): ERROR !!
     Error executing .setUp before test.gsl.RcppGSL.vector : Error in sourceCpp(file.path(pathRcppTests, "cpp/gsl.cpp")) :
     Error 1 occurred building shared library.
     .setUp (before test.gsl.RcppGSL.vector.indexing): ERROR !!
     Error executing .setUp before test.gsl.RcppGSL.vector.indexing : Error in sourceCpp(file.path(pathRcppTests, "cpp/gsl.cpp")) :
     Error 1 occurred building shared library.
     .setUp (before test.gsl.RcppGSL.vector.iterating): ERROR !!
     Error executing .setUp before test.gsl.RcppGSL.vector.iterating : Error in sourceCpp(file.path(pathRcppTests, "cpp/gsl.cpp")) :
     Error 1 occurred building shared library.
     .setUp (before test.gsl.RcppGSL.vector.iterator.transform): ERROR !!
     Error executing .setUp before test.gsl.RcppGSL.vector.iterator.transform : Error in sourceCpp(file.path(pathRcppTests, "cpp/gsl.cpp")) :
     Error 1 occurred building shared library.
     .setUp (before test.gsl.RcppGSL.vector.view.iterating): ERROR !!
     Error executing .setUp before test.gsl.RcppGSL.vector.view.iterating : Error in sourceCpp(file.path(pathRcppTests, "cpp/gsl.cpp")) :
     Error 1 occurred building shared library.
     .setUp (before test.gsl.matrix): ERROR !!
     Error executing .setUp before test.gsl.matrix : Error in sourceCpp(file.path(pathRcppTests, "cpp/gsl.cpp")) :
     Error 1 occurred building shared library.
     .setUp (before test.gsl.matrix.input.SEXP): ERROR !!
     Error executing .setUp before test.gsl.matrix.input.SEXP : Error in sourceCpp(file.path(pathRcppTests, "cpp/gsl.cpp")) :
     Error 1 occurred building shared library.
     .setUp (before test.gsl.matrix.view): ERROR !!
     Error executing .setUp before test.gsl.matrix.view : Error in sourceCpp(file.path(pathRcppTests, "cpp/gsl.cpp")) :
     Error 1 occurred building shared library.
     .setUp (before test.gsl.vector): ERROR !!
     Error executing .setUp before test.gsl.vector : Error in sourceCpp(file.path(pathRcppTests, "cpp/gsl.cpp")) :
     Error 1 occurred building shared library.
     .setUp (before test.gsl.vector.input.SEXP): ERROR !!
     Error executing .setUp before test.gsl.vector.input.SEXP : Error in sourceCpp(file.path(pathRcppTests, "cpp/gsl.cpp")) :
     Error 1 occurred building shared library.
     .setUp (before test.gsl.vector.view): ERROR !!
     Error executing .setUp before test.gsl.vector.view : Error in sourceCpp(file.path(pathRcppTests, "cpp/gsl.cpp")) :
     Error 1 occurred building shared library.
     .setUp (before test.gsl.vector.wrappers): ERROR !!
     Error executing .setUp before test.gsl.vector.wrappers : Error in sourceCpp(file.path(pathRcppTests, "cpp/gsl.cpp")) :
     Error 1 occurred building shared library.
     Error: TEST HAD ERRORS!
     Execution halted
Flavor: r-patched-solaris-x86

Version: 0.3.3
Check: re-building of vignette outputs
Result: WARN
    Error in re-building vignettes:
     ...
    Warning in engine$weave(file, quiet = quiet, encoding = enc) :
     Pandoc (>= 1.12.3) and/or pandoc-citeproc not available. Falling back to R Markdown v1.
    Loading required package: RcppGSL
Flavor: r-patched-solaris-x86

Version: 0.3.3
Check: re-building of vignette outputs
Result: WARN
    Error in re-building vignettes:
     ...
    In file included from /home/hornik/tmp/R.check/r-release-gcc/Work/build/Packages/RcppGSL/include/RcppGSLForward.h:104:0,
     from /home/hornik/tmp/R.check/r-release-gcc/Work/build/Packages/RcppGSL/include/RcppGSL.h:25,
     from file202758b318b7.cpp:3:
    /home/hornik/tmp/R.check/r-release-gcc/Work/build/Packages/RcppGSL/include/RcppGSL_types.h:255:19: warning: dynamic exception specifications are deprecated in C++11 [-Wdeprecated]
     vector(SEXP x) throw(::Rcpp::not_compatible) : \
     ^
    /home/hornik/tmp/R.check/r-release-gcc/Work/build/Packages/RcppGSL/include/RcppGSLForward.h:106:5: note: in expansion of macro ‘_RCPPGSL_SPEC_NOSUFFIX’
     _RCPPGSL_SPEC_NOSUFFIX(double , double )
     ^~~~~~~~~~~~~~~~~~~~~~
    /home/hornik/tmp/R.check/r-release-gcc/Work/build/Packages/RcppGSL/include/RcppGSL_types.h:341:19: warning: dynamic exception specifications are deprecated in C++11 [-Wdeprecated]
     matrix(SEXP x) throw(::Rcpp::not_compatible) : \
     ^
    /home/hornik/tmp/R.check/r-release-gcc/Work/build/Packages/RcppGSL/include/RcppGSLForward.h:106:5: note: in expansion of macro ‘_RCPPGSL_SPEC_NOSUFFIX’
     _RCPPGSL_SPEC_NOSUFFIX(double , double )
     ^~~~~~~~~~~~~~~~~~~~~~
    /home/hornik/tmp/R.check/r-release-gcc/Work/build/Packages/RcppGSL/include/RcppGSL_types.h:373:31: warning: dynamic exception specifications are deprecated in C++11 [-Wdeprecated]
     inline void import(SEXP x) throw(::Rcpp::not_compatible); \
     ^
    /home/hornik/tmp/R.check/r-release-gcc/Work/build/Packages/RcppGSL/include/RcppGSLForward.h:106:5: note: in expansion of macro ‘_RCPPGSL_SPEC_NOSUFFIX’
     _RCPPGSL_SPEC_NOSUFFIX(double , double )
     ^~~~~~~~~~~~~~~~~~~~~~
    /home/hornik/tmp/R.check/r-release-gcc/Work/build/Packages/RcppGSL/include/RcppGSL_types.h:79:20: warning: dynamic exception specifications are deprecated in C++11 [-Wdeprecated]
     vector(SEXP x) throw(::Rcpp::not_compatible) : \
     ^
    /home/hornik/tmp/R.check/r-release-gcc/Work/build/Packages/RcppGSL/include/RcppGSLForward.h:107:5: note: in expansion of macro ‘_RCPPGSL_SPEC’
     _RCPPGSL_SPEC(float , _float , float )
     ^~~~~~~~~~~~~
    /home/hornik/tmp/R.check/r-release-gcc/Work/build/Packages/RcppGSL/include/RcppGSL_types.h:166:19: warning: dynamic exception specifications are deprecated in C++11 [-Wdeprecated]
     matrix(SEXP x) throw(::Rcpp::not_compatible) : \
     ^
    /home/hornik/tmp/R.check/r-release-gcc/Work/build/Packages/RcppGSL/include/RcppGSLForward.h:107:5: note: in expansion of macro ‘_RCPPGSL_SPEC’
     _RCPPGSL_SPEC(float , _float , float )
     ^~~~~~~~~~~~~
    /home/hornik/tmp/R.check/r-release-gcc/Work/build/Packages/RcppGSL/include/RcppGSL_types.h:199:31: warning: dynamic exception specifications are deprecated in C++11 [-Wdeprecated]
     inline void import(SEXP x) throw(::Rcpp::not_compatible); \
     ^
    /home/hornik/tmp/R.check/r-release-gcc/Work/build/Packages/RcppGSL/include/RcppGSLForward.h:107:5: note: in expansion of macro ‘_RCPPGSL_SPEC’
     _RCPPGSL_SPEC(float , _float , float )
     ^~~~~~~~~~~~~
    /home/hornik/tmp/R.check/r-release-gcc/Work/build/Packages/RcppGSL/include/RcppGSL_types.h:79:20: warning: dynamic exception specifications are deprecated in C++11 [-Wdeprecated]
     vector(SEXP x) throw(::Rcpp::not_compatible) : \
     ^
    /home/hornik/tmp/R.check/r-release-gcc/Work/build/Packages/RcppGSL/include/RcppGSLForward.h:108:5: note: in expansion of macro ‘_RCPPGSL_SPEC’
     _RCPPGSL_SPEC(int , _int , int )
     ^~~~~~~~~~~~~
    /home/hornik/tmp/R.check/r-release-gcc/Work/build/Packages/RcppGSL/include/RcppGSL_types.h:166:19: warning: dynamic exception specifications are deprecated in C++11 [-Wdeprecated]
     matrix(SEXP x) throw(::Rcpp::not_compatible) : \
     ^
    /home/hornik/tmp/R.check/r-release-gcc/Work/build/Packages/RcppGSL/include/RcppGSLForward.h:108:5: note: in expansion of macro ‘_RCPPGSL_SPEC’
     _RCPPGSL_SPEC(int , _int , int )
     ^~~~~~~~~~~~~
    /home/hornik/tmp/R.check/r-release-gcc/Work/build/Packages/RcppGSL/include/RcppGSL_types.h:199:31: warning: dynamic exception specifications are deprecated in C++11 [-Wdeprecated]
     inline void import(SEXP x) throw(::Rcpp::not_compatible); \
     ^
    /home/hornik/tmp/R.check/r-release-gcc/Work/build/Packages/RcppGSL/include/RcppGSLForward.h:108:5: note: in expansion of macro ‘_RCPPGSL_SPEC’
     _RCPPGSL_SPEC(int , _int , int )
     ^~~~~~~~~~~~~
    /home/hornik/tmp/R.check/r-release-gcc/Work/build/Packages/RcppGSL/include/RcppGSL_types.h:79:20: warning: dynamic exception specifications are deprecated in C++11 [-Wdeprecated]
     vector(SEXP x) throw(::Rcpp::not_compatible) : \
     ^
    /home/hornik/tmp/R.check/r-release-gcc/Work/build/Packages/RcppGSL/include/RcppGSLForward.h:110:5: note: in expansion of macro ‘_RCPPGSL_SPEC’
     _RCPPGSL_SPEC(long double , _long_double , long double )
     ^~~~~~~~~~~~~
    /home/hornik/tmp/R.check/r-release-gcc/Work/build/Packages/RcppGSL/include/RcppGSL_types.h:166:19: warning: dynamic exception specifications are deprecated in C++11 [-Wdeprecated]
     matrix(SEXP x) throw(::Rcpp::not_compatible) : \
     ^
    /home/hornik/tmp/R.check/r-release-gcc/Work/build/Packages/RcppGSL/include/RcppGSLForward.h:110:5: note: in expansion of macro ‘_RCPPGSL_SPEC’
     _RCPPGSL_SPEC(long double , _long_double , long double )
     ^~~~~~~~~~~~~
    /home/hornik/tmp/R.check/r-release-gcc/Work/build/Packages/RcppGSL/include/RcppGSL_types.h:199:31: warning: dynamic exception specifications are deprecated in C++11 [-Wdeprecated]
     inline void import(SEXP x) throw(::Rcpp::not_compatible); \
     ^
    /home/hornik/tmp/R.check/r-release-gcc/Work/build/Packages/RcppGSL/include/RcppGSLForward.h:110:5: note: in expansion of macro ‘_RCPPGSL_SPEC’
     _RCPPGSL_SPEC(long double , _long_double , long double )
     ^~~~~~~~~~~~~
    /home/hornik/tmp/R.check/r-release-gcc/Work/build/Packages/RcppGSL/include/RcppGSL_types.h:79:20: warning: dynamic exception specifications are deprecated in C++11 [-Wdeprecated]
     vector(SEXP x) throw(::Rcpp::not_compatible) : \
     ^
    /home/hornik/tmp/R.check/r-release-gcc/Work/build/Packages/RcppGSL/include/RcppGSLForward.h:111:5: note: in expansion of macro ‘_RCPPGSL_SPEC’
     _RCPPGSL_SPEC(short , _short , short )
     ^~~~~~~~~~~~~
    /home/hornik/tmp/R.check/r-release-gcc/Work/build/Packages/RcppGSL/include/RcppGSL_types.h:166:19: warning: dynamic exception specifications are deprecated in C++11 [-Wdeprecated]
     matrix(SEXP x) throw(::Rcpp::not_compatible) : \
     ^
    /home/hornik/tmp/R.check/r-release-gcc/Work/build/Packages/RcppGSL/include/RcppGSLForward.h:111:5: note: in expansion of macro ‘_RCPPGSL_SPEC’
     _RCPPGSL_SPEC(short , _short , short )
     ^~~~~~~~~~~~~
    /home/hornik/tmp/R.check/r-release-gcc/Work/build/Packages/RcppGSL/include/RcppGSL_types.h:199:31: warning: dynamic exception specifications are deprecated in C++11 [-Wdeprecated]
     inline void import(SEXP x) throw(::Rcpp::not_compatible); \
     ^
    /home/hornik/tmp/R.check/r-release-gcc/Work/build/Packages/RcppGSL/include/RcppGSLForward.h:111:5: note: in expansion of macro ‘_RCPPGSL_SPEC’
     _RCPPGSL_SPEC(short , _short , short )
     ^~~~~~~~~~~~~
    /home/hornik/tmp/R.check/r-release-gcc/Work/build/Packages/RcppGSL/include/RcppGSL_types.h:79:20: warning: dynamic exception specifications are deprecated in C++11 [-Wdeprecated]
     vector(SEXP x) throw(::Rcpp::not_compatible) : \
     ^
    /home/hornik/tmp/R.check/r-release-gcc/Work/build/Packages/RcppGSL/include/RcppGSLForward.h:112:5: note: in expansion of macro ‘_RCPPGSL_SPEC’
     _RCPPGSL_SPEC(unsigned char , _uchar , unsigned char )
     ^~~~~~~~~~~~~
    /home/hornik/tmp/R.check/r-release-gcc/Work/build/Packages/RcppGSL/include/RcppGSL_types.h:166:19: warning: dynamic exception specifications are deprecated in C++11 [-Wdeprecated]
     matrix(SEXP x) throw(::Rcpp::not_compatible) : \
     ^
    /home/hornik/tmp/R.check/r-release-gcc/Work/build/Packages/RcppGSL/include/RcppGSLForward.h:112:5: note: in expansion of macro ‘_RCPPGSL_SPEC’
     _RCPPGSL_SPEC(unsigned char , _uchar , unsigned char )
     ^~~~~~~~~~~~~
    /home/hornik/tmp/R.check/r-release-gcc/Work/build/Packages/RcppGSL/include/RcppGSL_types.h:199:31: warning: dynamic exception specifications are deprecated in C++11 [-Wdeprecated]
     inline void import(SEXP x) throw(::Rcpp::not_compatible); \
     ^
    /home/hornik/tmp/R.check/r-release-gcc/Work/build/Packages/RcppGSL/include/RcppGSLForward.h:112:5: note: in expansion of macro ‘_RCPPGSL_SPEC’
     _RCPPGSL_SPEC(unsigned char , _uchar , unsigned char )
     ^~~~~~~~~~~~~
    /home/hornik/tmp/R.check/r-release-gcc/Work/build/Packages/RcppGSL/include/RcppGSL_types.h:79:20: warning: dynamic exception specifications are deprecated in C++11 [-Wdeprecated]
     vector(SEXP x) throw(::Rcpp::not_compatible) : \
     ^
    /home/hornik/tmp/R.check/r-release-gcc/Work/build/Packages/RcppGSL/include/RcppGSLForward.h:113:5: note: in expansion of macro ‘_RCPPGSL_SPEC’
     _RCPPGSL_SPEC(unsigned int , _uint , unsigned int )
     ^~~~~~~~~~~~~
    /home/hornik/tmp/R.check/r-release-gcc/Work/build/Packages/RcppGSL/include/RcppGSL_types.h:166:19: warning: dynamic exception specifications are deprecated in C++11 [-Wdeprecated]
     matrix(SEXP x) throw(::Rcpp::not_compatible) : \
     ^
    /home/hornik/tmp/R.check/r-release-gcc/Work/build/Packages/RcppGSL/include/RcppGSLForward.h:113:5: note: in expansion of macro ‘_RCPPGSL_SPEC’
     _RCPPGSL_SPEC(unsigned int , _uint , unsigned int )
     ^~~~~~~~~~~~~
    /home/hornik/tmp/R.check/r-release-gcc/Work/build/Packages/RcppGSL/include/RcppGSL_types.h:199:31: warning: dynamic exception specifications are deprecated in C++11 [-Wdeprecated]
     inline void import(SEXP x) throw(::Rcpp::not_compatible); \
     ^
    /home/hornik/tmp/R.check/r-release-gcc/Work/build/Packages/RcppGSL/include/RcppGSLForward.h:113:5: note: in expansion of macro ‘_RCPPGSL_SPEC’
     _RCPPGSL_SPEC(unsigned int , _uint , unsigned int )
     ^~~~~~~~~~~~~
    /home/hornik/tmp/R.check/r-release-gcc/Work/build/Packages/RcppGSL/include/RcppGSL_types.h:79:20: warning: dynamic exception specifications are deprecated in C++11 [-Wdeprecated]
     vector(SEXP x) throw(::Rcpp::not_compatible) : \
     ^
    /home/hornik/tmp/R.check/r-release-gcc/Work/build/Packages/RcppGSL/include/RcppGSLForward.h:114:5: note: in expansion of macro ‘_RCPPGSL_SPEC’
     _RCPPGSL_SPEC(unsigned short , _ushort , unsigned short )
     ^~~~~~~~~~~~~
    /home/hornik/tmp/R.check/r-release-gcc/Work/build/Packages/RcppGSL/include/RcppGSL_types.h:166:19: warning: dynamic exception specifications are deprecated in C++11 [-Wdeprecated]
     matrix(SEXP x) throw(::Rcpp::not_compatible) : \
     ^
    /home/hornik/tmp/R.check/r-release-gcc/Work/build/Packages/RcppGSL/include/RcppGSLForward.h:114:5: note: in expansion of macro ‘_RCPPGSL_SPEC’
     _RCPPGSL_SPEC(unsigned short , _ushort , unsigned short )
     ^~~~~~~~~~~~~
    /home/hornik/tmp/R.check/r-release-gcc/Work/build/Packages/RcppGSL/include/RcppGSL_types.h:199:31: warning: dynamic exception specifications are deprecated in C++11 [-Wdeprecated]
     inline void import(SEXP x) throw(::Rcpp::not_compatible); \
     ^
    /home/hornik/tmp/R.check/r-release-gcc/Work/build/Packages/RcppGSL/include/RcppGSLForward.h:114:5: note: in expansion of macro ‘_RCPPGSL_SPEC’
     _RCPPGSL_SPEC(unsigned short , _ushort , unsigned short )
     ^~~~~~~~~~~~~
    /home/hornik/tmp/R.check/r-release-gcc/Work/build/Packages/RcppGSL/include/RcppGSL_types.h:79:20: warning: dynamic exception specifications are deprecated in C++11 [-Wdeprecated]
     vector(SEXP x) throw(::Rcpp::not_compatible) : \
     ^
    /home/hornik/tmp/R.check/r-release-gcc/Work/build/Packages/RcppGSL/include/RcppGSLForward.h:116:5: note: in expansion of macro ‘_RCPPGSL_SPEC’
     _RCPPGSL_SPEC(char , _char , unsigned char )
     ^~~~~~~~~~~~~
    /home/hornik/tmp/R.check/r-release-gcc/Work/build/Packages/RcppGSL/include/RcppGSL_types.h:166:19: warning: dynamic exception specifications are deprecated in C++11 [-Wdeprecated]
     matrix(SEXP x) throw(::Rcpp::not_compatible) : \
     ^
    /home/hornik/tmp/R.check/r-release-gcc/Work/build/Packages/RcppGSL/include/RcppGSLForward.h:116:5: note: in expansion of macro ‘_RCPPGSL_SPEC’
     _RCPPGSL_SPEC(char , _char , unsigned char )
     ^~~~~~~~~~~~~
    /home/hornik/tmp/R.check/r-release-gcc/Work/build/Packages/RcppGSL/include/RcppGSL_types.h:199:31: warning: dynamic exception specifications are deprecated in C++11 [-Wdeprecated]
     inline void import(SEXP x) throw(::Rcpp::not_compatible); \
     ^
    /home/hornik/tmp/R.check/r-release-gcc/Work/build/Packages/RcppGSL/include/RcppGSLForward.h:116:5: note: in expansion of macro ‘_RCPPGSL_SPEC’
     _RCPPGSL_SPEC(char , _char , unsigned char )
     ^~~~~~~~~~~~~
    /home/hornik/tmp/R.check/r-release-gcc/Work/build/Packages/RcppGSL/include/RcppGSL_types.h:79:20: warning: dynamic exception specifications are deprecated in C++11 [-Wdeprecated]
     vector(SEXP x) throw(::Rcpp::not_compatible) : \
     ^
    /home/hornik/tmp/R.check/r-release-gcc/Work/build/Packages/RcppGSL/include/RcppGSLForward.h:117:5: note: in expansion of macro ‘_RCPPGSL_SPEC’
     _RCPPGSL_SPEC(gsl_complex , _complex , gsl_complex )
     ^~~~~~~~~~~~~
    /home/hornik/tmp/R.check/r-release-gcc/Work/build/Packages/RcppGSL/include/RcppGSL_types.h:166:19: warning: dynamic exception specifications are deprecated in C++11 [-Wdeprecated]
     matrix(SEXP x) throw(::Rcpp::not_compatible) : \
     ^
    /home/hornik/tmp/R.check/r-release-gcc/Work/build/Packages/RcppGSL/include/RcppGSLForward.h:117:5: note: in expansion of macro ‘_RCPPGSL_SPEC’
     _RCPPGSL_SPEC(gsl_complex , _complex , gsl_complex )
     ^~~~~~~~~~~~~
    /home/hornik/tmp/R.check/r-release-gcc/Work/build/Packages/RcppGSL/include/RcppGSL_types.h:199:31: warning: dynamic exception specifications are deprecated in C++11 [-Wdeprecated]
     inline void import(SEXP x) throw(::Rcpp::not_compatible); \
     ^
    /home/hornik/tmp/R.check/r-release-gcc/Work/build/Packages/RcppGSL/include/RcppGSLForward.h:117:5: note: in expansion of macro ‘_RCPPGSL_SPEC’
     _RCPPGSL_SPEC(gsl_complex , _complex , gsl_complex )
     ^~~~~~~~~~~~~
    /home/hornik/tmp/R.check/r-release-gcc/Work/build/Packages/RcppGSL/include/RcppGSL_types.h:79:20: warning: dynamic exception specifications are deprecated in C++11 [-Wdeprecated]
     vector(SEXP x) throw(::Rcpp::not_compatible) : \
     ^
    /home/hornik/tmp/R.check/r-release-gcc/Work/build/Packages/RcppGSL/include/RcppGSLForward.h:118:5: note: in expansion of macro ‘_RCPPGSL_SPEC’
     _RCPPGSL_SPEC(gsl_complex_float , _complex_float , gsl_complex_float )
     ^~~~~~~~~~~~~
    /home/hornik/tmp/R.check/r-release-gcc/Work/build/Packages/RcppGSL/include/RcppGSL_types.h:166:19: warning: dynamic exception specifications are deprecated in C++11 [-Wdeprecated]
     matrix(SEXP x) throw(::Rcpp::not_compatible) : \
     ^
    /home/hornik/tmp/R.check/r-release-gcc/Work/build/Packages/RcppGSL/include/RcppGSLForward.h:118:5: note: in expansion of macro ‘_RCPPGSL_SPEC’
     _RCPPGSL_SPEC(gsl_complex_float , _complex_float , gsl_complex_float )
     ^~~~~~~~~~~~~
    /home/hornik/tmp/R.check/r-release-gcc/Work/build/Packages/RcppGSL/include/RcppGSL_types.h:199:31: warning: dynamic exception specifications are deprecated in C++11 [-Wdeprecated]
     inline void import(SEXP x) throw(::Rcpp::not_compatible); \
     ^
    /home/hornik/tmp/R.check/r-release-gcc/Work/build/Packages/RcppGSL/include/RcppGSLForward.h:118:5: note: in expansion of macro ‘_RCPPGSL_SPEC’
     _RCPPGSL_SPEC(gsl_complex_float , _complex_float , gsl_complex_float )
     ^~~~~~~~~~~~~
    /home/hornik/tmp/R.check/r-release-gcc/Work/build/Packages/RcppGSL/include/RcppGSL_types.h:79:20: warning: dynamic exception specifications are deprecated in C++11 [-Wdeprecated]
     vector(SEXP x) throw(::Rcpp::not_compatible) : \
     ^
    /home/hornik/tmp/R.check/r-release-gcc/Work/build/Packages/RcppGSL/include/RcppGSLForward.h:119:5: note: in expansion of macro ‘_RCPPGSL_SPEC’
     _RCPPGSL_SPEC(gsl_complex_long_double , _complex_long_double , gsl_complex_long_double)
     ^~~~~~~~~~~~~
    /home/hornik/tmp/R.check/r-release-gcc/Work/build/Packages/RcppGSL/include/RcppGSL_types.h:166:19: warning: dynamic exception specifications are deprecated in C++11 [-Wdeprecated]
     matrix(SEXP x) throw(::Rcpp::not_compatible) : \
     ^
    /home/hornik/tmp/R.check/r-release-gcc/Work/build/Packages/RcppGSL/include/RcppGSLForward.h:119:5: note: in expansion of macro ‘_RCPPGSL_SPEC’
     _RCPPGSL_SPEC(gsl_complex_long_double , _complex_long_double , gsl_complex_long_double)
     ^~~~~~~~~~~~~
    /home/hornik/tmp/R.check/r-release-gcc/Work/build/Packages/RcppGSL/include/RcppGSL_types.h:199:31: warning: dynamic exception specifications are deprecated in C++11 [-Wdeprecated]
     inline void import(SEXP x) throw(::Rcpp::not_compatible); \
     ^
    /home/hornik/tmp/R.check/r-release-gcc/Work/build/Packages/RcppGSL/include/RcppGSLForward.h:119:5: note: in expansion of macro ‘_RCPPGSL_SPEC’
     _RCPPGSL_SPEC(gsl_complex_long_double , _complex_long_double , gsl_complex_long_double)
     ^~~~~~~~~~~~~
    In file included from /home/hornik/tmp/R.check/r-release-gcc/Work/build/Packages/RcppGSL/include/RcppGSL.h:30:0,
     from file202758b318b7.cpp:3:
    /home/hornik/tmp/R.check/r-release-gcc/Work/build/Packages/RcppGSL/include/RcppGSL_matrix.h:135:48: warning: dynamic exception specifications are deprecated in C++11 [-Wdeprecated]
     inline void matrix<double>::import(SEXP x) throw(::Rcpp::not_compatible) {
     ^~~~~
    /home/hornik/tmp/R.check/r-release-gcc/Work/build/Packages/RcppGSL/include/RcppGSL_matrix.h:103:47: warning: dynamic exception specifications are deprecated in C++11 [-Wdeprecated]
     inline void matrix<__T__>::import(SEXP x) throw(::Rcpp::not_compatible) { \
     ^
    /home/hornik/tmp/R.check/r-release-gcc/Work/build/Packages/RcppGSL/include/RcppGSL_matrix.h:103:47: note: in definition of macro ‘_RCPPGSL_DEF’
     inline void matrix<__T__>::import(SEXP x) throw(::Rcpp::not_compatible) { \
     ^~~~~
    /home/hornik/tmp/R.check/r-release-gcc/Work/build/Packages/RcppGSL/include/RcppGSL_matrix.h:103:47: warning: dynamic exception specifications are deprecated in C++11 [-Wdeprecated]
     inline void matrix<__T__>::import(SEXP x) throw(::Rcpp::not_compatible) { \
     ^
    /home/hornik/tmp/R.check/r-release-gcc/Work/build/Packages/RcppGSL/include/RcppGSL_matrix.h:103:47: note: in definition of macro ‘_RCPPGSL_DEF’
     inline void matrix<__T__>::import(SEXP x) throw(::Rcpp::not_compatible) { \
     ^~~~~
    /home/hornik/tmp/R.check/r-release-gcc/Work/build/Packages/RcppGSL/include/RcppGSL_matrix.h:119:47: warning: dynamic exception specifications are deprecated in C++11 [-Wdeprecated]
     inline void matrix<__T__>::import(SEXP x) throw(::Rcpp::not_compatible) { \
     ^
    /home/hornik/tmp/R.check/r-release-gcc/Work/build/Packages/RcppGSL/include/RcppGSL_matrix.h:119:47: note: in definition of macro ‘_RCPPGSL_DEF_CAST’
     inline void matrix<__T__>::import(SEXP x) throw(::Rcpp::not_compatible) { \
     ^~~~~
    /home/hornik/tmp/R.check/r-release-gcc/Work/build/Packages/RcppGSL/include/RcppGSL_matrix.h:119:47: warning: dynamic exception specifications are deprecated in C++11 [-Wdeprecated]
     inline void matrix<__T__>::import(SEXP x) throw(::Rcpp::not_compatible) { \
     ^
    /home/hornik/tmp/R.check/r-release-gcc/Work/build/Packages/RcppGSL/include/RcppGSL_matrix.h:119:47: note: in definition of macro ‘_RCPPGSL_DEF_CAST’
     inline void matrix<__T__>::import(SEXP x) throw(::Rcpp::not_compatible) { \
     ^~~~~
    /home/hornik/tmp/R.check/r-release-gcc/Work/build/Packages/RcppGSL/include/RcppGSL_matrix.h:119:47: warning: dynamic exception specifications are deprecated in C++11 [-Wdeprecated]
     inline void matrix<__T__>::import(SEXP x) throw(::Rcpp::not_compatible) { \
     ^
    /home/hornik/tmp/R.check/r-release-gcc/Work/build/Packages/RcppGSL/include/RcppGSL_matrix.h:119:47: note: in definition of macro ‘_RCPPGSL_DEF_CAST’
     inline void matrix<__T__>::import(SEXP x) throw(::Rcpp::not_compatible) { \
     ^~~~~
    /home/hornik/tmp/R.check/r-release-gcc/Work/build/Packages/RcppGSL/include/RcppGSL_matrix.h:119:47: warning: dynamic exception specifications are deprecated in C++11 [-Wdeprecated]
     inline void matrix<__T__>::import(SEXP x) throw(::Rcpp::not_compatible) { \
     ^
    /home/hornik/tmp/R.check/r-release-gcc/Work/build/Packages/RcppGSL/include/RcppGSL_matrix.h:119:47: note: in definition of macro ‘_RCPPGSL_DEF_CAST’
     inline void matrix<__T__>::import(SEXP x) throw(::Rcpp::not_compatible) { \
     ^~~~~
    /home/hornik/tmp/R.check/r-release-gcc/Work/build/Packages/RcppGSL/include/RcppGSL_matrix.h:119:47: warning: dynamic exception specifications are deprecated in C++11 [-Wdeprecated]
     inline void matrix<__T__>::import(SEXP x) throw(::Rcpp::not_compatible) { \
     ^
    /home/hornik/tmp/R.check/r-release-gcc/Work/build/Packages/RcppGSL/include/RcppGSL_matrix.h:119:47: note: in definition of macro ‘_RCPPGSL_DEF_CAST’
     inline void matrix<__T__>::import(SEXP x) throw(::Rcpp::not_compatible) { \
     ^~~~~
    /home/hornik/tmp/R.check/r-release-gcc/Work/build/Packages/RcppGSL/include/RcppGSL_matrix.h:119:47: warning: dynamic exception specifications are deprecated in C++11 [-Wdeprecated]
     inline void matrix<__T__>::import(SEXP x) throw(::Rcpp::not_compatible) { \
     ^
    /home/hornik/tmp/R.check/r-release-gcc/Work/build/Packages/RcppGSL/include/RcppGSL_matrix.h:119:47: note: in definition of macro ‘_RCPPGSL_DEF_CAST’
     inline void matrix<__T__>::import(SEXP x) throw(::Rcpp::not_compatible) { \
     ^~~~~
    /home/hornik/tmp/R.check/r-release-gcc/Work/build/Packages/RcppGSL/include/RcppGSL_matrix.h:119:47: warning: dynamic exception specifications are deprecated in C++11 [-Wdeprecated]
     inline void matrix<__T__>::import(SEXP x) throw(::Rcpp::not_compatible) { \
     ^
    /home/hornik/tmp/R.check/r-release-gcc/Work/build/Packages/RcppGSL/include/RcppGSL_matrix.h:119:47: note: in definition of macro ‘_RCPPGSL_DEF_CAST’
     inline void matrix<__T__>::import(SEXP x) throw(::Rcpp::not_compatible) { \
     ^~~~~
    /home/hornik/tmp/R.check/r-release-gcc/Work/build/Packages/RcppGSL/include/RcppGSL_matrix.h:119:47: warning: dynamic exception specifications are deprecated in C++11 [-Wdeprecated]
     inline void matrix<__T__>::import(SEXP x) throw(::Rcpp::not_compatible) { \
     ^
    /home/hornik/tmp/R.check/r-release-gcc/Work/build/Packages/RcppGSL/include/RcppGSL_matrix.h:119:47: note: in definition of macro ‘_RCPPGSL_DEF_CAST’
     inline void matrix<__T__>::import(SEXP x) throw(::Rcpp::not_compatible) { \
     ^~~~~
    /home/hornik/tmp/R.check/r-release-gcc/Work/build/Packages/RcppGSL/include/RcppGSL_matrix.h:163:46: warning: dynamic exception specifications are deprecated in C++11 [-Wdeprecated]
     inline void matrix<char>::import(SEXP x) throw(::Rcpp::not_compatible) {
     ^~~~~
    In file included from /home/hornik/tmp/R.check/r-release-gcc/Work/build/Packages/RcppGSL/include/RcppGSLForward.h:104:0,
     from /home/hornik/tmp/R.check/r-release-gcc/Work/build/Packages/RcppGSL/include/RcppGSL.h:25,
     from file202752a04387.cpp:3:
    /home/hornik/tmp/R.check/r-release-gcc/Work/build/Packages/RcppGSL/include/RcppGSL_types.h:255:19: warning: dynamic exception specifications are deprecated in C++11 [-Wdeprecated]
     vector(SEXP x) throw(::Rcpp::not_compatible) : \
     ^
    /home/hornik/tmp/R.check/r-release-gcc/Work/build/Packages/RcppGSL/include/RcppGSLForward.h:106:5: note: in expansion of macro ‘_RCPPGSL_SPEC_NOSUFFIX’
     _RCPPGSL_SPEC_NOSUFFIX(double , double )
     ^~~~~~~~~~~~~~~~~~~~~~
    /home/hornik/tmp/R.check/r-release-gcc/Work/build/Packages/RcppGSL/include/RcppGSL_types.h:341:19: warning: dynamic exception specifications are deprecated in C++11 [-Wdeprecated]
     matrix(SEXP x) throw(::Rcpp::not_compatible) : \
     ^
    /home/hornik/tmp/R.check/r-release-gcc/Work/build/Packages/RcppGSL/include/RcppGSLForward.h:106:5: note: in expansion of macro ‘_RCPPGSL_SPEC_NOSUFFIX’
     _RCPPGSL_SPEC_NOSUFFIX(double , double )
     ^~~~~~~~~~~~~~~~~~~~~~
    /home/hornik/tmp/R.check/r-release-gcc/Work/build/Packages/RcppGSL/include/RcppGSL_types.h:373:31: warning: dynamic exception specifications are deprecated in C++11 [-Wdeprecated]
     inline void import(SEXP x) throw(::Rcpp::not_compatible); \
     ^
    /home/hornik/tmp/R.check/r-release-gcc/Work/build/Packages/RcppGSL/include/RcppGSLForward.h:106:5: note: in expansion of macro ‘_RCPPGSL_SPEC_NOSUFFIX’
     _RCPPGSL_SPEC_NOSUFFIX(double , double )
     ^~~~~~~~~~~~~~~~~~~~~~
    /home/hornik/tmp/R.check/r-release-gcc/Work/build/Packages/RcppGSL/include/RcppGSL_types.h:79:20: warning: dynamic exception specifications are deprecated in C++11 [-Wdeprecated]
     vector(SEXP x) throw(::Rcpp::not_compatible) : \
     ^
    /home/hornik/tmp/R.check/r-release-gcc/Work/build/Packages/RcppGSL/include/RcppGSLForward.h:107:5: note: in expansion of macro ‘_RCPPGSL_SPEC’
     _RCPPGSL_SPEC(float , _float , float )
     ^~~~~~~~~~~~~
    /home/hornik/tmp/R.check/r-release-gcc/Work/build/Packages/RcppGSL/include/RcppGSL_types.h:166:19: warning: dynamic exception specifications are deprecated in C++11 [-Wdeprecated]
     matrix(SEXP x) throw(::Rcpp::not_compatible) : \
     ^
    /home/hornik/tmp/R.check/r-release-gcc/Work/build/Packages/RcppGSL/include/RcppGSLForward.h:107:5: note: in expansion of macro ‘_RCPPGSL_SPEC’
     _RCPPGSL_SPEC(float , _float , float )
     ^~~~~~~~~~~~~
    /home/hornik/tmp/R.check/r-release-gcc/Work/build/Packages/RcppGSL/include/RcppGSL_types.h:199:31: warning: dynamic exception specifications are deprecated in C++11 [-Wdeprecated]
     inline void import(SEXP x) throw(::Rcpp::not_compatible); \
     ^
    /home/hornik/tmp/R.check/r-release-gcc/Work/build/Packages/RcppGSL/include/RcppGSLForward.h:107:5: note: in expansion of macro ‘_RCPPGSL_SPEC’
     _RCPPGSL_SPEC(float , _float , float )
     ^~~~~~~~~~~~~
    /home/hornik/tmp/R.check/r-release-gcc/Work/build/Packages/RcppGSL/include/RcppGSL_types.h:79:20: warning: dynamic exception specifications are deprecated in C++11 [-Wdeprecated]
     vector(SEXP x) throw(::Rcpp::not_compatible) : \
     ^
    /home/hornik/tmp/R.check/r-release-gcc/Work/build/Packages/RcppGSL/include/RcppGSLForward.h:108:5: note: in expansion of macro ‘_RCPPGSL_SPEC’
     _RCPPGSL_SPEC(int , _int , int )
     ^~~~~~~~~~~~~
    /home/hornik/tmp/R.check/r-release-gcc/Work/build/Packages/RcppGSL/include/RcppGSL_types.h:166:19: warning: dynamic exception specifications are deprecated in C++11 [-Wdeprecated]
     matrix(SEXP x) throw(::Rcpp::not_compatible) : \
     ^
    /home/hornik/tmp/R.check/r-release-gcc/Work/build/Packages/RcppGSL/include/RcppGSLForward.h:108:5: note: in expansion of macro ‘_RCPPGSL_SPEC’
     _RCPPGSL_SPEC(int , _int , int )
     ^~~~~~~~~~~~~
    /home/hornik/tmp/R.check/r-release-gcc/Work/build/Packages/RcppGSL/include/RcppGSL_types.h:199:31: warning: dynamic exception specifications are deprecated in C++11 [-Wdeprecated]
     inline void import(SEXP x) throw(::Rcpp::not_compatible); \
     ^
    /home/hornik/tmp/R.check/r-release-gcc/Work/build/Packages/RcppGSL/include/RcppGSLForward.h:108:5: note: in expansion of macro ‘_RCPPGSL_SPEC’
     _RCPPGSL_SPEC(int , _int , int )
     ^~~~~~~~~~~~~
    /home/hornik/tmp/R.check/r-release-gcc/Work/build/Packages/RcppGSL/include/RcppGSL_types.h:79:20: warning: dynamic exception specifications are deprecated in C++11 [-Wdeprecated]
     vector(SEXP x) throw(::Rcpp::not_compatible) : \
     ^
    /home/hornik/tmp/R.check/r-release-gcc/Work/build/Packages/RcppGSL/include/RcppGSLForward.h:110:5: note: in expansion of macro ‘_RCPPGSL_SPEC’
     _RCPPGSL_SPEC(long double , _long_double , long double )
     ^~~~~~~~~~~~~
    /home/hornik/tmp/R.check/r-release-gcc/Work/build/Packages/RcppGSL/include/RcppGSL_types.h:166:19: warning: dynamic exception specifications are deprecated in C++11 [-Wdeprecated]
     matrix(SEXP x) throw(::Rcpp::not_compatible) : \
     ^
    /home/hornik/tmp/R.check/r-release-gcc/Work/build/Packages/RcppGSL/include/RcppGSLForward.h:110:5: note: in expansion of macro ‘_RCPPGSL_SPEC’
     _RCPPGSL_SPEC(long double , _long_double , long double )
     ^~~~~~~~~~~~~
    /home/hornik/tmp/R.check/r-release-gcc/Work/build/Packages/RcppGSL/include/RcppGSL_types.h:199:31: warning: dynamic exception specifications are deprecated in C++11 [-Wdeprecated]
     inline void import(SEXP x) throw(::Rcpp::not_compatible); \
     ^
    /home/hornik/tmp/R.check/r-release-gcc/Work/build/Packages/RcppGSL/include/RcppGSLForward.h:110:5: note: in expansion of macro ‘_RCPPGSL_SPEC’
     _RCPPGSL_SPEC(long double , _long_double , long double )
     ^~~~~~~~~~~~~
    /home/hornik/tmp/R.check/r-release-gcc/Work/build/Packages/RcppGSL/include/RcppGSL_types.h:79:20: warning: dynamic exception specifications are deprecated in C++11 [-Wdeprecated]
     vector(SEXP x) throw(::Rcpp::not_compatible) : \
     ^
    /home/hornik/tmp/R.check/r-release-gcc/Work/build/Packages/RcppGSL/include/RcppGSLForward.h:111:5: note: in expansion of macro ‘_RCPPGSL_SPEC’
     _RCPPGSL_SPEC(short , _short , short )
     ^~~~~~~~~~~~~
    /home/hornik/tmp/R.check/r-release-gcc/Work/build/Packages/RcppGSL/include/RcppGSL_types.h:166:19: warning: dynamic exception specifications are deprecated in C++11 [-Wdeprecated]
     matrix(SEXP x) throw(::Rcpp::not_compatible) : \
     ^
    /home/hornik/tmp/R.check/r-release-gcc/Work/build/Packages/RcppGSL/include/RcppGSLForward.h:111:5: note: in expansion of macro ‘_RCPPGSL_SPEC’
     _RCPPGSL_SPEC(short , _short , short )
     ^~~~~~~~~~~~~
    /home/hornik/tmp/R.check/r-release-gcc/Work/build/Packages/RcppGSL/include/RcppGSL_types.h:199:31: warning: dynamic exception specifications are deprecated in C++11 [-Wdeprecated]
     inline void import(SEXP x) throw(::Rcpp::not_compatible); \
     ^
    /home/hornik/tmp/R.check/r-release-gcc/Work/build/Packages/RcppGSL/include/RcppGSLForward.h:111:5: note: in expansion of macro ‘_RCPPGSL_SPEC’
     _RCPPGSL_SPEC(short , _short , short )
     ^~~~~~~~~~~~~
    /home/hornik/tmp/R.check/r-release-gcc/Work/build/Packages/RcppGSL/include/RcppGSL_types.h:79:20: warning: dynamic exception specifications are deprecated in C++11 [-Wdeprecated]
     vector(SEXP x) throw(::Rcpp::not_compatible) : \
     ^
    /home/hornik/tmp/R.check/r-release-gcc/Work/build/Packages/RcppGSL/include/RcppGSLForward.h:112:5: note: in expansion of macro ‘_RCPPGSL_SPEC’
     _RCPPGSL_SPEC(unsigned char , _uchar , unsigned char )
     ^~~~~~~~~~~~~
    /home/hornik/tmp/R.check/r-release-gcc/Work/build/Packages/RcppGSL/include/RcppGSL_types.h:166:19: warning: dynamic exception specifications are deprecated in C++11 [-Wdeprecated]
     matrix(SEXP x) throw(::Rcpp::not_compatible) : \
     ^
    /home/hornik/tmp/R.check/r-release-gcc/Work/build/Packages/RcppGSL/include/RcppGSLForward.h:112:5: note: in expansion of macro ‘_RCPPGSL_SPEC’
     _RCPPGSL_SPEC(unsigned char , _uchar , unsigned char )
     ^~~~~~~~~~~~~
    /home/hornik/tmp/R.check/r-release-gcc/Work/build/Packages/RcppGSL/include/RcppGSL_types.h:199:31: warning: dynamic exception specifications are deprecated in C++11 [-Wdeprecated]
     inline void import(SEXP x) throw(::Rcpp::not_compatible); \
     ^
    /home/hornik/tmp/R.check/r-release-gcc/Work/build/Packages/RcppGSL/include/RcppGSLForward.h:112:5: note: in expansion of macro ‘_RCPPGSL_SPEC’
     _RCPPGSL_SPEC(unsigned char , _uchar , unsigned char )
     ^~~~~~~~~~~~~
    /home/hornik/tmp/R.check/r-release-gcc/Work/build/Packages/RcppGSL/include/RcppGSL_types.h:79:20: warning: dynamic exception specifications are deprecated in C++11 [-Wdeprecated]
     vector(SEXP x) throw(::Rcpp::not_compatible) : \
     ^
    /home/hornik/tmp/R.check/r-release-gcc/Work/build/Packages/RcppGSL/include/RcppGSLForward.h:113:5: note: in expansion of macro ‘_RCPPGSL_SPEC’
     _RCPPGSL_SPEC(unsigned int , _uint , unsigned int )
     ^~~~~~~~~~~~~
    /home/hornik/tmp/R.check/r-release-gcc/Work/build/Packages/RcppGSL/include/RcppGSL_types.h:166:19: warning: dynamic exception specifications are deprecated in C++11 [-Wdeprecated]
     matrix(SEXP x) throw(::Rcpp::not_compatible) : \
     ^
    /home/hornik/tmp/R.check/r-release-gcc/Work/build/Packages/RcppGSL/include/RcppGSLForward.h:113:5: note: in expansion of macro ‘_RCPPGSL_SPEC’
     _RCPPGSL_SPEC(unsigned int , _uint , unsigned int )
     ^~~~~~~~~~~~~
    /home/hornik/tmp/R.check/r-release-gcc/Work/build/Packages/RcppGSL/include/RcppGSL_types.h:199:31: warning: dynamic exception specifications are deprecated in C++11 [-Wdeprecated]
     inline void import(SEXP x) throw(::Rcpp::not_compatible); \
     ^
    /home/hornik/tmp/R.check/r-release-gcc/Work/build/Packages/RcppGSL/include/RcppGSLForward.h:113:5: note: in expansion of macro ‘_RCPPGSL_SPEC’
     _RCPPGSL_SPEC(unsigned int , _uint , unsigned int )
     ^~~~~~~~~~~~~
    /home/hornik/tmp/R.check/r-release-gcc/Work/build/Packages/RcppGSL/include/RcppGSL_types.h:79:20: warning: dynamic exception specifications are deprecated in C++11 [-Wdeprecated]
     vector(SEXP x) throw(::Rcpp::not_compatible) : \
     ^
    /home/hornik/tmp/R.check/r-release-gcc/Work/build/Packages/RcppGSL/include/RcppGSLForward.h:114:5: note: in expansion of macro ‘_RCPPGSL_SPEC’
     _RCPPGSL_SPEC(unsigned short , _ushort , unsigned short )
     ^~~~~~~~~~~~~
    /home/hornik/tmp/R.check/r-release-gcc/Work/build/Packages/RcppGSL/include/RcppGSL_types.h:166:19: warning: dynamic exception specifications are deprecated in C++11 [-Wdeprecated]
     matrix(SEXP x) throw(::Rcpp::not_compatible) : \
     ^
    /home/hornik/tmp/R.check/r-release-gcc/Work/build/Packages/RcppGSL/include/RcppGSLForward.h:114:5: note: in expansion of macro ‘_RCPPGSL_SPEC’
     _RCPPGSL_SPEC(unsigned short , _ushort , unsigned short )
     ^~~~~~~~~~~~~
    /home/hornik/tmp/R.check/r-release-gcc/Work/build/Packages/RcppGSL/include/RcppGSL_types.h:199:31: warning: dynamic exception specifications are deprecated in C++11 [-Wdeprecated]
     inline void import(SEXP x) throw(::Rcpp::not_compatible); \
     ^
    /home/hornik/tmp/R.check/r-release-gcc/Work/build/Packages/RcppGSL/include/RcppGSLForward.h:114:5: note: in expansion of macro ‘_RCPPGSL_SPEC’
     _RCPPGSL_SPEC(unsigned short , _ushort , unsigned short )
     ^~~~~~~~~~~~~
    /home/hornik/tmp/R.check/r-release-gcc/Work/build/Packages/RcppGSL/include/RcppGSL_types.h:79:20: warning: dynamic exception specifications are deprecated in C++11 [-Wdeprecated]
     vector(SEXP x) throw(::Rcpp::not_compatible) : \
     ^
    /home/hornik/tmp/R.check/r-release-gcc/Work/build/Packages/RcppGSL/include/RcppGSLForward.h:116:5: note: in expansion of macro ‘_RCPPGSL_SPEC’
     _RCPPGSL_SPEC(char , _char , unsigned char )
     ^~~~~~~~~~~~~
    /home/hornik/tmp/R.check/r-release-gcc/Work/build/Packages/RcppGSL/include/RcppGSL_types.h:166:19: warning: dynamic exception specifications are deprecated in C++11 [-Wdeprecated]
     matrix(SEXP x) throw(::Rcpp::not_compatible) : \
     ^
    /home/hornik/tmp/R.check/r-release-gcc/Work/build/Packages/RcppGSL/include/RcppGSLForward.h:116:5: note: in expansion of macro ‘_RCPPGSL_SPEC’
     _RCPPGSL_SPEC(char , _char , unsigned char )
     ^~~~~~~~~~~~~
    /home/hornik/tmp/R.check/r-release-gcc/Work/build/Packages/RcppGSL/include/RcppGSL_types.h:199:31: warning: dynamic exception specifications are deprecated in C++11 [-Wdeprecated]
     inline void import(SEXP x) throw(::Rcpp::not_compatible); \
     ^
    /home/hornik/tmp/R.check/r-release-gcc/Work/build/Packages/RcppGSL/include/RcppGSLForward.h:116:5: note: in expansion of macro ‘_RCPPGSL_SPEC’
     _RCPPGSL_SPEC(char , _char , unsigned char )
     ^~~~~~~~~~~~~
    /home/hornik/tmp/R.check/r-release-gcc/Work/build/Packages/RcppGSL/include/RcppGSL_types.h:79:20: warning: dynamic exception specifications are deprecated in C++11 [-Wdeprecated]
     vector(SEXP x) throw(::Rcpp::not_compatible) : \
     ^
    /home/hornik/tmp/R.check/r-release-gcc/Work/build/Packages/RcppGSL/include/RcppGSLForward.h:117:5: note: in expansion of macro ‘_RCPPGSL_SPEC’
     _RCPPGSL_SPEC(gsl_complex , _complex , gsl_complex )
     ^~~~~~~~~~~~~
    /home/hornik/tmp/R.check/r-release-gcc/Work/build/Packages/RcppGSL/include/RcppGSL_types.h:166:19: warning: dynamic exception specifications are deprecated in C++11 [-Wdeprecated]
     matrix(SEXP x) throw(::Rcpp::not_compatible) : \
     ^
    /home/hornik/tmp/R.check/r-release-gcc/Work/build/Packages/RcppGSL/include/RcppGSLForward.h:117:5: note: in expansion of macro ‘_RCPPGSL_SPEC’
     _RCPPGSL_SPEC(gsl_complex , _complex , gsl_complex )
     ^~~~~~~~~~~~~
    /home/hornik/tmp/R.check/r-release-gcc/Work/build/Packages/RcppGSL/include/RcppGSL_types.h:199:31: warning: dynamic exception specifications are deprecated in C++11 [-Wdeprecated]
     inline void import(SEXP x) throw(::Rcpp::not_compatible); \
     ^
    /home/hornik/tmp/R.check/r-release-gcc/Work/build/Packages/RcppGSL/include/RcppGSLForward.h:117:5: note: in expansion of macro ‘_RCPPGSL_SPEC’
     _RCPPGSL_SPEC(gsl_complex , _complex , gsl_complex )
     ^~~~~~~~~~~~~
    /home/hornik/tmp/R.check/r-release-gcc/Work/build/Packages/RcppGSL/include/RcppGSL_types.h:79:20: warning: dynamic exception specifications are deprecated in C++11 [-Wdeprecated]
     vector(SEXP x) throw(::Rcpp::not_compatible) : \
     ^
    /home/hornik/tmp/R.check/r-release-gcc/Work/build/Packages/RcppGSL/include/RcppGSLForward.h:118:5: note: in expansion of macro ‘_RCPPGSL_SPEC’
     _RCPPGSL_SPEC(gsl_complex_float , _complex_float , gsl_complex_float )
     ^~~~~~~~~~~~~
    /home/hornik/tmp/R.check/r-release-gcc/Work/build/Packages/RcppGSL/include/RcppGSL_types.h:166:19: warning: dynamic exception specifications are deprecated in C++11 [-Wdeprecated]
     matrix(SEXP x) throw(::Rcpp::not_compatible) : \
     ^
    /home/hornik/tmp/R.check/r-release-gcc/Work/build/Packages/RcppGSL/include/RcppGSLForward.h:118:5: note: in expansion of macro ‘_RCPPGSL_SPEC’
     _RCPPGSL_SPEC(gsl_complex_float , _complex_float , gsl_complex_float )
     ^~~~~~~~~~~~~
    /home/hornik/tmp/R.check/r-release-gcc/Work/build/Packages/RcppGSL/include/RcppGSL_types.h:199:31: warning: dynamic exception specifications are deprecated in C++11 [-Wdeprecated]
     inline void import(SEXP x) throw(::Rcpp::not_compatible); \
     ^
    /home/hornik/tmp/R.check/r-release-gcc/Work/build/Packages/RcppGSL/include/RcppGSLForward.h:118:5: note: in expansion of macro ‘_RCPPGSL_SPEC’
     _RCPPGSL_SPEC(gsl_complex_float , _complex_float , gsl_complex_float )
     ^~~~~~~~~~~~~
    /home/hornik/tmp/R.check/r-release-gcc/Work/build/Packages/RcppGSL/include/RcppGSL_types.h:79:20: warning: dynamic exception specifications are deprecated in C++11 [-Wdeprecated]
     vector(SEXP x) throw(::Rcpp::not_compatible) : \
     ^
    /home/hornik/tmp/R.check/r-release-gcc/Work/build/Packages/RcppGSL/include/RcppGSLForward.h:119:5: note: in expansion of macro ‘_RCPPGSL_SPEC’
     _RCPPGSL_SPEC(gsl_complex_long_double , _complex_long_double , gsl_complex_long_double)
     ^~~~~~~~~~~~~
    /home/hornik/tmp/R.check/r-release-gcc/Work/build/Packages/RcppGSL/include/RcppGSL_types.h:166:19: warning: dynamic exception specifications are deprecated in C++11 [-Wdeprecated]
     matrix(SEXP x) throw(::Rcpp::not_compatible) : \
     ^
    /home/hornik/tmp/R.check/r-release-gcc/Work/build/Packages/RcppGSL/include/RcppGSLForward.h:119:5: note: in expansion of macro ‘_RCPPGSL_SPEC’
     _RCPPGSL_SPEC(gsl_complex_long_double , _complex_long_double , gsl_complex_long_double)
     ^~~~~~~~~~~~~
    /home/hornik/tmp/R.check/r-release-gcc/Work/build/Packages/RcppGSL/include/RcppGSL_types.h:199:31: warning: dynamic exception specifications are deprecated in C++11 [-Wdeprecated]
     inline void import(SEXP x) throw(::Rcpp::not_compatible); \
     ^
    /home/hornik/tmp/R.check/r-release-gcc/Work/build/Packages/RcppGSL/include/RcppGSLForward.h:119:5: note: in expansion of macro ‘_RCPPGSL_SPEC’
     _RCPPGSL_SPEC(gsl_complex_long_double , _complex_long_double , gsl_complex_long_double)
     ^~~~~~~~~~~~~
    In file included from /home/hornik/tmp/R.check/r-release-gcc/Work/build/Packages/RcppGSL/include/RcppGSL.h:30:0,
     from file202752a04387.cpp:3:
    /home/hornik/tmp/R.check/r-release-gcc/Work/build/Packages/RcppGSL/include/RcppGSL_matrix.h:135:48: warning: dynamic exception specifications are deprecated in C++11 [-Wdeprecated]
     inline void matrix<double>::import(SEXP x) throw(::Rcpp::not_compatible) {
     ^~~~~
    /home/hornik/tmp/R.check/r-release-gcc/Work/build/Packages/RcppGSL/include/RcppGSL_matrix.h:103:47: warning: dynamic exception specifications are deprecated in C++11 [-Wdeprecated]
     inline void matrix<__T__>::import(SEXP x) throw(::Rcpp::not_compatible) { \
     ^
    /home/hornik/tmp/R.check/r-release-gcc/Work/build/Packages/RcppGSL/include/RcppGSL_matrix.h:103:47: note: in definition of macro ‘_RCPPGSL_DEF’
     inline void matrix<__T__>::import(SEXP x) throw(::Rcpp::not_compatible) { \
     ^~~~~
    /home/hornik/tmp/R.check/r-release-gcc/Work/build/Packages/RcppGSL/include/RcppGSL_matrix.h:103:47: warning: dynamic exception specifications are deprecated in C++11 [-Wdeprecated]
     inline void matrix<__T__>::import(SEXP x) throw(::Rcpp::not_compatible) { \
     ^
    /home/hornik/tmp/R.check/r-release-gcc/Work/build/Packages/RcppGSL/include/RcppGSL_matrix.h:103:47: note: in definition of macro ‘_RCPPGSL_DEF’
     inline void matrix<__T__>::import(SEXP x) throw(::Rcpp::not_compatible) { \
     ^~~~~
    /home/hornik/tmp/R.check/r-release-gcc/Work/build/Packages/RcppGSL/include/RcppGSL_matrix.h:119:47: warning: dynamic exception specifications are deprecated in C++11 [-Wdeprecated]
     inline void matrix<__T__>::import(SEXP x) throw(::Rcpp::not_compatible) { \
     ^
    /home/hornik/tmp/R.check/r-release-gcc/Work/build/Packages/RcppGSL/include/RcppGSL_matrix.h:119:47: note: in definition of macro ‘_RCPPGSL_DEF_CAST’
     inline void matrix<__T__>::import(SEXP x) throw(::Rcpp::not_compatible) { \
     ^~~~~
    /home/hornik/tmp/R.check/r-release-gcc/Work/build/Packages/RcppGSL/include/RcppGSL_matrix.h:119:47: warning: dynamic exception specifications are deprecated in C++11 [-Wdeprecated]
     inline void matrix<__T__>::import(SEXP x) throw(::Rcpp::not_compatible) { \
     ^
    /home/hornik/tmp/R.check/r-release-gcc/Work/build/Packages/RcppGSL/include/RcppGSL_matrix.h:119:47: note: in definition of macro ‘_RCPPGSL_DEF_CAST’
     inline void matrix<__T__>::import(SEXP x) throw(::Rcpp::not_compatible) { \
     ^~~~~
    /home/hornik/tmp/R.check/r-release-gcc/Work/build/Packages/RcppGSL/include/RcppGSL_matrix.h:119:47: warning: dynamic exception specifications are deprecated in C++11 [-Wdeprecated]
     inline void matrix<__T__>::import(SEXP x) throw(::Rcpp::not_compatible) { \
     ^
    /home/hornik/tmp/R.check/r-release-gcc/Work/build/Packages/RcppGSL/include/RcppGSL_matrix.h:119:47: note: in definition of macro ‘_RCPPGSL_DEF_CAST’
     inline void matrix<__T__>::import(SEXP x) throw(::Rcpp::not_compatible) { \
     ^~~~~
    /home/hornik/tmp/R.check/r-release-gcc/Work/build/Packages/RcppGSL/include/RcppGSL_matrix.h:119:47: warning: dynamic exception specifications are deprecated in C++11 [-Wdeprecated]
     inline void matrix<__T__>::import(SEXP x) throw(::Rcpp::not_compatible) { \
     ^
    /home/hornik/tmp/R.check/r-release-gcc/Work/build/Packages/RcppGSL/include/RcppGSL_matrix.h:119:47: note: in definition of macro ‘_RCPPGSL_DEF_CAST’
     inline void matrix<__T__>::import(SEXP x) throw(::Rcpp::not_compatible) { \
     ^~~~~
    /home/hornik/tmp/R.check/r-release-gcc/Work/build/Packages/RcppGSL/include/RcppGSL_matrix.h:119:47: warning: dynamic exception specifications are deprecated in C++11 [-Wdeprecated]
     inline void matrix<__T__>::import(SEXP x) throw(::Rcpp::not_compatible) { \
     ^
    /home/hornik/tmp/R.check/r-release-gcc/Work/build/Packages/RcppGSL/include/RcppGSL_matrix.h:119:47: note: in definition of macro ‘_RCPPGSL_DEF_CAST’
     inline void matrix<__T__>::import(SEXP x) throw(::Rcpp::not_compatible) { \
     ^~~~~
    /home/hornik/tmp/R.check/r-release-gcc/Work/build/Packages/RcppGSL/include/RcppGSL_matrix.h:119:47: warning: dynamic exception specifications are deprecated in C++11 [-Wdeprecated]
     inline void matrix<__T__>::import(SEXP x) throw(::Rcpp::not_compatible) { \
     ^
    /home/hornik/tmp/R.check/r-release-gcc/Work/build/Packages/RcppGSL/include/RcppGSL_matrix.h:119:47: note: in definition of macro ‘_RCPPGSL_DEF_CAST’
     inline void matrix<__T__>::import(SEXP x) throw(::Rcpp::not_compatible) { \
     ^~~~~
    /home/hornik/tmp/R.check/r-release-gcc/Work/build/Packages/RcppGSL/include/RcppGSL_matrix.h:119:47: warning: dynamic exception specifications are deprecated in C++11 [-Wdeprecated]
     inline void matrix<__T__>::import(SEXP x) throw(::Rcpp::not_compatible) { \
     ^
    /home/hornik/tmp/R.check/r-release-gcc/Work/build/Packages/RcppGSL/include/RcppGSL_matrix.h:119:47: note: in definition of macro ‘_RCPPGSL_DEF_CAST’
     inline void matrix<__T__>::import(SEXP x) throw(::Rcpp::not_compatible) { \
     ^~~~~
    /home/hornik/tmp/R.check/r-release-gcc/Work/build/Packages/RcppGSL/include/RcppGSL_matrix.h:119:47: warning: dynamic exception specifications are deprecated in C++11 [-Wdeprecated]
     inline void matrix<__T__>::import(SEXP x) throw(::Rcpp::not_compatible) { \
     ^
    /home/hornik/tmp/R.check/r-release-gcc/Work/build/Packages/RcppGSL/include/RcppGSL_matrix.h:119:47: note: in definition of macro ‘_RCPPGSL_DEF_CAST’
     inline void matrix<__T__>::import(SEXP x) throw(::Rcpp::not_compatible) { \
     ^~~~~
    /home/hornik/tmp/R.check/r-release-gcc/Work/build/Packages/RcppGSL/include/RcppGSL_matrix.h:163:46: warning: dynamic exception specifications are deprecated in C++11 [-Wdeprecated]
     inline void matrix<char>::import(SEXP x) throw(::Rcpp::not_compatible) {
     ^~~~~
    This is BibTeX, Version 0.99d (TeX Live 2017/Debian)
    The top-level auxiliary file: RcppGSL-intro.aux
    I couldn't open database file Rcpp.bib
    ---line 148 of file RcppGSL-intro.aux
     : \bibdata{Rcpp
     : }
    I'm skipping whatever remains of this command
    The style file: jss.bst
    I found no database files---while reading file RcppGSL-intro.aux
    Warning--I didn't find a database entry for "GSL"
    Warning--I didn't find a database entry for "JSS:Rcpp"
    Warning--I didn't find a database entry for "Eddelbuettel:2013:Rcpp"
    Warning--I didn't find a database entry for "CRAN:Rcpp"
    Warning--I didn't find a database entry for "R:Main"
    Warning--I didn't find a database entry for "CRAN:RcppArmadillo"
    Warning--I didn't find a database entry for "Eddelbuettel+Sanderson:2013:RcppArmadillo"
    Warning--I didn't find a database entry for "Sanderson:2010:Armadillo"
    Warning--I didn't find a database entry for "CRAN:RcppEigen"
    Warning--I didn't find a database entry for "JSS:RcppEigen"
    Warning--I didn't find a database entry for "CRAN:inline"
    Warning--I didn't find a database entry for "CRAN:Rcpp:Attributes"
    (There were 2 error messages)
    Error: processing vignette ‘RcppGSL-intro.Rmd’ failed with diagnostics:
    Failed to build the bibliography via bibtex
    Execution halted
Flavor: r-release-linux-x86_64

Version: 0.3.3
Check: re-building of vignette outputs
Result: WARN
    Error in re-building vignettes:
     ...
    Warning: running command '"bibtex" "RcppGSL-intro.aux"' had status 1
    This is BibTeX, Version 0.99d (MiKTeX 2.9)
    The top-level auxiliary file: RcppGSL-intro.aux
    I couldn't open database file Rcpp.bib
    ---line 151 of file RcppGSL-intro.aux
     : \bibdata{Rcpp
     : }
    I'm skipping whatever remains of this command
    The style file: jss.bst
    I found no database files---while reading file RcppGSL-intro.aux
    Warning--I didn't find a database entry for "GSL"
    Warning--I didn't find a database entry for "JSS:Rcpp"
    Warning--I didn't find a database entry for "Eddelbuettel:2013:Rcpp"
    Warning--I didn't find a database entry for "CRAN:Rcpp"
    Warning--I didn't find a database entry for "R:Main"
    Warning--I didn't find a database entry for "CRAN:RcppArmadillo"
    Warning--I didn't find a database entry for "Eddelbuettel+Sanderson:2013:RcppArmadillo"
    Warning--I didn't find a database entry for "Sanderson:2010:Armadillo"
    Warning--I didn't find a database entry for "CRAN:RcppEigen"
    Warning--I didn't find a database entry for "JSS:RcppEigen"
    Warning--I didn't find a database entry for "CRAN:inline"
    Warning--I didn't find a database entry for "CRAN:Rcpp:Attributes"
    (There were 2 error messages)
    Warning: running command '"bibtex" "RcppGSL-intro.aux"' had status 1
    Error: processing vignette 'RcppGSL-intro.Rmd' failed with diagnostics:
    Failed to build the bibliography via bibtex
    Execution halted
Flavor: r-release-windows-ix86+x86_64

Version: 0.3.3
Check: tests
Result: ERROR
     Running ‘doRUnit.R’ [86s/88s]
    Running the tests in ‘tests/doRUnit.R’ failed.
    Last 13 lines of output:
     Error 1 occurred building shared library.
     .setUp (before test.gsl.vector): ERROR !!
     Error executing .setUp before test.gsl.vector : Error in sourceCpp(file.path(pathRcppTests, "cpp/gsl.cpp")) :
     Error 1 occurred building shared library.
     .setUp (before test.gsl.vector.input.SEXP): ERROR !!
     Error executing .setUp before test.gsl.vector.input.SEXP : Error in sourceCpp(file.path(pathRcppTests, "cpp/gsl.cpp")) :
     Error 1 occurred building shared library.
     .setUp (before test.gsl.vector.view): ERROR !!
     Error executing .setUp before test.gsl.vector.view : Error in sourceCpp(file.path(pathRcppTests, "cpp/gsl.cpp")) :
     Error 1 occurred building shared library.
     .setUp (before test.gsl.vector.wrappers): ERROR !!
     Error executing .setUp before test.gsl.vector.wrappers : Error in sourceCpp(file.path(pathRcppTests, "cpp/gsl.cpp")) :
     Error 1 occurred building shared library.
     Error: TEST HAD ERRORS!
     Execution halted
Flavor: r-release-osx-x86_64

Version: 0.3.3
Check: re-building of vignette outputs
Result: WARN
    Error in re-building vignettes:
     ...
Flavor: r-oldrel-windows-ix86+x86_64