CRAN Package Check Results for Package RcppGSL

Last updated on 2017-01-19 12:49:20.

Flavor Version Tinstall Tcheck Ttotal Status Flags
r-devel-linux-x86_64-debian-clang 0.3.1 11.48 64.29 75.77 OK
r-devel-linux-x86_64-debian-gcc 0.3.1 10.99 63.97 74.96 OK
r-devel-linux-x86_64-fedora-clang 0.3.1 331.73 ERROR --no-stop-on-test-error
r-devel-linux-x86_64-fedora-gcc 0.3.1 146.68 OK --no-stop-on-test-error
r-devel-macos-x86_64-clang 0.3.1 103.00 OK --no-stop-on-test-error
r-devel-windows-ix86+x86_64 0.3.1 49.00 207.00 256.00 OK
r-patched-linux-x86_64 0.3.1 9.23 54.46 63.70 OK
r-patched-solaris-sparc 0.3.1 1253.70 ERROR
r-patched-solaris-x86 0.3.1 257.20 ERROR
r-release-linux-x86_64 0.3.1 9.45 54.55 64.00 OK
r-release-osx-x86_64-mavericks 0.3.1 OK
r-release-windows-ix86+x86_64 0.3.1 42.00 251.00 293.00 OK
r-oldrel-windows-ix86+x86_64 0.3.1 34.00 251.00 285.00 OK

Check Details

Version: 0.3.1
Flags: --no-stop-on-test-error
Check: tests
Result: ERROR
     Running ‘doRUnit.R’ [123s/144s]
    Running the tests in ‘tests/doRUnit.R’ failed.
    Complete output:
     > ## doRUnit.R --- Run RUnit tests
     > ##
     > ## with credits to package fUtilities in RMetrics
     > ## which credits Gregor Gojanc's example in CRAN package 'gdata'
     > ## as per the (now deceased) R Wiki http://wiki.r-project.org/rwiki/doku.php?id=developers:runit
     > ## and changed further by Martin Maechler
     > ## and usage across several Rcpp* package
     > ## and more changes by Murray Stokely in HistogramTools
     > ##
     > ## Dirk Eddelbuettel, 2010 - 2016
     >
     > stopifnot(require("RUnit", quietly=TRUE))
     > stopifnot(require("RcppGSL", quietly=TRUE))
     >
     > ## Set a seed to make the test deterministic
     > set.seed(42)
     >
     > ## Define tests
     > testSuite <- defineTestSuite(name="RcppGSL Unit Tests",
     + dirs=system.file("unitTests", package = "RcppGSL"),
     + testFuncRegexp = "^[Tt]est.+")
     >
     > ## without this, we get (or used to get) unit test failures
     > Sys.setenv("R_TESTS"="")
     >
     > ## Run tests
     > tests <- runTestSuite(testSuite)
    
    
     Executing test function test.client.package ... * checking for file ‘RcppGSLExample/DESCRIPTION’ ... OK
     * preparing ‘RcppGSLExample’:
     * checking DESCRIPTION meta-information ... OK
     * cleaning src
     * checking for LF line-endings in source and make files
     * checking for empty or unneeded directories
     * building ‘RcppGSLExample_0.0.3.tar.gz’
    
     * installing *source* package ‘RcppGSLExample’ ...
     checking for gsl-config... /usr/bin/gsl-config
     configure: creating ./config.status
     config.status: creating src/Makevars
     ** libs
     make[1]: Entering directory '/tmp/Rtmp1iQmJr/R.INSTALL8d6535c44c9b/RcppGSLExample/src'
     clang++ -stdlib=libc++ -I/data/gannet/ripley/R/R-clang/include -DNDEBUG -I/usr/include -I"/tmp/RtmpCLY5tS/RLIBS_57187bd215ec/Rcpp/include" -I"/tmp/RtmpCLY5tS/RLIBS_57187bd215ec/RcppGSL/include" -isystem /usr/local/clang/include -fpic -g -O3 -Wall -pedantic -mtune=native -c RcppExports.cpp -o RcppExports.o
     clang++ -stdlib=libc++ -I/data/gannet/ripley/R/R-clang/include -DNDEBUG -I/usr/include -I"/tmp/RtmpCLY5tS/RLIBS_57187bd215ec/Rcpp/include" -I"/tmp/RtmpCLY5tS/RLIBS_57187bd215ec/RcppGSL/include" -isystem /usr/local/clang/include -fpic -g -O3 -Wall -pedantic -mtune=native -c colNorm.cpp -o colNorm.o
     clang++ -stdlib=libc++ -shared -L/usr/local/clang/lib64 -L/usr/local/lib64 -o RcppGSLExample.so RcppExports.o colNorm.o -lgsl -lgslcblas -lm
     make[1]: Leaving directory '/tmp/Rtmp1iQmJr/R.INSTALL8d6535c44c9b/RcppGSLExample/src'
     make[1]: Entering directory '/tmp/Rtmp1iQmJr/R.INSTALL8d6535c44c9b/RcppGSLExample/src'
     make[1]: Leaving directory '/tmp/Rtmp1iQmJr/R.INSTALL8d6535c44c9b/RcppGSLExample/src'
     installing to /tmp/Rtmpxk6t9D/file8b7f2c990953/templib/RcppGSLExample/libs
     ** R
     ** preparing package for lazy loading
     ** help
     *** installing help indices
     ** building package indices
     ** testing if installed package can be loaded
     * DONE (RcppGSLExample)
     Loading required package: Rcpp
    
     Attaching package: 'Rcpp'
    
     The following object is masked from 'package:RcppGSL':
    
     LdFlags
    
     Loading required package: RcppGSLExample
     done successfully.
    
    
    
     Executing test function test.fastLm ... done successfully.
    
    
    
     Executing test function test.fastLm.default ... done successfully.
    
    
    
     Executing test function test.fastLm.formula ... done successfully.
    
    
    
     Executing test function test.summary.fastLm ... done successfully.
    
    
    
     Executing test function test.gsl.RcppGSL.matrix.indexing ... gsl.cpp:293:5: error: no matching function for call to 'transform'
     std::transform(vec.begin(), vec.end(), res.begin(), ::sqrt);
     ^~~~~~~~~~~~~~
     /usr/local/bin/../include/c++/v1/algorithm:1954:1: note: candidate template ignored: couldn't infer template argument '_UnaryOperation'
     transform(_InputIterator __first, _InputIterator __last, _OutputIterator __result, _UnaryOperation __op)
     ^
     /usr/local/bin/../include/c++/v1/algorithm:1964:1: note: candidate function template not viable: requires 5 arguments, but 4 were provided
     transform(_InputIterator1 __first1, _InputIterator1 __last1, _InputIterator2 __first2,
     ^
     1 error generated.
     make[1]: *** [gsl.o] Error 1
     make[1]: Target 'all' not remade because of errors.
     make[1]: Entering directory '/tmp/Rtmpxk6t9D/sourceCpp-x86_64-pc-linux-gnu-0.12.9/sourcecpp_8b7f20be6982'
     clang++ -stdlib=libc++ -I/data/gannet/ripley/R/R-clang/include -DNDEBUG -I/usr/include -I"/data/gannet/ripley/R/test-clang/Rcpp/include" -I"/data/gannet/ripley/R/packages/tests-clang/RcppGSL.Rcheck/RcppGSL/include" -I"/data/gannet/ripley/R/packages/tests-clang/RcppGSL.Rcheck/RcppGSL/unitTests/cpp" -isystem /usr/local/clang/include -fpic -g -O3 -Wall -pedantic -mtune=native -c gsl.cpp -o gsl.o
     /data/gannet/ripley/R/R-clang/etc/Makeconf:151: recipe for target 'gsl.o' failed
     make[1]: Leaving directory '/tmp/Rtmpxk6t9D/sourceCpp-x86_64-pc-linux-gnu-0.12.9/sourcecpp_8b7f20be6982'
     Error in sourceCpp(file.path(pathRcppTests, "cpp/gsl.cpp")) :
     Error 1 occurred building shared library.
    
    
     Executing test function test.gsl.RcppGSL.matrix.view.indexing ... gsl.cpp:293:5: error: no matching function for call to 'transform'
     std::transform(vec.begin(), vec.end(), res.begin(), ::sqrt);
     ^~~~~~~~~~~~~~
     /usr/local/bin/../include/c++/v1/algorithm:1954:1: note: candidate template ignored: couldn't infer template argument '_UnaryOperation'
     transform(_InputIterator __first, _InputIterator __last, _OutputIterator __result, _UnaryOperation __op)
     ^
     /usr/local/bin/../include/c++/v1/algorithm:1964:1: note: candidate function template not viable: requires 5 arguments, but 4 were provided
     transform(_InputIterator1 __first1, _InputIterator1 __last1, _InputIterator2 __first2,
     ^
     1 error generated.
     make[1]: *** [gsl.o] Error 1
     make[1]: Target 'all' not remade because of errors.
     make[1]: Entering directory '/tmp/Rtmpxk6t9D/sourceCpp-x86_64-pc-linux-gnu-0.12.9/sourcecpp_8b7f20be6982'
     clang++ -stdlib=libc++ -I/data/gannet/ripley/R/R-clang/include -DNDEBUG -I/usr/include -I"/data/gannet/ripley/R/test-clang/Rcpp/include" -I"/data/gannet/ripley/R/packages/tests-clang/RcppGSL.Rcheck/RcppGSL/include" -I"/data/gannet/ripley/R/packages/tests-clang/RcppGSL.Rcheck/RcppGSL/unitTests/cpp" -isystem /usr/local/clang/include -fpic -g -O3 -Wall -pedantic -mtune=native -c gsl.cpp -o gsl.o
     /data/gannet/ripley/R/R-clang/etc/Makeconf:151: recipe for target 'gsl.o' failed
     make[1]: Leaving directory '/tmp/Rtmpxk6t9D/sourceCpp-x86_64-pc-linux-gnu-0.12.9/sourcecpp_8b7f20be6982'
     Error in sourceCpp(file.path(pathRcppTests, "cpp/gsl.cpp")) :
     Error 1 occurred building shared library.
    
    
     Executing test function test.gsl.RcppGSL.vector ... gsl.cpp:293:5: error: no matching function for call to 'transform'
     std::transform(vec.begin(), vec.end(), res.begin(), ::sqrt);
     ^~~~~~~~~~~~~~
     /usr/local/bin/../include/c++/v1/algorithm:1954:1: note: candidate template ignored: couldn't infer template argument '_UnaryOperation'
     transform(_InputIterator __first, _InputIterator __last, _OutputIterator __result, _UnaryOperation __op)
     ^
     /usr/local/bin/../include/c++/v1/algorithm:1964:1: note: candidate function template not viable: requires 5 arguments, but 4 were provided
     transform(_InputIterator1 __first1, _InputIterator1 __last1, _InputIterator2 __first2,
     ^
     1 error generated.
     make[1]: *** [gsl.o] Error 1
     make[1]: Target 'all' not remade because of errors.
     make[1]: Entering directory '/tmp/Rtmpxk6t9D/sourceCpp-x86_64-pc-linux-gnu-0.12.9/sourcecpp_8b7f20be6982'
     clang++ -stdlib=libc++ -I/data/gannet/ripley/R/R-clang/include -DNDEBUG -I/usr/include -I"/data/gannet/ripley/R/test-clang/Rcpp/include" -I"/data/gannet/ripley/R/packages/tests-clang/RcppGSL.Rcheck/RcppGSL/include" -I"/data/gannet/ripley/R/packages/tests-clang/RcppGSL.Rcheck/RcppGSL/unitTests/cpp" -isystem /usr/local/clang/include -fpic -g -O3 -Wall -pedantic -mtune=native -c gsl.cpp -o gsl.o
     /data/gannet/ripley/R/R-clang/etc/Makeconf:151: recipe for target 'gsl.o' failed
     make[1]: Leaving directory '/tmp/Rtmpxk6t9D/sourceCpp-x86_64-pc-linux-gnu-0.12.9/sourcecpp_8b7f20be6982'
     Error in sourceCpp(file.path(pathRcppTests, "cpp/gsl.cpp")) :
     Error 1 occurred building shared library.
    
    
     Executing test function test.gsl.RcppGSL.vector.indexing ... gsl.cpp:293:5: error: no matching function for call to 'transform'
     std::transform(vec.begin(), vec.end(), res.begin(), ::sqrt);
     ^~~~~~~~~~~~~~
     /usr/local/bin/../include/c++/v1/algorithm:1954:1: note: candidate template ignored: couldn't infer template argument '_UnaryOperation'
     transform(_InputIterator __first, _InputIterator __last, _OutputIterator __result, _UnaryOperation __op)
     ^
     /usr/local/bin/../include/c++/v1/algorithm:1964:1: note: candidate function template not viable: requires 5 arguments, but 4 were provided
     transform(_InputIterator1 __first1, _InputIterator1 __last1, _InputIterator2 __first2,
     ^
     1 error generated.
     make[1]: *** [gsl.o] Error 1
     make[1]: Target 'all' not remade because of errors.
     make[1]: Entering directory '/tmp/Rtmpxk6t9D/sourceCpp-x86_64-pc-linux-gnu-0.12.9/sourcecpp_8b7f20be6982'
     clang++ -stdlib=libc++ -I/data/gannet/ripley/R/R-clang/include -DNDEBUG -I/usr/include -I"/data/gannet/ripley/R/test-clang/Rcpp/include" -I"/data/gannet/ripley/R/packages/tests-clang/RcppGSL.Rcheck/RcppGSL/include" -I"/data/gannet/ripley/R/packages/tests-clang/RcppGSL.Rcheck/RcppGSL/unitTests/cpp" -isystem /usr/local/clang/include -fpic -g -O3 -Wall -pedantic -mtune=native -c gsl.cpp -o gsl.o
     /data/gannet/ripley/R/R-clang/etc/Makeconf:151: recipe for target 'gsl.o' failed
     make[1]: Leaving directory '/tmp/Rtmpxk6t9D/sourceCpp-x86_64-pc-linux-gnu-0.12.9/sourcecpp_8b7f20be6982'
     Error in sourceCpp(file.path(pathRcppTests, "cpp/gsl.cpp")) :
     Error 1 occurred building shared library.
    
    
     Executing test function test.gsl.RcppGSL.vector.iterating ... gsl.cpp:293:5: error: no matching function for call to 'transform'
     std::transform(vec.begin(), vec.end(), res.begin(), ::sqrt);
     ^~~~~~~~~~~~~~
     /usr/local/bin/../include/c++/v1/algorithm:1954:1: note: candidate template ignored: couldn't infer template argument '_UnaryOperation'
     transform(_InputIterator __first, _InputIterator __last, _OutputIterator __result, _UnaryOperation __op)
     ^
     /usr/local/bin/../include/c++/v1/algorithm:1964:1: note: candidate function template not viable: requires 5 arguments, but 4 were provided
     transform(_InputIterator1 __first1, _InputIterator1 __last1, _InputIterator2 __first2,
     ^
     1 error generated.
     make[1]: *** [gsl.o] Error 1
     make[1]: Target 'all' not remade because of errors.
     make[1]: Entering directory '/tmp/Rtmpxk6t9D/sourceCpp-x86_64-pc-linux-gnu-0.12.9/sourcecpp_8b7f20be6982'
     clang++ -stdlib=libc++ -I/data/gannet/ripley/R/R-clang/include -DNDEBUG -I/usr/include -I"/data/gannet/ripley/R/test-clang/Rcpp/include" -I"/data/gannet/ripley/R/packages/tests-clang/RcppGSL.Rcheck/RcppGSL/include" -I"/data/gannet/ripley/R/packages/tests-clang/RcppGSL.Rcheck/RcppGSL/unitTests/cpp" -isystem /usr/local/clang/include -fpic -g -O3 -Wall -pedantic -mtune=native -c gsl.cpp -o gsl.o
     /data/gannet/ripley/R/R-clang/etc/Makeconf:151: recipe for target 'gsl.o' failed
     make[1]: Leaving directory '/tmp/Rtmpxk6t9D/sourceCpp-x86_64-pc-linux-gnu-0.12.9/sourcecpp_8b7f20be6982'
     Error in sourceCpp(file.path(pathRcppTests, "cpp/gsl.cpp")) :
     Error 1 occurred building shared library.
    
    
     Executing test function test.gsl.RcppGSL.vector.iterator.transform ... gsl.cpp:293:5: error: no matching function for call to 'transform'
     std::transform(vec.begin(), vec.end(), res.begin(), ::sqrt);
     ^~~~~~~~~~~~~~
     /usr/local/bin/../include/c++/v1/algorithm:1954:1: note: candidate template ignored: couldn't infer template argument '_UnaryOperation'
     transform(_InputIterator __first, _InputIterator __last, _OutputIterator __result, _UnaryOperation __op)
     ^
     /usr/local/bin/../include/c++/v1/algorithm:1964:1: note: candidate function template not viable: requires 5 arguments, but 4 were provided
     transform(_InputIterator1 __first1, _InputIterator1 __last1, _InputIterator2 __first2,
     ^
     1 error generated.
     make[1]: *** [gsl.o] Error 1
     make[1]: Target 'all' not remade because of errors.
     make[1]: Entering directory '/tmp/Rtmpxk6t9D/sourceCpp-x86_64-pc-linux-gnu-0.12.9/sourcecpp_8b7f20be6982'
     clang++ -stdlib=libc++ -I/data/gannet/ripley/R/R-clang/include -DNDEBUG -I/usr/include -I"/data/gannet/ripley/R/test-clang/Rcpp/include" -I"/data/gannet/ripley/R/packages/tests-clang/RcppGSL.Rcheck/RcppGSL/include" -I"/data/gannet/ripley/R/packages/tests-clang/RcppGSL.Rcheck/RcppGSL/unitTests/cpp" -isystem /usr/local/clang/include -fpic -g -O3 -Wall -pedantic -mtune=native -c gsl.cpp -o gsl.o
     /data/gannet/ripley/R/R-clang/etc/Makeconf:151: recipe for target 'gsl.o' failed
     make[1]: Leaving directory '/tmp/Rtmpxk6t9D/sourceCpp-x86_64-pc-linux-gnu-0.12.9/sourcecpp_8b7f20be6982'
     Error in sourceCpp(file.path(pathRcppTests, "cpp/gsl.cpp")) :
     Error 1 occurred building shared library.
    
    
     Executing test function test.gsl.RcppGSL.vector.view.iterating ... gsl.cpp:293:5: error: no matching function for call to 'transform'
     std::transform(vec.begin(), vec.end(), res.begin(), ::sqrt);
     ^~~~~~~~~~~~~~
     /usr/local/bin/../include/c++/v1/algorithm:1954:1: note: candidate template ignored: couldn't infer template argument '_UnaryOperation'
     transform(_InputIterator __first, _InputIterator __last, _OutputIterator __result, _UnaryOperation __op)
     ^
     /usr/local/bin/../include/c++/v1/algorithm:1964:1: note: candidate function template not viable: requires 5 arguments, but 4 were provided
     transform(_InputIterator1 __first1, _InputIterator1 __last1, _InputIterator2 __first2,
     ^
     1 error generated.
     make[1]: *** [gsl.o] Error 1
     make[1]: Target 'all' not remade because of errors.
     make[1]: Entering directory '/tmp/Rtmpxk6t9D/sourceCpp-x86_64-pc-linux-gnu-0.12.9/sourcecpp_8b7f20be6982'
     clang++ -stdlib=libc++ -I/data/gannet/ripley/R/R-clang/include -DNDEBUG -I/usr/include -I"/data/gannet/ripley/R/test-clang/Rcpp/include" -I"/data/gannet/ripley/R/packages/tests-clang/RcppGSL.Rcheck/RcppGSL/include" -I"/data/gannet/ripley/R/packages/tests-clang/RcppGSL.Rcheck/RcppGSL/unitTests/cpp" -isystem /usr/local/clang/include -fpic -g -O3 -Wall -pedantic -mtune=native -c gsl.cpp -o gsl.o
     /data/gannet/ripley/R/R-clang/etc/Makeconf:151: recipe for target 'gsl.o' failed
     make[1]: Leaving directory '/tmp/Rtmpxk6t9D/sourceCpp-x86_64-pc-linux-gnu-0.12.9/sourcecpp_8b7f20be6982'
     Error in sourceCpp(file.path(pathRcppTests, "cpp/gsl.cpp")) :
     Error 1 occurred building shared library.
    
    
     Executing test function test.gsl.matrix ... gsl.cpp:293:5: error: no matching function for call to 'transform'
     std::transform(vec.begin(), vec.end(), res.begin(), ::sqrt);
     ^~~~~~~~~~~~~~
     /usr/local/bin/../include/c++/v1/algorithm:1954:1: note: candidate template ignored: couldn't infer template argument '_UnaryOperation'
     transform(_InputIterator __first, _InputIterator __last, _OutputIterator __result, _UnaryOperation __op)
     ^
     /usr/local/bin/../include/c++/v1/algorithm:1964:1: note: candidate function template not viable: requires 5 arguments, but 4 were provided
     transform(_InputIterator1 __first1, _InputIterator1 __last1, _InputIterator2 __first2,
     ^
     1 error generated.
     make[1]: *** [gsl.o] Error 1
     make[1]: Target 'all' not remade because of errors.
     make[1]: Entering directory '/tmp/Rtmpxk6t9D/sourceCpp-x86_64-pc-linux-gnu-0.12.9/sourcecpp_8b7f20be6982'
     clang++ -stdlib=libc++ -I/data/gannet/ripley/R/R-clang/include -DNDEBUG -I/usr/include -I"/data/gannet/ripley/R/test-clang/Rcpp/include" -I"/data/gannet/ripley/R/packages/tests-clang/RcppGSL.Rcheck/RcppGSL/include" -I"/data/gannet/ripley/R/packages/tests-clang/RcppGSL.Rcheck/RcppGSL/unitTests/cpp" -isystem /usr/local/clang/include -fpic -g -O3 -Wall -pedantic -mtune=native -c gsl.cpp -o gsl.o
     /data/gannet/ripley/R/R-clang/etc/Makeconf:151: recipe for target 'gsl.o' failed
     make[1]: Leaving directory '/tmp/Rtmpxk6t9D/sourceCpp-x86_64-pc-linux-gnu-0.12.9/sourcecpp_8b7f20be6982'
     Error in sourceCpp(file.path(pathRcppTests, "cpp/gsl.cpp")) :
     Error 1 occurred building shared library.
    
    
     Executing test function test.gsl.matrix.input.SEXP ... gsl.cpp:293:5: error: no matching function for call to 'transform'
     std::transform(vec.begin(), vec.end(), res.begin(), ::sqrt);
     ^~~~~~~~~~~~~~
     /usr/local/bin/../include/c++/v1/algorithm:1954:1: note: candidate template ignored: couldn't infer template argument '_UnaryOperation'
     transform(_InputIterator __first, _InputIterator __last, _OutputIterator __result, _UnaryOperation __op)
     ^
     /usr/local/bin/../include/c++/v1/algorithm:1964:1: note: candidate function template not viable: requires 5 arguments, but 4 were provided
     transform(_InputIterator1 __first1, _InputIterator1 __last1, _InputIterator2 __first2,
     ^
     1 error generated.
     make[1]: *** [gsl.o] Error 1
     make[1]: Target 'all' not remade because of errors.
     make[1]: Entering directory '/tmp/Rtmpxk6t9D/sourceCpp-x86_64-pc-linux-gnu-0.12.9/sourcecpp_8b7f20be6982'
     clang++ -stdlib=libc++ -I/data/gannet/ripley/R/R-clang/include -DNDEBUG -I/usr/include -I"/data/gannet/ripley/R/test-clang/Rcpp/include" -I"/data/gannet/ripley/R/packages/tests-clang/RcppGSL.Rcheck/RcppGSL/include" -I"/data/gannet/ripley/R/packages/tests-clang/RcppGSL.Rcheck/RcppGSL/unitTests/cpp" -isystem /usr/local/clang/include -fpic -g -O3 -Wall -pedantic -mtune=native -c gsl.cpp -o gsl.o
     /data/gannet/ripley/R/R-clang/etc/Makeconf:151: recipe for target 'gsl.o' failed
     make[1]: Leaving directory '/tmp/Rtmpxk6t9D/sourceCpp-x86_64-pc-linux-gnu-0.12.9/sourcecpp_8b7f20be6982'
     Error in sourceCpp(file.path(pathRcppTests, "cpp/gsl.cpp")) :
     Error 1 occurred building shared library.
    
    
     Executing test function test.gsl.matrix.view ... gsl.cpp:293:5: error: no matching function for call to 'transform'
     std::transform(vec.begin(), vec.end(), res.begin(), ::sqrt);
     ^~~~~~~~~~~~~~
     /usr/local/bin/../include/c++/v1/algorithm:1954:1: note: candidate template ignored: couldn't infer template argument '_UnaryOperation'
     transform(_InputIterator __first, _InputIterator __last, _OutputIterator __result, _UnaryOperation __op)
     ^
     /usr/local/bin/../include/c++/v1/algorithm:1964:1: note: candidate function template not viable: requires 5 arguments, but 4 were provided
     transform(_InputIterator1 __first1, _InputIterator1 __last1, _InputIterator2 __first2,
     ^
     1 error generated.
     make[1]: *** [gsl.o] Error 1
     make[1]: Target 'all' not remade because of errors.
     make[1]: Entering directory '/tmp/Rtmpxk6t9D/sourceCpp-x86_64-pc-linux-gnu-0.12.9/sourcecpp_8b7f20be6982'
     clang++ -stdlib=libc++ -I/data/gannet/ripley/R/R-clang/include -DNDEBUG -I/usr/include -I"/data/gannet/ripley/R/test-clang/Rcpp/include" -I"/data/gannet/ripley/R/packages/tests-clang/RcppGSL.Rcheck/RcppGSL/include" -I"/data/gannet/ripley/R/packages/tests-clang/RcppGSL.Rcheck/RcppGSL/unitTests/cpp" -isystem /usr/local/clang/include -fpic -g -O3 -Wall -pedantic -mtune=native -c gsl.cpp -o gsl.o
     /data/gannet/ripley/R/R-clang/etc/Makeconf:151: recipe for target 'gsl.o' failed
     make[1]: Leaving directory '/tmp/Rtmpxk6t9D/sourceCpp-x86_64-pc-linux-gnu-0.12.9/sourcecpp_8b7f20be6982'
     Error in sourceCpp(file.path(pathRcppTests, "cpp/gsl.cpp")) :
     Error 1 occurred building shared library.
    
    
     Executing test function test.gsl.vector ... gsl.cpp:293:5: error: no matching function for call to 'transform'
     std::transform(vec.begin(), vec.end(), res.begin(), ::sqrt);
     ^~~~~~~~~~~~~~
     /usr/local/bin/../include/c++/v1/algorithm:1954:1: note: candidate template ignored: couldn't infer template argument '_UnaryOperation'
     transform(_InputIterator __first, _InputIterator __last, _OutputIterator __result, _UnaryOperation __op)
     ^
     /usr/local/bin/../include/c++/v1/algorithm:1964:1: note: candidate function template not viable: requires 5 arguments, but 4 were provided
     transform(_InputIterator1 __first1, _InputIterator1 __last1, _InputIterator2 __first2,
     ^
     1 error generated.
     make[1]: *** [gsl.o] Error 1
     make[1]: Target 'all' not remade because of errors.
     make[1]: Entering directory '/tmp/Rtmpxk6t9D/sourceCpp-x86_64-pc-linux-gnu-0.12.9/sourcecpp_8b7f20be6982'
     clang++ -stdlib=libc++ -I/data/gannet/ripley/R/R-clang/include -DNDEBUG -I/usr/include -I"/data/gannet/ripley/R/test-clang/Rcpp/include" -I"/data/gannet/ripley/R/packages/tests-clang/RcppGSL.Rcheck/RcppGSL/include" -I"/data/gannet/ripley/R/packages/tests-clang/RcppGSL.Rcheck/RcppGSL/unitTests/cpp" -isystem /usr/local/clang/include -fpic -g -O3 -Wall -pedantic -mtune=native -c gsl.cpp -o gsl.o
     /data/gannet/ripley/R/R-clang/etc/Makeconf:151: recipe for target 'gsl.o' failed
     make[1]: Leaving directory '/tmp/Rtmpxk6t9D/sourceCpp-x86_64-pc-linux-gnu-0.12.9/sourcecpp_8b7f20be6982'
     Error in sourceCpp(file.path(pathRcppTests, "cpp/gsl.cpp")) :
     Error 1 occurred building shared library.
    
    
     Executing test function test.gsl.vector.input.SEXP ... gsl.cpp:293:5: error: no matching function for call to 'transform'
     std::transform(vec.begin(), vec.end(), res.begin(), ::sqrt);
     ^~~~~~~~~~~~~~
     /usr/local/bin/../include/c++/v1/algorithm:1954:1: note: candidate template ignored: couldn't infer template argument '_UnaryOperation'
     transform(_InputIterator __first, _InputIterator __last, _OutputIterator __result, _UnaryOperation __op)
     ^
     /usr/local/bin/../include/c++/v1/algorithm:1964:1: note: candidate function template not viable: requires 5 arguments, but 4 were provided
     transform(_InputIterator1 __first1, _InputIterator1 __last1, _InputIterator2 __first2,
     ^
     1 error generated.
     make[1]: *** [gsl.o] Error 1
     make[1]: Target 'all' not remade because of errors.
     make[1]: Entering directory '/tmp/Rtmpxk6t9D/sourceCpp-x86_64-pc-linux-gnu-0.12.9/sourcecpp_8b7f20be6982'
     clang++ -stdlib=libc++ -I/data/gannet/ripley/R/R-clang/include -DNDEBUG -I/usr/include -I"/data/gannet/ripley/R/test-clang/Rcpp/include" -I"/data/gannet/ripley/R/packages/tests-clang/RcppGSL.Rcheck/RcppGSL/include" -I"/data/gannet/ripley/R/packages/tests-clang/RcppGSL.Rcheck/RcppGSL/unitTests/cpp" -isystem /usr/local/clang/include -fpic -g -O3 -Wall -pedantic -mtune=native -c gsl.cpp -o gsl.o
     /data/gannet/ripley/R/R-clang/etc/Makeconf:151: recipe for target 'gsl.o' failed
     make[1]: Leaving directory '/tmp/Rtmpxk6t9D/sourceCpp-x86_64-pc-linux-gnu-0.12.9/sourcecpp_8b7f20be6982'
     Error in sourceCpp(file.path(pathRcppTests, "cpp/gsl.cpp")) :
     Error 1 occurred building shared library.
    
    
     Executing test function test.gsl.vector.view ... gsl.cpp:293:5: error: no matching function for call to 'transform'
     std::transform(vec.begin(), vec.end(), res.begin(), ::sqrt);
     ^~~~~~~~~~~~~~
     /usr/local/bin/../include/c++/v1/algorithm:1954:1: note: candidate template ignored: couldn't infer template argument '_UnaryOperation'
     transform(_InputIterator __first, _InputIterator __last, _OutputIterator __result, _UnaryOperation __op)
     ^
     /usr/local/bin/../include/c++/v1/algorithm:1964:1: note: candidate function template not viable: requires 5 arguments, but 4 were provided
     transform(_InputIterator1 __first1, _InputIterator1 __last1, _InputIterator2 __first2,
     ^
     1 error generated.
     make[1]: *** [gsl.o] Error 1
     make[1]: Target 'all' not remade because of errors.
     make[1]: Entering directory '/tmp/Rtmpxk6t9D/sourceCpp-x86_64-pc-linux-gnu-0.12.9/sourcecpp_8b7f20be6982'
     clang++ -stdlib=libc++ -I/data/gannet/ripley/R/R-clang/include -DNDEBUG -I/usr/include -I"/data/gannet/ripley/R/test-clang/Rcpp/include" -I"/data/gannet/ripley/R/packages/tests-clang/RcppGSL.Rcheck/RcppGSL/include" -I"/data/gannet/ripley/R/packages/tests-clang/RcppGSL.Rcheck/RcppGSL/unitTests/cpp" -isystem /usr/local/clang/include -fpic -g -O3 -Wall -pedantic -mtune=native -c gsl.cpp -o gsl.o
     /data/gannet/ripley/R/R-clang/etc/Makeconf:151: recipe for target 'gsl.o' failed
     make[1]: Leaving directory '/tmp/Rtmpxk6t9D/sourceCpp-x86_64-pc-linux-gnu-0.12.9/sourcecpp_8b7f20be6982'
     Error in sourceCpp(file.path(pathRcppTests, "cpp/gsl.cpp")) :
     Error 1 occurred building shared library.
    
    
     Executing test function test.gsl.vector.wrappers ... gsl.cpp:293:5: error: no matching function for call to 'transform'
     std::transform(vec.begin(), vec.end(), res.begin(), ::sqrt);
     ^~~~~~~~~~~~~~
     /usr/local/bin/../include/c++/v1/algorithm:1954:1: note: candidate template ignored: couldn't infer template argument '_UnaryOperation'
     transform(_InputIterator __first, _InputIterator __last, _OutputIterator __result, _UnaryOperation __op)
     ^
     /usr/local/bin/../include/c++/v1/algorithm:1964:1: note: candidate function template not viable: requires 5 arguments, but 4 were provided
     transform(_InputIterator1 __first1, _InputIterator1 __last1, _InputIterator2 __first2,
     ^
     1 error generated.
     make[1]: *** [gsl.o] Error 1
     make[1]: Target 'all' not remade because of errors.
     make[1]: Entering directory '/tmp/Rtmpxk6t9D/sourceCpp-x86_64-pc-linux-gnu-0.12.9/sourcecpp_8b7f20be6982'
     clang++ -stdlib=libc++ -I/data/gannet/ripley/R/R-clang/include -DNDEBUG -I/usr/include -I"/data/gannet/ripley/R/test-clang/Rcpp/include" -I"/data/gannet/ripley/R/packages/tests-clang/RcppGSL.Rcheck/RcppGSL/include" -I"/data/gannet/ripley/R/packages/tests-clang/RcppGSL.Rcheck/RcppGSL/unitTests/cpp" -isystem /usr/local/clang/include -fpic -g -O3 -Wall -pedantic -mtune=native -c gsl.cpp -o gsl.o
     /data/gannet/ripley/R/R-clang/etc/Makeconf:151: recipe for target 'gsl.o' failed
     make[1]: Leaving directory '/tmp/Rtmpxk6t9D/sourceCpp-x86_64-pc-linux-gnu-0.12.9/sourcecpp_8b7f20be6982'
     Error in sourceCpp(file.path(pathRcppTests, "cpp/gsl.cpp")) :
     Error 1 occurred building shared library.
     >
     > ## Print results
     > printTextProtocol(tests)
     RUNIT TEST PROTOCOL -- Tue Jan 17 13:22:41 2017
     ***********************************************
     Number of test functions: 19
     Number of errors: 14
     Number of failures: 0
    
    
     1 Test Suite :
     RcppGSL Unit Tests - 19 test functions, 14 errors, 0 failures
     ERROR in .setUp (before test.gsl.RcppGSL.matrix.indexing): Error executing .setUp before test.gsl.RcppGSL.matrix.indexing : Error in sourceCpp(file.path(pathRcppTests, "cpp/gsl.cpp")) :
     Error 1 occurred building shared library.
     ERROR in .setUp (before test.gsl.RcppGSL.matrix.view.indexing): Error executing .setUp before test.gsl.RcppGSL.matrix.view.indexing : Error in sourceCpp(file.path(pathRcppTests, "cpp/gsl.cpp")) :
     Error 1 occurred building shared library.
     ERROR in .setUp (before test.gsl.RcppGSL.vector): Error executing .setUp before test.gsl.RcppGSL.vector : Error in sourceCpp(file.path(pathRcppTests, "cpp/gsl.cpp")) :
     Error 1 occurred building shared library.
     ERROR in .setUp (before test.gsl.RcppGSL.vector.indexing): Error executing .setUp before test.gsl.RcppGSL.vector.indexing : Error in sourceCpp(file.path(pathRcppTests, "cpp/gsl.cpp")) :
     Error 1 occurred building shared library.
     ERROR in .setUp (before test.gsl.RcppGSL.vector.iterating): Error executing .setUp before test.gsl.RcppGSL.vector.iterating : Error in sourceCpp(file.path(pathRcppTests, "cpp/gsl.cpp")) :
     Error 1 occurred building shared library.
     ERROR in .setUp (before test.gsl.RcppGSL.vector.iterator.transform): Error executing .setUp before test.gsl.RcppGSL.vector.iterator.transform : Error in sourceCpp(file.path(pathRcppTests, "cpp/gsl.cpp")) :
     Error 1 occurred building shared library.
     ERROR in .setUp (before test.gsl.RcppGSL.vector.view.iterating): Error executing .setUp before test.gsl.RcppGSL.vector.view.iterating : Error in sourceCpp(file.path(pathRcppTests, "cpp/gsl.cpp")) :
     Error 1 occurred building shared library.
     ERROR in .setUp (before test.gsl.matrix): Error executing .setUp before test.gsl.matrix : Error in sourceCpp(file.path(pathRcppTests, "cpp/gsl.cpp")) :
     Error 1 occurred building shared library.
     ERROR in .setUp (before test.gsl.matrix.input.SEXP): Error executing .setUp before test.gsl.matrix.input.SEXP : Error in sourceCpp(file.path(pathRcppTests, "cpp/gsl.cpp")) :
     Error 1 occurred building shared library.
     ERROR in .setUp (before test.gsl.matrix.view): Error executing .setUp before test.gsl.matrix.view : Error in sourceCpp(file.path(pathRcppTests, "cpp/gsl.cpp")) :
     Error 1 occurred building shared library.
     ERROR in .setUp (before test.gsl.vector): Error executing .setUp before test.gsl.vector : Error in sourceCpp(file.path(pathRcppTests, "cpp/gsl.cpp")) :
     Error 1 occurred building shared library.
     ERROR in .setUp (before test.gsl.vector.input.SEXP): Error executing .setUp before test.gsl.vector.input.SEXP : Error in sourceCpp(file.path(pathRcppTests, "cpp/gsl.cpp")) :
     Error 1 occurred building shared library.
     ERROR in .setUp (before test.gsl.vector.view): Error executing .setUp before test.gsl.vector.view : Error in sourceCpp(file.path(pathRcppTests, "cpp/gsl.cpp")) :
     Error 1 occurred building shared library.
     ERROR in .setUp (before test.gsl.vector.wrappers): Error executing .setUp before test.gsl.vector.wrappers : Error in sourceCpp(file.path(pathRcppTests, "cpp/gsl.cpp")) :
     Error 1 occurred building shared library.
    
    
    
     Details
     ***************************
     Test Suite: RcppGSL Unit Tests
     Test function regexp: ^[Tt]est.+
     Test file regexp: ^runit.+\.[rR]$
     Involved directory:
     /data/gannet/ripley/R/packages/tests-clang/RcppGSL.Rcheck/RcppGSL/unitTests
     ---------------------------
     Test file: /data/gannet/ripley/R/packages/tests-clang/RcppGSL.Rcheck/RcppGSL/unitTests/runit.client.package.R
     test.client.package: (1 checks) ... OK (23.6 seconds)
     ---------------------------
     Test file: /data/gannet/ripley/R/packages/tests-clang/RcppGSL.Rcheck/RcppGSL/unitTests/runit.fastLm.R
     test.fastLm: (3 checks) ... OK (0.03 seconds)
     test.fastLm.default: (5 checks) ... OK (0 seconds)
     test.fastLm.formula: (5 checks) ... OK (0.04 seconds)
     test.summary.fastLm: (12 checks) ... OK (0.09 seconds)
     ---------------------------
     Test file: /data/gannet/ripley/R/packages/tests-clang/RcppGSL.Rcheck/RcppGSL/unitTests/runit.gsl.R
     .setUp (before test.gsl.RcppGSL.matrix.indexing): ERROR !!
     Error executing .setUp before test.gsl.RcppGSL.matrix.indexing : Error in sourceCpp(file.path(pathRcppTests, "cpp/gsl.cpp")) :
     Error 1 occurred building shared library.
     .setUp (before test.gsl.RcppGSL.matrix.view.indexing): ERROR !!
     Error executing .setUp before test.gsl.RcppGSL.matrix.view.indexing : Error in sourceCpp(file.path(pathRcppTests, "cpp/gsl.cpp")) :
     Error 1 occurred building shared library.
     .setUp (before test.gsl.RcppGSL.vector): ERROR !!
     Error executing .setUp before test.gsl.RcppGSL.vector : Error in sourceCpp(file.path(pathRcppTests, "cpp/gsl.cpp")) :
     Error 1 occurred building shared library.
     .setUp (before test.gsl.RcppGSL.vector.indexing): ERROR !!
     Error executing .setUp before test.gsl.RcppGSL.vector.indexing : Error in sourceCpp(file.path(pathRcppTests, "cpp/gsl.cpp")) :
     Error 1 occurred building shared library.
     .setUp (before test.gsl.RcppGSL.vector.iterating): ERROR !!
     Error executing .setUp before test.gsl.RcppGSL.vector.iterating : Error in sourceCpp(file.path(pathRcppTests, "cpp/gsl.cpp")) :
     Error 1 occurred building shared library.
     .setUp (before test.gsl.RcppGSL.vector.iterator.transform): ERROR !!
     Error executing .setUp before test.gsl.RcppGSL.vector.iterator.transform : Error in sourceCpp(file.path(pathRcppTests, "cpp/gsl.cpp")) :
     Error 1 occurred building shared library.
     .setUp (before test.gsl.RcppGSL.vector.view.iterating): ERROR !!
     Error executing .setUp before test.gsl.RcppGSL.vector.view.iterating : Error in sourceCpp(file.path(pathRcppTests, "cpp/gsl.cpp")) :
     Error 1 occurred building shared library.
     .setUp (before test.gsl.matrix): ERROR !!
     Error executing .setUp before test.gsl.matrix : Error in sourceCpp(file.path(pathRcppTests, "cpp/gsl.cpp")) :
     Error 1 occurred building shared library.
     .setUp (before test.gsl.matrix.input.SEXP): ERROR !!
     Error executing .setUp before test.gsl.matrix.input.SEXP : Error in sourceCpp(file.path(pathRcppTests, "cpp/gsl.cpp")) :
     Error 1 occurred building shared library.
     .setUp (before test.gsl.matrix.view): ERROR !!
     Error executing .setUp before test.gsl.matrix.view : Error in sourceCpp(file.path(pathRcppTests, "cpp/gsl.cpp")) :
     Error 1 occurred building shared library.
     .setUp (before test.gsl.vector): ERROR !!
     Error executing .setUp before test.gsl.vector : Error in sourceCpp(file.path(pathRcppTests, "cpp/gsl.cpp")) :
     Error 1 occurred building shared library.
     .setUp (before test.gsl.vector.input.SEXP): ERROR !!
     Error executing .setUp before test.gsl.vector.input.SEXP : Error in sourceCpp(file.path(pathRcppTests, "cpp/gsl.cpp")) :
     Error 1 occurred building shared library.
     .setUp (before test.gsl.vector.view): ERROR !!
     Error executing .setUp before test.gsl.vector.view : Error in sourceCpp(file.path(pathRcppTests, "cpp/gsl.cpp")) :
     Error 1 occurred building shared library.
     .setUp (before test.gsl.vector.wrappers): ERROR !!
     Error executing .setUp before test.gsl.vector.wrappers : Error in sourceCpp(file.path(pathRcppTests, "cpp/gsl.cpp")) :
     Error 1 occurred building shared library.
     >
     > ## Return success or failure to R CMD CHECK
     > if (getErrors(tests)$nFail > 0) {
     + stop("TEST FAILED!")
     + }
     > if (getErrors(tests)$nErr > 0) {
     + stop("TEST HAD ERRORS!")
     + }
     Error: TEST HAD ERRORS!
     Execution halted
Flavor: r-devel-linux-x86_64-fedora-clang

Version: 0.3.1
Flags: --no-stop-on-test-error
Check: re-building of vignette outputs
Result: WARN
    Error in re-building vignettes:
     ...
    Loading required package: inline
Flavor: r-devel-linux-x86_64-fedora-clang

Version: 0.3.1
Check: tests
Result: ERROR
     Running ‘doRUnit.R’ [458s/460s]
    Running the tests in ‘tests/doRUnit.R’ failed.
    Complete output:
     > ## doRUnit.R --- Run RUnit tests
     > ##
     > ## with credits to package fUtilities in RMetrics
     > ## which credits Gregor Gojanc's example in CRAN package 'gdata'
     > ## as per the (now deceased) R Wiki http://wiki.r-project.org/rwiki/doku.php?id=developers:runit
     > ## and changed further by Martin Maechler
     > ## and usage across several Rcpp* package
     > ## and more changes by Murray Stokely in HistogramTools
     > ##
     > ## Dirk Eddelbuettel, 2010 - 2016
     >
     > stopifnot(require("RUnit", quietly=TRUE))
     > stopifnot(require("RcppGSL", quietly=TRUE))
     >
     > ## Set a seed to make the test deterministic
     > set.seed(42)
     >
     > ## Define tests
     > testSuite <- defineTestSuite(name="RcppGSL Unit Tests",
     + dirs=system.file("unitTests", package = "RcppGSL"),
     + testFuncRegexp = "^[Tt]est.+")
     >
     > ## without this, we get (or used to get) unit test failures
     > Sys.setenv("R_TESTS"="")
     >
     > ## Run tests
     > tests <- runTestSuite(testSuite)
    
    
     Executing test function test.client.package ... * checking for file ‘RcppGSLExample/DESCRIPTION’ ... OK
     * preparing ‘RcppGSLExample’:
     * checking DESCRIPTION meta-information ... OK
     * cleaning src
     * checking for LF line-endings in source and make files
     * checking for empty or unneeded directories
     * building ‘RcppGSLExample_0.0.3.tar.gz’
    
     * installing *source* package ‘RcppGSLExample’ ...
     checking for gsl-config... /usr/local/bin/gsl-config
     configure: creating ./config.status
     config.status: creating src/Makevars
     ** libs
     /opt/csw/bin/g++ -I/home/ripley/R/gcc/include -DNDEBUG -I/usr/local/include -I/opt/csw/include -I/usr/local/include -I"/tmp/RtmpZeayuB/RLIBS_36a328bf611e/Rcpp/include" -I"/tmp/RtmpZeayuB/RLIBS_36a328bf611e/RcppGSL/include" -fPIC -O2 -mcpu=niagara2 -c RcppExports.cpp -o RcppExports.o
     /opt/csw/bin/g++ -I/home/ripley/R/gcc/include -DNDEBUG -I/usr/local/include -I/opt/csw/include -I/usr/local/include -I"/tmp/RtmpZeayuB/RLIBS_36a328bf611e/Rcpp/include" -I"/tmp/RtmpZeayuB/RLIBS_36a328bf611e/RcppGSL/include" -fPIC -O2 -mcpu=niagara2 -c colNorm.cpp -o colNorm.o
     /opt/csw/bin/g++ -shared -L/opt/csw/lib -L/usr/local/lib -o RcppGSLExample.so RcppExports.o colNorm.o -L/usr/local/lib -lgsl -lgslcblas -lm
     installing to /tmp/Rtmpa4aWXC/file398ee994ec0/templib/RcppGSLExample/libs
     ** R
     ** preparing package for lazy loading
     ** help
     *** installing help indices
     ** building package indices
     ** testing if installed package can be loaded
     * DONE (RcppGSLExample)
     Loading required package: Rcpp
    
     Attaching package: 'Rcpp'
    
     The following object is masked from 'package:RcppGSL':
    
     LdFlags
    
     Loading required package: RcppGSLExample
     done successfully.
    
    
    
     Executing test function test.fastLm ... done successfully.
    
    
    
     Executing test function test.fastLm.default ... done successfully.
    
    
    
     Executing test function test.fastLm.formula ... done successfully.
    
    
    
     Executing test function test.summary.fastLm ... done successfully.
    
    
    
     Executing test function test.gsl.RcppGSL.matrix.indexing ... gsl.cpp: In function ‘Rcpp::NumericVector test_gsl_vector_iterator_transform(Rcpp::NumericVector)’:
     gsl.cpp:293:63: error: no matching function for call to ‘transform(RcppGSL::vector<double>::iterator, RcppGSL::vector<double>::iterator, Rcpp::Vector<14, Rcpp::PreserveStorage>::iterator, <unresolved overloaded function type>)’
     std::transform(vec.begin(), vec.end(), res.begin(), ::sqrt);
     ^
     In file included from /opt/csw/include/c++/5.2.0/algorithm:62:0,
     from /home/ripley/R/Lib32/Rcpp/include/RcppCommon.h:63,
     from /home/ripley/R/Lib32/RcppGSL/include/RcppGSLForward.h:25,
     from /home/ripley/R/Lib32/RcppGSL/include/RcppGSL.h:25,
     from gsl.cpp:22:
     /opt/csw/include/c++/5.2.0/bits/stl_algo.h:4164:5: note: candidate: template<class _IIter, class _OIter, class _UnaryOperation> _OIter std::transform(_IIter, _IIter, _OIter, _UnaryOperation)
     transform(_InputIterator __first, _InputIterator __last,
     ^
     /opt/csw/include/c++/5.2.0/bits/stl_algo.h:4164:5: note: template argument deduction/substitution failed:
     gsl.cpp:293:63: note: couldn't deduce template parameter ‘_UnaryOperation’
     std::transform(vec.begin(), vec.end(), res.begin(), ::sqrt);
     ^
     In file included from /opt/csw/include/c++/5.2.0/algorithm:62:0,
     from /home/ripley/R/Lib32/Rcpp/include/RcppCommon.h:63,
     from /home/ripley/R/Lib32/RcppGSL/include/RcppGSLForward.h:25,
     from /home/ripley/R/Lib32/RcppGSL/include/RcppGSL.h:25,
     from gsl.cpp:22:
     /opt/csw/include/c++/5.2.0/bits/stl_algo.h:4201:5: note: candidate: template<class _IIter1, class _IIter2, class _OIter, class _BinaryOperation> _OIter std::transform(_IIter1, _IIter1, _IIter2, _OIter, _BinaryOperation)
     transform(_InputIterator1 __first1, _InputIterator1 __last1,
     ^
     /opt/csw/include/c++/5.2.0/bits/stl_algo.h:4201:5: note: template argument deduction/substitution failed:
     gsl.cpp:293:63: note: candidate expects 5 arguments, 4 provided
     std::transform(vec.begin(), vec.end(), res.begin(), ::sqrt);
     ^
     make: Fatal error: Command failed for target `gsl.o'
     Current working directory /tmp/Rtmpa4aWXC/sourceCpp-sparc-sun-solaris2.10-0.12.8/sourcecpp_398e13ee2bb9
     /opt/csw/bin/g++ -I/home/ripley/R/gcc/include -DNDEBUG -I/usr/local/include -I/opt/csw/include -I/usr/local/include -I"/home/ripley/R/Lib32/Rcpp/include" -I"/home/ripley/R/Lib32/RcppGSL/include" -I"/home/ripley/R/Lib32/RcppGSL/unitTests/cpp" -fPIC -O2 -mcpu=niagara2 -c gsl.cpp -o gsl.o
     *** Error code 1
     Error in sourceCpp(file.path(pathRcppTests, "cpp/gsl.cpp")) :
     Error 1 occurred building shared library.
    
    
     Executing test function test.gsl.RcppGSL.matrix.view.indexing ... gsl.cpp: In function ‘Rcpp::NumericVector test_gsl_vector_iterator_transform(Rcpp::NumericVector)’:
     gsl.cpp:293:63: error: no matching function for call to ‘transform(RcppGSL::vector<double>::iterator, RcppGSL::vector<double>::iterator, Rcpp::Vector<14, Rcpp::PreserveStorage>::iterator, <unresolved overloaded function type>)’
     std::transform(vec.begin(), vec.end(), res.begin(), ::sqrt);
     ^
     In file included from /opt/csw/include/c++/5.2.0/algorithm:62:0,
     from /home/ripley/R/Lib32/Rcpp/include/RcppCommon.h:63,
     from /home/ripley/R/Lib32/RcppGSL/include/RcppGSLForward.h:25,
     from /home/ripley/R/Lib32/RcppGSL/include/RcppGSL.h:25,
     from gsl.cpp:22:
     /opt/csw/include/c++/5.2.0/bits/stl_algo.h:4164:5: note: candidate: template<class _IIter, class _OIter, class _UnaryOperation> _OIter std::transform(_IIter, _IIter, _OIter, _UnaryOperation)
     transform(_InputIterator __first, _InputIterator __last,
     ^
     /opt/csw/include/c++/5.2.0/bits/stl_algo.h:4164:5: note: template argument deduction/substitution failed:
     gsl.cpp:293:63: note: couldn't deduce template parameter ‘_UnaryOperation’
     std::transform(vec.begin(), vec.end(), res.begin(), ::sqrt);
     ^
     In file included from /opt/csw/include/c++/5.2.0/algorithm:62:0,
     from /home/ripley/R/Lib32/Rcpp/include/RcppCommon.h:63,
     from /home/ripley/R/Lib32/RcppGSL/include/RcppGSLForward.h:25,
     from /home/ripley/R/Lib32/RcppGSL/include/RcppGSL.h:25,
     from gsl.cpp:22:
     /opt/csw/include/c++/5.2.0/bits/stl_algo.h:4201:5: note: candidate: template<class _IIter1, class _IIter2, class _OIter, class _BinaryOperation> _OIter std::transform(_IIter1, _IIter1, _IIter2, _OIter, _BinaryOperation)
     transform(_InputIterator1 __first1, _InputIterator1 __last1,
     ^
     /opt/csw/include/c++/5.2.0/bits/stl_algo.h:4201:5: note: template argument deduction/substitution failed:
     gsl.cpp:293:63: note: candidate expects 5 arguments, 4 provided
     std::transform(vec.begin(), vec.end(), res.begin(), ::sqrt);
     ^
     make: Fatal error: Command failed for target `gsl.o'
     Current working directory /tmp/Rtmpa4aWXC/sourceCpp-sparc-sun-solaris2.10-0.12.8/sourcecpp_398e13ee2bb9
     /opt/csw/bin/g++ -I/home/ripley/R/gcc/include -DNDEBUG -I/usr/local/include -I/opt/csw/include -I/usr/local/include -I"/home/ripley/R/Lib32/Rcpp/include" -I"/home/ripley/R/Lib32/RcppGSL/include" -I"/home/ripley/R/Lib32/RcppGSL/unitTests/cpp" -fPIC -O2 -mcpu=niagara2 -c gsl.cpp -o gsl.o
     *** Error code 1
     Error in sourceCpp(file.path(pathRcppTests, "cpp/gsl.cpp")) :
     Error 1 occurred building shared library.
    
    
     Executing test function test.gsl.RcppGSL.vector ... gsl.cpp: In function ‘Rcpp::NumericVector test_gsl_vector_iterator_transform(Rcpp::NumericVector)’:
     gsl.cpp:293:63: error: no matching function for call to ‘transform(RcppGSL::vector<double>::iterator, RcppGSL::vector<double>::iterator, Rcpp::Vector<14, Rcpp::PreserveStorage>::iterator, <unresolved overloaded function type>)’
     std::transform(vec.begin(), vec.end(), res.begin(), ::sqrt);
     ^
     In file included from /opt/csw/include/c++/5.2.0/algorithm:62:0,
     from /home/ripley/R/Lib32/Rcpp/include/RcppCommon.h:63,
     from /home/ripley/R/Lib32/RcppGSL/include/RcppGSLForward.h:25,
     from /home/ripley/R/Lib32/RcppGSL/include/RcppGSL.h:25,
     from gsl.cpp:22:
     /opt/csw/include/c++/5.2.0/bits/stl_algo.h:4164:5: note: candidate: template<class _IIter, class _OIter, class _UnaryOperation> _OIter std::transform(_IIter, _IIter, _OIter, _UnaryOperation)
     transform(_InputIterator __first, _InputIterator __last,
     ^
     /opt/csw/include/c++/5.2.0/bits/stl_algo.h:4164:5: note: template argument deduction/substitution failed:
     gsl.cpp:293:63: note: couldn't deduce template parameter ‘_UnaryOperation’
     std::transform(vec.begin(), vec.end(), res.begin(), ::sqrt);
     ^
     In file included from /opt/csw/include/c++/5.2.0/algorithm:62:0,
     from /home/ripley/R/Lib32/Rcpp/include/RcppCommon.h:63,
     from /home/ripley/R/Lib32/RcppGSL/include/RcppGSLForward.h:25,
     from /home/ripley/R/Lib32/RcppGSL/include/RcppGSL.h:25,
     from gsl.cpp:22:
     /opt/csw/include/c++/5.2.0/bits/stl_algo.h:4201:5: note: candidate: template<class _IIter1, class _IIter2, class _OIter, class _BinaryOperation> _OIter std::transform(_IIter1, _IIter1, _IIter2, _OIter, _BinaryOperation)
     transform(_InputIterator1 __first1, _InputIterator1 __last1,
     ^
     /opt/csw/include/c++/5.2.0/bits/stl_algo.h:4201:5: note: template argument deduction/substitution failed:
     gsl.cpp:293:63: note: candidate expects 5 arguments, 4 provided
     std::transform(vec.begin(), vec.end(), res.begin(), ::sqrt);
     ^
     make: Fatal error: Command failed for target `gsl.o'
     Current working directory /tmp/Rtmpa4aWXC/sourceCpp-sparc-sun-solaris2.10-0.12.8/sourcecpp_398e13ee2bb9
     /opt/csw/bin/g++ -I/home/ripley/R/gcc/include -DNDEBUG -I/usr/local/include -I/opt/csw/include -I/usr/local/include -I"/home/ripley/R/Lib32/Rcpp/include" -I"/home/ripley/R/Lib32/RcppGSL/include" -I"/home/ripley/R/Lib32/RcppGSL/unitTests/cpp" -fPIC -O2 -mcpu=niagara2 -c gsl.cpp -o gsl.o
     *** Error code 1
     Error in sourceCpp(file.path(pathRcppTests, "cpp/gsl.cpp")) :
     Error 1 occurred building shared library.
    
    
     Executing test function test.gsl.RcppGSL.vector.indexing ... gsl.cpp: In function ‘Rcpp::NumericVector test_gsl_vector_iterator_transform(Rcpp::NumericVector)’:
     gsl.cpp:293:63: error: no matching function for call to ‘transform(RcppGSL::vector<double>::iterator, RcppGSL::vector<double>::iterator, Rcpp::Vector<14, Rcpp::PreserveStorage>::iterator, <unresolved overloaded function type>)’
     std::transform(vec.begin(), vec.end(), res.begin(), ::sqrt);
     ^
     In file included from /opt/csw/include/c++/5.2.0/algorithm:62:0,
     from /home/ripley/R/Lib32/Rcpp/include/RcppCommon.h:63,
     from /home/ripley/R/Lib32/RcppGSL/include/RcppGSLForward.h:25,
     from /home/ripley/R/Lib32/RcppGSL/include/RcppGSL.h:25,
     from gsl.cpp:22:
     /opt/csw/include/c++/5.2.0/bits/stl_algo.h:4164:5: note: candidate: template<class _IIter, class _OIter, class _UnaryOperation> _OIter std::transform(_IIter, _IIter, _OIter, _UnaryOperation)
     transform(_InputIterator __first, _InputIterator __last,
     ^
     /opt/csw/include/c++/5.2.0/bits/stl_algo.h:4164:5: note: template argument deduction/substitution failed:
     gsl.cpp:293:63: note: couldn't deduce template parameter ‘_UnaryOperation’
     std::transform(vec.begin(), vec.end(), res.begin(), ::sqrt);
     ^
     In file included from /opt/csw/include/c++/5.2.0/algorithm:62:0,
     from /home/ripley/R/Lib32/Rcpp/include/RcppCommon.h:63,
     from /home/ripley/R/Lib32/RcppGSL/include/RcppGSLForward.h:25,
     from /home/ripley/R/Lib32/RcppGSL/include/RcppGSL.h:25,
     from gsl.cpp:22:
     /opt/csw/include/c++/5.2.0/bits/stl_algo.h:4201:5: note: candidate: template<class _IIter1, class _IIter2, class _OIter, class _BinaryOperation> _OIter std::transform(_IIter1, _IIter1, _IIter2, _OIter, _BinaryOperation)
     transform(_InputIterator1 __first1, _InputIterator1 __last1,
     ^
     /opt/csw/include/c++/5.2.0/bits/stl_algo.h:4201:5: note: template argument deduction/substitution failed:
     gsl.cpp:293:63: note: candidate expects 5 arguments, 4 provided
     std::transform(vec.begin(), vec.end(), res.begin(), ::sqrt);
     ^
     make: Fatal error: Command failed for target `gsl.o'
     Current working directory /tmp/Rtmpa4aWXC/sourceCpp-sparc-sun-solaris2.10-0.12.8/sourcecpp_398e13ee2bb9
     /opt/csw/bin/g++ -I/home/ripley/R/gcc/include -DNDEBUG -I/usr/local/include -I/opt/csw/include -I/usr/local/include -I"/home/ripley/R/Lib32/Rcpp/include" -I"/home/ripley/R/Lib32/RcppGSL/include" -I"/home/ripley/R/Lib32/RcppGSL/unitTests/cpp" -fPIC -O2 -mcpu=niagara2 -c gsl.cpp -o gsl.o
     *** Error code 1
     Error in sourceCpp(file.path(pathRcppTests, "cpp/gsl.cpp")) :
     Error 1 occurred building shared library.
    
    
     Executing test function test.gsl.RcppGSL.vector.iterating ... gsl.cpp: In function ‘Rcpp::NumericVector test_gsl_vector_iterator_transform(Rcpp::NumericVector)’:
     gsl.cpp:293:63: error: no matching function for call to ‘transform(RcppGSL::vector<double>::iterator, RcppGSL::vector<double>::iterator, Rcpp::Vector<14, Rcpp::PreserveStorage>::iterator, <unresolved overloaded function type>)’
     std::transform(vec.begin(), vec.end(), res.begin(), ::sqrt);
     ^
     In file included from /opt/csw/include/c++/5.2.0/algorithm:62:0,
     from /home/ripley/R/Lib32/Rcpp/include/RcppCommon.h:63,
     from /home/ripley/R/Lib32/RcppGSL/include/RcppGSLForward.h:25,
     from /home/ripley/R/Lib32/RcppGSL/include/RcppGSL.h:25,
     from gsl.cpp:22:
     /opt/csw/include/c++/5.2.0/bits/stl_algo.h:4164:5: note: candidate: template<class _IIter, class _OIter, class _UnaryOperation> _OIter std::transform(_IIter, _IIter, _OIter, _UnaryOperation)
     transform(_InputIterator __first, _InputIterator __last,
     ^
     /opt/csw/include/c++/5.2.0/bits/stl_algo.h:4164:5: note: template argument deduction/substitution failed:
     gsl.cpp:293:63: note: couldn't deduce template parameter ‘_UnaryOperation’
     std::transform(vec.begin(), vec.end(), res.begin(), ::sqrt);
     ^
     In file included from /opt/csw/include/c++/5.2.0/algorithm:62:0,
     from /home/ripley/R/Lib32/Rcpp/include/RcppCommon.h:63,
     from /home/ripley/R/Lib32/RcppGSL/include/RcppGSLForward.h:25,
     from /home/ripley/R/Lib32/RcppGSL/include/RcppGSL.h:25,
     from gsl.cpp:22:
     /opt/csw/include/c++/5.2.0/bits/stl_algo.h:4201:5: note: candidate: template<class _IIter1, class _IIter2, class _OIter, class _BinaryOperation> _OIter std::transform(_IIter1, _IIter1, _IIter2, _OIter, _BinaryOperation)
     transform(_InputIterator1 __first1, _InputIterator1 __last1,
     ^
     /opt/csw/include/c++/5.2.0/bits/stl_algo.h:4201:5: note: template argument deduction/substitution failed:
     gsl.cpp:293:63: note: candidate expects 5 arguments, 4 provided
     std::transform(vec.begin(), vec.end(), res.begin(), ::sqrt);
     ^
     make: Fatal error: Command failed for target `gsl.o'
     Current working directory /tmp/Rtmpa4aWXC/sourceCpp-sparc-sun-solaris2.10-0.12.8/sourcecpp_398e13ee2bb9
     /opt/csw/bin/g++ -I/home/ripley/R/gcc/include -DNDEBUG -I/usr/local/include -I/opt/csw/include -I/usr/local/include -I"/home/ripley/R/Lib32/Rcpp/include" -I"/home/ripley/R/Lib32/RcppGSL/include" -I"/home/ripley/R/Lib32/RcppGSL/unitTests/cpp" -fPIC -O2 -mcpu=niagara2 -c gsl.cpp -o gsl.o
     *** Error code 1
     Error in sourceCpp(file.path(pathRcppTests, "cpp/gsl.cpp")) :
     Error 1 occurred building shared library.
    
    
     Executing test function test.gsl.RcppGSL.vector.iterator.transform ... gsl.cpp: In function ‘Rcpp::NumericVector test_gsl_vector_iterator_transform(Rcpp::NumericVector)’:
     gsl.cpp:293:63: error: no matching function for call to ‘transform(RcppGSL::vector<double>::iterator, RcppGSL::vector<double>::iterator, Rcpp::Vector<14, Rcpp::PreserveStorage>::iterator, <unresolved overloaded function type>)’
     std::transform(vec.begin(), vec.end(), res.begin(), ::sqrt);
     ^
     In file included from /opt/csw/include/c++/5.2.0/algorithm:62:0,
     from /home/ripley/R/Lib32/Rcpp/include/RcppCommon.h:63,
     from /home/ripley/R/Lib32/RcppGSL/include/RcppGSLForward.h:25,
     from /home/ripley/R/Lib32/RcppGSL/include/RcppGSL.h:25,
     from gsl.cpp:22:
     /opt/csw/include/c++/5.2.0/bits/stl_algo.h:4164:5: note: candidate: template<class _IIter, class _OIter, class _UnaryOperation> _OIter std::transform(_IIter, _IIter, _OIter, _UnaryOperation)
     transform(_InputIterator __first, _InputIterator __last,
     ^
     /opt/csw/include/c++/5.2.0/bits/stl_algo.h:4164:5: note: template argument deduction/substitution failed:
     gsl.cpp:293:63: note: couldn't deduce template parameter ‘_UnaryOperation’
     std::transform(vec.begin(), vec.end(), res.begin(), ::sqrt);
     ^
     In file included from /opt/csw/include/c++/5.2.0/algorithm:62:0,
     from /home/ripley/R/Lib32/Rcpp/include/RcppCommon.h:63,
     from /home/ripley/R/Lib32/RcppGSL/include/RcppGSLForward.h:25,
     from /home/ripley/R/Lib32/RcppGSL/include/RcppGSL.h:25,
     from gsl.cpp:22:
     /opt/csw/include/c++/5.2.0/bits/stl_algo.h:4201:5: note: candidate: template<class _IIter1, class _IIter2, class _OIter, class _BinaryOperation> _OIter std::transform(_IIter1, _IIter1, _IIter2, _OIter, _BinaryOperation)
     transform(_InputIterator1 __first1, _InputIterator1 __last1,
     ^
     /opt/csw/include/c++/5.2.0/bits/stl_algo.h:4201:5: note: template argument deduction/substitution failed:
     gsl.cpp:293:63: note: candidate expects 5 arguments, 4 provided
     std::transform(vec.begin(), vec.end(), res.begin(), ::sqrt);
     ^
     make: Fatal error: Command failed for target `gsl.o'
     Current working directory /tmp/Rtmpa4aWXC/sourceCpp-sparc-sun-solaris2.10-0.12.8/sourcecpp_398e13ee2bb9
     /opt/csw/bin/g++ -I/home/ripley/R/gcc/include -DNDEBUG -I/usr/local/include -I/opt/csw/include -I/usr/local/include -I"/home/ripley/R/Lib32/Rcpp/include" -I"/home/ripley/R/Lib32/RcppGSL/include" -I"/home/ripley/R/Lib32/RcppGSL/unitTests/cpp" -fPIC -O2 -mcpu=niagara2 -c gsl.cpp -o gsl.o
     *** Error code 1
     Error in sourceCpp(file.path(pathRcppTests, "cpp/gsl.cpp")) :
     Error 1 occurred building shared library.
    
    
     Executing test function test.gsl.RcppGSL.vector.view.iterating ... gsl.cpp: In function ‘Rcpp::NumericVector test_gsl_vector_iterator_transform(Rcpp::NumericVector)’:
     gsl.cpp:293:63: error: no matching function for call to ‘transform(RcppGSL::vector<double>::iterator, RcppGSL::vector<double>::iterator, Rcpp::Vector<14, Rcpp::PreserveStorage>::iterator, <unresolved overloaded function type>)’
     std::transform(vec.begin(), vec.end(), res.begin(), ::sqrt);
     ^
     In file included from /opt/csw/include/c++/5.2.0/algorithm:62:0,
     from /home/ripley/R/Lib32/Rcpp/include/RcppCommon.h:63,
     from /home/ripley/R/Lib32/RcppGSL/include/RcppGSLForward.h:25,
     from /home/ripley/R/Lib32/RcppGSL/include/RcppGSL.h:25,
     from gsl.cpp:22:
     /opt/csw/include/c++/5.2.0/bits/stl_algo.h:4164:5: note: candidate: template<class _IIter, class _OIter, class _UnaryOperation> _OIter std::transform(_IIter, _IIter, _OIter, _UnaryOperation)
     transform(_InputIterator __first, _InputIterator __last,
     ^
     /opt/csw/include/c++/5.2.0/bits/stl_algo.h:4164:5: note: template argument deduction/substitution failed:
     gsl.cpp:293:63: note: couldn't deduce template parameter ‘_UnaryOperation’
     std::transform(vec.begin(), vec.end(), res.begin(), ::sqrt);
     ^
     In file included from /opt/csw/include/c++/5.2.0/algorithm:62:0,
     from /home/ripley/R/Lib32/Rcpp/include/RcppCommon.h:63,
     from /home/ripley/R/Lib32/RcppGSL/include/RcppGSLForward.h:25,
     from /home/ripley/R/Lib32/RcppGSL/include/RcppGSL.h:25,
     from gsl.cpp:22:
     /opt/csw/include/c++/5.2.0/bits/stl_algo.h:4201:5: note: candidate: template<class _IIter1, class _IIter2, class _OIter, class _BinaryOperation> _OIter std::transform(_IIter1, _IIter1, _IIter2, _OIter, _BinaryOperation)
     transform(_InputIterator1 __first1, _InputIterator1 __last1,
     ^
     /opt/csw/include/c++/5.2.0/bits/stl_algo.h:4201:5: note: template argument deduction/substitution failed:
     gsl.cpp:293:63: note: candidate expects 5 arguments, 4 provided
     std::transform(vec.begin(), vec.end(), res.begin(), ::sqrt);
     ^
     make: Fatal error: Command failed for target `gsl.o'
     Current working directory /tmp/Rtmpa4aWXC/sourceCpp-sparc-sun-solaris2.10-0.12.8/sourcecpp_398e13ee2bb9
     /opt/csw/bin/g++ -I/home/ripley/R/gcc/include -DNDEBUG -I/usr/local/include -I/opt/csw/include -I/usr/local/include -I"/home/ripley/R/Lib32/Rcpp/include" -I"/home/ripley/R/Lib32/RcppGSL/include" -I"/home/ripley/R/Lib32/RcppGSL/unitTests/cpp" -fPIC -O2 -mcpu=niagara2 -c gsl.cpp -o gsl.o
     *** Error code 1
     Error in sourceCpp(file.path(pathRcppTests, "cpp/gsl.cpp")) :
     Error 1 occurred building shared library.
    
    
     Executing test function test.gsl.matrix ... gsl.cpp: In function ‘Rcpp::NumericVector test_gsl_vector_iterator_transform(Rcpp::NumericVector)’:
     gsl.cpp:293:63: error: no matching function for call to ‘transform(RcppGSL::vector<double>::iterator, RcppGSL::vector<double>::iterator, Rcpp::Vector<14, Rcpp::PreserveStorage>::iterator, <unresolved overloaded function type>)’
     std::transform(vec.begin(), vec.end(), res.begin(), ::sqrt);
     ^
     In file included from /opt/csw/include/c++/5.2.0/algorithm:62:0,
     from /home/ripley/R/Lib32/Rcpp/include/RcppCommon.h:63,
     from /home/ripley/R/Lib32/RcppGSL/include/RcppGSLForward.h:25,
     from /home/ripley/R/Lib32/RcppGSL/include/RcppGSL.h:25,
     from gsl.cpp:22:
     /opt/csw/include/c++/5.2.0/bits/stl_algo.h:4164:5: note: candidate: template<class _IIter, class _OIter, class _UnaryOperation> _OIter std::transform(_IIter, _IIter, _OIter, _UnaryOperation)
     transform(_InputIterator __first, _InputIterator __last,
     ^
     /opt/csw/include/c++/5.2.0/bits/stl_algo.h:4164:5: note: template argument deduction/substitution failed:
     gsl.cpp:293:63: note: couldn't deduce template parameter ‘_UnaryOperation’
     std::transform(vec.begin(), vec.end(), res.begin(), ::sqrt);
     ^
     In file included from /opt/csw/include/c++/5.2.0/algorithm:62:0,
     from /home/ripley/R/Lib32/Rcpp/include/RcppCommon.h:63,
     from /home/ripley/R/Lib32/RcppGSL/include/RcppGSLForward.h:25,
     from /home/ripley/R/Lib32/RcppGSL/include/RcppGSL.h:25,
     from gsl.cpp:22:
     /opt/csw/include/c++/5.2.0/bits/stl_algo.h:4201:5: note: candidate: template<class _IIter1, class _IIter2, class _OIter, class _BinaryOperation> _OIter std::transform(_IIter1, _IIter1, _IIter2, _OIter, _BinaryOperation)
     transform(_InputIterator1 __first1, _InputIterator1 __last1,
     ^
     /opt/csw/include/c++/5.2.0/bits/stl_algo.h:4201:5: note: template argument deduction/substitution failed:
     gsl.cpp:293:63: note: candidate expects 5 arguments, 4 provided
     std::transform(vec.begin(), vec.end(), res.begin(), ::sqrt);
     ^
     make: Fatal error: Command failed for target `gsl.o'
     Current working directory /tmp/Rtmpa4aWXC/sourceCpp-sparc-sun-solaris2.10-0.12.8/sourcecpp_398e13ee2bb9
     /opt/csw/bin/g++ -I/home/ripley/R/gcc/include -DNDEBUG -I/usr/local/include -I/opt/csw/include -I/usr/local/include -I"/home/ripley/R/Lib32/Rcpp/include" -I"/home/ripley/R/Lib32/RcppGSL/include" -I"/home/ripley/R/Lib32/RcppGSL/unitTests/cpp" -fPIC -O2 -mcpu=niagara2 -c gsl.cpp -o gsl.o
     *** Error code 1
     Error in sourceCpp(file.path(pathRcppTests, "cpp/gsl.cpp")) :
     Error 1 occurred building shared library.
    
    
     Executing test function test.gsl.matrix.input.SEXP ... gsl.cpp: In function ‘Rcpp::NumericVector test_gsl_vector_iterator_transform(Rcpp::NumericVector)’:
     gsl.cpp:293:63: error: no matching function for call to ‘transform(RcppGSL::vector<double>::iterator, RcppGSL::vector<double>::iterator, Rcpp::Vector<14, Rcpp::PreserveStorage>::iterator, <unresolved overloaded function type>)’
     std::transform(vec.begin(), vec.end(), res.begin(), ::sqrt);
     ^
     In file included from /opt/csw/include/c++/5.2.0/algorithm:62:0,
     from /home/ripley/R/Lib32/Rcpp/include/RcppCommon.h:63,
     from /home/ripley/R/Lib32/RcppGSL/include/RcppGSLForward.h:25,
     from /home/ripley/R/Lib32/RcppGSL/include/RcppGSL.h:25,
     from gsl.cpp:22:
     /opt/csw/include/c++/5.2.0/bits/stl_algo.h:4164:5: note: candidate: template<class _IIter, class _OIter, class _UnaryOperation> _OIter std::transform(_IIter, _IIter, _OIter, _UnaryOperation)
     transform(_InputIterator __first, _InputIterator __last,
     ^
     /opt/csw/include/c++/5.2.0/bits/stl_algo.h:4164:5: note: template argument deduction/substitution failed:
     gsl.cpp:293:63: note: couldn't deduce template parameter ‘_UnaryOperation’
     std::transform(vec.begin(), vec.end(), res.begin(), ::sqrt);
     ^
     In file included from /opt/csw/include/c++/5.2.0/algorithm:62:0,
     from /home/ripley/R/Lib32/Rcpp/include/RcppCommon.h:63,
     from /home/ripley/R/Lib32/RcppGSL/include/RcppGSLForward.h:25,
     from /home/ripley/R/Lib32/RcppGSL/include/RcppGSL.h:25,
     from gsl.cpp:22:
     /opt/csw/include/c++/5.2.0/bits/stl_algo.h:4201:5: note: candidate: template<class _IIter1, class _IIter2, class _OIter, class _BinaryOperation> _OIter std::transform(_IIter1, _IIter1, _IIter2, _OIter, _BinaryOperation)
     transform(_InputIterator1 __first1, _InputIterator1 __last1,
     ^
     /opt/csw/include/c++/5.2.0/bits/stl_algo.h:4201:5: note: template argument deduction/substitution failed:
     gsl.cpp:293:63: note: candidate expects 5 arguments, 4 provided
     std::transform(vec.begin(), vec.end(), res.begin(), ::sqrt);
     ^
     make: Fatal error: Command failed for target `gsl.o'
     Current working directory /tmp/Rtmpa4aWXC/sourceCpp-sparc-sun-solaris2.10-0.12.8/sourcecpp_398e13ee2bb9
     /opt/csw/bin/g++ -I/home/ripley/R/gcc/include -DNDEBUG -I/usr/local/include -I/opt/csw/include -I/usr/local/include -I"/home/ripley/R/Lib32/Rcpp/include" -I"/home/ripley/R/Lib32/RcppGSL/include" -I"/home/ripley/R/Lib32/RcppGSL/unitTests/cpp" -fPIC -O2 -mcpu=niagara2 -c gsl.cpp -o gsl.o
     *** Error code 1
     Error in sourceCpp(file.path(pathRcppTests, "cpp/gsl.cpp")) :
     Error 1 occurred building shared library.
    
    
     Executing test function test.gsl.matrix.view ... gsl.cpp: In function ‘Rcpp::NumericVector test_gsl_vector_iterator_transform(Rcpp::NumericVector)’:
     gsl.cpp:293:63: error: no matching function for call to ‘transform(RcppGSL::vector<double>::iterator, RcppGSL::vector<double>::iterator, Rcpp::Vector<14, Rcpp::PreserveStorage>::iterator, <unresolved overloaded function type>)’
     std::transform(vec.begin(), vec.end(), res.begin(), ::sqrt);
     ^
     In file included from /opt/csw/include/c++/5.2.0/algorithm:62:0,
     from /home/ripley/R/Lib32/Rcpp/include/RcppCommon.h:63,
     from /home/ripley/R/Lib32/RcppGSL/include/RcppGSLForward.h:25,
     from /home/ripley/R/Lib32/RcppGSL/include/RcppGSL.h:25,
     from gsl.cpp:22:
     /opt/csw/include/c++/5.2.0/bits/stl_algo.h:4164:5: note: candidate: template<class _IIter, class _OIter, class _UnaryOperation> _OIter std::transform(_IIter, _IIter, _OIter, _UnaryOperation)
     transform(_InputIterator __first, _InputIterator __last,
     ^
     /opt/csw/include/c++/5.2.0/bits/stl_algo.h:4164:5: note: template argument deduction/substitution failed:
     gsl.cpp:293:63: note: couldn't deduce template parameter ‘_UnaryOperation’
     std::transform(vec.begin(), vec.end(), res.begin(), ::sqrt);
     ^
     In file included from /opt/csw/include/c++/5.2.0/algorithm:62:0,
     from /home/ripley/R/Lib32/Rcpp/include/RcppCommon.h:63,
     from /home/ripley/R/Lib32/RcppGSL/include/RcppGSLForward.h:25,
     from /home/ripley/R/Lib32/RcppGSL/include/RcppGSL.h:25,
     from gsl.cpp:22:
     /opt/csw/include/c++/5.2.0/bits/stl_algo.h:4201:5: note: candidate: template<class _IIter1, class _IIter2, class _OIter, class _BinaryOperation> _OIter std::transform(_IIter1, _IIter1, _IIter2, _OIter, _BinaryOperation)
     transform(_InputIterator1 __first1, _InputIterator1 __last1,
     ^
     /opt/csw/include/c++/5.2.0/bits/stl_algo.h:4201:5: note: template argument deduction/substitution failed:
     gsl.cpp:293:63: note: candidate expects 5 arguments, 4 provided
     std::transform(vec.begin(), vec.end(), res.begin(), ::sqrt);
     ^
     make: Fatal error: Command failed for target `gsl.o'
     Current working directory /tmp/Rtmpa4aWXC/sourceCpp-sparc-sun-solaris2.10-0.12.8/sourcecpp_398e13ee2bb9
     /opt/csw/bin/g++ -I/home/ripley/R/gcc/include -DNDEBUG -I/usr/local/include -I/opt/csw/include -I/usr/local/include -I"/home/ripley/R/Lib32/Rcpp/include" -I"/home/ripley/R/Lib32/RcppGSL/include" -I"/home/ripley/R/Lib32/RcppGSL/unitTests/cpp" -fPIC -O2 -mcpu=niagara2 -c gsl.cpp -o gsl.o
     *** Error code 1
     Error in sourceCpp(file.path(pathRcppTests, "cpp/gsl.cpp")) :
     Error 1 occurred building shared library.
    
    
     Executing test function test.gsl.vector ... gsl.cpp: In function ‘Rcpp::NumericVector test_gsl_vector_iterator_transform(Rcpp::NumericVector)’:
     gsl.cpp:293:63: error: no matching function for call to ‘transform(RcppGSL::vector<double>::iterator, RcppGSL::vector<double>::iterator, Rcpp::Vector<14, Rcpp::PreserveStorage>::iterator, <unresolved overloaded function type>)’
     std::transform(vec.begin(), vec.end(), res.begin(), ::sqrt);
     ^
     In file included from /opt/csw/include/c++/5.2.0/algorithm:62:0,
     from /home/ripley/R/Lib32/Rcpp/include/RcppCommon.h:63,
     from /home/ripley/R/Lib32/RcppGSL/include/RcppGSLForward.h:25,
     from /home/ripley/R/Lib32/RcppGSL/include/RcppGSL.h:25,
     from gsl.cpp:22:
     /opt/csw/include/c++/5.2.0/bits/stl_algo.h:4164:5: note: candidate: template<class _IIter, class _OIter, class _UnaryOperation> _OIter std::transform(_IIter, _IIter, _OIter, _UnaryOperation)
     transform(_InputIterator __first, _InputIterator __last,
     ^
     /opt/csw/include/c++/5.2.0/bits/stl_algo.h:4164:5: note: template argument deduction/substitution failed:
     gsl.cpp:293:63: note: couldn't deduce template parameter ‘_UnaryOperation’
     std::transform(vec.begin(), vec.end(), res.begin(), ::sqrt);
     ^
     In file included from /opt/csw/include/c++/5.2.0/algorithm:62:0,
     from /home/ripley/R/Lib32/Rcpp/include/RcppCommon.h:63,
     from /home/ripley/R/Lib32/RcppGSL/include/RcppGSLForward.h:25,
     from /home/ripley/R/Lib32/RcppGSL/include/RcppGSL.h:25,
     from gsl.cpp:22:
     /opt/csw/include/c++/5.2.0/bits/stl_algo.h:4201:5: note: candidate: template<class _IIter1, class _IIter2, class _OIter, class _BinaryOperation> _OIter std::transform(_IIter1, _IIter1, _IIter2, _OIter, _BinaryOperation)
     transform(_InputIterator1 __first1, _InputIterator1 __last1,
     ^
     /opt/csw/include/c++/5.2.0/bits/stl_algo.h:4201:5: note: template argument deduction/substitution failed:
     gsl.cpp:293:63: note: candidate expects 5 arguments, 4 provided
     std::transform(vec.begin(), vec.end(), res.begin(), ::sqrt);
     ^
     make: Fatal error: Command failed for target `gsl.o'
     Current working directory /tmp/Rtmpa4aWXC/sourceCpp-sparc-sun-solaris2.10-0.12.8/sourcecpp_398e13ee2bb9
     /opt/csw/bin/g++ -I/home/ripley/R/gcc/include -DNDEBUG -I/usr/local/include -I/opt/csw/include -I/usr/local/include -I"/home/ripley/R/Lib32/Rcpp/include" -I"/home/ripley/R/Lib32/RcppGSL/include" -I"/home/ripley/R/Lib32/RcppGSL/unitTests/cpp" -fPIC -O2 -mcpu=niagara2 -c gsl.cpp -o gsl.o
     *** Error code 1
     Error in sourceCpp(file.path(pathRcppTests, "cpp/gsl.cpp")) :
     Error 1 occurred building shared library.
    
    
     Executing test function test.gsl.vector.input.SEXP ... gsl.cpp: In function ‘Rcpp::NumericVector test_gsl_vector_iterator_transform(Rcpp::NumericVector)’:
     gsl.cpp:293:63: error: no matching function for call to ‘transform(RcppGSL::vector<double>::iterator, RcppGSL::vector<double>::iterator, Rcpp::Vector<14, Rcpp::PreserveStorage>::iterator, <unresolved overloaded function type>)’
     std::transform(vec.begin(), vec.end(), res.begin(), ::sqrt);
     ^
     In file included from /opt/csw/include/c++/5.2.0/algorithm:62:0,
     from /home/ripley/R/Lib32/Rcpp/include/RcppCommon.h:63,
     from /home/ripley/R/Lib32/RcppGSL/include/RcppGSLForward.h:25,
     from /home/ripley/R/Lib32/RcppGSL/include/RcppGSL.h:25,
     from gsl.cpp:22:
     /opt/csw/include/c++/5.2.0/bits/stl_algo.h:4164:5: note: candidate: template<class _IIter, class _OIter, class _UnaryOperation> _OIter std::transform(_IIter, _IIter, _OIter, _UnaryOperation)
     transform(_InputIterator __first, _InputIterator __last,
     ^
     /opt/csw/include/c++/5.2.0/bits/stl_algo.h:4164:5: note: template argument deduction/substitution failed:
     gsl.cpp:293:63: note: couldn't deduce template parameter ‘_UnaryOperation’
     std::transform(vec.begin(), vec.end(), res.begin(), ::sqrt);
     ^
     In file included from /opt/csw/include/c++/5.2.0/algorithm:62:0,
     from /home/ripley/R/Lib32/Rcpp/include/RcppCommon.h:63,
     from /home/ripley/R/Lib32/RcppGSL/include/RcppGSLForward.h:25,
     from /home/ripley/R/Lib32/RcppGSL/include/RcppGSL.h:25,
     from gsl.cpp:22:
     /opt/csw/include/c++/5.2.0/bits/stl_algo.h:4201:5: note: candidate: template<class _IIter1, class _IIter2, class _OIter, class _BinaryOperation> _OIter std::transform(_IIter1, _IIter1, _IIter2, _OIter, _BinaryOperation)
     transform(_InputIterator1 __first1, _InputIterator1 __last1,
     ^
     /opt/csw/include/c++/5.2.0/bits/stl_algo.h:4201:5: note: template argument deduction/substitution failed:
     gsl.cpp:293:63: note: candidate expects 5 arguments, 4 provided
     std::transform(vec.begin(), vec.end(), res.begin(), ::sqrt);
     ^
     make: Fatal error: Command failed for target `gsl.o'
     Current working directory /tmp/Rtmpa4aWXC/sourceCpp-sparc-sun-solaris2.10-0.12.8/sourcecpp_398e13ee2bb9
     /opt/csw/bin/g++ -I/home/ripley/R/gcc/include -DNDEBUG -I/usr/local/include -I/opt/csw/include -I/usr/local/include -I"/home/ripley/R/Lib32/Rcpp/include" -I"/home/ripley/R/Lib32/RcppGSL/include" -I"/home/ripley/R/Lib32/RcppGSL/unitTests/cpp" -fPIC -O2 -mcpu=niagara2 -c gsl.cpp -o gsl.o
     *** Error code 1
     Error in sourceCpp(file.path(pathRcppTests, "cpp/gsl.cpp")) :
     Error 1 occurred building shared library.
    
    
     Executing test function test.gsl.vector.view ... gsl.cpp: In function ‘Rcpp::NumericVector test_gsl_vector_iterator_transform(Rcpp::NumericVector)’:
     gsl.cpp:293:63: error: no matching function for call to ‘transform(RcppGSL::vector<double>::iterator, RcppGSL::vector<double>::iterator, Rcpp::Vector<14, Rcpp::PreserveStorage>::iterator, <unresolved overloaded function type>)’
     std::transform(vec.begin(), vec.end(), res.begin(), ::sqrt);
     ^
     In file included from /opt/csw/include/c++/5.2.0/algorithm:62:0,
     from /home/ripley/R/Lib32/Rcpp/include/RcppCommon.h:63,
     from /home/ripley/R/Lib32/RcppGSL/include/RcppGSLForward.h:25,
     from /home/ripley/R/Lib32/RcppGSL/include/RcppGSL.h:25,
     from gsl.cpp:22:
     /opt/csw/include/c++/5.2.0/bits/stl_algo.h:4164:5: note: candidate: template<class _IIter, class _OIter, class _UnaryOperation> _OIter std::transform(_IIter, _IIter, _OIter, _UnaryOperation)
     transform(_InputIterator __first, _InputIterator __last,
     ^
     /opt/csw/include/c++/5.2.0/bits/stl_algo.h:4164:5: note: template argument deduction/substitution failed:
     gsl.cpp:293:63: note: couldn't deduce template parameter ‘_UnaryOperation’
     std::transform(vec.begin(), vec.end(), res.begin(), ::sqrt);
     ^
     In file included from /opt/csw/include/c++/5.2.0/algorithm:62:0,
     from /home/ripley/R/Lib32/Rcpp/include/RcppCommon.h:63,
     from /home/ripley/R/Lib32/RcppGSL/include/RcppGSLForward.h:25,
     from /home/ripley/R/Lib32/RcppGSL/include/RcppGSL.h:25,
     from gsl.cpp:22:
     /opt/csw/include/c++/5.2.0/bits/stl_algo.h:4201:5: note: candidate: template<class _IIter1, class _IIter2, class _OIter, class _BinaryOperation> _OIter std::transform(_IIter1, _IIter1, _IIter2, _OIter, _BinaryOperation)
     transform(_InputIterator1 __first1, _InputIterator1 __last1,
     ^
     /opt/csw/include/c++/5.2.0/bits/stl_algo.h:4201:5: note: template argument deduction/substitution failed:
     gsl.cpp:293:63: note: candidate expects 5 arguments, 4 provided
     std::transform(vec.begin(), vec.end(), res.begin(), ::sqrt);
     ^
     make: Fatal error: Command failed for target `gsl.o'
     Current working directory /tmp/Rtmpa4aWXC/sourceCpp-sparc-sun-solaris2.10-0.12.8/sourcecpp_398e13ee2bb9
     /opt/csw/bin/g++ -I/home/ripley/R/gcc/include -DNDEBUG -I/usr/local/include -I/opt/csw/include -I/usr/local/include -I"/home/ripley/R/Lib32/Rcpp/include" -I"/home/ripley/R/Lib32/RcppGSL/include" -I"/home/ripley/R/Lib32/RcppGSL/unitTests/cpp" -fPIC -O2 -mcpu=niagara2 -c gsl.cpp -o gsl.o
     *** Error code 1
     Error in sourceCpp(file.path(pathRcppTests, "cpp/gsl.cpp")) :
     Error 1 occurred building shared library.
    
    
     Executing test function test.gsl.vector.wrappers ... gsl.cpp: In function ‘Rcpp::NumericVector test_gsl_vector_iterator_transform(Rcpp::NumericVector)’:
     gsl.cpp:293:63: error: no matching function for call to ‘transform(RcppGSL::vector<double>::iterator, RcppGSL::vector<double>::iterator, Rcpp::Vector<14, Rcpp::PreserveStorage>::iterator, <unresolved overloaded function type>)’
     std::transform(vec.begin(), vec.end(), res.begin(), ::sqrt);
     ^
     In file included from /opt/csw/include/c++/5.2.0/algorithm:62:0,
     from /home/ripley/R/Lib32/Rcpp/include/RcppCommon.h:63,
     from /home/ripley/R/Lib32/RcppGSL/include/RcppGSLForward.h:25,
     from /home/ripley/R/Lib32/RcppGSL/include/RcppGSL.h:25,
     from gsl.cpp:22:
     /opt/csw/include/c++/5.2.0/bits/stl_algo.h:4164:5: note: candidate: template<class _IIter, class _OIter, class _UnaryOperation> _OIter std::transform(_IIter, _IIter, _OIter, _UnaryOperation)
     transform(_InputIterator __first, _InputIterator __last,
     ^
     /opt/csw/include/c++/5.2.0/bits/stl_algo.h:4164:5: note: template argument deduction/substitution failed:
     gsl.cpp:293:63: note: couldn't deduce template parameter ‘_UnaryOperation’
     std::transform(vec.begin(), vec.end(), res.begin(), ::sqrt);
     ^
     In file included from /opt/csw/include/c++/5.2.0/algorithm:62:0,
     from /home/ripley/R/Lib32/Rcpp/include/RcppCommon.h:63,
     from /home/ripley/R/Lib32/RcppGSL/include/RcppGSLForward.h:25,
     from /home/ripley/R/Lib32/RcppGSL/include/RcppGSL.h:25,
     from gsl.cpp:22:
     /opt/csw/include/c++/5.2.0/bits/stl_algo.h:4201:5: note: candidate: template<class _IIter1, class _IIter2, class _OIter, class _BinaryOperation> _OIter std::transform(_IIter1, _IIter1, _IIter2, _OIter, _BinaryOperation)
     transform(_InputIterator1 __first1, _InputIterator1 __last1,
     ^
     /opt/csw/include/c++/5.2.0/bits/stl_algo.h:4201:5: note: template argument deduction/substitution failed:
     gsl.cpp:293:63: note: candidate expects 5 arguments, 4 provided
     std::transform(vec.begin(), vec.end(), res.begin(), ::sqrt);
     ^
     make: Fatal error: Command failed for target `gsl.o'
     Current working directory /tmp/Rtmpa4aWXC/sourceCpp-sparc-sun-solaris2.10-0.12.8/sourcecpp_398e13ee2bb9
     /opt/csw/bin/g++ -I/home/ripley/R/gcc/include -DNDEBUG -I/usr/local/include -I/opt/csw/include -I/usr/local/include -I"/home/ripley/R/Lib32/Rcpp/include" -I"/home/ripley/R/Lib32/RcppGSL/include" -I"/home/ripley/R/Lib32/RcppGSL/unitTests/cpp" -fPIC -O2 -mcpu=niagara2 -c gsl.cpp -o gsl.o
     *** Error code 1
     Error in sourceCpp(file.path(pathRcppTests, "cpp/gsl.cpp")) :
     Error 1 occurred building shared library.
     >
     > ## Print results
     > printTextProtocol(tests)
     RUNIT TEST PROTOCOL -- Sun Jan 8 03:40:28 2017
     ***********************************************
     Number of test functions: 19
     Number of errors: 14
     Number of failures: 0
    
    
     1 Test Suite :
     RcppGSL Unit Tests - 19 test functions, 14 errors, 0 failures
     ERROR in .setUp (before test.gsl.RcppGSL.matrix.indexing): Error executing .setUp before test.gsl.RcppGSL.matrix.indexing : Error in sourceCpp(file.path(pathRcppTests, "cpp/gsl.cpp")) :
     Error 1 occurred building shared library.
     ERROR in .setUp (before test.gsl.RcppGSL.matrix.view.indexing): Error executing .setUp before test.gsl.RcppGSL.matrix.view.indexing : Error in sourceCpp(file.path(pathRcppTests, "cpp/gsl.cpp")) :
     Error 1 occurred building shared library.
     ERROR in .setUp (before test.gsl.RcppGSL.vector): Error executing .setUp before test.gsl.RcppGSL.vector : Error in sourceCpp(file.path(pathRcppTests, "cpp/gsl.cpp")) :
     Error 1 occurred building shared library.
     ERROR in .setUp (before test.gsl.RcppGSL.vector.indexing): Error executing .setUp before test.gsl.RcppGSL.vector.indexing : Error in sourceCpp(file.path(pathRcppTests, "cpp/gsl.cpp")) :
     Error 1 occurred building shared library.
     ERROR in .setUp (before test.gsl.RcppGSL.vector.iterating): Error executing .setUp before test.gsl.RcppGSL.vector.iterating : Error in sourceCpp(file.path(pathRcppTests, "cpp/gsl.cpp")) :
     Error 1 occurred building shared library.
     ERROR in .setUp (before test.gsl.RcppGSL.vector.iterator.transform): Error executing .setUp before test.gsl.RcppGSL.vector.iterator.transform : Error in sourceCpp(file.path(pathRcppTests, "cpp/gsl.cpp")) :
     Error 1 occurred building shared library.
     ERROR in .setUp (before test.gsl.RcppGSL.vector.view.iterating): Error executing .setUp before test.gsl.RcppGSL.vector.view.iterating : Error in sourceCpp(file.path(pathRcppTests, "cpp/gsl.cpp")) :
     Error 1 occurred building shared library.
     ERROR in .setUp (before test.gsl.matrix): Error executing .setUp before test.gsl.matrix : Error in sourceCpp(file.path(pathRcppTests, "cpp/gsl.cpp")) :
     Error 1 occurred building shared library.
     ERROR in .setUp (before test.gsl.matrix.input.SEXP): Error executing .setUp before test.gsl.matrix.input.SEXP : Error in sourceCpp(file.path(pathRcppTests, "cpp/gsl.cpp")) :
     Error 1 occurred building shared library.
     ERROR in .setUp (before test.gsl.matrix.view): Error executing .setUp before test.gsl.matrix.view : Error in sourceCpp(file.path(pathRcppTests, "cpp/gsl.cpp")) :
     Error 1 occurred building shared library.
     ERROR in .setUp (before test.gsl.vector): Error executing .setUp before test.gsl.vector : Error in sourceCpp(file.path(pathRcppTests, "cpp/gsl.cpp")) :
     Error 1 occurred building shared library.
     ERROR in .setUp (before test.gsl.vector.input.SEXP): Error executing .setUp before test.gsl.vector.input.SEXP : Error in sourceCpp(file.path(pathRcppTests, "cpp/gsl.cpp")) :
     Error 1 occurred building shared library.
     ERROR in .setUp (before test.gsl.vector.view): Error executing .setUp before test.gsl.vector.view : Error in sourceCpp(file.path(pathRcppTests, "cpp/gsl.cpp")) :
     Error 1 occurred building shared library.
     ERROR in .setUp (before test.gsl.vector.wrappers): Error executing .setUp before test.gsl.vector.wrappers : Error in sourceCpp(file.path(pathRcppTests, "cpp/gsl.cpp")) :
     Error 1 occurred building shared library.
    
    
    
     Details
     ***************************
     Test Suite: RcppGSL Unit Tests
     Test function regexp: ^[Tt]est.+
     Test file regexp: ^runit.+\.[rR]$
     Involved directory:
     /home/ripley/R/Lib32/RcppGSL/unitTests
     ---------------------------
     Test file: /home/ripley/R/Lib32/RcppGSL/unitTests/runit.client.package.R
     test.client.package: (1 checks) ... OK (75.1 seconds)
     ---------------------------
     Test file: /home/ripley/R/Lib32/RcppGSL/unitTests/runit.fastLm.R
     test.fastLm: (3 checks) ... OK (0.18 seconds)
     test.fastLm.default: (5 checks) ... OK (0.03 seconds)
     test.fastLm.formula: (5 checks) ... OK (0.03 seconds)
     test.summary.fastLm: (12 checks) ... OK (0.1 seconds)
     ---------------------------
     Test file: /home/ripley/R/Lib32/RcppGSL/unitTests/runit.gsl.R
     .setUp (before test.gsl.RcppGSL.matrix.indexing): ERROR !!
     Error executing .setUp before test.gsl.RcppGSL.matrix.indexing : Error in sourceCpp(file.path(pathRcppTests, "cpp/gsl.cpp")) :
     Error 1 occurred building shared library.
     .setUp (before test.gsl.RcppGSL.matrix.view.indexing): ERROR !!
     Error executing .setUp before test.gsl.RcppGSL.matrix.view.indexing : Error in sourceCpp(file.path(pathRcppTests, "cpp/gsl.cpp")) :
     Error 1 occurred building shared library.
     .setUp (before test.gsl.RcppGSL.vector): ERROR !!
     Error executing .setUp before test.gsl.RcppGSL.vector : Error in sourceCpp(file.path(pathRcppTests, "cpp/gsl.cpp")) :
     Error 1 occurred building shared library.
     .setUp (before test.gsl.RcppGSL.vector.indexing): ERROR !!
     Error executing .setUp before test.gsl.RcppGSL.vector.indexing : Error in sourceCpp(file.path(pathRcppTests, "cpp/gsl.cpp")) :
     Error 1 occurred building shared library.
     .setUp (before test.gsl.RcppGSL.vector.iterating): ERROR !!
     Error executing .setUp before test.gsl.RcppGSL.vector.iterating : Error in sourceCpp(file.path(pathRcppTests, "cpp/gsl.cpp")) :
     Error 1 occurred building shared library.
     .setUp (before test.gsl.RcppGSL.vector.iterator.transform): ERROR !!
     Error executing .setUp before test.gsl.RcppGSL.vector.iterator.transform : Error in sourceCpp(file.path(pathRcppTests, "cpp/gsl.cpp")) :
     Error 1 occurred building shared library.
     .setUp (before test.gsl.RcppGSL.vector.view.iterating): ERROR !!
     Error executing .setUp before test.gsl.RcppGSL.vector.view.iterating : Error in sourceCpp(file.path(pathRcppTests, "cpp/gsl.cpp")) :
     Error 1 occurred building shared library.
     .setUp (before test.gsl.matrix): ERROR !!
     Error executing .setUp before test.gsl.matrix : Error in sourceCpp(file.path(pathRcppTests, "cpp/gsl.cpp")) :
     Error 1 occurred building shared library.
     .setUp (before test.gsl.matrix.input.SEXP): ERROR !!
     Error executing .setUp before test.gsl.matrix.input.SEXP : Error in sourceCpp(file.path(pathRcppTests, "cpp/gsl.cpp")) :
     Error 1 occurred building shared library.
     .setUp (before test.gsl.matrix.view): ERROR !!
     Error executing .setUp before test.gsl.matrix.view : Error in sourceCpp(file.path(pathRcppTests, "cpp/gsl.cpp")) :
     Error 1 occurred building shared library.
     .setUp (before test.gsl.vector): ERROR !!
     Error executing .setUp before test.gsl.vector : Error in sourceCpp(file.path(pathRcppTests, "cpp/gsl.cpp")) :
     Error 1 occurred building shared library.
     .setUp (before test.gsl.vector.input.SEXP): ERROR !!
     Error executing .setUp before test.gsl.vector.input.SEXP : Error in sourceCpp(file.path(pathRcppTests, "cpp/gsl.cpp")) :
     Error 1 occurred building shared library.
     .setUp (before test.gsl.vector.view): ERROR !!
     Error executing .setUp before test.gsl.vector.view : Error in sourceCpp(file.path(pathRcppTests, "cpp/gsl.cpp")) :
     Error 1 occurred building shared library.
     .setUp (before test.gsl.vector.wrappers): ERROR !!
     Error executing .setUp before test.gsl.vector.wrappers : Error in sourceCpp(file.path(pathRcppTests, "cpp/gsl.cpp")) :
     Error 1 occurred building shared library.
     >
     > ## Return success or failure to R CMD CHECK
     > if (getErrors(tests)$nFail > 0) {
     + stop("TEST FAILED!")
     + }
     > if (getErrors(tests)$nErr > 0) {
     + stop("TEST HAD ERRORS!")
     + }
     Error: TEST HAD ERRORS!
     Execution halted
Flavor: r-patched-solaris-sparc

Version: 0.3.1
Check: re-building of vignette outputs
Result: WARN
    Error in re-building vignettes:
     ...
    Loading required package: inline
Flavors: r-patched-solaris-sparc, r-patched-solaris-x86

Version: 0.3.1
Check: tests
Result: ERROR
     Running ‘doRUnit.R’ [91s/95s]
    Running the tests in ‘tests/doRUnit.R’ failed.
    Complete output:
     > ## doRUnit.R --- Run RUnit tests
     > ##
     > ## with credits to package fUtilities in RMetrics
     > ## which credits Gregor Gojanc's example in CRAN package 'gdata'
     > ## as per the (now deceased) R Wiki http://wiki.r-project.org/rwiki/doku.php?id=developers:runit
     > ## and changed further by Martin Maechler
     > ## and usage across several Rcpp* package
     > ## and more changes by Murray Stokely in HistogramTools
     > ##
     > ## Dirk Eddelbuettel, 2010 - 2016
     >
     > stopifnot(require("RUnit", quietly=TRUE))
     > stopifnot(require("RcppGSL", quietly=TRUE))
     >
     > ## Set a seed to make the test deterministic
     > set.seed(42)
     >
     > ## Define tests
     > testSuite <- defineTestSuite(name="RcppGSL Unit Tests",
     + dirs=system.file("unitTests", package = "RcppGSL"),
     + testFuncRegexp = "^[Tt]est.+")
     >
     > ## without this, we get (or used to get) unit test failures
     > Sys.setenv("R_TESTS"="")
     >
     > ## Run tests
     > tests <- runTestSuite(testSuite)
    
    
     Executing test function test.client.package ... * checking for file ‘RcppGSLExample/DESCRIPTION’ ... OK
     * preparing ‘RcppGSLExample’:
     * checking DESCRIPTION meta-information ... OK
     * cleaning src
     * checking for LF line-endings in source and make files
     * checking for empty or unneeded directories
     * building ‘RcppGSLExample_0.0.3.tar.gz’
    
     * installing *source* package ‘RcppGSLExample’ ...
     checking for gsl-config... /usr/local/bin/gsl-config
     configure: creating ./config.status
     config.status: creating src/Makevars
     ** libs
     /opt/csw//bin/g++ -I/home/ripley/R/gcc/include -DNDEBUG -I/usr/local/include -I/opt/csw/include -I/usr/local/include -I"/tmp/Rtmpx0aWMu/RLIBS_29361abf6e46/Rcpp/include" -I"/tmp/Rtmpx0aWMu/RLIBS_29361abf6e46/RcppGSL/include" -fPIC -O2 -c RcppExports.cpp -o RcppExports.o
     /opt/csw//bin/g++ -I/home/ripley/R/gcc/include -DNDEBUG -I/usr/local/include -I/opt/csw/include -I/usr/local/include -I"/tmp/Rtmpx0aWMu/RLIBS_29361abf6e46/Rcpp/include" -I"/tmp/Rtmpx0aWMu/RLIBS_29361abf6e46/RcppGSL/include" -fPIC -O2 -c colNorm.cpp -o colNorm.o
     /opt/csw//bin/g++ -shared -L/opt/csw/lib -L/usr/local/lib -o RcppGSLExample.so RcppExports.o colNorm.o -L/usr/local/lib -lgsl -lgslcblas -lm
     installing to /tmp/RtmpR8aiez/file3221209e2ca3/templib/RcppGSLExample/libs
     ** R
     ** preparing package for lazy loading
     ** help
     *** installing help indices
     ** building package indices
     ** testing if installed package can be loaded
     * DONE (RcppGSLExample)
     Loading required package: Rcpp
    
     Attaching package: 'Rcpp'
    
     The following object is masked from 'package:RcppGSL':
    
     LdFlags
    
     Loading required package: RcppGSLExample
     done successfully.
    
    
    
     Executing test function test.fastLm ... done successfully.
    
    
    
     Executing test function test.fastLm.default ... done successfully.
    
    
    
     Executing test function test.fastLm.formula ... done successfully.
    
    
    
     Executing test function test.summary.fastLm ... done successfully.
    
    
    
     Executing test function test.gsl.RcppGSL.matrix.indexing ... gsl.cpp: In function ‘Rcpp::NumericVector test_gsl_vector_iterator_transform(Rcpp::NumericVector)’:
     gsl.cpp:293:63: error: no matching function for call to ‘transform(RcppGSL::vector<double>::iterator, RcppGSL::vector<double>::iterator, Rcpp::Vector<14, Rcpp::PreserveStorage>::iterator, <unresolved overloaded function type>)’
     std::transform(vec.begin(), vec.end(), res.begin(), ::sqrt);
     ^
     In file included from /opt/csw/include/c++/5.2.0/algorithm:62:0,
     from /home/ripley/R/Lib32/Rcpp/include/RcppCommon.h:63,
     from /home/ripley/R/Lib32/RcppGSL/include/RcppGSLForward.h:25,
     from /home/ripley/R/Lib32/RcppGSL/include/RcppGSL.h:25,
     from gsl.cpp:22:
     /opt/csw/include/c++/5.2.0/bits/stl_algo.h:4164:5: note: candidate: template<class _IIter, class _OIter, class _UnaryOperation> _OIter std::transform(_IIter, _IIter, _OIter, _UnaryOperation)
     transform(_InputIterator __first, _InputIterator __last,
     ^
     /opt/csw/include/c++/5.2.0/bits/stl_algo.h:4164:5: note: template argument deduction/substitution failed:
     gsl.cpp:293:63: note: couldn't deduce template parameter ‘_UnaryOperation’
     std::transform(vec.begin(), vec.end(), res.begin(), ::sqrt);
     ^
     In file included from /opt/csw/include/c++/5.2.0/algorithm:62:0,
     from /home/ripley/R/Lib32/Rcpp/include/RcppCommon.h:63,
     from /home/ripley/R/Lib32/RcppGSL/include/RcppGSLForward.h:25,
     from /home/ripley/R/Lib32/RcppGSL/include/RcppGSL.h:25,
     from gsl.cpp:22:
     /opt/csw/include/c++/5.2.0/bits/stl_algo.h:4201:5: note: candidate: template<class _IIter1, class _IIter2, class _OIter, class _BinaryOperation> _OIter std::transform(_IIter1, _IIter1, _IIter2, _OIter, _BinaryOperation)
     transform(_InputIterator1 __first1, _InputIterator1 __last1,
     ^
     /opt/csw/include/c++/5.2.0/bits/stl_algo.h:4201:5: note: template argument deduction/substitution failed:
     gsl.cpp:293:63: note: candidate expects 5 arguments, 4 provided
     std::transform(vec.begin(), vec.end(), res.begin(), ::sqrt);
     ^
     make: Fatal error: Command failed for target `gsl.o'
     Current working directory /tmp/RtmpR8aiez/sourceCpp-i386-pc-solaris2.10-0.12.9/sourcecpp_322113fd6da1
     /opt/csw//bin/g++ -I/home/ripley/R/gcc/include -DNDEBUG -I/usr/local/include -I/opt/csw/include -I/usr/local/include -I"/home/ripley/R/Lib32/Rcpp/include" -I"/home/ripley/R/Lib32/RcppGSL/include" -I"/home/ripley/R/Lib32/RcppGSL/unitTests/cpp" -fPIC -O2 -c gsl.cpp -o gsl.o
     *** Error code 1
     Error in sourceCpp(file.path(pathRcppTests, "cpp/gsl.cpp")) :
     Error 1 occurred building shared library.
    
    
     Executing test function test.gsl.RcppGSL.matrix.view.indexing ... gsl.cpp: In function ‘Rcpp::NumericVector test_gsl_vector_iterator_transform(Rcpp::NumericVector)’:
     gsl.cpp:293:63: error: no matching function for call to ‘transform(RcppGSL::vector<double>::iterator, RcppGSL::vector<double>::iterator, Rcpp::Vector<14, Rcpp::PreserveStorage>::iterator, <unresolved overloaded function type>)’
     std::transform(vec.begin(), vec.end(), res.begin(), ::sqrt);
     ^
     In file included from /opt/csw/include/c++/5.2.0/algorithm:62:0,
     from /home/ripley/R/Lib32/Rcpp/include/RcppCommon.h:63,
     from /home/ripley/R/Lib32/RcppGSL/include/RcppGSLForward.h:25,
     from /home/ripley/R/Lib32/RcppGSL/include/RcppGSL.h:25,
     from gsl.cpp:22:
     /opt/csw/include/c++/5.2.0/bits/stl_algo.h:4164:5: note: candidate: template<class _IIter, class _OIter, class _UnaryOperation> _OIter std::transform(_IIter, _IIter, _OIter, _UnaryOperation)
     transform(_InputIterator __first, _InputIterator __last,
     ^
     /opt/csw/include/c++/5.2.0/bits/stl_algo.h:4164:5: note: template argument deduction/substitution failed:
     gsl.cpp:293:63: note: couldn't deduce template parameter ‘_UnaryOperation’
     std::transform(vec.begin(), vec.end(), res.begin(), ::sqrt);
     ^
     In file included from /opt/csw/include/c++/5.2.0/algorithm:62:0,
     from /home/ripley/R/Lib32/Rcpp/include/RcppCommon.h:63,
     from /home/ripley/R/Lib32/RcppGSL/include/RcppGSLForward.h:25,
     from /home/ripley/R/Lib32/RcppGSL/include/RcppGSL.h:25,
     from gsl.cpp:22:
     /opt/csw/include/c++/5.2.0/bits/stl_algo.h:4201:5: note: candidate: template<class _IIter1, class _IIter2, class _OIter, class _BinaryOperation> _OIter std::transform(_IIter1, _IIter1, _IIter2, _OIter, _BinaryOperation)
     transform(_InputIterator1 __first1, _InputIterator1 __last1,
     ^
     /opt/csw/include/c++/5.2.0/bits/stl_algo.h:4201:5: note: template argument deduction/substitution failed:
     gsl.cpp:293:63: note: candidate expects 5 arguments, 4 provided
     std::transform(vec.begin(), vec.end(), res.begin(), ::sqrt);
     ^
     make: Fatal error: Command failed for target `gsl.o'
     Current working directory /tmp/RtmpR8aiez/sourceCpp-i386-pc-solaris2.10-0.12.9/sourcecpp_322113fd6da1
     /opt/csw//bin/g++ -I/home/ripley/R/gcc/include -DNDEBUG -I/usr/local/include -I/opt/csw/include -I/usr/local/include -I"/home/ripley/R/Lib32/Rcpp/include" -I"/home/ripley/R/Lib32/RcppGSL/include" -I"/home/ripley/R/Lib32/RcppGSL/unitTests/cpp" -fPIC -O2 -c gsl.cpp -o gsl.o
     *** Error code 1
     Error in sourceCpp(file.path(pathRcppTests, "cpp/gsl.cpp")) :
     Error 1 occurred building shared library.
    
    
     Executing test function test.gsl.RcppGSL.vector ... gsl.cpp: In function ‘Rcpp::NumericVector test_gsl_vector_iterator_transform(Rcpp::NumericVector)’:
     gsl.cpp:293:63: error: no matching function for call to ‘transform(RcppGSL::vector<double>::iterator, RcppGSL::vector<double>::iterator, Rcpp::Vector<14, Rcpp::PreserveStorage>::iterator, <unresolved overloaded function type>)’
     std::transform(vec.begin(), vec.end(), res.begin(), ::sqrt);
     ^
     In file included from /opt/csw/include/c++/5.2.0/algorithm:62:0,
     from /home/ripley/R/Lib32/Rcpp/include/RcppCommon.h:63,
     from /home/ripley/R/Lib32/RcppGSL/include/RcppGSLForward.h:25,
     from /home/ripley/R/Lib32/RcppGSL/include/RcppGSL.h:25,
     from gsl.cpp:22:
     /opt/csw/include/c++/5.2.0/bits/stl_algo.h:4164:5: note: candidate: template<class _IIter, class _OIter, class _UnaryOperation> _OIter std::transform(_IIter, _IIter, _OIter, _UnaryOperation)
     transform(_InputIterator __first, _InputIterator __last,
     ^
     /opt/csw/include/c++/5.2.0/bits/stl_algo.h:4164:5: note: template argument deduction/substitution failed:
     gsl.cpp:293:63: note: couldn't deduce template parameter ‘_UnaryOperation’
     std::transform(vec.begin(), vec.end(), res.begin(), ::sqrt);
     ^
     In file included from /opt/csw/include/c++/5.2.0/algorithm:62:0,
     from /home/ripley/R/Lib32/Rcpp/include/RcppCommon.h:63,
     from /home/ripley/R/Lib32/RcppGSL/include/RcppGSLForward.h:25,
     from /home/ripley/R/Lib32/RcppGSL/include/RcppGSL.h:25,
     from gsl.cpp:22:
     /opt/csw/include/c++/5.2.0/bits/stl_algo.h:4201:5: note: candidate: template<class _IIter1, class _IIter2, class _OIter, class _BinaryOperation> _OIter std::transform(_IIter1, _IIter1, _IIter2, _OIter, _BinaryOperation)
     transform(_InputIterator1 __first1, _InputIterator1 __last1,
     ^
     /opt/csw/include/c++/5.2.0/bits/stl_algo.h:4201:5: note: template argument deduction/substitution failed:
     gsl.cpp:293:63: note: candidate expects 5 arguments, 4 provided
     std::transform(vec.begin(), vec.end(), res.begin(), ::sqrt);
     ^
     make: Fatal error: Command failed for target `gsl.o'
     Current working directory /tmp/RtmpR8aiez/sourceCpp-i386-pc-solaris2.10-0.12.9/sourcecpp_322113fd6da1
     /opt/csw//bin/g++ -I/home/ripley/R/gcc/include -DNDEBUG -I/usr/local/include -I/opt/csw/include -I/usr/local/include -I"/home/ripley/R/Lib32/Rcpp/include" -I"/home/ripley/R/Lib32/RcppGSL/include" -I"/home/ripley/R/Lib32/RcppGSL/unitTests/cpp" -fPIC -O2 -c gsl.cpp -o gsl.o
     *** Error code 1
     Error in sourceCpp(file.path(pathRcppTests, "cpp/gsl.cpp")) :
     Error 1 occurred building shared library.
    
    
     Executing test function test.gsl.RcppGSL.vector.indexing ... gsl.cpp: In function ‘Rcpp::NumericVector test_gsl_vector_iterator_transform(Rcpp::NumericVector)’:
     gsl.cpp:293:63: error: no matching function for call to ‘transform(RcppGSL::vector<double>::iterator, RcppGSL::vector<double>::iterator, Rcpp::Vector<14, Rcpp::PreserveStorage>::iterator, <unresolved overloaded function type>)’
     std::transform(vec.begin(), vec.end(), res.begin(), ::sqrt);
     ^
     In file included from /opt/csw/include/c++/5.2.0/algorithm:62:0,
     from /home/ripley/R/Lib32/Rcpp/include/RcppCommon.h:63,
     from /home/ripley/R/Lib32/RcppGSL/include/RcppGSLForward.h:25,
     from /home/ripley/R/Lib32/RcppGSL/include/RcppGSL.h:25,
     from gsl.cpp:22:
     /opt/csw/include/c++/5.2.0/bits/stl_algo.h:4164:5: note: candidate: template<class _IIter, class _OIter, class _UnaryOperation> _OIter std::transform(_IIter, _IIter, _OIter, _UnaryOperation)
     transform(_InputIterator __first, _InputIterator __last,
     ^
     /opt/csw/include/c++/5.2.0/bits/stl_algo.h:4164:5: note: template argument deduction/substitution failed:
     gsl.cpp:293:63: note: couldn't deduce template parameter ‘_UnaryOperation’
     std::transform(vec.begin(), vec.end(), res.begin(), ::sqrt);
     ^
     In file included from /opt/csw/include/c++/5.2.0/algorithm:62:0,
     from /home/ripley/R/Lib32/Rcpp/include/RcppCommon.h:63,
     from /home/ripley/R/Lib32/RcppGSL/include/RcppGSLForward.h:25,
     from /home/ripley/R/Lib32/RcppGSL/include/RcppGSL.h:25,
     from gsl.cpp:22:
     /opt/csw/include/c++/5.2.0/bits/stl_algo.h:4201:5: note: candidate: template<class _IIter1, class _IIter2, class _OIter, class _BinaryOperation> _OIter std::transform(_IIter1, _IIter1, _IIter2, _OIter, _BinaryOperation)
     transform(_InputIterator1 __first1, _InputIterator1 __last1,
     ^
     /opt/csw/include/c++/5.2.0/bits/stl_algo.h:4201:5: note: template argument deduction/substitution failed:
     gsl.cpp:293:63: note: candidate expects 5 arguments, 4 provided
     std::transform(vec.begin(), vec.end(), res.begin(), ::sqrt);
     ^
     make: Fatal error: Command failed for target `gsl.o'
     Current working directory /tmp/RtmpR8aiez/sourceCpp-i386-pc-solaris2.10-0.12.9/sourcecpp_322113fd6da1
     /opt/csw//bin/g++ -I/home/ripley/R/gcc/include -DNDEBUG -I/usr/local/include -I/opt/csw/include -I/usr/local/include -I"/home/ripley/R/Lib32/Rcpp/include" -I"/home/ripley/R/Lib32/RcppGSL/include" -I"/home/ripley/R/Lib32/RcppGSL/unitTests/cpp" -fPIC -O2 -c gsl.cpp -o gsl.o
     *** Error code 1
     Error in sourceCpp(file.path(pathRcppTests, "cpp/gsl.cpp")) :
     Error 1 occurred building shared library.
    
    
     Executing test function test.gsl.RcppGSL.vector.iterating ... gsl.cpp: In function ‘Rcpp::NumericVector test_gsl_vector_iterator_transform(Rcpp::NumericVector)’:
     gsl.cpp:293:63: error: no matching function for call to ‘transform(RcppGSL::vector<double>::iterator, RcppGSL::vector<double>::iterator, Rcpp::Vector<14, Rcpp::PreserveStorage>::iterator, <unresolved overloaded function type>)’
     std::transform(vec.begin(), vec.end(), res.begin(), ::sqrt);
     ^
     In file included from /opt/csw/include/c++/5.2.0/algorithm:62:0,
     from /home/ripley/R/Lib32/Rcpp/include/RcppCommon.h:63,
     from /home/ripley/R/Lib32/RcppGSL/include/RcppGSLForward.h:25,
     from /home/ripley/R/Lib32/RcppGSL/include/RcppGSL.h:25,
     from gsl.cpp:22:
     /opt/csw/include/c++/5.2.0/bits/stl_algo.h:4164:5: note: candidate: template<class _IIter, class _OIter, class _UnaryOperation> _OIter std::transform(_IIter, _IIter, _OIter, _UnaryOperation)
     transform(_InputIterator __first, _InputIterator __last,
     ^
     /opt/csw/include/c++/5.2.0/bits/stl_algo.h:4164:5: note: template argument deduction/substitution failed:
     gsl.cpp:293:63: note: couldn't deduce template parameter ‘_UnaryOperation’
     std::transform(vec.begin(), vec.end(), res.begin(), ::sqrt);
     ^
     In file included from /opt/csw/include/c++/5.2.0/algorithm:62:0,
     from /home/ripley/R/Lib32/Rcpp/include/RcppCommon.h:63,
     from /home/ripley/R/Lib32/RcppGSL/include/RcppGSLForward.h:25,
     from /home/ripley/R/Lib32/RcppGSL/include/RcppGSL.h:25,
     from gsl.cpp:22:
     /opt/csw/include/c++/5.2.0/bits/stl_algo.h:4201:5: note: candidate: template<class _IIter1, class _IIter2, class _OIter, class _BinaryOperation> _OIter std::transform(_IIter1, _IIter1, _IIter2, _OIter, _BinaryOperation)
     transform(_InputIterator1 __first1, _InputIterator1 __last1,
     ^
     /opt/csw/include/c++/5.2.0/bits/stl_algo.h:4201:5: note: template argument deduction/substitution failed:
     gsl.cpp:293:63: note: candidate expects 5 arguments, 4 provided
     std::transform(vec.begin(), vec.end(), res.begin(), ::sqrt);
     ^
     make: Fatal error: Command failed for target `gsl.o'
     Current working directory /tmp/RtmpR8aiez/sourceCpp-i386-pc-solaris2.10-0.12.9/sourcecpp_322113fd6da1
     /opt/csw//bin/g++ -I/home/ripley/R/gcc/include -DNDEBUG -I/usr/local/include -I/opt/csw/include -I/usr/local/include -I"/home/ripley/R/Lib32/Rcpp/include" -I"/home/ripley/R/Lib32/RcppGSL/include" -I"/home/ripley/R/Lib32/RcppGSL/unitTests/cpp" -fPIC -O2 -c gsl.cpp -o gsl.o
     *** Error code 1
     Error in sourceCpp(file.path(pathRcppTests, "cpp/gsl.cpp")) :
     Error 1 occurred building shared library.
    
    
     Executing test function test.gsl.RcppGSL.vector.iterator.transform ... gsl.cpp: In function ‘Rcpp::NumericVector test_gsl_vector_iterator_transform(Rcpp::NumericVector)’:
     gsl.cpp:293:63: error: no matching function for call to ‘transform(RcppGSL::vector<double>::iterator, RcppGSL::vector<double>::iterator, Rcpp::Vector<14, Rcpp::PreserveStorage>::iterator, <unresolved overloaded function type>)’
     std::transform(vec.begin(), vec.end(), res.begin(), ::sqrt);
     ^
     In file included from /opt/csw/include/c++/5.2.0/algorithm:62:0,
     from /home/ripley/R/Lib32/Rcpp/include/RcppCommon.h:63,
     from /home/ripley/R/Lib32/RcppGSL/include/RcppGSLForward.h:25,
     from /home/ripley/R/Lib32/RcppGSL/include/RcppGSL.h:25,
     from gsl.cpp:22:
     /opt/csw/include/c++/5.2.0/bits/stl_algo.h:4164:5: note: candidate: template<class _IIter, class _OIter, class _UnaryOperation> _OIter std::transform(_IIter, _IIter, _OIter, _UnaryOperation)
     transform(_InputIterator __first, _InputIterator __last,
     ^
     /opt/csw/include/c++/5.2.0/bits/stl_algo.h:4164:5: note: template argument deduction/substitution failed:
     gsl.cpp:293:63: note: couldn't deduce template parameter ‘_UnaryOperation’
     std::transform(vec.begin(), vec.end(), res.begin(), ::sqrt);
     ^
     In file included from /opt/csw/include/c++/5.2.0/algorithm:62:0,
     from /home/ripley/R/Lib32/Rcpp/include/RcppCommon.h:63,
     from /home/ripley/R/Lib32/RcppGSL/include/RcppGSLForward.h:25,
     from /home/ripley/R/Lib32/RcppGSL/include/RcppGSL.h:25,
     from gsl.cpp:22:
     /opt/csw/include/c++/5.2.0/bits/stl_algo.h:4201:5: note: candidate: template<class _IIter1, class _IIter2, class _OIter, class _BinaryOperation> _OIter std::transform(_IIter1, _IIter1, _IIter2, _OIter, _BinaryOperation)
     transform(_InputIterator1 __first1, _InputIterator1 __last1,
     ^
     /opt/csw/include/c++/5.2.0/bits/stl_algo.h:4201:5: note: template argument deduction/substitution failed:
     gsl.cpp:293:63: note: candidate expects 5 arguments, 4 provided
     std::transform(vec.begin(), vec.end(), res.begin(), ::sqrt);
     ^
     make: Fatal error: Command failed for target `gsl.o'
     Current working directory /tmp/RtmpR8aiez/sourceCpp-i386-pc-solaris2.10-0.12.9/sourcecpp_322113fd6da1
     /opt/csw//bin/g++ -I/home/ripley/R/gcc/include -DNDEBUG -I/usr/local/include -I/opt/csw/include -I/usr/local/include -I"/home/ripley/R/Lib32/Rcpp/include" -I"/home/ripley/R/Lib32/RcppGSL/include" -I"/home/ripley/R/Lib32/RcppGSL/unitTests/cpp" -fPIC -O2 -c gsl.cpp -o gsl.o
     *** Error code 1
     Error in sourceCpp(file.path(pathRcppTests, "cpp/gsl.cpp")) :
     Error 1 occurred building shared library.
    
    
     Executing test function test.gsl.RcppGSL.vector.view.iterating ... gsl.cpp: In function ‘Rcpp::NumericVector test_gsl_vector_iterator_transform(Rcpp::NumericVector)’:
     gsl.cpp:293:63: error: no matching function for call to ‘transform(RcppGSL::vector<double>::iterator, RcppGSL::vector<double>::iterator, Rcpp::Vector<14, Rcpp::PreserveStorage>::iterator, <unresolved overloaded function type>)’
     std::transform(vec.begin(), vec.end(), res.begin(), ::sqrt);
     ^
     In file included from /opt/csw/include/c++/5.2.0/algorithm:62:0,
     from /home/ripley/R/Lib32/Rcpp/include/RcppCommon.h:63,
     from /home/ripley/R/Lib32/RcppGSL/include/RcppGSLForward.h:25,
     from /home/ripley/R/Lib32/RcppGSL/include/RcppGSL.h:25,
     from gsl.cpp:22:
     /opt/csw/include/c++/5.2.0/bits/stl_algo.h:4164:5: note: candidate: template<class _IIter, class _OIter, class _UnaryOperation> _OIter std::transform(_IIter, _IIter, _OIter, _UnaryOperation)
     transform(_InputIterator __first, _InputIterator __last,
     ^
     /opt/csw/include/c++/5.2.0/bits/stl_algo.h:4164:5: note: template argument deduction/substitution failed:
     gsl.cpp:293:63: note: couldn't deduce template parameter ‘_UnaryOperation’
     std::transform(vec.begin(), vec.end(), res.begin(), ::sqrt);
     ^
     In file included from /opt/csw/include/c++/5.2.0/algorithm:62:0,
     from /home/ripley/R/Lib32/Rcpp/include/RcppCommon.h:63,
     from /home/ripley/R/Lib32/RcppGSL/include/RcppGSLForward.h:25,
     from /home/ripley/R/Lib32/RcppGSL/include/RcppGSL.h:25,
     from gsl.cpp:22:
     /opt/csw/include/c++/5.2.0/bits/stl_algo.h:4201:5: note: candidate: template<class _IIter1, class _IIter2, class _OIter, class _BinaryOperation> _OIter std::transform(_IIter1, _IIter1, _IIter2, _OIter, _BinaryOperation)
     transform(_InputIterator1 __first1, _InputIterator1 __last1,
     ^
     /opt/csw/include/c++/5.2.0/bits/stl_algo.h:4201:5: note: template argument deduction/substitution failed:
     gsl.cpp:293:63: note: candidate expects 5 arguments, 4 provided
     std::transform(vec.begin(), vec.end(), res.begin(), ::sqrt);
     ^
     make: Fatal error: Command failed for target `gsl.o'
     Current working directory /tmp/RtmpR8aiez/sourceCpp-i386-pc-solaris2.10-0.12.9/sourcecpp_322113fd6da1
     /opt/csw//bin/g++ -I/home/ripley/R/gcc/include -DNDEBUG -I/usr/local/include -I/opt/csw/include -I/usr/local/include -I"/home/ripley/R/Lib32/Rcpp/include" -I"/home/ripley/R/Lib32/RcppGSL/include" -I"/home/ripley/R/Lib32/RcppGSL/unitTests/cpp" -fPIC -O2 -c gsl.cpp -o gsl.o
     *** Error code 1
     Error in sourceCpp(file.path(pathRcppTests, "cpp/gsl.cpp")) :
     Error 1 occurred building shared library.
    
    
     Executing test function test.gsl.matrix ... gsl.cpp: In function ‘Rcpp::NumericVector test_gsl_vector_iterator_transform(Rcpp::NumericVector)’:
     gsl.cpp:293:63: error: no matching function for call to ‘transform(RcppGSL::vector<double>::iterator, RcppGSL::vector<double>::iterator, Rcpp::Vector<14, Rcpp::PreserveStorage>::iterator, <unresolved overloaded function type>)’
     std::transform(vec.begin(), vec.end(), res.begin(), ::sqrt);
     ^
     In file included from /opt/csw/include/c++/5.2.0/algorithm:62:0,
     from /home/ripley/R/Lib32/Rcpp/include/RcppCommon.h:63,
     from /home/ripley/R/Lib32/RcppGSL/include/RcppGSLForward.h:25,
     from /home/ripley/R/Lib32/RcppGSL/include/RcppGSL.h:25,
     from gsl.cpp:22:
     /opt/csw/include/c++/5.2.0/bits/stl_algo.h:4164:5: note: candidate: template<class _IIter, class _OIter, class _UnaryOperation> _OIter std::transform(_IIter, _IIter, _OIter, _UnaryOperation)
     transform(_InputIterator __first, _InputIterator __last,
     ^
     /opt/csw/include/c++/5.2.0/bits/stl_algo.h:4164:5: note: template argument deduction/substitution failed:
     gsl.cpp:293:63: note: couldn't deduce template parameter ‘_UnaryOperation’
     std::transform(vec.begin(), vec.end(), res.begin(), ::sqrt);
     ^
     In file included from /opt/csw/include/c++/5.2.0/algorithm:62:0,
     from /home/ripley/R/Lib32/Rcpp/include/RcppCommon.h:63,
     from /home/ripley/R/Lib32/RcppGSL/include/RcppGSLForward.h:25,
     from /home/ripley/R/Lib32/RcppGSL/include/RcppGSL.h:25,
     from gsl.cpp:22:
     /opt/csw/include/c++/5.2.0/bits/stl_algo.h:4201:5: note: candidate: template<class _IIter1, class _IIter2, class _OIter, class _BinaryOperation> _OIter std::transform(_IIter1, _IIter1, _IIter2, _OIter, _BinaryOperation)
     transform(_InputIterator1 __first1, _InputIterator1 __last1,
     ^
     /opt/csw/include/c++/5.2.0/bits/stl_algo.h:4201:5: note: template argument deduction/substitution failed:
     gsl.cpp:293:63: note: candidate expects 5 arguments, 4 provided
     std::transform(vec.begin(), vec.end(), res.begin(), ::sqrt);
     ^
     make: Fatal error: Command failed for target `gsl.o'
     Current working directory /tmp/RtmpR8aiez/sourceCpp-i386-pc-solaris2.10-0.12.9/sourcecpp_322113fd6da1
     /opt/csw//bin/g++ -I/home/ripley/R/gcc/include -DNDEBUG -I/usr/local/include -I/opt/csw/include -I/usr/local/include -I"/home/ripley/R/Lib32/Rcpp/include" -I"/home/ripley/R/Lib32/RcppGSL/include" -I"/home/ripley/R/Lib32/RcppGSL/unitTests/cpp" -fPIC -O2 -c gsl.cpp -o gsl.o
     *** Error code 1
     Error in sourceCpp(file.path(pathRcppTests, "cpp/gsl.cpp")) :
     Error 1 occurred building shared library.
    
    
     Executing test function test.gsl.matrix.input.SEXP ... gsl.cpp: In function ‘Rcpp::NumericVector test_gsl_vector_iterator_transform(Rcpp::NumericVector)’:
     gsl.cpp:293:63: error: no matching function for call to ‘transform(RcppGSL::vector<double>::iterator, RcppGSL::vector<double>::iterator, Rcpp::Vector<14, Rcpp::PreserveStorage>::iterator, <unresolved overloaded function type>)’
     std::transform(vec.begin(), vec.end(), res.begin(), ::sqrt);
     ^
     In file included from /opt/csw/include/c++/5.2.0/algorithm:62:0,
     from /home/ripley/R/Lib32/Rcpp/include/RcppCommon.h:63,
     from /home/ripley/R/Lib32/RcppGSL/include/RcppGSLForward.h:25,
     from /home/ripley/R/Lib32/RcppGSL/include/RcppGSL.h:25,
     from gsl.cpp:22:
     /opt/csw/include/c++/5.2.0/bits/stl_algo.h:4164:5: note: candidate: template<class _IIter, class _OIter, class _UnaryOperation> _OIter std::transform(_IIter, _IIter, _OIter, _UnaryOperation)
     transform(_InputIterator __first, _InputIterator __last,
     ^
     /opt/csw/include/c++/5.2.0/bits/stl_algo.h:4164:5: note: template argument deduction/substitution failed:
     gsl.cpp:293:63: note: couldn't deduce template parameter ‘_UnaryOperation’
     std::transform(vec.begin(), vec.end(), res.begin(), ::sqrt);
     ^
     In file included from /opt/csw/include/c++/5.2.0/algorithm:62:0,
     from /home/ripley/R/Lib32/Rcpp/include/RcppCommon.h:63,
     from /home/ripley/R/Lib32/RcppGSL/include/RcppGSLForward.h:25,
     from /home/ripley/R/Lib32/RcppGSL/include/RcppGSL.h:25,
     from gsl.cpp:22:
     /opt/csw/include/c++/5.2.0/bits/stl_algo.h:4201:5: note: candidate: template<class _IIter1, class _IIter2, class _OIter, class _BinaryOperation> _OIter std::transform(_IIter1, _IIter1, _IIter2, _OIter, _BinaryOperation)
     transform(_InputIterator1 __first1, _InputIterator1 __last1,
     ^
     /opt/csw/include/c++/5.2.0/bits/stl_algo.h:4201:5: note: template argument deduction/substitution failed:
     gsl.cpp:293:63: note: candidate expects 5 arguments, 4 provided
     std::transform(vec.begin(), vec.end(), res.begin(), ::sqrt);
     ^
     make: Fatal error: Command failed for target `gsl.o'
     Current working directory /tmp/RtmpR8aiez/sourceCpp-i386-pc-solaris2.10-0.12.9/sourcecpp_322113fd6da1
     /opt/csw//bin/g++ -I/home/ripley/R/gcc/include -DNDEBUG -I/usr/local/include -I/opt/csw/include -I/usr/local/include -I"/home/ripley/R/Lib32/Rcpp/include" -I"/home/ripley/R/Lib32/RcppGSL/include" -I"/home/ripley/R/Lib32/RcppGSL/unitTests/cpp" -fPIC -O2 -c gsl.cpp -o gsl.o
     *** Error code 1
     Error in sourceCpp(file.path(pathRcppTests, "cpp/gsl.cpp")) :
     Error 1 occurred building shared library.
    
    
     Executing test function test.gsl.matrix.view ... gsl.cpp: In function ‘Rcpp::NumericVector test_gsl_vector_iterator_transform(Rcpp::NumericVector)’:
     gsl.cpp:293:63: error: no matching function for call to ‘transform(RcppGSL::vector<double>::iterator, RcppGSL::vector<double>::iterator, Rcpp::Vector<14, Rcpp::PreserveStorage>::iterator, <unresolved overloaded function type>)’
     std::transform(vec.begin(), vec.end(), res.begin(), ::sqrt);
     ^
     In file included from /opt/csw/include/c++/5.2.0/algorithm:62:0,
     from /home/ripley/R/Lib32/Rcpp/include/RcppCommon.h:63,
     from /home/ripley/R/Lib32/RcppGSL/include/RcppGSLForward.h:25,
     from /home/ripley/R/Lib32/RcppGSL/include/RcppGSL.h:25,
     from gsl.cpp:22:
     /opt/csw/include/c++/5.2.0/bits/stl_algo.h:4164:5: note: candidate: template<class _IIter, class _OIter, class _UnaryOperation> _OIter std::transform(_IIter, _IIter, _OIter, _UnaryOperation)
     transform(_InputIterator __first, _InputIterator __last,
     ^
     /opt/csw/include/c++/5.2.0/bits/stl_algo.h:4164:5: note: template argument deduction/substitution failed:
     gsl.cpp:293:63: note: couldn't deduce template parameter ‘_UnaryOperation’
     std::transform(vec.begin(), vec.end(), res.begin(), ::sqrt);
     ^
     In file included from /opt/csw/include/c++/5.2.0/algorithm:62:0,
     from /home/ripley/R/Lib32/Rcpp/include/RcppCommon.h:63,
     from /home/ripley/R/Lib32/RcppGSL/include/RcppGSLForward.h:25,
     from /home/ripley/R/Lib32/RcppGSL/include/RcppGSL.h:25,
     from gsl.cpp:22:
     /opt/csw/include/c++/5.2.0/bits/stl_algo.h:4201:5: note: candidate: template<class _IIter1, class _IIter2, class _OIter, class _BinaryOperation> _OIter std::transform(_IIter1, _IIter1, _IIter2, _OIter, _BinaryOperation)
     transform(_InputIterator1 __first1, _InputIterator1 __last1,
     ^
     /opt/csw/include/c++/5.2.0/bits/stl_algo.h:4201:5: note: template argument deduction/substitution failed:
     gsl.cpp:293:63: note: candidate expects 5 arguments, 4 provided
     std::transform(vec.begin(), vec.end(), res.begin(), ::sqrt);
     ^
     make: Fatal error: Command failed for target `gsl.o'
     Current working directory /tmp/RtmpR8aiez/sourceCpp-i386-pc-solaris2.10-0.12.9/sourcecpp_322113fd6da1
     /opt/csw//bin/g++ -I/home/ripley/R/gcc/include -DNDEBUG -I/usr/local/include -I/opt/csw/include -I/usr/local/include -I"/home/ripley/R/Lib32/Rcpp/include" -I"/home/ripley/R/Lib32/RcppGSL/include" -I"/home/ripley/R/Lib32/RcppGSL/unitTests/cpp" -fPIC -O2 -c gsl.cpp -o gsl.o
     *** Error code 1
     Error in sourceCpp(file.path(pathRcppTests, "cpp/gsl.cpp")) :
     Error 1 occurred building shared library.
    
    
     Executing test function test.gsl.vector ... gsl.cpp: In function ‘Rcpp::NumericVector test_gsl_vector_iterator_transform(Rcpp::NumericVector)’:
     gsl.cpp:293:63: error: no matching function for call to ‘transform(RcppGSL::vector<double>::iterator, RcppGSL::vector<double>::iterator, Rcpp::Vector<14, Rcpp::PreserveStorage>::iterator, <unresolved overloaded function type>)’
     std::transform(vec.begin(), vec.end(), res.begin(), ::sqrt);
     ^
     In file included from /opt/csw/include/c++/5.2.0/algorithm:62:0,
     from /home/ripley/R/Lib32/Rcpp/include/RcppCommon.h:63,
     from /home/ripley/R/Lib32/RcppGSL/include/RcppGSLForward.h:25,
     from /home/ripley/R/Lib32/RcppGSL/include/RcppGSL.h:25,
     from gsl.cpp:22:
     /opt/csw/include/c++/5.2.0/bits/stl_algo.h:4164:5: note: candidate: template<class _IIter, class _OIter, class _UnaryOperation> _OIter std::transform(_IIter, _IIter, _OIter, _UnaryOperation)
     transform(_InputIterator __first, _InputIterator __last,
     ^
     /opt/csw/include/c++/5.2.0/bits/stl_algo.h:4164:5: note: template argument deduction/substitution failed:
     gsl.cpp:293:63: note: couldn't deduce template parameter ‘_UnaryOperation’
     std::transform(vec.begin(), vec.end(), res.begin(), ::sqrt);
     ^
     In file included from /opt/csw/include/c++/5.2.0/algorithm:62:0,
     from /home/ripley/R/Lib32/Rcpp/include/RcppCommon.h:63,
     from /home/ripley/R/Lib32/RcppGSL/include/RcppGSLForward.h:25,
     from /home/ripley/R/Lib32/RcppGSL/include/RcppGSL.h:25,
     from gsl.cpp:22:
     /opt/csw/include/c++/5.2.0/bits/stl_algo.h:4201:5: note: candidate: template<class _IIter1, class _IIter2, class _OIter, class _BinaryOperation> _OIter std::transform(_IIter1, _IIter1, _IIter2, _OIter, _BinaryOperation)
     transform(_InputIterator1 __first1, _InputIterator1 __last1,
     ^
     /opt/csw/include/c++/5.2.0/bits/stl_algo.h:4201:5: note: template argument deduction/substitution failed:
     gsl.cpp:293:63: note: candidate expects 5 arguments, 4 provided
     std::transform(vec.begin(), vec.end(), res.begin(), ::sqrt);
     ^
     make: Fatal error: Command failed for target `gsl.o'
     Current working directory /tmp/RtmpR8aiez/sourceCpp-i386-pc-solaris2.10-0.12.9/sourcecpp_322113fd6da1
     /opt/csw//bin/g++ -I/home/ripley/R/gcc/include -DNDEBUG -I/usr/local/include -I/opt/csw/include -I/usr/local/include -I"/home/ripley/R/Lib32/Rcpp/include" -I"/home/ripley/R/Lib32/RcppGSL/include" -I"/home/ripley/R/Lib32/RcppGSL/unitTests/cpp" -fPIC -O2 -c gsl.cpp -o gsl.o
     *** Error code 1
     Error in sourceCpp(file.path(pathRcppTests, "cpp/gsl.cpp")) :
     Error 1 occurred building shared library.
    
    
     Executing test function test.gsl.vector.input.SEXP ... gsl.cpp: In function ‘Rcpp::NumericVector test_gsl_vector_iterator_transform(Rcpp::NumericVector)’:
     gsl.cpp:293:63: error: no matching function for call to ‘transform(RcppGSL::vector<double>::iterator, RcppGSL::vector<double>::iterator, Rcpp::Vector<14, Rcpp::PreserveStorage>::iterator, <unresolved overloaded function type>)’
     std::transform(vec.begin(), vec.end(), res.begin(), ::sqrt);
     ^
     In file included from /opt/csw/include/c++/5.2.0/algorithm:62:0,
     from /home/ripley/R/Lib32/Rcpp/include/RcppCommon.h:63,
     from /home/ripley/R/Lib32/RcppGSL/include/RcppGSLForward.h:25,
     from /home/ripley/R/Lib32/RcppGSL/include/RcppGSL.h:25,
     from gsl.cpp:22:
     /opt/csw/include/c++/5.2.0/bits/stl_algo.h:4164:5: note: candidate: template<class _IIter, class _OIter, class _UnaryOperation> _OIter std::transform(_IIter, _IIter, _OIter, _UnaryOperation)
     transform(_InputIterator __first, _InputIterator __last,
     ^
     /opt/csw/include/c++/5.2.0/bits/stl_algo.h:4164:5: note: template argument deduction/substitution failed:
     gsl.cpp:293:63: note: couldn't deduce template parameter ‘_UnaryOperation’
     std::transform(vec.begin(), vec.end(), res.begin(), ::sqrt);
     ^
     In file included from /opt/csw/include/c++/5.2.0/algorithm:62:0,
     from /home/ripley/R/Lib32/Rcpp/include/RcppCommon.h:63,
     from /home/ripley/R/Lib32/RcppGSL/include/RcppGSLForward.h:25,
     from /home/ripley/R/Lib32/RcppGSL/include/RcppGSL.h:25,
     from gsl.cpp:22:
     /opt/csw/include/c++/5.2.0/bits/stl_algo.h:4201:5: note: candidate: template<class _IIter1, class _IIter2, class _OIter, class _BinaryOperation> _OIter std::transform(_IIter1, _IIter1, _IIter2, _OIter, _BinaryOperation)
     transform(_InputIterator1 __first1, _InputIterator1 __last1,
     ^
     /opt/csw/include/c++/5.2.0/bits/stl_algo.h:4201:5: note: template argument deduction/substitution failed:
     gsl.cpp:293:63: note: candidate expects 5 arguments, 4 provided
     std::transform(vec.begin(), vec.end(), res.begin(), ::sqrt);
     ^
     make: Fatal error: Command failed for target `gsl.o'
     Current working directory /tmp/RtmpR8aiez/sourceCpp-i386-pc-solaris2.10-0.12.9/sourcecpp_322113fd6da1
     /opt/csw//bin/g++ -I/home/ripley/R/gcc/include -DNDEBUG -I/usr/local/include -I/opt/csw/include -I/usr/local/include -I"/home/ripley/R/Lib32/Rcpp/include" -I"/home/ripley/R/Lib32/RcppGSL/include" -I"/home/ripley/R/Lib32/RcppGSL/unitTests/cpp" -fPIC -O2 -c gsl.cpp -o gsl.o
     *** Error code 1
     Error in sourceCpp(file.path(pathRcppTests, "cpp/gsl.cpp")) :
     Error 1 occurred building shared library.
    
    
     Executing test function test.gsl.vector.view ... gsl.cpp: In function ‘Rcpp::NumericVector test_gsl_vector_iterator_transform(Rcpp::NumericVector)’:
     gsl.cpp:293:63: error: no matching function for call to ‘transform(RcppGSL::vector<double>::iterator, RcppGSL::vector<double>::iterator, Rcpp::Vector<14, Rcpp::PreserveStorage>::iterator, <unresolved overloaded function type>)’
     std::transform(vec.begin(), vec.end(), res.begin(), ::sqrt);
     ^
     In file included from /opt/csw/include/c++/5.2.0/algorithm:62:0,
     from /home/ripley/R/Lib32/Rcpp/include/RcppCommon.h:63,
     from /home/ripley/R/Lib32/RcppGSL/include/RcppGSLForward.h:25,
     from /home/ripley/R/Lib32/RcppGSL/include/RcppGSL.h:25,
     from gsl.cpp:22:
     /opt/csw/include/c++/5.2.0/bits/stl_algo.h:4164:5: note: candidate: template<class _IIter, class _OIter, class _UnaryOperation> _OIter std::transform(_IIter, _IIter, _OIter, _UnaryOperation)
     transform(_InputIterator __first, _InputIterator __last,
     ^
     /opt/csw/include/c++/5.2.0/bits/stl_algo.h:4164:5: note: template argument deduction/substitution failed:
     gsl.cpp:293:63: note: couldn't deduce template parameter ‘_UnaryOperation’
     std::transform(vec.begin(), vec.end(), res.begin(), ::sqrt);
     ^
     In file included from /opt/csw/include/c++/5.2.0/algorithm:62:0,
     from /home/ripley/R/Lib32/Rcpp/include/RcppCommon.h:63,
     from /home/ripley/R/Lib32/RcppGSL/include/RcppGSLForward.h:25,
     from /home/ripley/R/Lib32/RcppGSL/include/RcppGSL.h:25,
     from gsl.cpp:22:
     /opt/csw/include/c++/5.2.0/bits/stl_algo.h:4201:5: note: candidate: template<class _IIter1, class _IIter2, class _OIter, class _BinaryOperation> _OIter std::transform(_IIter1, _IIter1, _IIter2, _OIter, _BinaryOperation)
     transform(_InputIterator1 __first1, _InputIterator1 __last1,
     ^
     /opt/csw/include/c++/5.2.0/bits/stl_algo.h:4201:5: note: template argument deduction/substitution failed:
     gsl.cpp:293:63: note: candidate expects 5 arguments, 4 provided
     std::transform(vec.begin(), vec.end(), res.begin(), ::sqrt);
     ^
     make: Fatal error: Command failed for target `gsl.o'
     Current working directory /tmp/RtmpR8aiez/sourceCpp-i386-pc-solaris2.10-0.12.9/sourcecpp_322113fd6da1
     /opt/csw//bin/g++ -I/home/ripley/R/gcc/include -DNDEBUG -I/usr/local/include -I/opt/csw/include -I/usr/local/include -I"/home/ripley/R/Lib32/Rcpp/include" -I"/home/ripley/R/Lib32/RcppGSL/include" -I"/home/ripley/R/Lib32/RcppGSL/unitTests/cpp" -fPIC -O2 -c gsl.cpp -o gsl.o
     *** Error code 1
     Error in sourceCpp(file.path(pathRcppTests, "cpp/gsl.cpp")) :
     Error 1 occurred building shared library.
    
    
     Executing test function test.gsl.vector.wrappers ... gsl.cpp: In function ‘Rcpp::NumericVector test_gsl_vector_iterator_transform(Rcpp::NumericVector)’:
     gsl.cpp:293:63: error: no matching function for call to ‘transform(RcppGSL::vector<double>::iterator, RcppGSL::vector<double>::iterator, Rcpp::Vector<14, Rcpp::PreserveStorage>::iterator, <unresolved overloaded function type>)’
     std::transform(vec.begin(), vec.end(), res.begin(), ::sqrt);
     ^
     In file included from /opt/csw/include/c++/5.2.0/algorithm:62:0,
     from /home/ripley/R/Lib32/Rcpp/include/RcppCommon.h:63,
     from /home/ripley/R/Lib32/RcppGSL/include/RcppGSLForward.h:25,
     from /home/ripley/R/Lib32/RcppGSL/include/RcppGSL.h:25,
     from gsl.cpp:22:
     /opt/csw/include/c++/5.2.0/bits/stl_algo.h:4164:5: note: candidate: template<class _IIter, class _OIter, class _UnaryOperation> _OIter std::transform(_IIter, _IIter, _OIter, _UnaryOperation)
     transform(_InputIterator __first, _InputIterator __last,
     ^
     /opt/csw/include/c++/5.2.0/bits/stl_algo.h:4164:5: note: template argument deduction/substitution failed:
     gsl.cpp:293:63: note: couldn't deduce template parameter ‘_UnaryOperation’
     std::transform(vec.begin(), vec.end(), res.begin(), ::sqrt);
     ^
     In file included from /opt/csw/include/c++/5.2.0/algorithm:62:0,
     from /home/ripley/R/Lib32/Rcpp/include/RcppCommon.h:63,
     from /home/ripley/R/Lib32/RcppGSL/include/RcppGSLForward.h:25,
     from /home/ripley/R/Lib32/RcppGSL/include/RcppGSL.h:25,
     from gsl.cpp:22:
     /opt/csw/include/c++/5.2.0/bits/stl_algo.h:4201:5: note: candidate: template<class _IIter1, class _IIter2, class _OIter, class _BinaryOperation> _OIter std::transform(_IIter1, _IIter1, _IIter2, _OIter, _BinaryOperation)
     transform(_InputIterator1 __first1, _InputIterator1 __last1,
     ^
     /opt/csw/include/c++/5.2.0/bits/stl_algo.h:4201:5: note: template argument deduction/substitution failed:
     gsl.cpp:293:63: note: candidate expects 5 arguments, 4 provided
     std::transform(vec.begin(), vec.end(), res.begin(), ::sqrt);
     ^
     make: Fatal error: Command failed for target `gsl.o'
     Current working directory /tmp/RtmpR8aiez/sourceCpp-i386-pc-solaris2.10-0.12.9/sourcecpp_322113fd6da1
     /opt/csw//bin/g++ -I/home/ripley/R/gcc/include -DNDEBUG -I/usr/local/include -I/opt/csw/include -I/usr/local/include -I"/home/ripley/R/Lib32/Rcpp/include" -I"/home/ripley/R/Lib32/RcppGSL/include" -I"/home/ripley/R/Lib32/RcppGSL/unitTests/cpp" -fPIC -O2 -c gsl.cpp -o gsl.o
     *** Error code 1
     Error in sourceCpp(file.path(pathRcppTests, "cpp/gsl.cpp")) :
     Error 1 occurred building shared library.
     >
     > ## Print results
     > printTextProtocol(tests)
     RUNIT TEST PROTOCOL -- Wed Jan 18 18:00:44 2017
     ***********************************************
     Number of test functions: 19
     Number of errors: 14
     Number of failures: 0
    
    
     1 Test Suite :
     RcppGSL Unit Tests - 19 test functions, 14 errors, 0 failures
     ERROR in .setUp (before test.gsl.RcppGSL.matrix.indexing): Error executing .setUp before test.gsl.RcppGSL.matrix.indexing : Error in sourceCpp(file.path(pathRcppTests, "cpp/gsl.cpp")) :
     Error 1 occurred building shared library.
     ERROR in .setUp (before test.gsl.RcppGSL.matrix.view.indexing): Error executing .setUp before test.gsl.RcppGSL.matrix.view.indexing : Error in sourceCpp(file.path(pathRcppTests, "cpp/gsl.cpp")) :
     Error 1 occurred building shared library.
     ERROR in .setUp (before test.gsl.RcppGSL.vector): Error executing .setUp before test.gsl.RcppGSL.vector : Error in sourceCpp(file.path(pathRcppTests, "cpp/gsl.cpp")) :
     Error 1 occurred building shared library.
     ERROR in .setUp (before test.gsl.RcppGSL.vector.indexing): Error executing .setUp before test.gsl.RcppGSL.vector.indexing : Error in sourceCpp(file.path(pathRcppTests, "cpp/gsl.cpp")) :
     Error 1 occurred building shared library.
     ERROR in .setUp (before test.gsl.RcppGSL.vector.iterating): Error executing .setUp before test.gsl.RcppGSL.vector.iterating : Error in sourceCpp(file.path(pathRcppTests, "cpp/gsl.cpp")) :
     Error 1 occurred building shared library.
     ERROR in .setUp (before test.gsl.RcppGSL.vector.iterator.transform): Error executing .setUp before test.gsl.RcppGSL.vector.iterator.transform : Error in sourceCpp(file.path(pathRcppTests, "cpp/gsl.cpp")) :
     Error 1 occurred building shared library.
     ERROR in .setUp (before test.gsl.RcppGSL.vector.view.iterating): Error executing .setUp before test.gsl.RcppGSL.vector.view.iterating : Error in sourceCpp(file.path(pathRcppTests, "cpp/gsl.cpp")) :
     Error 1 occurred building shared library.
     ERROR in .setUp (before test.gsl.matrix): Error executing .setUp before test.gsl.matrix : Error in sourceCpp(file.path(pathRcppTests, "cpp/gsl.cpp")) :
     Error 1 occurred building shared library.
     ERROR in .setUp (before test.gsl.matrix.input.SEXP): Error executing .setUp before test.gsl.matrix.input.SEXP : Error in sourceCpp(file.path(pathRcppTests, "cpp/gsl.cpp")) :
     Error 1 occurred building shared library.
     ERROR in .setUp (before test.gsl.matrix.view): Error executing .setUp before test.gsl.matrix.view : Error in sourceCpp(file.path(pathRcppTests, "cpp/gsl.cpp")) :
     Error 1 occurred building shared library.
     ERROR in .setUp (before test.gsl.vector): Error executing .setUp before test.gsl.vector : Error in sourceCpp(file.path(pathRcppTests, "cpp/gsl.cpp")) :
     Error 1 occurred building shared library.
     ERROR in .setUp (before test.gsl.vector.input.SEXP): Error executing .setUp before test.gsl.vector.input.SEXP : Error in sourceCpp(file.path(pathRcppTests, "cpp/gsl.cpp")) :
     Error 1 occurred building shared library.
     ERROR in .setUp (before test.gsl.vector.view): Error executing .setUp before test.gsl.vector.view : Error in sourceCpp(file.path(pathRcppTests, "cpp/gsl.cpp")) :
     Error 1 occurred building shared library.
     ERROR in .setUp (before test.gsl.vector.wrappers): Error executing .setUp before test.gsl.vector.wrappers : Error in sourceCpp(file.path(pathRcppTests, "cpp/gsl.cpp")) :
     Error 1 occurred building shared library.
    
    
    
     Details
     ***************************
     Test Suite: RcppGSL Unit Tests
     Test function regexp: ^[Tt]est.+
     Test file regexp: ^runit.+\.[rR]$
     Involved directory:
     /home/ripley/R/Lib32/RcppGSL/unitTests
     ---------------------------
     Test file: /home/ripley/R/Lib32/RcppGSL/unitTests/runit.client.package.R
     test.client.package: (1 checks) ... OK (17.03 seconds)
     ---------------------------
     Test file: /home/ripley/R/Lib32/RcppGSL/unitTests/runit.fastLm.R
     test.fastLm: (3 checks) ... OK (0.05 seconds)
     test.fastLm.default: (5 checks) ... OK (0.01 seconds)
     test.fastLm.formula: (5 checks) ... OK (0.01 seconds)
     test.summary.fastLm: (12 checks) ... OK (0.02 seconds)
     ---------------------------
     Test file: /home/ripley/R/Lib32/RcppGSL/unitTests/runit.gsl.R
     .setUp (before test.gsl.RcppGSL.matrix.indexing): ERROR !!
     Error executing .setUp before test.gsl.RcppGSL.matrix.indexing : Error in sourceCpp(file.path(pathRcppTests, "cpp/gsl.cpp")) :
     Error 1 occurred building shared library.
     .setUp (before test.gsl.RcppGSL.matrix.view.indexing): ERROR !!
     Error executing .setUp before test.gsl.RcppGSL.matrix.view.indexing : Error in sourceCpp(file.path(pathRcppTests, "cpp/gsl.cpp")) :
     Error 1 occurred building shared library.
     .setUp (before test.gsl.RcppGSL.vector): ERROR !!
     Error executing .setUp before test.gsl.RcppGSL.vector : Error in sourceCpp(file.path(pathRcppTests, "cpp/gsl.cpp")) :
     Error 1 occurred building shared library.
     .setUp (before test.gsl.RcppGSL.vector.indexing): ERROR !!
     Error executing .setUp before test.gsl.RcppGSL.vector.indexing : Error in sourceCpp(file.path(pathRcppTests, "cpp/gsl.cpp")) :
     Error 1 occurred building shared library.
     .setUp (before test.gsl.RcppGSL.vector.iterating): ERROR !!
     Error executing .setUp before test.gsl.RcppGSL.vector.iterating : Error in sourceCpp(file.path(pathRcppTests, "cpp/gsl.cpp")) :
     Error 1 occurred building shared library.
     .setUp (before test.gsl.RcppGSL.vector.iterator.transform): ERROR !!
     Error executing .setUp before test.gsl.RcppGSL.vector.iterator.transform : Error in sourceCpp(file.path(pathRcppTests, "cpp/gsl.cpp")) :
     Error 1 occurred building shared library.
     .setUp (before test.gsl.RcppGSL.vector.view.iterating): ERROR !!
     Error executing .setUp before test.gsl.RcppGSL.vector.view.iterating : Error in sourceCpp(file.path(pathRcppTests, "cpp/gsl.cpp")) :
     Error 1 occurred building shared library.
     .setUp (before test.gsl.matrix): ERROR !!
     Error executing .setUp before test.gsl.matrix : Error in sourceCpp(file.path(pathRcppTests, "cpp/gsl.cpp")) :
     Error 1 occurred building shared library.
     .setUp (before test.gsl.matrix.input.SEXP): ERROR !!
     Error executing .setUp before test.gsl.matrix.input.SEXP : Error in sourceCpp(file.path(pathRcppTests, "cpp/gsl.cpp")) :
     Error 1 occurred building shared library.
     .setUp (before test.gsl.matrix.view): ERROR !!
     Error executing .setUp before test.gsl.matrix.view : Error in sourceCpp(file.path(pathRcppTests, "cpp/gsl.cpp")) :
     Error 1 occurred building shared library.
     .setUp (before test.gsl.vector): ERROR !!
     Error executing .setUp before test.gsl.vector : Error in sourceCpp(file.path(pathRcppTests, "cpp/gsl.cpp")) :
     Error 1 occurred building shared library.
     .setUp (before test.gsl.vector.input.SEXP): ERROR !!
     Error executing .setUp before test.gsl.vector.input.SEXP : Error in sourceCpp(file.path(pathRcppTests, "cpp/gsl.cpp")) :
     Error 1 occurred building shared library.
     .setUp (before test.gsl.vector.view): ERROR !!
     Error executing .setUp before test.gsl.vector.view : Error in sourceCpp(file.path(pathRcppTests, "cpp/gsl.cpp")) :
     Error 1 occurred building shared library.
     .setUp (before test.gsl.vector.wrappers): ERROR !!
     Error executing .setUp before test.gsl.vector.wrappers : Error in sourceCpp(file.path(pathRcppTests, "cpp/gsl.cpp")) :
     Error 1 occurred building shared library.
     >
     > ## Return success or failure to R CMD CHECK
     > if (getErrors(tests)$nFail > 0) {
     + stop("TEST FAILED!")
     + }
     > if (getErrors(tests)$nErr > 0) {
     + stop("TEST HAD ERRORS!")
     + }
     Error: TEST HAD ERRORS!
     Execution halted
Flavor: r-patched-solaris-x86