CRAN Package Check Results for Package RcppGSL

Last updated on 2016-06-30 19:46:51.

Flavor Version Tinstall Tcheck Ttotal Status Flags
r-devel-linux-x86_64-debian-gcc 0.3.0 14.00 70.67 84.66 OK
r-devel-linux-x86_64-fedora-clang 0.3.0 320.91 ERROR
r-devel-linux-x86_64-fedora-gcc 0.3.0 118.47 OK
r-devel-osx-x86_64-clang 0.3.0 94.90 OK
r-devel-windows-ix86+x86_64 0.3.0 37.00 276.00 313.00 OK
r-patched-linux-x86_64 0.3.0 10.19 58.14 68.33 OK
r-patched-solaris-sparc 0.3.0 1291.30 ERROR
r-patched-solaris-x86 0.3.0 253.90 ERROR
r-release-linux-x86_64 0.3.0 9.14 54.76 63.89 OK
r-release-osx-x86_64-mavericks 0.3.0 OK
r-release-windows-ix86+x86_64 0.3.0 51.00 190.00 241.00 OK
r-oldrel-windows-ix86+x86_64 0.3.0 53.00 340.00 393.00 OK

Check Details

Version: 0.3.0
Check: tests
Result: ERROR
    Running the tests in ‘tests/doRUnit.R’ failed.
    Last 13 lines of output:
     ^
     1 error generated.
     make[1]: *** [gsl.o] Error 1
     make[1]: Target 'all' not remade because of errors.
     make[1]: Entering directory '/tmp/RtmpoEbUqx/sourcecpp_b2c73d84f3e9'
     clang++ -stdlib=libc++ -I/data/gannet/ripley/R/R-clang/include -DNDEBUG -I/usr/include -I/usr/local/include -I"/data/gannet/ripley/R/test-clang/Rcpp/include" -I"/data/gannet/ripley/R/packages/tests-clang/RcppGSL.Rcheck/RcppGSL/include" -I"/data/gannet/ripley/R/packages/tests-clang/RcppGSL.Rcheck/RcppGSL/unitTests/cpp" -fpic -g -O3 -Wall -pedantic -mtune=native -c gsl.cpp -o gsl.o
     /data/gannet/ripley/R/R-clang/etc/Makeconf:139: recipe for target 'gsl.o' failed
     make[1]: Leaving directory '/tmp/RtmpoEbUqx/sourcecpp_b2c73d84f3e9'
     Error in sourceCpp(file.path(pathRcppTests, "cpp/gsl.cpp")) :
     Error 1 occurred building shared library.
     saving txt unit test report to '/data/gannet/ripley/R/packages/tests-clang/RcppGSL.Rcheck/tests/RcppGSL-unitTests.txt'
     saving html unit test report to '/data/gannet/ripley/R/packages/tests-clang/RcppGSL.Rcheck/tests/RcppGSL-unitTests.html'
     Error in eval(ei, envir) : unit test problems: 0 failures, 14 errors
     Calls: source -> withVisible -> eval -> eval
     Execution halted
Flavor: r-devel-linux-x86_64-fedora-clang

Version: 0.3.0
Check: re-building of vignette outputs
Result: WARN
    Error in re-building vignettes:
     ...
    Loading required package: inline
Flavors: r-devel-linux-x86_64-fedora-clang, r-patched-solaris-sparc, r-patched-solaris-x86

Version: 0.3.0
Check: installed package size
Result: NOTE
     installed size is 5.5Mb
     sub-directories of 1Mb or more:
     libs 4.9Mb
Flavors: r-patched-solaris-sparc, r-patched-solaris-x86

Version: 0.3.0
Check: tests
Result: ERROR
    Running the tests in ‘tests/doRUnit.R’ failed.
    Last 13 lines of output:
     ^
     make: Fatal error: Command failed for target `gsl.o'
     Current working directory /tmp/RtmpQJaq3I/sourcecpp_45ba62385aa0
     /opt/csw/gcc4/bin/g++ -I/home/ripley/R/gcc/include -DNDEBUG -I/usr/local/include -I/opt/csw/include -I/usr/local/include -I"/home/ripley/R/Lib32/Rcpp/include" -I"/home/ripley/R/Lib32/RcppGSL/include" -I"/home/ripley/R/Lib32/RcppGSL/unitTests/cpp" -fPIC -O2 -mcpu=niagara2 -c gsl.cpp -o gsl.o
     *** Error code 1
     Error in sourceCpp(file.path(pathRcppTests, "cpp/gsl.cpp")) :
     Error 1 occurred building shared library.
     saving txt unit test report to '/home/ripley/R/packages/tests32/RcppGSL.Rcheck/tests/RcppGSL-unitTests.txt'
     saving html unit test report to '/home/ripley/R/packages/tests32/RcppGSL.Rcheck/tests/RcppGSL-unitTests.html'
     Error in eval(expr, envir, enclos) :
     unit test problems: 0 failures, 14 errors
     Calls: source -> withVisible -> eval -> eval
     Execution halted
Flavor: r-patched-solaris-sparc

Version: 0.3.0
Check: tests
Result: ERROR
    Running the tests in ‘tests/doRUnit.R’ failed.
    Last 13 lines of output:
     ^
     make: Fatal error: Command failed for target `gsl.o'
     Current working directory /tmp/RtmpKeaGZV/sourcecpp_5f9c3507b5c
     /opt/csw/gcc4/bin/g++ -m32 -I/home/ripley/R/gcc/include -DNDEBUG -I/usr/local/include -I/opt/csw/include -I/usr/local/include -I"/home/ripley/R/Lib32/Rcpp/include" -I"/home/ripley/R/Lib32/RcppGSL/include" -I"/home/ripley/R/Lib32/RcppGSL/unitTests/cpp" -fPIC -O2 -c gsl.cpp -o gsl.o
     *** Error code 1
     Error in sourceCpp(file.path(pathRcppTests, "cpp/gsl.cpp")) :
     Error 1 occurred building shared library.
     saving txt unit test report to '/home/ripley/R/packages/tests32/RcppGSL.Rcheck/tests/RcppGSL-unitTests.txt'
     saving html unit test report to '/home/ripley/R/packages/tests32/RcppGSL.Rcheck/tests/RcppGSL-unitTests.html'
     Error in eval(expr, envir, enclos) :
     unit test problems: 0 failures, 14 errors
     Calls: source -> withVisible -> eval -> eval
     Execution halted
Flavor: r-patched-solaris-x86