CRAN Package Check Results for Package RcppGSL

Last updated on 2014-07-26 08:50:55.

Flavor Version Tinstall Tcheck Ttotal Status Flags
r-devel-linux-x86_64-debian-clang 0.2.2 3.95 58.98 62.93 OK
r-devel-linux-x86_64-debian-gcc 0.2.2 4.51 67.44 71.95 OK
r-devel-linux-x86_64-fedora-clang 0.2.2 139.74 OK
r-devel-linux-x86_64-fedora-gcc 0.2.2 135.44 OK
r-devel-osx-x86_64-clang 0.2.2 131.92 OK
r-devel-windows-ix86+x86_64 0.2.2 13.00 175.00 188.00 OK
r-patched-linux-x86_64 0.2.2 4.61 66.74 71.35 OK
r-patched-solaris-sparc 0.2.2 569.30 ERROR
r-patched-solaris-x86 0.2.2 180.10 ERROR
r-release-linux-ix86 0.2.2 6.12 88.76 94.87 OK
r-release-linux-x86_64 0.2.2 4.46 67.34 71.80 OK
r-release-osx-x86_64-mavericks 0.2.2 ERROR
r-release-osx-x86_64-snowleopard 0.2.2 OK
r-release-windows-ix86+x86_64 0.2.2 21.00 169.00 190.00 OK
r-oldrel-windows-ix86+x86_64 0.2.2 15.00 160.00 175.00 OK

Check Details

Version: 0.2.2
Check: tests
Result: ERROR
    Running the tests in ‘tests/doRUnit.R’ failed.
    Last 13 lines of output:
     "gsl.cpp", line 293: Error: Could not find a match for std::transform<std::_InputIter, std::_OutputIter, std::_UnaryOperation>(Rcpp::internal::Proxy_Iterator<RcppGSL::vector<double>::Proxy>, Rcpp::internal::Proxy_Iterator<RcppGSL::vector<double>::Proxy>, double*, extern "C" double(double)) needed in test_gsl_vector_iterator_transform(Rcpp::Vector<14, Rcpp::PreserveStorage<Rcpp::CLASS>>).
     1 Error(s) and 1 Warning(s) detected.
     make: Fatal error: Command failed for target `gsl.o'
     Current working directory /tmp/RtmpJbaW1M/sourcecpp_4dae10b529cc
     CC -library=stlport4 -I/home/ripley/R/cc/include -DNDEBUG -I/usr/local/include -I/usr/local/include -I"/home/ripley/R/Lib32/Rcpp/include" -I"/home/ripley/R/Lib32/RcppGSL/include" -KPIC -O -features=tmplrefstatic -features=extensions -c gsl.cpp -o gsl.o *** Error code 2 CC -library=stlport4 -I/home/ripley/R/cc/include -DNDEBUG -I/usr/local/include -I/usr/local/include -I"/home/ripley/R/Lib32/Rcpp/include" -I"/home/ripley/R/Lib32/RcppGSL/include" -KPIC -O -features=tmplrefstatic -features=extensions -c gsl.cpp -o gsl.o *** Error code 2
     Error in sourceCpp(file.path(pathRcppTests, "cpp/gsl.cpp")) :
     Error 1 occurred building shared library.
     saving txt unit test report to '/home/ripley/R/packages/tests32/RcppGSL.Rcheck/tests/RcppGSL-unitTests.txt'
     saving html unit test report to '/home/ripley/R/packages/tests32/RcppGSL.Rcheck/tests/RcppGSL-unitTests.html'
     Error in eval(expr, envir, enclos) :
     unit test problems: 0 failures, 14 errors
     Calls: source -> withVisible -> eval -> eval
     Execution halted
Flavor: r-patched-solaris-sparc

Version: 0.2.2
Check: tests
Result: ERROR
    Running the tests in ‘tests/doRUnit.R’ failed.
    Last 13 lines of output:
     Current working directory /tmp/Rtmp7RayeE/sourcecpp_3c235272349
     CC -library=stlport4 -I/home/ripley/R/cc/include -DNDEBUG -I/usr/local/include -I/usr/local/include -I"/home/ripley/R/Lib32/Rcpp/include" -I"/home/ripley/R/Lib32/RcppGSL/include" -KPIC -O -xlibmil -xtarget=native -nofstore -c gsl.cpp -o gsl.o
     *** Error code 2
     CC -library=stlport4 -I/home/ripley/R/cc/include -DNDEBUG -I/usr/local/include -I/usr/local/include -I"/home/ripley/R/Lib32/Rcpp/include" -I"/home/ripley/R/Lib32/RcppGSL/include" -KPIC -O -xlibmil -xtarget=native -nofstore -c gsl.cpp -o gsl.o
     *** Error code 2
     Error in sourceCpp(file.path(pathRcppTests, "cpp/gsl.cpp")) :
     Error 1 occurred building shared library.
     saving txt unit test report to '/home/ripley/R/packages/tests32/RcppGSL.Rcheck/tests/RcppGSL-unitTests.txt'
     saving html unit test report to '/home/ripley/R/packages/tests32/RcppGSL.Rcheck/tests/RcppGSL-unitTests.html'
     Error in eval(expr, envir, enclos) :
     unit test problems: 0 failures, 14 errors
     Calls: source -> withVisible -> eval -> eval
     Execution halted
Flavor: r-patched-solaris-x86

Version: 0.2.2
Check: whether package can be installed
Result: ERROR
    Installation failed.
    See ‘/Builds/CRAN-QA-Simon/packages/mavericks-x86_64/results/3.1/RcppGSL.Rcheck/00install.out’ for details.
Flavor: r-release-osx-x86_64-mavericks