CRAN Package Check Results for Package RcppGSL

Last updated on 2016-04-30 03:51:23.

Flavor Version Tinstall Tcheck Ttotal Status Flags
r-devel-linux-x86_64-debian-gcc 0.3.0 9.05 53.20 62.26 OK
r-devel-linux-x86_64-fedora-clang 0.3.0 303.24 ERROR
r-devel-linux-x86_64-fedora-gcc 0.3.0 118.72 OK
r-devel-osx-x86_64-clang 0.3.0 127.57 OK
r-devel-windows-ix86+x86_64 0.3.0 35.00 197.00 232.00 OK
r-patched-linux-x86_64 0.3.0 8.97 53.84 62.81 OK
r-patched-solaris-sparc 0.3.0 1992.80 ERROR
r-patched-solaris-x86 0.3.0 249.60 ERROR
r-release-linux-x86_64 0.3.0 9.11 77.03 86.14 OK
r-release-osx-x86_64-mavericks 0.3.0 OK
r-release-windows-ix86+x86_64 0.3.0 35.00 241.00 276.00 OK
r-oldrel-windows-ix86+x86_64 0.3.0 45.00 231.00 276.00 OK

Check Details

Version: 0.3.0
Check: tests
Result: ERROR
    Running the tests in ‘tests/doRUnit.R’ failed.
    Last 13 lines of output:
     make[1]: Target 'all' not remade because of errors.
     make[1]: Entering directory '/tmp/Rtmp4UUVwx/sourcecpp_7abb46f567df'
     clang++ -stdlib=libc++ -I/data/gannet/ripley/R/R-clang/include -DNDEBUG -I/usr/include -I/usr/local/include -I"/data/gannet/ripley/R/test-clang/Rcpp/include" -I"/data/gannet/ripley/R/packages/tests-clang/RcppGSL.Rcheck/RcppGSL/include" -I"/data/gannet/ripley/R/packages/tests-clang/RcppGSL.Rcheck/RcppGSL/unitTests/cpp" -fpic -g -O3 -Wall -pedantic -mtune=native -c gsl.cpp -o gsl.o
     /data/gannet/ripley/R/R-clang/etc/Makeconf:139: recipe for target 'gsl.o' failed
     make[1]: Leaving directory '/tmp/Rtmp4UUVwx/sourcecpp_7abb46f567df'
     Error in sourceCpp(file.path(pathRcppTests, "cpp/gsl.cpp")) :
     Error 1 occurred building shared library.
     saving txt unit test report to '/data/gannet/ripley/R/packages/tests-clang/RcppGSL.Rcheck/tests/RcppGSL-unitTests.txt'
     saving html unit test report to '/data/gannet/ripley/R/packages/tests-clang/RcppGSL.Rcheck/tests/RcppGSL-unitTests.html'
     Error in eval(expr, envir, enclos) :
     unit test problems: 0 failures, 14 errors
     Calls: source -> withVisible -> eval -> eval
     Execution halted
Flavor: r-devel-linux-x86_64-fedora-clang

Version: 0.3.0
Check: re-building of vignette outputs
Result: WARN
    Error in re-building vignettes:
     ...
    Loading required package: inline
Flavors: r-devel-linux-x86_64-fedora-clang, r-patched-solaris-x86

Version: 0.3.0
Check: tests
Result: ERROR
    Running the tests in ‘tests/doRUnit.R’ failed.
    Last 13 lines of output:
     ^
     make: Fatal error: Command failed for target `gsl.o'
     Current working directory /tmp/RtmpLZa4Np/sourcecpp_1f3f8352086
     /opt/csw/gcc4/bin/g++ -I/home/ripley/R/gcc/include -DNDEBUG -I/usr/local/include -I/opt/csw/include -I/usr/local/include -I"/home/ripley/R/Lib32/Rcpp/include" -I"/home/ripley/R/Lib32/RcppGSL/include" -I"/home/ripley/R/Lib32/RcppGSL/unitTests/cpp" -fPIC -O2 -mcpu=niagara2 -c gsl.cpp -o gsl.o
     *** Error code 1
     Error in sourceCpp(file.path(pathRcppTests, "cpp/gsl.cpp")) :
     Error 1 occurred building shared library.
     saving txt unit test report to '/home/ripley/R/packages/tests32/RcppGSL.Rcheck/tests/RcppGSL-unitTests.txt'
     saving html unit test report to '/home/ripley/R/packages/tests32/RcppGSL.Rcheck/tests/RcppGSL-unitTests.html'
     Error in eval(expr, envir, enclos) :
     unit test problems: 0 failures, 14 errors
     Calls: source -> withVisible -> eval -> eval
     Execution halted
Flavor: r-patched-solaris-sparc

Version: 0.3.0
Check: running R code from vignettes
Result: ERROR
    Errors in running code in vignettes:
    when running code in ‘RcppGSL-unitTests.Rnw’
     ...
    
    > require(RcppGSL)
    Loading required package: RcppGSL
    
    > prettyVersion <- packageDescription("RcppGSL")$Version
    
    > prettyDate <- format(Sys.Date(), "%B %e, %Y")
    
    > library(RUnit)
    
    > pkg <- "RcppGSL"
    
    > if (file.exists("unitTests-results")) unlink("unitTests-results",
    + recursive = TRUE)
    
    > dir.create("unitTests-results")
    
    > path <- system.file("unitTests", package = pkg)
    
    > testSuite <- defineTestSuite(name = paste(pkg, "unit testing"),
    + dirs = path)
    
    > tests <- runTestSuite(testSuite)
    
    
    Executing test function test.client.package ... * checking for file ‘RcppGSLExample/DESCRIPTION’ ... OK
    * preparing ‘RcppGSLExample’:
Flavor: r-patched-solaris-sparc

Version: 0.3.0
Check: re-building of vignette outputs
Result: NOTE
    Error in re-building vignettes:
     ...
    Loading required package: inline
Flavor: r-patched-solaris-sparc

Version: 0.3.0
Check: tests
Result: ERROR
    Running the tests in ‘tests/doRUnit.R’ failed.
    Last 13 lines of output:
     ^
     make: Fatal error: Command failed for target `gsl.o'
     Current working directory /tmp/Rtmp6LaWqk/sourcecpp_1486373d4123
     /opt/csw/gcc4/bin/g++ -m32 -I/home/ripley/R/gcc/include -DNDEBUG -I/usr/local/include -I/opt/csw/include -I/usr/local/include -I"/home/ripley/R/Lib32/Rcpp/include" -I"/home/ripley/R/Lib32/RcppGSL/include" -I"/home/ripley/R/Lib32/RcppGSL/unitTests/cpp" -fPIC -O2 -c gsl.cpp -o gsl.o
     *** Error code 1
     Error in sourceCpp(file.path(pathRcppTests, "cpp/gsl.cpp")) :
     Error 1 occurred building shared library.
     saving txt unit test report to '/home/ripley/R/packages/tests32/RcppGSL.Rcheck/tests/RcppGSL-unitTests.txt'
     saving html unit test report to '/home/ripley/R/packages/tests32/RcppGSL.Rcheck/tests/RcppGSL-unitTests.html'
     Error in eval(expr, envir, enclos) :
     unit test problems: 0 failures, 14 errors
     Calls: source -> withVisible -> eval -> eval
     Execution halted
Flavor: r-patched-solaris-x86