CRAN Package Check Results for Package RcppGSL

Last updated on 2017-05-26 03:48:41.

Flavor Version Tinstall Tcheck Ttotal Status Flags
r-devel-linux-x86_64-debian-clang 0.3.2 12.57 64.72 77.28 OK
r-devel-linux-x86_64-debian-gcc 0.3.2 11.90 64.63 76.53 OK
r-devel-linux-x86_64-fedora-clang 0.3.2 347.31 ERROR --no-stop-on-test-error
r-devel-linux-x86_64-fedora-gcc 0.3.2 153.58 OK --no-stop-on-test-error
r-devel-windows-ix86+x86_64 0.3.2 41.00 290.00 331.00 OK
r-patched-linux-x86_64 0.3.2 10.27 59.34 69.61 OK
r-patched-solaris-sparc 0.3.2 502.90 ERROR
r-patched-solaris-x86 0.3.2 269.80 ERROR --no-stop-on-test-error
r-release-linux-x86_64 0.3.2 10.35 59.05 69.40 OK
r-release-windows-ix86+x86_64 0.3.2 51.00 204.00 255.00 OK
r-release-osx-x86_64 0.3.2 ERROR
r-oldrel-windows-ix86+x86_64 0.3.2 50.00 285.00 335.00 OK
r-oldrel-osx-x86_64 0.3.2 OK

Check Details

Version: 0.3.2
Flags: --no-stop-on-test-error
Check: tests
Result: ERROR
     Running ‘doRUnit.R’ [128s/152s]
    Running the tests in ‘tests/doRUnit.R’ failed.
    Complete output:
     > ## doRUnit.R --- Run RUnit tests
     > ##
     > ## with credits to package fUtilities in RMetrics
     > ## which credits Gregor Gojanc's example in CRAN package 'gdata'
     > ## as per the (now deceased) R Wiki http://wiki.r-project.org/rwiki/doku.php?id=developers:runit
     > ## and changed further by Martin Maechler
     > ## and usage across several Rcpp* package
     > ## and more changes by Murray Stokely in HistogramTools
     > ##
     > ## Dirk Eddelbuettel, 2010 - 2016
     >
     > stopifnot(require("RUnit", quietly=TRUE))
     > stopifnot(require("RcppGSL", quietly=TRUE))
     >
     > ## Set a seed to make the test deterministic
     > set.seed(42)
     >
     > ## Define tests
     > testSuite <- defineTestSuite(name="RcppGSL Unit Tests",
     + dirs=system.file("unitTests", package = "RcppGSL"),
     + testFuncRegexp = "^[Tt]est.+")
     >
     > ## without this, we get (or used to get) unit test failures
     > Sys.setenv("R_TESTS"="")
     >
     > ## Run tests
     > tests <- runTestSuite(testSuite)
    
    
     Executing test function test.client.package ... * checking for file ‘RcppGSLExample/DESCRIPTION’ ... OK
     * preparing ‘RcppGSLExample’:
     * checking DESCRIPTION meta-information ... OK
     * cleaning src
     * checking for LF line-endings in source and make files
     * checking for empty or unneeded directories
     * building ‘RcppGSLExample_0.0.3.tar.gz’
    
     * installing *source* package ‘RcppGSLExample’ ...
     checking for gsl-config... /usr/bin/gsl-config
     configure: creating ./config.status
     config.status: creating src/Makevars
     ** libs
     make[1]: Entering directory '/tmp/RtmpFIaMAH/R.INSTALL6f3c9c5846e/RcppGSLExample/src'
     clang++ -I/data/gannet/ripley/R/R-clang/include -DNDEBUG -I/usr/include -I"/tmp/RtmpSrXhQz/RLIBS_3b55422f36a1/Rcpp/include" -I"/tmp/RtmpSrXhQz/RLIBS_3b55422f36a1/RcppGSL/include" -isystem /usr/local/clang/include -fpic -g -O3 -Wall -pedantic -frtti -c RcppExports.cpp -o RcppExports.o
     clang++ -I/data/gannet/ripley/R/R-clang/include -DNDEBUG -I/usr/include -I"/tmp/RtmpSrXhQz/RLIBS_3b55422f36a1/Rcpp/include" -I"/tmp/RtmpSrXhQz/RLIBS_3b55422f36a1/RcppGSL/include" -isystem /usr/local/clang/include -fpic -g -O3 -Wall -pedantic -frtti -c colNorm.cpp -o colNorm.o
     In file included from RcppExports.cpp:4:
     In file included from /tmp/RtmpSrXhQz/RLIBS_3b55422f36a1/RcppGSL/include/RcppGSL.h:25:
     In file included from /tmp/RtmpSrXhQz/RLIBS_3b55422f36a1/RcppGSL/include/RcppGSLForward.h:25:
     In file included from /tmp/RtmpSrXhQz/RLIBS_3b55422f36a1/Rcpp/include/RcppCommon.h:70:
     /tmp/RtmpSrXhQz/RLIBS_3b55422f36a1/Rcpp/include/Rcpp/utils/tinyformat.h:1046:32: warning: no newline at end of file [-Wnewline-eof]
     #endif // TINYFORMAT_H_INCLUDED
     ^
     In file included from colNorm.cpp:25:
     In file included from /tmp/RtmpSrXhQz/RLIBS_3b55422f36a1/RcppGSL/include/RcppGSL.h:25:
     In file included from /tmp/RtmpSrXhQz/RLIBS_3b55422f36a1/RcppGSL/include/RcppGSLForward.h:25:
     In file included from /tmp/RtmpSrXhQz/RLIBS_3b55422f36a1/Rcpp/include/RcppCommon.h:70:
     /tmp/RtmpSrXhQz/RLIBS_3b55422f36a1/Rcpp/include/Rcpp/utils/tinyformat.h:1046:32: warning: no newline at end of file [-Wnewline-eof]
     #endif // TINYFORMAT_H_INCLUDED
     ^
     1 warning generated.
     1 warning generated.
     clang++ -shared -L/usr/local/clang/lib64 -L/usr/local/lib64 -o RcppGSLExample.so RcppExports.o colNorm.o -lgsl -lgslcblas -lm
     make[1]: Leaving directory '/tmp/RtmpFIaMAH/R.INSTALL6f3c9c5846e/RcppGSLExample/src'
     make[1]: Entering directory '/tmp/RtmpFIaMAH/R.INSTALL6f3c9c5846e/RcppGSLExample/src'
     make[1]: Leaving directory '/tmp/RtmpFIaMAH/R.INSTALL6f3c9c5846e/RcppGSLExample/src'
     installing to /tmp/Rtmpa6dxf9/file6c842601fbfe/templib/RcppGSLExample/libs
     ** R
     ** preparing package for lazy loading
     ** help
     *** installing help indices
     ** building package indices
     ** testing if installed package can be loaded
     * DONE (RcppGSLExample)
     Loading required package: Rcpp
    
     Attaching package: 'Rcpp'
    
     The following object is masked from 'package:RcppGSL':
    
     LdFlags
    
     Loading required package: RcppGSLExample
     done successfully.
    
    
    
     Executing test function test.fastLm ... done successfully.
    
    
    
     Executing test function test.fastLm.default ... done successfully.
    
    
    
     Executing test function test.fastLm.formula ... done successfully.
    
    
    
     Executing test function test.summary.fastLm ... done successfully.
    
    
    
     Executing test function test.gsl.RcppGSL.matrix.indexing ... In file included from gsl.cpp:22:
     In file included from /data/gannet/ripley/R/packages/tests-clang/RcppGSL.Rcheck/RcppGSL/include/RcppGSL.h:25:
     In file included from /data/gannet/ripley/R/packages/tests-clang/RcppGSL.Rcheck/RcppGSL/include/RcppGSLForward.h:25:
     In file included from /data/gannet/ripley/R/test-clang/Rcpp/include/RcppCommon.h:70:
     /data/gannet/ripley/R/test-clang/Rcpp/include/Rcpp/utils/tinyformat.h:1046:32: warning: no newline at end of file [-Wnewline-eof]
     #endif // TINYFORMAT_H_INCLUDED
     ^
     gsl.cpp:293:5: error: no matching function for call to 'transform'
     std::transform(vec.begin(), vec.end(), res.begin(), ::sqrt);
     ^~~~~~~~~~~~~~
     /usr/local/bin/../include/c++/v1/algorithm:1922:1: note: candidate template ignored: couldn't infer template argument '_UnaryOperation'
     transform(_InputIterator __first, _InputIterator __last, _OutputIterator __result, _UnaryOperation __op)
     ^
     /usr/local/bin/../include/c++/v1/algorithm:1932:1: note: candidate function template not viable: requires 5 arguments, but 4 were provided
     transform(_InputIterator1 __first1, _InputIterator1 __last1, _InputIterator2 __first2,
     ^
     1 warning and 1 error generated.
     make[1]: *** [gsl.o] Error 1
     make[1]: Target 'all' not remade because of errors.
     make[1]: Entering directory '/tmp/Rtmpa6dxf9/sourceCpp-x86_64-pc-linux-gnu-0.12.11/sourcecpp_6c84382ff7b7'
     clang++ -I/data/gannet/ripley/R/R-clang/include -DNDEBUG -I/usr/include -I"/data/gannet/ripley/R/test-clang/Rcpp/include" -I"/data/gannet/ripley/R/packages/tests-clang/RcppGSL.Rcheck/RcppGSL/include" -I"/data/gannet/ripley/R/packages/tests-clang/RcppGSL.Rcheck/RcppGSL/unitTests/cpp" -isystem /usr/local/clang/include -fpic -g -O3 -Wall -pedantic -frtti -c gsl.cpp -o gsl.o
     /data/gannet/ripley/R/R-clang/etc/Makeconf:166: recipe for target 'gsl.o' failed
     make[1]: Leaving directory '/tmp/Rtmpa6dxf9/sourceCpp-x86_64-pc-linux-gnu-0.12.11/sourcecpp_6c84382ff7b7'
     Error in sourceCpp(file.path(pathRcppTests, "cpp/gsl.cpp")) :
     Error 1 occurred building shared library.
    
    
     Executing test function test.gsl.RcppGSL.matrix.view.indexing ... In file included from gsl.cpp:22:
     In file included from /data/gannet/ripley/R/packages/tests-clang/RcppGSL.Rcheck/RcppGSL/include/RcppGSL.h:25:
     In file included from /data/gannet/ripley/R/packages/tests-clang/RcppGSL.Rcheck/RcppGSL/include/RcppGSLForward.h:25:
     In file included from /data/gannet/ripley/R/test-clang/Rcpp/include/RcppCommon.h:70:
     /data/gannet/ripley/R/test-clang/Rcpp/include/Rcpp/utils/tinyformat.h:1046:32: warning: no newline at end of file [-Wnewline-eof]
     #endif // TINYFORMAT_H_INCLUDED
     ^
     gsl.cpp:293:5: error: no matching function for call to 'transform'
     std::transform(vec.begin(), vec.end(), res.begin(), ::sqrt);
     ^~~~~~~~~~~~~~
     /usr/local/bin/../include/c++/v1/algorithm:1922:1: note: candidate template ignored: couldn't infer template argument '_UnaryOperation'
     transform(_InputIterator __first, _InputIterator __last, _OutputIterator __result, _UnaryOperation __op)
     ^
     /usr/local/bin/../include/c++/v1/algorithm:1932:1: note: candidate function template not viable: requires 5 arguments, but 4 were provided
     transform(_InputIterator1 __first1, _InputIterator1 __last1, _InputIterator2 __first2,
     ^
     1 warning and 1 error generated.
     make[1]: *** [gsl.o] Error 1
     make[1]: Target 'all' not remade because of errors.
     make[1]: Entering directory '/tmp/Rtmpa6dxf9/sourceCpp-x86_64-pc-linux-gnu-0.12.11/sourcecpp_6c84382ff7b7'
     clang++ -I/data/gannet/ripley/R/R-clang/include -DNDEBUG -I/usr/include -I"/data/gannet/ripley/R/test-clang/Rcpp/include" -I"/data/gannet/ripley/R/packages/tests-clang/RcppGSL.Rcheck/RcppGSL/include" -I"/data/gannet/ripley/R/packages/tests-clang/RcppGSL.Rcheck/RcppGSL/unitTests/cpp" -isystem /usr/local/clang/include -fpic -g -O3 -Wall -pedantic -frtti -c gsl.cpp -o gsl.o
     /data/gannet/ripley/R/R-clang/etc/Makeconf:166: recipe for target 'gsl.o' failed
     make[1]: Leaving directory '/tmp/Rtmpa6dxf9/sourceCpp-x86_64-pc-linux-gnu-0.12.11/sourcecpp_6c84382ff7b7'
     Error in sourceCpp(file.path(pathRcppTests, "cpp/gsl.cpp")) :
     Error 1 occurred building shared library.
    
    
     Executing test function test.gsl.RcppGSL.vector ... In file included from gsl.cpp:22:
     In file included from /data/gannet/ripley/R/packages/tests-clang/RcppGSL.Rcheck/RcppGSL/include/RcppGSL.h:25:
     In file included from /data/gannet/ripley/R/packages/tests-clang/RcppGSL.Rcheck/RcppGSL/include/RcppGSLForward.h:25:
     In file included from /data/gannet/ripley/R/test-clang/Rcpp/include/RcppCommon.h:70:
     /data/gannet/ripley/R/test-clang/Rcpp/include/Rcpp/utils/tinyformat.h:1046:32: warning: no newline at end of file [-Wnewline-eof]
     #endif // TINYFORMAT_H_INCLUDED
     ^
     gsl.cpp:293:5: error: no matching function for call to 'transform'
     std::transform(vec.begin(), vec.end(), res.begin(), ::sqrt);
     ^~~~~~~~~~~~~~
     /usr/local/bin/../include/c++/v1/algorithm:1922:1: note: candidate template ignored: couldn't infer template argument '_UnaryOperation'
     transform(_InputIterator __first, _InputIterator __last, _OutputIterator __result, _UnaryOperation __op)
     ^
     /usr/local/bin/../include/c++/v1/algorithm:1932:1: note: candidate function template not viable: requires 5 arguments, but 4 were provided
     transform(_InputIterator1 __first1, _InputIterator1 __last1, _InputIterator2 __first2,
     ^
     1 warning and 1 error generated.
     make[1]: *** [gsl.o] Error 1
     make[1]: Target 'all' not remade because of errors.
     make[1]: Entering directory '/tmp/Rtmpa6dxf9/sourceCpp-x86_64-pc-linux-gnu-0.12.11/sourcecpp_6c84382ff7b7'
     clang++ -I/data/gannet/ripley/R/R-clang/include -DNDEBUG -I/usr/include -I"/data/gannet/ripley/R/test-clang/Rcpp/include" -I"/data/gannet/ripley/R/packages/tests-clang/RcppGSL.Rcheck/RcppGSL/include" -I"/data/gannet/ripley/R/packages/tests-clang/RcppGSL.Rcheck/RcppGSL/unitTests/cpp" -isystem /usr/local/clang/include -fpic -g -O3 -Wall -pedantic -frtti -c gsl.cpp -o gsl.o
     /data/gannet/ripley/R/R-clang/etc/Makeconf:166: recipe for target 'gsl.o' failed
     make[1]: Leaving directory '/tmp/Rtmpa6dxf9/sourceCpp-x86_64-pc-linux-gnu-0.12.11/sourcecpp_6c84382ff7b7'
     Error in sourceCpp(file.path(pathRcppTests, "cpp/gsl.cpp")) :
     Error 1 occurred building shared library.
    
    
     Executing test function test.gsl.RcppGSL.vector.indexing ... In file included from gsl.cpp:22:
     In file included from /data/gannet/ripley/R/packages/tests-clang/RcppGSL.Rcheck/RcppGSL/include/RcppGSL.h:25:
     In file included from /data/gannet/ripley/R/packages/tests-clang/RcppGSL.Rcheck/RcppGSL/include/RcppGSLForward.h:25:
     In file included from /data/gannet/ripley/R/test-clang/Rcpp/include/RcppCommon.h:70:
     /data/gannet/ripley/R/test-clang/Rcpp/include/Rcpp/utils/tinyformat.h:1046:32: warning: no newline at end of file [-Wnewline-eof]
     #endif // TINYFORMAT_H_INCLUDED
     ^
     gsl.cpp:293:5: error: no matching function for call to 'transform'
     std::transform(vec.begin(), vec.end(), res.begin(), ::sqrt);
     ^~~~~~~~~~~~~~
     /usr/local/bin/../include/c++/v1/algorithm:1922:1: note: candidate template ignored: couldn't infer template argument '_UnaryOperation'
     transform(_InputIterator __first, _InputIterator __last, _OutputIterator __result, _UnaryOperation __op)
     ^
     /usr/local/bin/../include/c++/v1/algorithm:1932:1: note: candidate function template not viable: requires 5 arguments, but 4 were provided
     transform(_InputIterator1 __first1, _InputIterator1 __last1, _InputIterator2 __first2,
     ^
     1 warning and 1 error generated.
     make[1]: *** [gsl.o] Error 1
     make[1]: Target 'all' not remade because of errors.
     make[1]: Entering directory '/tmp/Rtmpa6dxf9/sourceCpp-x86_64-pc-linux-gnu-0.12.11/sourcecpp_6c84382ff7b7'
     clang++ -I/data/gannet/ripley/R/R-clang/include -DNDEBUG -I/usr/include -I"/data/gannet/ripley/R/test-clang/Rcpp/include" -I"/data/gannet/ripley/R/packages/tests-clang/RcppGSL.Rcheck/RcppGSL/include" -I"/data/gannet/ripley/R/packages/tests-clang/RcppGSL.Rcheck/RcppGSL/unitTests/cpp" -isystem /usr/local/clang/include -fpic -g -O3 -Wall -pedantic -frtti -c gsl.cpp -o gsl.o
     /data/gannet/ripley/R/R-clang/etc/Makeconf:166: recipe for target 'gsl.o' failed
     make[1]: Leaving directory '/tmp/Rtmpa6dxf9/sourceCpp-x86_64-pc-linux-gnu-0.12.11/sourcecpp_6c84382ff7b7'
     Error in sourceCpp(file.path(pathRcppTests, "cpp/gsl.cpp")) :
     Error 1 occurred building shared library.
    
    
     Executing test function test.gsl.RcppGSL.vector.iterating ... In file included from gsl.cpp:22:
     In file included from /data/gannet/ripley/R/packages/tests-clang/RcppGSL.Rcheck/RcppGSL/include/RcppGSL.h:25:
     In file included from /data/gannet/ripley/R/packages/tests-clang/RcppGSL.Rcheck/RcppGSL/include/RcppGSLForward.h:25:
     In file included from /data/gannet/ripley/R/test-clang/Rcpp/include/RcppCommon.h:70:
     /data/gannet/ripley/R/test-clang/Rcpp/include/Rcpp/utils/tinyformat.h:1046:32: warning: no newline at end of file [-Wnewline-eof]
     #endif // TINYFORMAT_H_INCLUDED
     ^
     gsl.cpp:293:5: error: no matching function for call to 'transform'
     std::transform(vec.begin(), vec.end(), res.begin(), ::sqrt);
     ^~~~~~~~~~~~~~
     /usr/local/bin/../include/c++/v1/algorithm:1922:1: note: candidate template ignored: couldn't infer template argument '_UnaryOperation'
     transform(_InputIterator __first, _InputIterator __last, _OutputIterator __result, _UnaryOperation __op)
     ^
     /usr/local/bin/../include/c++/v1/algorithm:1932:1: note: candidate function template not viable: requires 5 arguments, but 4 were provided
     transform(_InputIterator1 __first1, _InputIterator1 __last1, _InputIterator2 __first2,
     ^
     1 warning and 1 error generated.
     make[1]: *** [gsl.o] Error 1
     make[1]: Target 'all' not remade because of errors.
     make[1]: Entering directory '/tmp/Rtmpa6dxf9/sourceCpp-x86_64-pc-linux-gnu-0.12.11/sourcecpp_6c84382ff7b7'
     clang++ -I/data/gannet/ripley/R/R-clang/include -DNDEBUG -I/usr/include -I"/data/gannet/ripley/R/test-clang/Rcpp/include" -I"/data/gannet/ripley/R/packages/tests-clang/RcppGSL.Rcheck/RcppGSL/include" -I"/data/gannet/ripley/R/packages/tests-clang/RcppGSL.Rcheck/RcppGSL/unitTests/cpp" -isystem /usr/local/clang/include -fpic -g -O3 -Wall -pedantic -frtti -c gsl.cpp -o gsl.o
     /data/gannet/ripley/R/R-clang/etc/Makeconf:166: recipe for target 'gsl.o' failed
     make[1]: Leaving directory '/tmp/Rtmpa6dxf9/sourceCpp-x86_64-pc-linux-gnu-0.12.11/sourcecpp_6c84382ff7b7'
     Error in sourceCpp(file.path(pathRcppTests, "cpp/gsl.cpp")) :
     Error 1 occurred building shared library.
    
    
     Executing test function test.gsl.RcppGSL.vector.iterator.transform ... In file included from gsl.cpp:22:
     In file included from /data/gannet/ripley/R/packages/tests-clang/RcppGSL.Rcheck/RcppGSL/include/RcppGSL.h:25:
     In file included from /data/gannet/ripley/R/packages/tests-clang/RcppGSL.Rcheck/RcppGSL/include/RcppGSLForward.h:25:
     In file included from /data/gannet/ripley/R/test-clang/Rcpp/include/RcppCommon.h:70:
     /data/gannet/ripley/R/test-clang/Rcpp/include/Rcpp/utils/tinyformat.h:1046:32: warning: no newline at end of file [-Wnewline-eof]
     #endif // TINYFORMAT_H_INCLUDED
     ^
     gsl.cpp:293:5: error: no matching function for call to 'transform'
     std::transform(vec.begin(), vec.end(), res.begin(), ::sqrt);
     ^~~~~~~~~~~~~~
     /usr/local/bin/../include/c++/v1/algorithm:1922:1: note: candidate template ignored: couldn't infer template argument '_UnaryOperation'
     transform(_InputIterator __first, _InputIterator __last, _OutputIterator __result, _UnaryOperation __op)
     ^
     /usr/local/bin/../include/c++/v1/algorithm:1932:1: note: candidate function template not viable: requires 5 arguments, but 4 were provided
     transform(_InputIterator1 __first1, _InputIterator1 __last1, _InputIterator2 __first2,
     ^
     1 warning and 1 error generated.
     make[1]: *** [gsl.o] Error 1
     make[1]: Target 'all' not remade because of errors.
     make[1]: Entering directory '/tmp/Rtmpa6dxf9/sourceCpp-x86_64-pc-linux-gnu-0.12.11/sourcecpp_6c84382ff7b7'
     clang++ -I/data/gannet/ripley/R/R-clang/include -DNDEBUG -I/usr/include -I"/data/gannet/ripley/R/test-clang/Rcpp/include" -I"/data/gannet/ripley/R/packages/tests-clang/RcppGSL.Rcheck/RcppGSL/include" -I"/data/gannet/ripley/R/packages/tests-clang/RcppGSL.Rcheck/RcppGSL/unitTests/cpp" -isystem /usr/local/clang/include -fpic -g -O3 -Wall -pedantic -frtti -c gsl.cpp -o gsl.o
     /data/gannet/ripley/R/R-clang/etc/Makeconf:166: recipe for target 'gsl.o' failed
     make[1]: Leaving directory '/tmp/Rtmpa6dxf9/sourceCpp-x86_64-pc-linux-gnu-0.12.11/sourcecpp_6c84382ff7b7'
     Error in sourceCpp(file.path(pathRcppTests, "cpp/gsl.cpp")) :
     Error 1 occurred building shared library.
    
    
     Executing test function test.gsl.RcppGSL.vector.view.iterating ... In file included from gsl.cpp:22:
     In file included from /data/gannet/ripley/R/packages/tests-clang/RcppGSL.Rcheck/RcppGSL/include/RcppGSL.h:25:
     In file included from /data/gannet/ripley/R/packages/tests-clang/RcppGSL.Rcheck/RcppGSL/include/RcppGSLForward.h:25:
     In file included from /data/gannet/ripley/R/test-clang/Rcpp/include/RcppCommon.h:70:
     /data/gannet/ripley/R/test-clang/Rcpp/include/Rcpp/utils/tinyformat.h:1046:32: warning: no newline at end of file [-Wnewline-eof]
     #endif // TINYFORMAT_H_INCLUDED
     ^
     gsl.cpp:293:5: error: no matching function for call to 'transform'
     std::transform(vec.begin(), vec.end(), res.begin(), ::sqrt);
     ^~~~~~~~~~~~~~
     /usr/local/bin/../include/c++/v1/algorithm:1922:1: note: candidate template ignored: couldn't infer template argument '_UnaryOperation'
     transform(_InputIterator __first, _InputIterator __last, _OutputIterator __result, _UnaryOperation __op)
     ^
     /usr/local/bin/../include/c++/v1/algorithm:1932:1: note: candidate function template not viable: requires 5 arguments, but 4 were provided
     transform(_InputIterator1 __first1, _InputIterator1 __last1, _InputIterator2 __first2,
     ^
     1 warning and 1 error generated.
     make[1]: *** [gsl.o] Error 1
     make[1]: Target 'all' not remade because of errors.
     make[1]: Entering directory '/tmp/Rtmpa6dxf9/sourceCpp-x86_64-pc-linux-gnu-0.12.11/sourcecpp_6c84382ff7b7'
     clang++ -I/data/gannet/ripley/R/R-clang/include -DNDEBUG -I/usr/include -I"/data/gannet/ripley/R/test-clang/Rcpp/include" -I"/data/gannet/ripley/R/packages/tests-clang/RcppGSL.Rcheck/RcppGSL/include" -I"/data/gannet/ripley/R/packages/tests-clang/RcppGSL.Rcheck/RcppGSL/unitTests/cpp" -isystem /usr/local/clang/include -fpic -g -O3 -Wall -pedantic -frtti -c gsl.cpp -o gsl.o
     /data/gannet/ripley/R/R-clang/etc/Makeconf:166: recipe for target 'gsl.o' failed
     make[1]: Leaving directory '/tmp/Rtmpa6dxf9/sourceCpp-x86_64-pc-linux-gnu-0.12.11/sourcecpp_6c84382ff7b7'
     Error in sourceCpp(file.path(pathRcppTests, "cpp/gsl.cpp")) :
     Error 1 occurred building shared library.
    
    
     Executing test function test.gsl.matrix ... In file included from gsl.cpp:22:
     In file included from /data/gannet/ripley/R/packages/tests-clang/RcppGSL.Rcheck/RcppGSL/include/RcppGSL.h:25:
     In file included from /data/gannet/ripley/R/packages/tests-clang/RcppGSL.Rcheck/RcppGSL/include/RcppGSLForward.h:25:
     In file included from /data/gannet/ripley/R/test-clang/Rcpp/include/RcppCommon.h:70:
     /data/gannet/ripley/R/test-clang/Rcpp/include/Rcpp/utils/tinyformat.h:1046:32: warning: no newline at end of file [-Wnewline-eof]
     #endif // TINYFORMAT_H_INCLUDED
     ^
     gsl.cpp:293:5: error: no matching function for call to 'transform'
     std::transform(vec.begin(), vec.end(), res.begin(), ::sqrt);
     ^~~~~~~~~~~~~~
     /usr/local/bin/../include/c++/v1/algorithm:1922:1: note: candidate template ignored: couldn't infer template argument '_UnaryOperation'
     transform(_InputIterator __first, _InputIterator __last, _OutputIterator __result, _UnaryOperation __op)
     ^
     /usr/local/bin/../include/c++/v1/algorithm:1932:1: note: candidate function template not viable: requires 5 arguments, but 4 were provided
     transform(_InputIterator1 __first1, _InputIterator1 __last1, _InputIterator2 __first2,
     ^
     1 warning and 1 error generated.
     make[1]: *** [gsl.o] Error 1
     make[1]: Target 'all' not remade because of errors.
     make[1]: Entering directory '/tmp/Rtmpa6dxf9/sourceCpp-x86_64-pc-linux-gnu-0.12.11/sourcecpp_6c84382ff7b7'
     clang++ -I/data/gannet/ripley/R/R-clang/include -DNDEBUG -I/usr/include -I"/data/gannet/ripley/R/test-clang/Rcpp/include" -I"/data/gannet/ripley/R/packages/tests-clang/RcppGSL.Rcheck/RcppGSL/include" -I"/data/gannet/ripley/R/packages/tests-clang/RcppGSL.Rcheck/RcppGSL/unitTests/cpp" -isystem /usr/local/clang/include -fpic -g -O3 -Wall -pedantic -frtti -c gsl.cpp -o gsl.o
     /data/gannet/ripley/R/R-clang/etc/Makeconf:166: recipe for target 'gsl.o' failed
     make[1]: Leaving directory '/tmp/Rtmpa6dxf9/sourceCpp-x86_64-pc-linux-gnu-0.12.11/sourcecpp_6c84382ff7b7'
     Error in sourceCpp(file.path(pathRcppTests, "cpp/gsl.cpp")) :
     Error 1 occurred building shared library.
    
    
     Executing test function test.gsl.matrix.input.SEXP ... In file included from gsl.cpp:22:
     In file included from /data/gannet/ripley/R/packages/tests-clang/RcppGSL.Rcheck/RcppGSL/include/RcppGSL.h:25:
     In file included from /data/gannet/ripley/R/packages/tests-clang/RcppGSL.Rcheck/RcppGSL/include/RcppGSLForward.h:25:
     In file included from /data/gannet/ripley/R/test-clang/Rcpp/include/RcppCommon.h:70:
     /data/gannet/ripley/R/test-clang/Rcpp/include/Rcpp/utils/tinyformat.h:1046:32: warning: no newline at end of file [-Wnewline-eof]
     #endif // TINYFORMAT_H_INCLUDED
     ^
     gsl.cpp:293:5: error: no matching function for call to 'transform'
     std::transform(vec.begin(), vec.end(), res.begin(), ::sqrt);
     ^~~~~~~~~~~~~~
     /usr/local/bin/../include/c++/v1/algorithm:1922:1: note: candidate template ignored: couldn't infer template argument '_UnaryOperation'
     transform(_InputIterator __first, _InputIterator __last, _OutputIterator __result, _UnaryOperation __op)
     ^
     /usr/local/bin/../include/c++/v1/algorithm:1932:1: note: candidate function template not viable: requires 5 arguments, but 4 were provided
     transform(_InputIterator1 __first1, _InputIterator1 __last1, _InputIterator2 __first2,
     ^
     1 warning and 1 error generated.
     make[1]: *** [gsl.o] Error 1
     make[1]: Target 'all' not remade because of errors.
     make[1]: Entering directory '/tmp/Rtmpa6dxf9/sourceCpp-x86_64-pc-linux-gnu-0.12.11/sourcecpp_6c84382ff7b7'
     clang++ -I/data/gannet/ripley/R/R-clang/include -DNDEBUG -I/usr/include -I"/data/gannet/ripley/R/test-clang/Rcpp/include" -I"/data/gannet/ripley/R/packages/tests-clang/RcppGSL.Rcheck/RcppGSL/include" -I"/data/gannet/ripley/R/packages/tests-clang/RcppGSL.Rcheck/RcppGSL/unitTests/cpp" -isystem /usr/local/clang/include -fpic -g -O3 -Wall -pedantic -frtti -c gsl.cpp -o gsl.o
     /data/gannet/ripley/R/R-clang/etc/Makeconf:166: recipe for target 'gsl.o' failed
     make[1]: Leaving directory '/tmp/Rtmpa6dxf9/sourceCpp-x86_64-pc-linux-gnu-0.12.11/sourcecpp_6c84382ff7b7'
     Error in sourceCpp(file.path(pathRcppTests, "cpp/gsl.cpp")) :
     Error 1 occurred building shared library.
    
    
     Executing test function test.gsl.matrix.view ... In file included from gsl.cpp:22:
     In file included from /data/gannet/ripley/R/packages/tests-clang/RcppGSL.Rcheck/RcppGSL/include/RcppGSL.h:25:
     In file included from /data/gannet/ripley/R/packages/tests-clang/RcppGSL.Rcheck/RcppGSL/include/RcppGSLForward.h:25:
     In file included from /data/gannet/ripley/R/test-clang/Rcpp/include/RcppCommon.h:70:
     /data/gannet/ripley/R/test-clang/Rcpp/include/Rcpp/utils/tinyformat.h:1046:32: warning: no newline at end of file [-Wnewline-eof]
     #endif // TINYFORMAT_H_INCLUDED
     ^
     gsl.cpp:293:5: error: no matching function for call to 'transform'
     std::transform(vec.begin(), vec.end(), res.begin(), ::sqrt);
     ^~~~~~~~~~~~~~
     /usr/local/bin/../include/c++/v1/algorithm:1922:1: note: candidate template ignored: couldn't infer template argument '_UnaryOperation'
     transform(_InputIterator __first, _InputIterator __last, _OutputIterator __result, _UnaryOperation __op)
     ^
     /usr/local/bin/../include/c++/v1/algorithm:1932:1: note: candidate function template not viable: requires 5 arguments, but 4 were provided
     transform(_InputIterator1 __first1, _InputIterator1 __last1, _InputIterator2 __first2,
     ^
     1 warning and 1 error generated.
     make[1]: *** [gsl.o] Error 1
     make[1]: Target 'all' not remade because of errors.
     make[1]: Entering directory '/tmp/Rtmpa6dxf9/sourceCpp-x86_64-pc-linux-gnu-0.12.11/sourcecpp_6c84382ff7b7'
     clang++ -I/data/gannet/ripley/R/R-clang/include -DNDEBUG -I/usr/include -I"/data/gannet/ripley/R/test-clang/Rcpp/include" -I"/data/gannet/ripley/R/packages/tests-clang/RcppGSL.Rcheck/RcppGSL/include" -I"/data/gannet/ripley/R/packages/tests-clang/RcppGSL.Rcheck/RcppGSL/unitTests/cpp" -isystem /usr/local/clang/include -fpic -g -O3 -Wall -pedantic -frtti -c gsl.cpp -o gsl.o
     /data/gannet/ripley/R/R-clang/etc/Makeconf:166: recipe for target 'gsl.o' failed
     make[1]: Leaving directory '/tmp/Rtmpa6dxf9/sourceCpp-x86_64-pc-linux-gnu-0.12.11/sourcecpp_6c84382ff7b7'
     Error in sourceCpp(file.path(pathRcppTests, "cpp/gsl.cpp")) :
     Error 1 occurred building shared library.
    
    
     Executing test function test.gsl.vector ... In file included from gsl.cpp:22:
     In file included from /data/gannet/ripley/R/packages/tests-clang/RcppGSL.Rcheck/RcppGSL/include/RcppGSL.h:25:
     In file included from /data/gannet/ripley/R/packages/tests-clang/RcppGSL.Rcheck/RcppGSL/include/RcppGSLForward.h:25:
     In file included from /data/gannet/ripley/R/test-clang/Rcpp/include/RcppCommon.h:70:
     /data/gannet/ripley/R/test-clang/Rcpp/include/Rcpp/utils/tinyformat.h:1046:32: warning: no newline at end of file [-Wnewline-eof]
     #endif // TINYFORMAT_H_INCLUDED
     ^
     gsl.cpp:293:5: error: no matching function for call to 'transform'
     std::transform(vec.begin(), vec.end(), res.begin(), ::sqrt);
     ^~~~~~~~~~~~~~
     /usr/local/bin/../include/c++/v1/algorithm:1922:1: note: candidate template ignored: couldn't infer template argument '_UnaryOperation'
     transform(_InputIterator __first, _InputIterator __last, _OutputIterator __result, _UnaryOperation __op)
     ^
     /usr/local/bin/../include/c++/v1/algorithm:1932:1: note: candidate function template not viable: requires 5 arguments, but 4 were provided
     transform(_InputIterator1 __first1, _InputIterator1 __last1, _InputIterator2 __first2,
     ^
     1 warning and 1 error generated.
     make[1]: *** [gsl.o] Error 1
     make[1]: Target 'all' not remade because of errors.
     make[1]: Entering directory '/tmp/Rtmpa6dxf9/sourceCpp-x86_64-pc-linux-gnu-0.12.11/sourcecpp_6c84382ff7b7'
     clang++ -I/data/gannet/ripley/R/R-clang/include -DNDEBUG -I/usr/include -I"/data/gannet/ripley/R/test-clang/Rcpp/include" -I"/data/gannet/ripley/R/packages/tests-clang/RcppGSL.Rcheck/RcppGSL/include" -I"/data/gannet/ripley/R/packages/tests-clang/RcppGSL.Rcheck/RcppGSL/unitTests/cpp" -isystem /usr/local/clang/include -fpic -g -O3 -Wall -pedantic -frtti -c gsl.cpp -o gsl.o
     /data/gannet/ripley/R/R-clang/etc/Makeconf:166: recipe for target 'gsl.o' failed
     make[1]: Leaving directory '/tmp/Rtmpa6dxf9/sourceCpp-x86_64-pc-linux-gnu-0.12.11/sourcecpp_6c84382ff7b7'
     Error in sourceCpp(file.path(pathRcppTests, "cpp/gsl.cpp")) :
     Error 1 occurred building shared library.
    
    
     Executing test function test.gsl.vector.input.SEXP ... In file included from gsl.cpp:22:
     In file included from /data/gannet/ripley/R/packages/tests-clang/RcppGSL.Rcheck/RcppGSL/include/RcppGSL.h:25:
     In file included from /data/gannet/ripley/R/packages/tests-clang/RcppGSL.Rcheck/RcppGSL/include/RcppGSLForward.h:25:
     In file included from /data/gannet/ripley/R/test-clang/Rcpp/include/RcppCommon.h:70:
     /data/gannet/ripley/R/test-clang/Rcpp/include/Rcpp/utils/tinyformat.h:1046:32: warning: no newline at end of file [-Wnewline-eof]
     #endif // TINYFORMAT_H_INCLUDED
     ^
     gsl.cpp:293:5: error: no matching function for call to 'transform'
     std::transform(vec.begin(), vec.end(), res.begin(), ::sqrt);
     ^~~~~~~~~~~~~~
     /usr/local/bin/../include/c++/v1/algorithm:1922:1: note: candidate template ignored: couldn't infer template argument '_UnaryOperation'
     transform(_InputIterator __first, _InputIterator __last, _OutputIterator __result, _UnaryOperation __op)
     ^
     /usr/local/bin/../include/c++/v1/algorithm:1932:1: note: candidate function template not viable: requires 5 arguments, but 4 were provided
     transform(_InputIterator1 __first1, _InputIterator1 __last1, _InputIterator2 __first2,
     ^
     1 warning and 1 error generated.
     make[1]: *** [gsl.o] Error 1
     make[1]: Target 'all' not remade because of errors.
     make[1]: Entering directory '/tmp/Rtmpa6dxf9/sourceCpp-x86_64-pc-linux-gnu-0.12.11/sourcecpp_6c84382ff7b7'
     clang++ -I/data/gannet/ripley/R/R-clang/include -DNDEBUG -I/usr/include -I"/data/gannet/ripley/R/test-clang/Rcpp/include" -I"/data/gannet/ripley/R/packages/tests-clang/RcppGSL.Rcheck/RcppGSL/include" -I"/data/gannet/ripley/R/packages/tests-clang/RcppGSL.Rcheck/RcppGSL/unitTests/cpp" -isystem /usr/local/clang/include -fpic -g -O3 -Wall -pedantic -frtti -c gsl.cpp -o gsl.o
     /data/gannet/ripley/R/R-clang/etc/Makeconf:166: recipe for target 'gsl.o' failed
     make[1]: Leaving directory '/tmp/Rtmpa6dxf9/sourceCpp-x86_64-pc-linux-gnu-0.12.11/sourcecpp_6c84382ff7b7'
     Error in sourceCpp(file.path(pathRcppTests, "cpp/gsl.cpp")) :
     Error 1 occurred building shared library.
    
    
     Executing test function test.gsl.vector.view ... In file included from gsl.cpp:22:
     In file included from /data/gannet/ripley/R/packages/tests-clang/RcppGSL.Rcheck/RcppGSL/include/RcppGSL.h:25:
     In file included from /data/gannet/ripley/R/packages/tests-clang/RcppGSL.Rcheck/RcppGSL/include/RcppGSLForward.h:25:
     In file included from /data/gannet/ripley/R/test-clang/Rcpp/include/RcppCommon.h:70:
     /data/gannet/ripley/R/test-clang/Rcpp/include/Rcpp/utils/tinyformat.h:1046:32: warning: no newline at end of file [-Wnewline-eof]
     #endif // TINYFORMAT_H_INCLUDED
     ^
     gsl.cpp:293:5: error: no matching function for call to 'transform'
     std::transform(vec.begin(), vec.end(), res.begin(), ::sqrt);
     ^~~~~~~~~~~~~~
     /usr/local/bin/../include/c++/v1/algorithm:1922:1: note: candidate template ignored: couldn't infer template argument '_UnaryOperation'
     transform(_InputIterator __first, _InputIterator __last, _OutputIterator __result, _UnaryOperation __op)
     ^
     /usr/local/bin/../include/c++/v1/algorithm:1932:1: note: candidate function template not viable: requires 5 arguments, but 4 were provided
     transform(_InputIterator1 __first1, _InputIterator1 __last1, _InputIterator2 __first2,
     ^
     1 warning and 1 error generated.
     make[1]: *** [gsl.o] Error 1
     make[1]: Target 'all' not remade because of errors.
     make[1]: Entering directory '/tmp/Rtmpa6dxf9/sourceCpp-x86_64-pc-linux-gnu-0.12.11/sourcecpp_6c84382ff7b7'
     clang++ -I/data/gannet/ripley/R/R-clang/include -DNDEBUG -I/usr/include -I"/data/gannet/ripley/R/test-clang/Rcpp/include" -I"/data/gannet/ripley/R/packages/tests-clang/RcppGSL.Rcheck/RcppGSL/include" -I"/data/gannet/ripley/R/packages/tests-clang/RcppGSL.Rcheck/RcppGSL/unitTests/cpp" -isystem /usr/local/clang/include -fpic -g -O3 -Wall -pedantic -frtti -c gsl.cpp -o gsl.o
     /data/gannet/ripley/R/R-clang/etc/Makeconf:166: recipe for target 'gsl.o' failed
     make[1]: Leaving directory '/tmp/Rtmpa6dxf9/sourceCpp-x86_64-pc-linux-gnu-0.12.11/sourcecpp_6c84382ff7b7'
     Error in sourceCpp(file.path(pathRcppTests, "cpp/gsl.cpp")) :
     Error 1 occurred building shared library.
    
    
     Executing test function test.gsl.vector.wrappers ... In file included from gsl.cpp:22:
     In file included from /data/gannet/ripley/R/packages/tests-clang/RcppGSL.Rcheck/RcppGSL/include/RcppGSL.h:25:
     In file included from /data/gannet/ripley/R/packages/tests-clang/RcppGSL.Rcheck/RcppGSL/include/RcppGSLForward.h:25:
     In file included from /data/gannet/ripley/R/test-clang/Rcpp/include/RcppCommon.h:70:
     /data/gannet/ripley/R/test-clang/Rcpp/include/Rcpp/utils/tinyformat.h:1046:32: warning: no newline at end of file [-Wnewline-eof]
     #endif // TINYFORMAT_H_INCLUDED
     ^
     gsl.cpp:293:5: error: no matching function for call to 'transform'
     std::transform(vec.begin(), vec.end(), res.begin(), ::sqrt);
     ^~~~~~~~~~~~~~
     /usr/local/bin/../include/c++/v1/algorithm:1922:1: note: candidate template ignored: couldn't infer template argument '_UnaryOperation'
     transform(_InputIterator __first, _InputIterator __last, _OutputIterator __result, _UnaryOperation __op)
     ^
     /usr/local/bin/../include/c++/v1/algorithm:1932:1: note: candidate function template not viable: requires 5 arguments, but 4 were provided
     transform(_InputIterator1 __first1, _InputIterator1 __last1, _InputIterator2 __first2,
     ^
     1 warning and 1 error generated.
     make[1]: *** [gsl.o] Error 1
     make[1]: Target 'all' not remade because of errors.
     make[1]: Entering directory '/tmp/Rtmpa6dxf9/sourceCpp-x86_64-pc-linux-gnu-0.12.11/sourcecpp_6c84382ff7b7'
     clang++ -I/data/gannet/ripley/R/R-clang/include -DNDEBUG -I/usr/include -I"/data/gannet/ripley/R/test-clang/Rcpp/include" -I"/data/gannet/ripley/R/packages/tests-clang/RcppGSL.Rcheck/RcppGSL/include" -I"/data/gannet/ripley/R/packages/tests-clang/RcppGSL.Rcheck/RcppGSL/unitTests/cpp" -isystem /usr/local/clang/include -fpic -g -O3 -Wall -pedantic -frtti -c gsl.cpp -o gsl.o
     /data/gannet/ripley/R/R-clang/etc/Makeconf:166: recipe for target 'gsl.o' failed
     make[1]: Leaving directory '/tmp/Rtmpa6dxf9/sourceCpp-x86_64-pc-linux-gnu-0.12.11/sourcecpp_6c84382ff7b7'
     Error in sourceCpp(file.path(pathRcppTests, "cpp/gsl.cpp")) :
     Error 1 occurred building shared library.
     >
     > ## Print results
     > printTextProtocol(tests)
     RUNIT TEST PROTOCOL -- Mon May 22 12:21:40 2017
     ***********************************************
     Number of test functions: 19
     Number of errors: 14
     Number of failures: 0
    
    
     1 Test Suite :
     RcppGSL Unit Tests - 19 test functions, 14 errors, 0 failures
     ERROR in .setUp (before test.gsl.RcppGSL.matrix.indexing): Error executing .setUp before test.gsl.RcppGSL.matrix.indexing : Error in sourceCpp(file.path(pathRcppTests, "cpp/gsl.cpp")) :
     Error 1 occurred building shared library.
     ERROR in .setUp (before test.gsl.RcppGSL.matrix.view.indexing): Error executing .setUp before test.gsl.RcppGSL.matrix.view.indexing : Error in sourceCpp(file.path(pathRcppTests, "cpp/gsl.cpp")) :
     Error 1 occurred building shared library.
     ERROR in .setUp (before test.gsl.RcppGSL.vector): Error executing .setUp before test.gsl.RcppGSL.vector : Error in sourceCpp(file.path(pathRcppTests, "cpp/gsl.cpp")) :
     Error 1 occurred building shared library.
     ERROR in .setUp (before test.gsl.RcppGSL.vector.indexing): Error executing .setUp before test.gsl.RcppGSL.vector.indexing : Error in sourceCpp(file.path(pathRcppTests, "cpp/gsl.cpp")) :
     Error 1 occurred building shared library.
     ERROR in .setUp (before test.gsl.RcppGSL.vector.iterating): Error executing .setUp before test.gsl.RcppGSL.vector.iterating : Error in sourceCpp(file.path(pathRcppTests, "cpp/gsl.cpp")) :
     Error 1 occurred building shared library.
     ERROR in .setUp (before test.gsl.RcppGSL.vector.iterator.transform): Error executing .setUp before test.gsl.RcppGSL.vector.iterator.transform : Error in sourceCpp(file.path(pathRcppTests, "cpp/gsl.cpp")) :
     Error 1 occurred building shared library.
     ERROR in .setUp (before test.gsl.RcppGSL.vector.view.iterating): Error executing .setUp before test.gsl.RcppGSL.vector.view.iterating : Error in sourceCpp(file.path(pathRcppTests, "cpp/gsl.cpp")) :
     Error 1 occurred building shared library.
     ERROR in .setUp (before test.gsl.matrix): Error executing .setUp before test.gsl.matrix : Error in sourceCpp(file.path(pathRcppTests, "cpp/gsl.cpp")) :
     Error 1 occurred building shared library.
     ERROR in .setUp (before test.gsl.matrix.input.SEXP): Error executing .setUp before test.gsl.matrix.input.SEXP : Error in sourceCpp(file.path(pathRcppTests, "cpp/gsl.cpp")) :
     Error 1 occurred building shared library.
     ERROR in .setUp (before test.gsl.matrix.view): Error executing .setUp before test.gsl.matrix.view : Error in sourceCpp(file.path(pathRcppTests, "cpp/gsl.cpp")) :
     Error 1 occurred building shared library.
     ERROR in .setUp (before test.gsl.vector): Error executing .setUp before test.gsl.vector : Error in sourceCpp(file.path(pathRcppTests, "cpp/gsl.cpp")) :
     Error 1 occurred building shared library.
     ERROR in .setUp (before test.gsl.vector.input.SEXP): Error executing .setUp before test.gsl.vector.input.SEXP : Error in sourceCpp(file.path(pathRcppTests, "cpp/gsl.cpp")) :
     Error 1 occurred building shared library.
     ERROR in .setUp (before test.gsl.vector.view): Error executing .setUp before test.gsl.vector.view : Error in sourceCpp(file.path(pathRcppTests, "cpp/gsl.cpp")) :
     Error 1 occurred building shared library.
     ERROR in .setUp (before test.gsl.vector.wrappers): Error executing .setUp before test.gsl.vector.wrappers : Error in sourceCpp(file.path(pathRcppTests, "cpp/gsl.cpp")) :
     Error 1 occurred building shared library.
    
    
    
     Details
     ***************************
     Test Suite: RcppGSL Unit Tests
     Test function regexp: ^[Tt]est.+
     Test file regexp: ^runit.+\.[rR]$
     Involved directory:
     /data/gannet/ripley/R/packages/tests-clang/RcppGSL.Rcheck/RcppGSL/unitTests
     ---------------------------
     Test file: /data/gannet/ripley/R/packages/tests-clang/RcppGSL.Rcheck/RcppGSL/unitTests/runit.client.package.R
     test.client.package: (1 checks) ... OK (17.72 seconds)
     ---------------------------
     Test file: /data/gannet/ripley/R/packages/tests-clang/RcppGSL.Rcheck/RcppGSL/unitTests/runit.fastLm.R
     test.fastLm: (3 checks) ... OK (0.09 seconds)
     test.fastLm.default: (5 checks) ... OK (0.01 seconds)
     test.fastLm.formula: (5 checks) ... OK (0.06 seconds)
     test.summary.fastLm: (12 checks) ... OK (0.07 seconds)
     ---------------------------
     Test file: /data/gannet/ripley/R/packages/tests-clang/RcppGSL.Rcheck/RcppGSL/unitTests/runit.gsl.R
     .setUp (before test.gsl.RcppGSL.matrix.indexing): ERROR !!
     Error executing .setUp before test.gsl.RcppGSL.matrix.indexing : Error in sourceCpp(file.path(pathRcppTests, "cpp/gsl.cpp")) :
     Error 1 occurred building shared library.
     .setUp (before test.gsl.RcppGSL.matrix.view.indexing): ERROR !!
     Error executing .setUp before test.gsl.RcppGSL.matrix.view.indexing : Error in sourceCpp(file.path(pathRcppTests, "cpp/gsl.cpp")) :
     Error 1 occurred building shared library.
     .setUp (before test.gsl.RcppGSL.vector): ERROR !!
     Error executing .setUp before test.gsl.RcppGSL.vector : Error in sourceCpp(file.path(pathRcppTests, "cpp/gsl.cpp")) :
     Error 1 occurred building shared library.
     .setUp (before test.gsl.RcppGSL.vector.indexing): ERROR !!
     Error executing .setUp before test.gsl.RcppGSL.vector.indexing : Error in sourceCpp(file.path(pathRcppTests, "cpp/gsl.cpp")) :
     Error 1 occurred building shared library.
     .setUp (before test.gsl.RcppGSL.vector.iterating): ERROR !!
     Error executing .setUp before test.gsl.RcppGSL.vector.iterating : Error in sourceCpp(file.path(pathRcppTests, "cpp/gsl.cpp")) :
     Error 1 occurred building shared library.
     .setUp (before test.gsl.RcppGSL.vector.iterator.transform): ERROR !!
     Error executing .setUp before test.gsl.RcppGSL.vector.iterator.transform : Error in sourceCpp(file.path(pathRcppTests, "cpp/gsl.cpp")) :
     Error 1 occurred building shared library.
     .setUp (before test.gsl.RcppGSL.vector.view.iterating): ERROR !!
     Error executing .setUp before test.gsl.RcppGSL.vector.view.iterating : Error in sourceCpp(file.path(pathRcppTests, "cpp/gsl.cpp")) :
     Error 1 occurred building shared library.
     .setUp (before test.gsl.matrix): ERROR !!
     Error executing .setUp before test.gsl.matrix : Error in sourceCpp(file.path(pathRcppTests, "cpp/gsl.cpp")) :
     Error 1 occurred building shared library.
     .setUp (before test.gsl.matrix.input.SEXP): ERROR !!
     Error executing .setUp before test.gsl.matrix.input.SEXP : Error in sourceCpp(file.path(pathRcppTests, "cpp/gsl.cpp")) :
     Error 1 occurred building shared library.
     .setUp (before test.gsl.matrix.view): ERROR !!
     Error executing .setUp before test.gsl.matrix.view : Error in sourceCpp(file.path(pathRcppTests, "cpp/gsl.cpp")) :
     Error 1 occurred building shared library.
     .setUp (before test.gsl.vector): ERROR !!
     Error executing .setUp before test.gsl.vector : Error in sourceCpp(file.path(pathRcppTests, "cpp/gsl.cpp")) :
     Error 1 occurred building shared library.
     .setUp (before test.gsl.vector.input.SEXP): ERROR !!
     Error executing .setUp before test.gsl.vector.input.SEXP : Error in sourceCpp(file.path(pathRcppTests, "cpp/gsl.cpp")) :
     Error 1 occurred building shared library.
     .setUp (before test.gsl.vector.view): ERROR !!
     Error executing .setUp before test.gsl.vector.view : Error in sourceCpp(file.path(pathRcppTests, "cpp/gsl.cpp")) :
     Error 1 occurred building shared library.
     .setUp (before test.gsl.vector.wrappers): ERROR !!
     Error executing .setUp before test.gsl.vector.wrappers : Error in sourceCpp(file.path(pathRcppTests, "cpp/gsl.cpp")) :
     Error 1 occurred building shared library.
     >
     > ## Return success or failure to R CMD CHECK
     > if (getErrors(tests)$nFail > 0) {
     + stop("TEST FAILED!")
     + }
     > if (getErrors(tests)$nErr > 0) {
     + stop("TEST HAD ERRORS!")
     + }
     Error: TEST HAD ERRORS!
     Execution halted
Flavor: r-devel-linux-x86_64-fedora-clang

Version: 0.3.2
Flags: --no-stop-on-test-error
Check: re-building of vignette outputs
Result: WARN
    Error in re-building vignettes:
     ...
    Loading required package: inline
    In file included from fileb8b37d842ad3.cpp:3:
    In file included from /data/gannet/ripley/R/packages/tests-clang/RcppGSL.Rcheck/RcppGSL/include/RcppGSL.h:25:
    In file included from /data/gannet/ripley/R/packages/tests-clang/RcppGSL.Rcheck/RcppGSL/include/RcppGSLForward.h:25:
    In file included from /data/gannet/ripley/R/test-clang/Rcpp/include/RcppCommon.h:70:
    /data/gannet/ripley/R/test-clang/Rcpp/include/Rcpp/utils/tinyformat.h:1046:32: warning: no newline at end of file [-Wnewline-eof]
    #endif // TINYFORMAT_H_INCLUDED
     ^
    1 warning generated.
    In file included from fileb8b3b5d1025.cpp:3:
    In file included from /data/gannet/ripley/R/packages/tests-clang/RcppGSL.Rcheck/RcppGSL/include/RcppGSL.h:25:
    In file included from /data/gannet/ripley/R/packages/tests-clang/RcppGSL.Rcheck/RcppGSL/include/RcppGSLForward.h:25:
    In file included from /data/gannet/ripley/R/test-clang/Rcpp/include/RcppCommon.h:70:
    /data/gannet/ripley/R/test-clang/Rcpp/include/Rcpp/utils/tinyformat.h:1046:32: warning: no newline at end of file [-Wnewline-eof]
    #endif // TINYFORMAT_H_INCLUDED
     ^
    1 warning generated.
Flavor: r-devel-linux-x86_64-fedora-clang

Version: 0.3.2
Check: tests
Result: ERROR
     Running ‘doRUnit.R’ [214s/214s]
    Running the tests in ‘tests/doRUnit.R’ failed.
    Complete output:
     > ## doRUnit.R --- Run RUnit tests
     > ##
     > ## with credits to package fUtilities in RMetrics
     > ## which credits Gregor Gojanc's example in CRAN package 'gdata'
     > ## as per the (now deceased) R Wiki http://wiki.r-project.org/rwiki/doku.php?id=developers:runit
     > ## and changed further by Martin Maechler
     > ## and usage across several Rcpp* package
     > ## and more changes by Murray Stokely in HistogramTools
     > ##
     > ## Dirk Eddelbuettel, 2010 - 2016
     >
     > stopifnot(require("RUnit", quietly=TRUE))
     > stopifnot(require("RcppGSL", quietly=TRUE))
     >
     > ## Set a seed to make the test deterministic
     > set.seed(42)
     >
     > ## Define tests
     > testSuite <- defineTestSuite(name="RcppGSL Unit Tests",
     + dirs=system.file("unitTests", package = "RcppGSL"),
     + testFuncRegexp = "^[Tt]est.+")
     >
     > ## without this, we get (or used to get) unit test failures
     > Sys.setenv("R_TESTS"="")
     >
     > ## Run tests
     > tests <- runTestSuite(testSuite)
    
    
     Executing test function test.client.package ... * checking for file ‘RcppGSLExample/DESCRIPTION’ ... OK
     * preparing ‘RcppGSLExample’:
     * checking DESCRIPTION meta-information ... OK
     * cleaning src
     * checking for LF line-endings in source and make files
     * checking for empty or unneeded directories
     * building ‘RcppGSLExample_0.0.3.tar.gz’
    
     * installing *source* package ‘RcppGSLExample’ ...
     checking for gsl-config... /usr/local/bin/gsl-config
     configure: creating ./config.status
     config.status: creating src/Makevars
     ** libs
     CC -library=stlport4 -I/home/ripley/R/cc/include -DNDEBUG -I/usr/local/include -I"/tmp/RtmpMQa4Na/RLIBS_13f3c79744b/Rcpp/include" -I"/tmp/RtmpMQa4Na/RLIBS_13f3c79744b/RcppGSL/include" -I/usr/local/include -KPIC -O -features=tmplrefstatic -features=extensions -c RcppExports.cpp -o RcppExports.o
     "/tmp/RtmpMQa4Na/RLIBS_13f3c79744b/Rcpp/include/Rcpp/Interrupt.h", line 60: Warning (Anachronism): Formal argument fun of type extern "C" void(*)(void*) in call to R_ToplevelExec(extern "C" void(*)(void*), void*) is being passed void(*)(void*).
     "/tmp/RtmpMQa4Na/RLIBS_13f3c79744b/Rcpp/include/Rcpp/internal/r_coerce.h", line 219: Error: The function "snprintf" must have a prototype.
     "/tmp/RtmpMQa4Na/RLIBS_13f3c79744b/Rcpp/include/Rcpp/internal/r_coerce.h", line 220: Error: The function "snprintf" must have a prototype.
     "/tmp/RtmpMQa4Na/RLIBS_13f3c79744b/Rcpp/include/Rcpp/internal/r_coerce.h", line 221: Error: The function "snprintf" must have a prototype.
     "/tmp/RtmpMQa4Na/RLIBS_13f3c79744b/Rcpp/include/Rcpp/internal/r_coerce.h", line 241: Error: The function "snprintf" must have a prototype.
     "/tmp/RtmpMQa4Na/RLIBS_13f3c79744b/Rcpp/include/Rcpp/internal/r_coerce.h", line 249: Error: The function "snprintf" must have a prototype.
     "/tmp/RtmpMQa4Na/RLIBS_13f3c79744b/Rcpp/include/Rcpp/String.h", line 90: Warning: enc hides Rcpp::String::enc.
     "/tmp/RtmpMQa4Na/RLIBS_13f3c79744b/Rcpp/include/Rcpp/String.h", line 102: Warning: enc hides Rcpp::String::enc.
     "/tmp/RtmpMQa4Na/RLIBS_13f3c79744b/Rcpp/include/Rcpp/sugar/functions/math.h", line 50: Error: expm1 is not defined.
     "/tmp/RtmpMQa4Na/RLIBS_13f3c79744b/Rcpp/include/Rcpp/sugar/functions/math.h", line 50: Error: expm1 is not defined.
     "/tmp/RtmpMQa4Na/RLIBS_13f3c79744b/Rcpp/include/Rcpp/sugar/functions/math.h", line 50: Error: expm1 is not defined.
     "/tmp/RtmpMQa4Na/RLIBS_13f3c79744b/Rcpp/include/Rcpp/sugar/functions/math.h", line 51: Error: log1p is not defined.
     "/tmp/RtmpMQa4Na/RLIBS_13f3c79744b/Rcpp/include/Rcpp/sugar/functions/math.h", line 51: Error: log1p is not defined.
     "/tmp/RtmpMQa4Na/RLIBS_13f3c79744b/Rcpp/include/Rcpp/sugar/functions/math.h", line 51: Error: log1p is not defined.
     "/tmp/RtmpMQa4Na/RLIBS_13f3c79744b/Rcpp/include/Rcpp/stats/unif.h", line 76: Error: expm1 is not a member of file level.
     "/tmp/RtmpMQa4Na/RLIBS_13f3c79744b/Rcpp/include/Rcpp/stats/unif.h", line 87: Error: expm1 is not a member of file level.
     "/tmp/RtmpMQa4Na/RLIBS_13f3c79744b/Rcpp/include/Rcpp/stats/weibull.h", line 62: Error: expm1 is not a member of file level.
     "/tmp/RtmpMQa4Na/RLIBS_13f3c79744b/Rcpp/include/Rcpp/stats/weibull.h", line 62: Error: log1p is not a member of file level.
     "/tmp/RtmpMQa4Na/RLIBS_13f3c79744b/Rcpp/include/Rcpp/stats/weibull.h", line 63: Error: expm1 is not a member of file level.
     "/tmp/RtmpMQa4Na/RLIBS_13f3c79744b/Rcpp/include/Rcpp/stats/weibull.h", line 76: Error: expm1 is not a member of file level.
     "/tmp/RtmpMQa4Na/RLIBS_13f3c79744b/Rcpp/include/Rcpp/stats/weibull.h", line 76: Error: log1p is not a member of file level.
     "/tmp/RtmpMQa4Na/RLIBS_13f3c79744b/Rcpp/include/Rcpp/stats/weibull.h", line 76: Error: log1p is not a member of file level.
     "/tmp/RtmpMQa4Na/RLIBS_13f3c79744b/Rcpp/include/Rcpp/stats/logis.h", line 65: Error: log1p is not a member of file level.
     "/tmp/RtmpMQa4Na/RLIBS_13f3c79744b/Rcpp/include/Rcpp/stats/logis.h", line 81: Error: log1p is not a member of file level.
     "/tmp/RtmpMQa4Na/RLIBS_13f3c79744b/Rcpp/include/Rcpp/stats/logis.h", line 95: Error: log1p is not a member of file level.
     "/tmp/RtmpMQa4Na/RLIBS_13f3c79744b/Rcpp/include/Rcpp/stats/logis.h", line 97: Error: log1p is not a member of file level.
     "/tmp/RtmpMQa4Na/RLIBS_13f3c79744b/Rcpp/include/Rcpp/stats/logis.h", line 117: Error: log1p is not a member of file level.
     "/tmp/RtmpMQa4Na/RLIBS_13f3c79744b/Rcpp/include/Rcpp/stats/logis.h", line 119: Error: log1p is not a member of file level.
     Compilation aborted, too many Error messages.
     *** Error code 2
     make: Fatal error: Command failed for target `RcppExports.o'
     Current working directory /tmp/RtmpiuayEi/R.INSTALL10f33f7c69c8/RcppGSLExample/src
     ERROR: compilation failed for package ‘RcppGSLExample’
     * removing ‘/tmp/RtmptvaG9h/filefec8554c4f/templib/RcppGSLExample’
     Loading required package: Rcpp
    
     Attaching package: 'Rcpp'
    
     The following object is masked from 'package:RcppGSL':
    
     LdFlags
    
     Loading required package: RcppGSLExample
     Timing stopped at: 18.72 3.237 21.75
     Error in colNorm(m) : could not find function "colNorm"
     In addition: Warning messages:
     1: In install.packages(paste(pkg, "_0.0.3.tar.gz", sep = ""), "templib", :
     installation of package 'RcppGSLExample_0.0.3.tar.gz' had non-zero exit status
     2: In library(package, lib.loc = lib.loc, character.only = TRUE, logical.return = TRUE, :
     there is no package called 'RcppGSLExample'
     done successfully.
    
    
    
     Executing test function test.fastLm ... done successfully.
    
    
    
     Executing test function test.fastLm.default ... done successfully.
    
    
    
     Executing test function test.fastLm.formula ... done successfully.
    
    
    
     Executing test function test.summary.fastLm ... done successfully.
    
    
    
     Executing test function test.gsl.RcppGSL.matrix.indexing ... "/home/ripley/R/Lib32/Rcpp/include/Rcpp/Interrupt.h", line 60: Warning (Anachronism): Formal argument fun of type extern "C" void(*)(void*) in call to R_ToplevelExec(extern "C" void(*)(void*), void*) is being passed void(*)(void*).
     "/home/ripley/R/Lib32/Rcpp/include/Rcpp/internal/r_coerce.h", line 219: Error: The function "snprintf" must have a prototype.
     "/home/ripley/R/Lib32/Rcpp/include/Rcpp/internal/r_coerce.h", line 220: Error: The function "snprintf" must have a prototype.
     "/home/ripley/R/Lib32/Rcpp/include/Rcpp/internal/r_coerce.h", line 221: Error: The function "snprintf" must have a prototype.
     "/home/ripley/R/Lib32/Rcpp/include/Rcpp/internal/r_coerce.h", line 241: Error: The function "snprintf" must have a prototype.
     "/home/ripley/R/Lib32/Rcpp/include/Rcpp/internal/r_coerce.h", line 249: Error: The function "snprintf" must have a prototype.
     "/home/ripley/R/Lib32/Rcpp/include/Rcpp/String.h", line 90: Warning: enc hides Rcpp::String::enc.
     "/home/ripley/R/Lib32/Rcpp/include/Rcpp/String.h", line 102: Warning: enc hides Rcpp::String::enc.
     "/home/ripley/R/Lib32/Rcpp/include/Rcpp/sugar/functions/math.h", line 50: Error: expm1 is not defined.
     "/home/ripley/R/Lib32/Rcpp/include/Rcpp/sugar/functions/math.h", line 50: Error: expm1 is not defined.
     "/home/ripley/R/Lib32/Rcpp/include/Rcpp/sugar/functions/math.h", line 50: Error: expm1 is not defined.
     "/home/ripley/R/Lib32/Rcpp/include/Rcpp/sugar/functions/math.h", line 51: Error: log1p is not defined.
     "/home/ripley/R/Lib32/Rcpp/include/Rcpp/sugar/functions/math.h", line 51: Error: log1p is not defined.
     "/home/ripley/R/Lib32/Rcpp/include/Rcpp/sugar/functions/math.h", line 51: Error: log1p is not defined.
     "/home/ripley/R/Lib32/Rcpp/include/Rcpp/stats/unif.h", line 76: Error: expm1 is not a member of file level.
     "/home/ripley/R/Lib32/Rcpp/include/Rcpp/stats/unif.h", line 87: Error: expm1 is not a member of file level.
     "/home/ripley/R/Lib32/Rcpp/include/Rcpp/stats/weibull.h", line 62: Error: expm1 is not a member of file level.
     "/home/ripley/R/Lib32/Rcpp/include/Rcpp/stats/weibull.h", line 62: Error: log1p is not a member of file level.
     "/home/ripley/R/Lib32/Rcpp/include/Rcpp/stats/weibull.h", line 63: Error: expm1 is not a member of file level.
     "/home/ripley/R/Lib32/Rcpp/include/Rcpp/stats/weibull.h", line 76: Error: expm1 is not a member of file level.
     "/home/ripley/R/Lib32/Rcpp/include/Rcpp/stats/weibull.h", line 76: Error: log1p is not a member of file level.
     "/home/ripley/R/Lib32/Rcpp/include/Rcpp/stats/weibull.h", line 76: Error: log1p is not a member of file level.
     "/home/ripley/R/Lib32/Rcpp/include/Rcpp/stats/logis.h", line 65: Error: log1p is not a member of file level.
     "/home/ripley/R/Lib32/Rcpp/include/Rcpp/stats/logis.h", line 81: Error: log1p is not a member of file level.
     "/home/ripley/R/Lib32/Rcpp/include/Rcpp/stats/logis.h", line 95: Error: log1p is not a member of file level.
     "/home/ripley/R/Lib32/Rcpp/include/Rcpp/stats/logis.h", line 97: Error: log1p is not a member of file level.
     "/home/ripley/R/Lib32/Rcpp/include/Rcpp/stats/logis.h", line 117: Error: log1p is not a member of file level.
     "/home/ripley/R/Lib32/Rcpp/include/Rcpp/stats/logis.h", line 119: Error: log1p is not a member of file level.
     Compilation aborted, too many Error messages.
     make: Fatal error: Command failed for target `gsl.o'
     Current working directory /tmp/RtmptvaG9h/sourceCpp-sparc-sun-solaris2.10-0.12.9/sourcecpp_fec21c03e98
     CC -library=stlport4 -I/home/ripley/R/cc/include -DNDEBUG -I/usr/local/include -I"/home/ripley/R/Lib32/Rcpp/include" -I"/home/ripley/R/Lib32/RcppGSL/include" -I"/home/ripley/R/Lib32/RcppGSL/unitTests/cpp" -I/usr/local/include -KPIC -O -features=tmplrefstatic -features=extensions -c gsl.cpp -o gsl.o
     *** Error code 2
     Error in sourceCpp(file.path(pathRcppTests, "cpp/gsl.cpp")) :
     Error 1 occurred building shared library.
    
    
     Executing test function test.gsl.RcppGSL.matrix.view.indexing ... "/home/ripley/R/Lib32/Rcpp/include/Rcpp/Interrupt.h", line 60: Warning (Anachronism): Formal argument fun of type extern "C" void(*)(void*) in call to R_ToplevelExec(extern "C" void(*)(void*), void*) is being passed void(*)(void*).
     "/home/ripley/R/Lib32/Rcpp/include/Rcpp/internal/r_coerce.h", line 219: Error: The function "snprintf" must have a prototype.
     "/home/ripley/R/Lib32/Rcpp/include/Rcpp/internal/r_coerce.h", line 220: Error: The function "snprintf" must have a prototype.
     "/home/ripley/R/Lib32/Rcpp/include/Rcpp/internal/r_coerce.h", line 221: Error: The function "snprintf" must have a prototype.
     "/home/ripley/R/Lib32/Rcpp/include/Rcpp/internal/r_coerce.h", line 241: Error: The function "snprintf" must have a prototype.
     "/home/ripley/R/Lib32/Rcpp/include/Rcpp/internal/r_coerce.h", line 249: Error: The function "snprintf" must have a prototype.
     "/home/ripley/R/Lib32/Rcpp/include/Rcpp/String.h", line 90: Warning: enc hides Rcpp::String::enc.
     "/home/ripley/R/Lib32/Rcpp/include/Rcpp/String.h", line 102: Warning: enc hides Rcpp::String::enc.
     "/home/ripley/R/Lib32/Rcpp/include/Rcpp/sugar/functions/math.h", line 50: Error: expm1 is not defined.
     "/home/ripley/R/Lib32/Rcpp/include/Rcpp/sugar/functions/math.h", line 50: Error: expm1 is not defined.
     "/home/ripley/R/Lib32/Rcpp/include/Rcpp/sugar/functions/math.h", line 50: Error: expm1 is not defined.
     "/home/ripley/R/Lib32/Rcpp/include/Rcpp/sugar/functions/math.h", line 51: Error: log1p is not defined.
     "/home/ripley/R/Lib32/Rcpp/include/Rcpp/sugar/functions/math.h", line 51: Error: log1p is not defined.
     "/home/ripley/R/Lib32/Rcpp/include/Rcpp/sugar/functions/math.h", line 51: Error: log1p is not defined.
     "/home/ripley/R/Lib32/Rcpp/include/Rcpp/stats/unif.h", line 76: Error: expm1 is not a member of file level.
     "/home/ripley/R/Lib32/Rcpp/include/Rcpp/stats/unif.h", line 87: Error: expm1 is not a member of file level.
     "/home/ripley/R/Lib32/Rcpp/include/Rcpp/stats/weibull.h", line 62: Error: expm1 is not a member of file level.
     "/home/ripley/R/Lib32/Rcpp/include/Rcpp/stats/weibull.h", line 62: Error: log1p is not a member of file level.
     "/home/ripley/R/Lib32/Rcpp/include/Rcpp/stats/weibull.h", line 63: Error: expm1 is not a member of file level.
     "/home/ripley/R/Lib32/Rcpp/include/Rcpp/stats/weibull.h", line 76: Error: expm1 is not a member of file level.
     "/home/ripley/R/Lib32/Rcpp/include/Rcpp/stats/weibull.h", line 76: Error: log1p is not a member of file level.
     "/home/ripley/R/Lib32/Rcpp/include/Rcpp/stats/weibull.h", line 76: Error: log1p is not a member of file level.
     "/home/ripley/R/Lib32/Rcpp/include/Rcpp/stats/logis.h", line 65: Error: log1p is not a member of file level.
     "/home/ripley/R/Lib32/Rcpp/include/Rcpp/stats/logis.h", line 81: Error: log1p is not a member of file level.
     "/home/ripley/R/Lib32/Rcpp/include/Rcpp/stats/logis.h", line 95: Error: log1p is not a member of file level.
     "/home/ripley/R/Lib32/Rcpp/include/Rcpp/stats/logis.h", line 97: Error: log1p is not a member of file level.
     "/home/ripley/R/Lib32/Rcpp/include/Rcpp/stats/logis.h", line 117: Error: log1p is not a member of file level.
     "/home/ripley/R/Lib32/Rcpp/include/Rcpp/stats/logis.h", line 119: Error: log1p is not a member of file level.
     Compilation aborted, too many Error messages.
     make: Fatal error: Command failed for target `gsl.o'
     Current working directory /tmp/RtmptvaG9h/sourceCpp-sparc-sun-solaris2.10-0.12.9/sourcecpp_fec21c03e98
     CC -library=stlport4 -I/home/ripley/R/cc/include -DNDEBUG -I/usr/local/include -I"/home/ripley/R/Lib32/Rcpp/include" -I"/home/ripley/R/Lib32/RcppGSL/include" -I"/home/ripley/R/Lib32/RcppGSL/unitTests/cpp" -I/usr/local/include -KPIC -O -features=tmplrefstatic -features=extensions -c gsl.cpp -o gsl.o
     *** Error code 2
     Error in sourceCpp(file.path(pathRcppTests, "cpp/gsl.cpp")) :
     Error 1 occurred building shared library.
    
    
     Executing test function test.gsl.RcppGSL.vector ... "/home/ripley/R/Lib32/Rcpp/include/Rcpp/Interrupt.h", line 60: Warning (Anachronism): Formal argument fun of type extern "C" void(*)(void*) in call to R_ToplevelExec(extern "C" void(*)(void*), void*) is being passed void(*)(void*).
     "/home/ripley/R/Lib32/Rcpp/include/Rcpp/internal/r_coerce.h", line 219: Error: The function "snprintf" must have a prototype.
     "/home/ripley/R/Lib32/Rcpp/include/Rcpp/internal/r_coerce.h", line 220: Error: The function "snprintf" must have a prototype.
     "/home/ripley/R/Lib32/Rcpp/include/Rcpp/internal/r_coerce.h", line 221: Error: The function "snprintf" must have a prototype.
     "/home/ripley/R/Lib32/Rcpp/include/Rcpp/internal/r_coerce.h", line 241: Error: The function "snprintf" must have a prototype.
     "/home/ripley/R/Lib32/Rcpp/include/Rcpp/internal/r_coerce.h", line 249: Error: The function "snprintf" must have a prototype.
     "/home/ripley/R/Lib32/Rcpp/include/Rcpp/String.h", line 90: Warning: enc hides Rcpp::String::enc.
     "/home/ripley/R/Lib32/Rcpp/include/Rcpp/String.h", line 102: Warning: enc hides Rcpp::String::enc.
     "/home/ripley/R/Lib32/Rcpp/include/Rcpp/sugar/functions/math.h", line 50: Error: expm1 is not defined.
     "/home/ripley/R/Lib32/Rcpp/include/Rcpp/sugar/functions/math.h", line 50: Error: expm1 is not defined.
     "/home/ripley/R/Lib32/Rcpp/include/Rcpp/sugar/functions/math.h", line 50: Error: expm1 is not defined.
     "/home/ripley/R/Lib32/Rcpp/include/Rcpp/sugar/functions/math.h", line 51: Error: log1p is not defined.
     "/home/ripley/R/Lib32/Rcpp/include/Rcpp/sugar/functions/math.h", line 51: Error: log1p is not defined.
     "/home/ripley/R/Lib32/Rcpp/include/Rcpp/sugar/functions/math.h", line 51: Error: log1p is not defined.
     "/home/ripley/R/Lib32/Rcpp/include/Rcpp/stats/unif.h", line 76: Error: expm1 is not a member of file level.
     "/home/ripley/R/Lib32/Rcpp/include/Rcpp/stats/unif.h", line 87: Error: expm1 is not a member of file level.
     "/home/ripley/R/Lib32/Rcpp/include/Rcpp/stats/weibull.h", line 62: Error: expm1 is not a member of file level.
     "/home/ripley/R/Lib32/Rcpp/include/Rcpp/stats/weibull.h", line 62: Error: log1p is not a member of file level.
     "/home/ripley/R/Lib32/Rcpp/include/Rcpp/stats/weibull.h", line 63: Error: expm1 is not a member of file level.
     "/home/ripley/R/Lib32/Rcpp/include/Rcpp/stats/weibull.h", line 76: Error: expm1 is not a member of file level.
     "/home/ripley/R/Lib32/Rcpp/include/Rcpp/stats/weibull.h", line 76: Error: log1p is not a member of file level.
     "/home/ripley/R/Lib32/Rcpp/include/Rcpp/stats/weibull.h", line 76: Error: log1p is not a member of file level.
     "/home/ripley/R/Lib32/Rcpp/include/Rcpp/stats/logis.h", line 65: Error: log1p is not a member of file level.
     "/home/ripley/R/Lib32/Rcpp/include/Rcpp/stats/logis.h", line 81: Error: log1p is not a member of file level.
     "/home/ripley/R/Lib32/Rcpp/include/Rcpp/stats/logis.h", line 95: Error: log1p is not a member of file level.
     "/home/ripley/R/Lib32/Rcpp/include/Rcpp/stats/logis.h", line 97: Error: log1p is not a member of file level.
     "/home/ripley/R/Lib32/Rcpp/include/Rcpp/stats/logis.h", line 117: Error: log1p is not a member of file level.
     "/home/ripley/R/Lib32/Rcpp/include/Rcpp/stats/logis.h", line 119: Error: log1p is not a member of file level.
     Compilation aborted, too many Error messages.
     make: Fatal error: Command failed for target `gsl.o'
     Current working directory /tmp/RtmptvaG9h/sourceCpp-sparc-sun-solaris2.10-0.12.9/sourcecpp_fec21c03e98
     CC -library=stlport4 -I/home/ripley/R/cc/include -DNDEBUG -I/usr/local/include -I"/home/ripley/R/Lib32/Rcpp/include" -I"/home/ripley/R/Lib32/RcppGSL/include" -I"/home/ripley/R/Lib32/RcppGSL/unitTests/cpp" -I/usr/local/include -KPIC -O -features=tmplrefstatic -features=extensions -c gsl.cpp -o gsl.o
     *** Error code 2
     Error in sourceCpp(file.path(pathRcppTests, "cpp/gsl.cpp")) :
     Error 1 occurred building shared library.
    
    
     Executing test function test.gsl.RcppGSL.vector.indexing ... "/home/ripley/R/Lib32/Rcpp/include/Rcpp/Interrupt.h", line 60: Warning (Anachronism): Formal argument fun of type extern "C" void(*)(void*) in call to R_ToplevelExec(extern "C" void(*)(void*), void*) is being passed void(*)(void*).
     "/home/ripley/R/Lib32/Rcpp/include/Rcpp/internal/r_coerce.h", line 219: Error: The function "snprintf" must have a prototype.
     "/home/ripley/R/Lib32/Rcpp/include/Rcpp/internal/r_coerce.h", line 220: Error: The function "snprintf" must have a prototype.
     "/home/ripley/R/Lib32/Rcpp/include/Rcpp/internal/r_coerce.h", line 221: Error: The function "snprintf" must have a prototype.
     "/home/ripley/R/Lib32/Rcpp/include/Rcpp/internal/r_coerce.h", line 241: Error: The function "snprintf" must have a prototype.
     "/home/ripley/R/Lib32/Rcpp/include/Rcpp/internal/r_coerce.h", line 249: Error: The function "snprintf" must have a prototype.
     "/home/ripley/R/Lib32/Rcpp/include/Rcpp/String.h", line 90: Warning: enc hides Rcpp::String::enc.
     "/home/ripley/R/Lib32/Rcpp/include/Rcpp/String.h", line 102: Warning: enc hides Rcpp::String::enc.
     "/home/ripley/R/Lib32/Rcpp/include/Rcpp/sugar/functions/math.h", line 50: Error: expm1 is not defined.
     "/home/ripley/R/Lib32/Rcpp/include/Rcpp/sugar/functions/math.h", line 50: Error: expm1 is not defined.
     "/home/ripley/R/Lib32/Rcpp/include/Rcpp/sugar/functions/math.h", line 50: Error: expm1 is not defined.
     "/home/ripley/R/Lib32/Rcpp/include/Rcpp/sugar/functions/math.h", line 51: Error: log1p is not defined.
     "/home/ripley/R/Lib32/Rcpp/include/Rcpp/sugar/functions/math.h", line 51: Error: log1p is not defined.
     "/home/ripley/R/Lib32/Rcpp/include/Rcpp/sugar/functions/math.h", line 51: Error: log1p is not defined.
     "/home/ripley/R/Lib32/Rcpp/include/Rcpp/stats/unif.h", line 76: Error: expm1 is not a member of file level.
     "/home/ripley/R/Lib32/Rcpp/include/Rcpp/stats/unif.h", line 87: Error: expm1 is not a member of file level.
     "/home/ripley/R/Lib32/Rcpp/include/Rcpp/stats/weibull.h", line 62: Error: expm1 is not a member of file level.
     "/home/ripley/R/Lib32/Rcpp/include/Rcpp/stats/weibull.h", line 62: Error: log1p is not a member of file level.
     "/home/ripley/R/Lib32/Rcpp/include/Rcpp/stats/weibull.h", line 63: Error: expm1 is not a member of file level.
     "/home/ripley/R/Lib32/Rcpp/include/Rcpp/stats/weibull.h", line 76: Error: expm1 is not a member of file level.
     "/home/ripley/R/Lib32/Rcpp/include/Rcpp/stats/weibull.h", line 76: Error: log1p is not a member of file level.
     "/home/ripley/R/Lib32/Rcpp/include/Rcpp/stats/weibull.h", line 76: Error: log1p is not a member of file level.
     "/home/ripley/R/Lib32/Rcpp/include/Rcpp/stats/logis.h", line 65: Error: log1p is not a member of file level.
     "/home/ripley/R/Lib32/Rcpp/include/Rcpp/stats/logis.h", line 81: Error: log1p is not a member of file level.
     "/home/ripley/R/Lib32/Rcpp/include/Rcpp/stats/logis.h", line 95: Error: log1p is not a member of file level.
     "/home/ripley/R/Lib32/Rcpp/include/Rcpp/stats/logis.h", line 97: Error: log1p is not a member of file level.
     "/home/ripley/R/Lib32/Rcpp/include/Rcpp/stats/logis.h", line 117: Error: log1p is not a member of file level.
     "/home/ripley/R/Lib32/Rcpp/include/Rcpp/stats/logis.h", line 119: Error: log1p is not a member of file level.
     Compilation aborted, too many Error messages.
     make: Fatal error: Command failed for target `gsl.o'
     Current working directory /tmp/RtmptvaG9h/sourceCpp-sparc-sun-solaris2.10-0.12.9/sourcecpp_fec21c03e98
     CC -library=stlport4 -I/home/ripley/R/cc/include -DNDEBUG -I/usr/local/include -I"/home/ripley/R/Lib32/Rcpp/include" -I"/home/ripley/R/Lib32/RcppGSL/include" -I"/home/ripley/R/Lib32/RcppGSL/unitTests/cpp" -I/usr/local/include -KPIC -O -features=tmplrefstatic -features=extensions -c gsl.cpp -o gsl.o
     *** Error code 2
     Error in sourceCpp(file.path(pathRcppTests, "cpp/gsl.cpp")) :
     Error 1 occurred building shared library.
    
    
     Executing test function test.gsl.RcppGSL.vector.iterating ... "/home/ripley/R/Lib32/Rcpp/include/Rcpp/Interrupt.h", line 60: Warning (Anachronism): Formal argument fun of type extern "C" void(*)(void*) in call to R_ToplevelExec(extern "C" void(*)(void*), void*) is being passed void(*)(void*).
     "/home/ripley/R/Lib32/Rcpp/include/Rcpp/internal/r_coerce.h", line 219: Error: The function "snprintf" must have a prototype.
     "/home/ripley/R/Lib32/Rcpp/include/Rcpp/internal/r_coerce.h", line 220: Error: The function "snprintf" must have a prototype.
     "/home/ripley/R/Lib32/Rcpp/include/Rcpp/internal/r_coerce.h", line 221: Error: The function "snprintf" must have a prototype.
     "/home/ripley/R/Lib32/Rcpp/include/Rcpp/internal/r_coerce.h", line 241: Error: The function "snprintf" must have a prototype.
     "/home/ripley/R/Lib32/Rcpp/include/Rcpp/internal/r_coerce.h", line 249: Error: The function "snprintf" must have a prototype.
     "/home/ripley/R/Lib32/Rcpp/include/Rcpp/String.h", line 90: Warning: enc hides Rcpp::String::enc.
     "/home/ripley/R/Lib32/Rcpp/include/Rcpp/String.h", line 102: Warning: enc hides Rcpp::String::enc.
     "/home/ripley/R/Lib32/Rcpp/include/Rcpp/sugar/functions/math.h", line 50: Error: expm1 is not defined.
     "/home/ripley/R/Lib32/Rcpp/include/Rcpp/sugar/functions/math.h", line 50: Error: expm1 is not defined.
     "/home/ripley/R/Lib32/Rcpp/include/Rcpp/sugar/functions/math.h", line 50: Error: expm1 is not defined.
     "/home/ripley/R/Lib32/Rcpp/include/Rcpp/sugar/functions/math.h", line 51: Error: log1p is not defined.
     "/home/ripley/R/Lib32/Rcpp/include/Rcpp/sugar/functions/math.h", line 51: Error: log1p is not defined.
     "/home/ripley/R/Lib32/Rcpp/include/Rcpp/sugar/functions/math.h", line 51: Error: log1p is not defined.
     "/home/ripley/R/Lib32/Rcpp/include/Rcpp/stats/unif.h", line 76: Error: expm1 is not a member of file level.
     "/home/ripley/R/Lib32/Rcpp/include/Rcpp/stats/unif.h", line 87: Error: expm1 is not a member of file level.
     "/home/ripley/R/Lib32/Rcpp/include/Rcpp/stats/weibull.h", line 62: Error: expm1 is not a member of file level.
     "/home/ripley/R/Lib32/Rcpp/include/Rcpp/stats/weibull.h", line 62: Error: log1p is not a member of file level.
     "/home/ripley/R/Lib32/Rcpp/include/Rcpp/stats/weibull.h", line 63: Error: expm1 is not a member of file level.
     "/home/ripley/R/Lib32/Rcpp/include/Rcpp/stats/weibull.h", line 76: Error: expm1 is not a member of file level.
     "/home/ripley/R/Lib32/Rcpp/include/Rcpp/stats/weibull.h", line 76: Error: log1p is not a member of file level.
     "/home/ripley/R/Lib32/Rcpp/include/Rcpp/stats/weibull.h", line 76: Error: log1p is not a member of file level.
     "/home/ripley/R/Lib32/Rcpp/include/Rcpp/stats/logis.h", line 65: Error: log1p is not a member of file level.
     "/home/ripley/R/Lib32/Rcpp/include/Rcpp/stats/logis.h", line 81: Error: log1p is not a member of file level.
     "/home/ripley/R/Lib32/Rcpp/include/Rcpp/stats/logis.h", line 95: Error: log1p is not a member of file level.
     "/home/ripley/R/Lib32/Rcpp/include/Rcpp/stats/logis.h", line 97: Error: log1p is not a member of file level.
     "/home/ripley/R/Lib32/Rcpp/include/Rcpp/stats/logis.h", line 117: Error: log1p is not a member of file level.
     "/home/ripley/R/Lib32/Rcpp/include/Rcpp/stats/logis.h", line 119: Error: log1p is not a member of file level.
     Compilation aborted, too many Error messages.
     make: Fatal error: Command failed for target `gsl.o'
     Current working directory /tmp/RtmptvaG9h/sourceCpp-sparc-sun-solaris2.10-0.12.9/sourcecpp_fec21c03e98
     CC -library=stlport4 -I/home/ripley/R/cc/include -DNDEBUG -I/usr/local/include -I"/home/ripley/R/Lib32/Rcpp/include" -I"/home/ripley/R/Lib32/RcppGSL/include" -I"/home/ripley/R/Lib32/RcppGSL/unitTests/cpp" -I/usr/local/include -KPIC -O -features=tmplrefstatic -features=extensions -c gsl.cpp -o gsl.o
     *** Error code 2
     Error in sourceCpp(file.path(pathRcppTests, "cpp/gsl.cpp")) :
     Error 1 occurred building shared library.
    
    
     Executing test function test.gsl.RcppGSL.vector.iterator.transform ... "/home/ripley/R/Lib32/Rcpp/include/Rcpp/Interrupt.h", line 60: Warning (Anachronism): Formal argument fun of type extern "C" void(*)(void*) in call to R_ToplevelExec(extern "C" void(*)(void*), void*) is being passed void(*)(void*).
     "/home/ripley/R/Lib32/Rcpp/include/Rcpp/internal/r_coerce.h", line 219: Error: The function "snprintf" must have a prototype.
     "/home/ripley/R/Lib32/Rcpp/include/Rcpp/internal/r_coerce.h", line 220: Error: The function "snprintf" must have a prototype.
     "/home/ripley/R/Lib32/Rcpp/include/Rcpp/internal/r_coerce.h", line 221: Error: The function "snprintf" must have a prototype.
     "/home/ripley/R/Lib32/Rcpp/include/Rcpp/internal/r_coerce.h", line 241: Error: The function "snprintf" must have a prototype.
     "/home/ripley/R/Lib32/Rcpp/include/Rcpp/internal/r_coerce.h", line 249: Error: The function "snprintf" must have a prototype.
     "/home/ripley/R/Lib32/Rcpp/include/Rcpp/String.h", line 90: Warning: enc hides Rcpp::String::enc.
     "/home/ripley/R/Lib32/Rcpp/include/Rcpp/String.h", line 102: Warning: enc hides Rcpp::String::enc.
     "/home/ripley/R/Lib32/Rcpp/include/Rcpp/sugar/functions/math.h", line 50: Error: expm1 is not defined.
     "/home/ripley/R/Lib32/Rcpp/include/Rcpp/sugar/functions/math.h", line 50: Error: expm1 is not defined.
     "/home/ripley/R/Lib32/Rcpp/include/Rcpp/sugar/functions/math.h", line 50: Error: expm1 is not defined.
     "/home/ripley/R/Lib32/Rcpp/include/Rcpp/sugar/functions/math.h", line 51: Error: log1p is not defined.
     "/home/ripley/R/Lib32/Rcpp/include/Rcpp/sugar/functions/math.h", line 51: Error: log1p is not defined.
     "/home/ripley/R/Lib32/Rcpp/include/Rcpp/sugar/functions/math.h", line 51: Error: log1p is not defined.
     "/home/ripley/R/Lib32/Rcpp/include/Rcpp/stats/unif.h", line 76: Error: expm1 is not a member of file level.
     "/home/ripley/R/Lib32/Rcpp/include/Rcpp/stats/unif.h", line 87: Error: expm1 is not a member of file level.
     "/home/ripley/R/Lib32/Rcpp/include/Rcpp/stats/weibull.h", line 62: Error: expm1 is not a member of file level.
     "/home/ripley/R/Lib32/Rcpp/include/Rcpp/stats/weibull.h", line 62: Error: log1p is not a member of file level.
     "/home/ripley/R/Lib32/Rcpp/include/Rcpp/stats/weibull.h", line 63: Error: expm1 is not a member of file level.
     "/home/ripley/R/Lib32/Rcpp/include/Rcpp/stats/weibull.h", line 76: Error: expm1 is not a member of file level.
     "/home/ripley/R/Lib32/Rcpp/include/Rcpp/stats/weibull.h", line 76: Error: log1p is not a member of file level.
     "/home/ripley/R/Lib32/Rcpp/include/Rcpp/stats/weibull.h", line 76: Error: log1p is not a member of file level.
     "/home/ripley/R/Lib32/Rcpp/include/Rcpp/stats/logis.h", line 65: Error: log1p is not a member of file level.
     "/home/ripley/R/Lib32/Rcpp/include/Rcpp/stats/logis.h", line 81: Error: log1p is not a member of file level.
     "/home/ripley/R/Lib32/Rcpp/include/Rcpp/stats/logis.h", line 95: Error: log1p is not a member of file level.
     "/home/ripley/R/Lib32/Rcpp/include/Rcpp/stats/logis.h", line 97: Error: log1p is not a member of file level.
     "/home/ripley/R/Lib32/Rcpp/include/Rcpp/stats/logis.h", line 117: Error: log1p is not a member of file level.
     "/home/ripley/R/Lib32/Rcpp/include/Rcpp/stats/logis.h", line 119: Error: log1p is not a member of file level.
     Compilation aborted, too many Error messages.
     make: Fatal error: Command failed for target `gsl.o'
     Current working directory /tmp/RtmptvaG9h/sourceCpp-sparc-sun-solaris2.10-0.12.9/sourcecpp_fec21c03e98
     CC -library=stlport4 -I/home/ripley/R/cc/include -DNDEBUG -I/usr/local/include -I"/home/ripley/R/Lib32/Rcpp/include" -I"/home/ripley/R/Lib32/RcppGSL/include" -I"/home/ripley/R/Lib32/RcppGSL/unitTests/cpp" -I/usr/local/include -KPIC -O -features=tmplrefstatic -features=extensions -c gsl.cpp -o gsl.o
     *** Error code 2
     Error in sourceCpp(file.path(pathRcppTests, "cpp/gsl.cpp")) :
     Error 1 occurred building shared library.
    
    
     Executing test function test.gsl.RcppGSL.vector.view.iterating ... "/home/ripley/R/Lib32/Rcpp/include/Rcpp/Interrupt.h", line 60: Warning (Anachronism): Formal argument fun of type extern "C" void(*)(void*) in call to R_ToplevelExec(extern "C" void(*)(void*), void*) is being passed void(*)(void*).
     "/home/ripley/R/Lib32/Rcpp/include/Rcpp/internal/r_coerce.h", line 219: Error: The function "snprintf" must have a prototype.
     "/home/ripley/R/Lib32/Rcpp/include/Rcpp/internal/r_coerce.h", line 220: Error: The function "snprintf" must have a prototype.
     "/home/ripley/R/Lib32/Rcpp/include/Rcpp/internal/r_coerce.h", line 221: Error: The function "snprintf" must have a prototype.
     "/home/ripley/R/Lib32/Rcpp/include/Rcpp/internal/r_coerce.h", line 241: Error: The function "snprintf" must have a prototype.
     "/home/ripley/R/Lib32/Rcpp/include/Rcpp/internal/r_coerce.h", line 249: Error: The function "snprintf" must have a prototype.
     "/home/ripley/R/Lib32/Rcpp/include/Rcpp/String.h", line 90: Warning: enc hides Rcpp::String::enc.
     "/home/ripley/R/Lib32/Rcpp/include/Rcpp/String.h", line 102: Warning: enc hides Rcpp::String::enc.
     "/home/ripley/R/Lib32/Rcpp/include/Rcpp/sugar/functions/math.h", line 50: Error: expm1 is not defined.
     "/home/ripley/R/Lib32/Rcpp/include/Rcpp/sugar/functions/math.h", line 50: Error: expm1 is not defined.
     "/home/ripley/R/Lib32/Rcpp/include/Rcpp/sugar/functions/math.h", line 50: Error: expm1 is not defined.
     "/home/ripley/R/Lib32/Rcpp/include/Rcpp/sugar/functions/math.h", line 51: Error: log1p is not defined.
     "/home/ripley/R/Lib32/Rcpp/include/Rcpp/sugar/functions/math.h", line 51: Error: log1p is not defined.
     "/home/ripley/R/Lib32/Rcpp/include/Rcpp/sugar/functions/math.h", line 51: Error: log1p is not defined.
     "/home/ripley/R/Lib32/Rcpp/include/Rcpp/stats/unif.h", line 76: Error: expm1 is not a member of file level.
     "/home/ripley/R/Lib32/Rcpp/include/Rcpp/stats/unif.h", line 87: Error: expm1 is not a member of file level.
     "/home/ripley/R/Lib32/Rcpp/include/Rcpp/stats/weibull.h", line 62: Error: expm1 is not a member of file level.
     "/home/ripley/R/Lib32/Rcpp/include/Rcpp/stats/weibull.h", line 62: Error: log1p is not a member of file level.
     "/home/ripley/R/Lib32/Rcpp/include/Rcpp/stats/weibull.h", line 63: Error: expm1 is not a member of file level.
     "/home/ripley/R/Lib32/Rcpp/include/Rcpp/stats/weibull.h", line 76: Error: expm1 is not a member of file level.
     "/home/ripley/R/Lib32/Rcpp/include/Rcpp/stats/weibull.h", line 76: Error: log1p is not a member of file level.
     "/home/ripley/R/Lib32/Rcpp/include/Rcpp/stats/weibull.h", line 76: Error: log1p is not a member of file level.
     "/home/ripley/R/Lib32/Rcpp/include/Rcpp/stats/logis.h", line 65: Error: log1p is not a member of file level.
     "/home/ripley/R/Lib32/Rcpp/include/Rcpp/stats/logis.h", line 81: Error: log1p is not a member of file level.
     "/home/ripley/R/Lib32/Rcpp/include/Rcpp/stats/logis.h", line 95: Error: log1p is not a member of file level.
     "/home/ripley/R/Lib32/Rcpp/include/Rcpp/stats/logis.h", line 97: Error: log1p is not a member of file level.
     "/home/ripley/R/Lib32/Rcpp/include/Rcpp/stats/logis.h", line 117: Error: log1p is not a member of file level.
     "/home/ripley/R/Lib32/Rcpp/include/Rcpp/stats/logis.h", line 119: Error: log1p is not a member of file level.
     Compilation aborted, too many Error messages.
     make: Fatal error: Command failed for target `gsl.o'
     Current working directory /tmp/RtmptvaG9h/sourceCpp-sparc-sun-solaris2.10-0.12.9/sourcecpp_fec21c03e98
     CC -library=stlport4 -I/home/ripley/R/cc/include -DNDEBUG -I/usr/local/include -I"/home/ripley/R/Lib32/Rcpp/include" -I"/home/ripley/R/Lib32/RcppGSL/include" -I"/home/ripley/R/Lib32/RcppGSL/unitTests/cpp" -I/usr/local/include -KPIC -O -features=tmplrefstatic -features=extensions -c gsl.cpp -o gsl.o
     *** Error code 2
     Error in sourceCpp(file.path(pathRcppTests, "cpp/gsl.cpp")) :
     Error 1 occurred building shared library.
    
    
     Executing test function test.gsl.matrix ... "/home/ripley/R/Lib32/Rcpp/include/Rcpp/Interrupt.h", line 60: Warning (Anachronism): Formal argument fun of type extern "C" void(*)(void*) in call to R_ToplevelExec(extern "C" void(*)(void*), void*) is being passed void(*)(void*).
     "/home/ripley/R/Lib32/Rcpp/include/Rcpp/internal/r_coerce.h", line 219: Error: The function "snprintf" must have a prototype.
     "/home/ripley/R/Lib32/Rcpp/include/Rcpp/internal/r_coerce.h", line 220: Error: The function "snprintf" must have a prototype.
     "/home/ripley/R/Lib32/Rcpp/include/Rcpp/internal/r_coerce.h", line 221: Error: The function "snprintf" must have a prototype.
     "/home/ripley/R/Lib32/Rcpp/include/Rcpp/internal/r_coerce.h", line 241: Error: The function "snprintf" must have a prototype.
     "/home/ripley/R/Lib32/Rcpp/include/Rcpp/internal/r_coerce.h", line 249: Error: The function "snprintf" must have a prototype.
     "/home/ripley/R/Lib32/Rcpp/include/Rcpp/String.h", line 90: Warning: enc hides Rcpp::String::enc.
     "/home/ripley/R/Lib32/Rcpp/include/Rcpp/String.h", line 102: Warning: enc hides Rcpp::String::enc.
     "/home/ripley/R/Lib32/Rcpp/include/Rcpp/sugar/functions/math.h", line 50: Error: expm1 is not defined.
     "/home/ripley/R/Lib32/Rcpp/include/Rcpp/sugar/functions/math.h", line 50: Error: expm1 is not defined.
     "/home/ripley/R/Lib32/Rcpp/include/Rcpp/sugar/functions/math.h", line 50: Error: expm1 is not defined.
     "/home/ripley/R/Lib32/Rcpp/include/Rcpp/sugar/functions/math.h", line 51: Error: log1p is not defined.
     "/home/ripley/R/Lib32/Rcpp/include/Rcpp/sugar/functions/math.h", line 51: Error: log1p is not defined.
     "/home/ripley/R/Lib32/Rcpp/include/Rcpp/sugar/functions/math.h", line 51: Error: log1p is not defined.
     "/home/ripley/R/Lib32/Rcpp/include/Rcpp/stats/unif.h", line 76: Error: expm1 is not a member of file level.
     "/home/ripley/R/Lib32/Rcpp/include/Rcpp/stats/unif.h", line 87: Error: expm1 is not a member of file level.
     "/home/ripley/R/Lib32/Rcpp/include/Rcpp/stats/weibull.h", line 62: Error: expm1 is not a member of file level.
     "/home/ripley/R/Lib32/Rcpp/include/Rcpp/stats/weibull.h", line 62: Error: log1p is not a member of file level.
     "/home/ripley/R/Lib32/Rcpp/include/Rcpp/stats/weibull.h", line 63: Error: expm1 is not a member of file level.
     "/home/ripley/R/Lib32/Rcpp/include/Rcpp/stats/weibull.h", line 76: Error: expm1 is not a member of file level.
     "/home/ripley/R/Lib32/Rcpp/include/Rcpp/stats/weibull.h", line 76: Error: log1p is not a member of file level.
     "/home/ripley/R/Lib32/Rcpp/include/Rcpp/stats/weibull.h", line 76: Error: log1p is not a member of file level.
     "/home/ripley/R/Lib32/Rcpp/include/Rcpp/stats/logis.h", line 65: Error: log1p is not a member of file level.
     "/home/ripley/R/Lib32/Rcpp/include/Rcpp/stats/logis.h", line 81: Error: log1p is not a member of file level.
     "/home/ripley/R/Lib32/Rcpp/include/Rcpp/stats/logis.h", line 95: Error: log1p is not a member of file level.
     "/home/ripley/R/Lib32/Rcpp/include/Rcpp/stats/logis.h", line 97: Error: log1p is not a member of file level.
     "/home/ripley/R/Lib32/Rcpp/include/Rcpp/stats/logis.h", line 117: Error: log1p is not a member of file level.
     "/home/ripley/R/Lib32/Rcpp/include/Rcpp/stats/logis.h", line 119: Error: log1p is not a member of file level.
     Compilation aborted, too many Error messages.
     make: Fatal error: Command failed for target `gsl.o'
     Current working directory /tmp/RtmptvaG9h/sourceCpp-sparc-sun-solaris2.10-0.12.9/sourcecpp_fec21c03e98
     CC -library=stlport4 -I/home/ripley/R/cc/include -DNDEBUG -I/usr/local/include -I"/home/ripley/R/Lib32/Rcpp/include" -I"/home/ripley/R/Lib32/RcppGSL/include" -I"/home/ripley/R/Lib32/RcppGSL/unitTests/cpp" -I/usr/local/include -KPIC -O -features=tmplrefstatic -features=extensions -c gsl.cpp -o gsl.o
     *** Error code 2
     Error in sourceCpp(file.path(pathRcppTests, "cpp/gsl.cpp")) :
     Error 1 occurred building shared library.
    
    
     Executing test function test.gsl.matrix.input.SEXP ... "/home/ripley/R/Lib32/Rcpp/include/Rcpp/Interrupt.h", line 60: Warning (Anachronism): Formal argument fun of type extern "C" void(*)(void*) in call to R_ToplevelExec(extern "C" void(*)(void*), void*) is being passed void(*)(void*).
     "/home/ripley/R/Lib32/Rcpp/include/Rcpp/internal/r_coerce.h", line 219: Error: The function "snprintf" must have a prototype.
     "/home/ripley/R/Lib32/Rcpp/include/Rcpp/internal/r_coerce.h", line 220: Error: The function "snprintf" must have a prototype.
     "/home/ripley/R/Lib32/Rcpp/include/Rcpp/internal/r_coerce.h", line 221: Error: The function "snprintf" must have a prototype.
     "/home/ripley/R/Lib32/Rcpp/include/Rcpp/internal/r_coerce.h", line 241: Error: The function "snprintf" must have a prototype.
     "/home/ripley/R/Lib32/Rcpp/include/Rcpp/internal/r_coerce.h", line 249: Error: The function "snprintf" must have a prototype.
     "/home/ripley/R/Lib32/Rcpp/include/Rcpp/String.h", line 90: Warning: enc hides Rcpp::String::enc.
     "/home/ripley/R/Lib32/Rcpp/include/Rcpp/String.h", line 102: Warning: enc hides Rcpp::String::enc.
     "/home/ripley/R/Lib32/Rcpp/include/Rcpp/sugar/functions/math.h", line 50: Error: expm1 is not defined.
     "/home/ripley/R/Lib32/Rcpp/include/Rcpp/sugar/functions/math.h", line 50: Error: expm1 is not defined.
     "/home/ripley/R/Lib32/Rcpp/include/Rcpp/sugar/functions/math.h", line 50: Error: expm1 is not defined.
     "/home/ripley/R/Lib32/Rcpp/include/Rcpp/sugar/functions/math.h", line 51: Error: log1p is not defined.
     "/home/ripley/R/Lib32/Rcpp/include/Rcpp/sugar/functions/math.h", line 51: Error: log1p is not defined.
     "/home/ripley/R/Lib32/Rcpp/include/Rcpp/sugar/functions/math.h", line 51: Error: log1p is not defined.
     "/home/ripley/R/Lib32/Rcpp/include/Rcpp/stats/unif.h", line 76: Error: expm1 is not a member of file level.
     "/home/ripley/R/Lib32/Rcpp/include/Rcpp/stats/unif.h", line 87: Error: expm1 is not a member of file level.
     "/home/ripley/R/Lib32/Rcpp/include/Rcpp/stats/weibull.h", line 62: Error: expm1 is not a member of file level.
     "/home/ripley/R/Lib32/Rcpp/include/Rcpp/stats/weibull.h", line 62: Error: log1p is not a member of file level.
     "/home/ripley/R/Lib32/Rcpp/include/Rcpp/stats/weibull.h", line 63: Error: expm1 is not a member of file level.
     "/home/ripley/R/Lib32/Rcpp/include/Rcpp/stats/weibull.h", line 76: Error: expm1 is not a member of file level.
     "/home/ripley/R/Lib32/Rcpp/include/Rcpp/stats/weibull.h", line 76: Error: log1p is not a member of file level.
     "/home/ripley/R/Lib32/Rcpp/include/Rcpp/stats/weibull.h", line 76: Error: log1p is not a member of file level.
     "/home/ripley/R/Lib32/Rcpp/include/Rcpp/stats/logis.h", line 65: Error: log1p is not a member of file level.
     "/home/ripley/R/Lib32/Rcpp/include/Rcpp/stats/logis.h", line 81: Error: log1p is not a member of file level.
     "/home/ripley/R/Lib32/Rcpp/include/Rcpp/stats/logis.h", line 95: Error: log1p is not a member of file level.
     "/home/ripley/R/Lib32/Rcpp/include/Rcpp/stats/logis.h", line 97: Error: log1p is not a member of file level.
     "/home/ripley/R/Lib32/Rcpp/include/Rcpp/stats/logis.h", line 117: Error: log1p is not a member of file level.
     "/home/ripley/R/Lib32/Rcpp/include/Rcpp/stats/logis.h", line 119: Error: log1p is not a member of file level.
     Compilation aborted, too many Error messages.
     make: Fatal error: Command failed for target `gsl.o'
     Current working directory /tmp/RtmptvaG9h/sourceCpp-sparc-sun-solaris2.10-0.12.9/sourcecpp_fec21c03e98
     CC -library=stlport4 -I/home/ripley/R/cc/include -DNDEBUG -I/usr/local/include -I"/home/ripley/R/Lib32/Rcpp/include" -I"/home/ripley/R/Lib32/RcppGSL/include" -I"/home/ripley/R/Lib32/RcppGSL/unitTests/cpp" -I/usr/local/include -KPIC -O -features=tmplrefstatic -features=extensions -c gsl.cpp -o gsl.o
     *** Error code 2
     Error in sourceCpp(file.path(pathRcppTests, "cpp/gsl.cpp")) :
     Error 1 occurred building shared library.
    
    
     Executing test function test.gsl.matrix.view ... "/home/ripley/R/Lib32/Rcpp/include/Rcpp/Interrupt.h", line 60: Warning (Anachronism): Formal argument fun of type extern "C" void(*)(void*) in call to R_ToplevelExec(extern "C" void(*)(void*), void*) is being passed void(*)(void*).
     "/home/ripley/R/Lib32/Rcpp/include/Rcpp/internal/r_coerce.h", line 219: Error: The function "snprintf" must have a prototype.
     "/home/ripley/R/Lib32/Rcpp/include/Rcpp/internal/r_coerce.h", line 220: Error: The function "snprintf" must have a prototype.
     "/home/ripley/R/Lib32/Rcpp/include/Rcpp/internal/r_coerce.h", line 221: Error: The function "snprintf" must have a prototype.
     "/home/ripley/R/Lib32/Rcpp/include/Rcpp/internal/r_coerce.h", line 241: Error: The function "snprintf" must have a prototype.
     "/home/ripley/R/Lib32/Rcpp/include/Rcpp/internal/r_coerce.h", line 249: Error: The function "snprintf" must have a prototype.
     "/home/ripley/R/Lib32/Rcpp/include/Rcpp/String.h", line 90: Warning: enc hides Rcpp::String::enc.
     "/home/ripley/R/Lib32/Rcpp/include/Rcpp/String.h", line 102: Warning: enc hides Rcpp::String::enc.
     "/home/ripley/R/Lib32/Rcpp/include/Rcpp/sugar/functions/math.h", line 50: Error: expm1 is not defined.
     "/home/ripley/R/Lib32/Rcpp/include/Rcpp/sugar/functions/math.h", line 50: Error: expm1 is not defined.
     "/home/ripley/R/Lib32/Rcpp/include/Rcpp/sugar/functions/math.h", line 50: Error: expm1 is not defined.
     "/home/ripley/R/Lib32/Rcpp/include/Rcpp/sugar/functions/math.h", line 51: Error: log1p is not defined.
     "/home/ripley/R/Lib32/Rcpp/include/Rcpp/sugar/functions/math.h", line 51: Error: log1p is not defined.
     "/home/ripley/R/Lib32/Rcpp/include/Rcpp/sugar/functions/math.h", line 51: Error: log1p is not defined.
     "/home/ripley/R/Lib32/Rcpp/include/Rcpp/stats/unif.h", line 76: Error: expm1 is not a member of file level.
     "/home/ripley/R/Lib32/Rcpp/include/Rcpp/stats/unif.h", line 87: Error: expm1 is not a member of file level.
     "/home/ripley/R/Lib32/Rcpp/include/Rcpp/stats/weibull.h", line 62: Error: expm1 is not a member of file level.
     "/home/ripley/R/Lib32/Rcpp/include/Rcpp/stats/weibull.h", line 62: Error: log1p is not a member of file level.
     "/home/ripley/R/Lib32/Rcpp/include/Rcpp/stats/weibull.h", line 63: Error: expm1 is not a member of file level.
     "/home/ripley/R/Lib32/Rcpp/include/Rcpp/stats/weibull.h", line 76: Error: expm1 is not a member of file level.
     "/home/ripley/R/Lib32/Rcpp/include/Rcpp/stats/weibull.h", line 76: Error: log1p is not a member of file level.
     "/home/ripley/R/Lib32/Rcpp/include/Rcpp/stats/weibull.h", line 76: Error: log1p is not a member of file level.
     "/home/ripley/R/Lib32/Rcpp/include/Rcpp/stats/logis.h", line 65: Error: log1p is not a member of file level.
     "/home/ripley/R/Lib32/Rcpp/include/Rcpp/stats/logis.h", line 81: Error: log1p is not a member of file level.
     "/home/ripley/R/Lib32/Rcpp/include/Rcpp/stats/logis.h", line 95: Error: log1p is not a member of file level.
     "/home/ripley/R/Lib32/Rcpp/include/Rcpp/stats/logis.h", line 97: Error: log1p is not a member of file level.
     "/home/ripley/R/Lib32/Rcpp/include/Rcpp/stats/logis.h", line 117: Error: log1p is not a member of file level.
     "/home/ripley/R/Lib32/Rcpp/include/Rcpp/stats/logis.h", line 119: Error: log1p is not a member of file level.
     Compilation aborted, too many Error messages.
     make: Fatal error: Command failed for target `gsl.o'
     Current working directory /tmp/RtmptvaG9h/sourceCpp-sparc-sun-solaris2.10-0.12.9/sourcecpp_fec21c03e98
     CC -library=stlport4 -I/home/ripley/R/cc/include -DNDEBUG -I/usr/local/include -I"/home/ripley/R/Lib32/Rcpp/include" -I"/home/ripley/R/Lib32/RcppGSL/include" -I"/home/ripley/R/Lib32/RcppGSL/unitTests/cpp" -I/usr/local/include -KPIC -O -features=tmplrefstatic -features=extensions -c gsl.cpp -o gsl.o
     *** Error code 2
     Error in sourceCpp(file.path(pathRcppTests, "cpp/gsl.cpp")) :
     Error 1 occurred building shared library.
    
    
     Executing test function test.gsl.vector ... "/home/ripley/R/Lib32/Rcpp/include/Rcpp/Interrupt.h", line 60: Warning (Anachronism): Formal argument fun of type extern "C" void(*)(void*) in call to R_ToplevelExec(extern "C" void(*)(void*), void*) is being passed void(*)(void*).
     "/home/ripley/R/Lib32/Rcpp/include/Rcpp/internal/r_coerce.h", line 219: Error: The function "snprintf" must have a prototype.
     "/home/ripley/R/Lib32/Rcpp/include/Rcpp/internal/r_coerce.h", line 220: Error: The function "snprintf" must have a prototype.
     "/home/ripley/R/Lib32/Rcpp/include/Rcpp/internal/r_coerce.h", line 221: Error: The function "snprintf" must have a prototype.
     "/home/ripley/R/Lib32/Rcpp/include/Rcpp/internal/r_coerce.h", line 241: Error: The function "snprintf" must have a prototype.
     "/home/ripley/R/Lib32/Rcpp/include/Rcpp/internal/r_coerce.h", line 249: Error: The function "snprintf" must have a prototype.
     "/home/ripley/R/Lib32/Rcpp/include/Rcpp/String.h", line 90: Warning: enc hides Rcpp::String::enc.
     "/home/ripley/R/Lib32/Rcpp/include/Rcpp/String.h", line 102: Warning: enc hides Rcpp::String::enc.
     "/home/ripley/R/Lib32/Rcpp/include/Rcpp/sugar/functions/math.h", line 50: Error: expm1 is not defined.
     "/home/ripley/R/Lib32/Rcpp/include/Rcpp/sugar/functions/math.h", line 50: Error: expm1 is not defined.
     "/home/ripley/R/Lib32/Rcpp/include/Rcpp/sugar/functions/math.h", line 50: Error: expm1 is not defined.
     "/home/ripley/R/Lib32/Rcpp/include/Rcpp/sugar/functions/math.h", line 51: Error: log1p is not defined.
     "/home/ripley/R/Lib32/Rcpp/include/Rcpp/sugar/functions/math.h", line 51: Error: log1p is not defined.
     "/home/ripley/R/Lib32/Rcpp/include/Rcpp/sugar/functions/math.h", line 51: Error: log1p is not defined.
     "/home/ripley/R/Lib32/Rcpp/include/Rcpp/stats/unif.h", line 76: Error: expm1 is not a member of file level.
     "/home/ripley/R/Lib32/Rcpp/include/Rcpp/stats/unif.h", line 87: Error: expm1 is not a member of file level.
     "/home/ripley/R/Lib32/Rcpp/include/Rcpp/stats/weibull.h", line 62: Error: expm1 is not a member of file level.
     "/home/ripley/R/Lib32/Rcpp/include/Rcpp/stats/weibull.h", line 62: Error: log1p is not a member of file level.
     "/home/ripley/R/Lib32/Rcpp/include/Rcpp/stats/weibull.h", line 63: Error: expm1 is not a member of file level.
     "/home/ripley/R/Lib32/Rcpp/include/Rcpp/stats/weibull.h", line 76: Error: expm1 is not a member of file level.
     "/home/ripley/R/Lib32/Rcpp/include/Rcpp/stats/weibull.h", line 76: Error: log1p is not a member of file level.
     "/home/ripley/R/Lib32/Rcpp/include/Rcpp/stats/weibull.h", line 76: Error: log1p is not a member of file level.
     "/home/ripley/R/Lib32/Rcpp/include/Rcpp/stats/logis.h", line 65: Error: log1p is not a member of file level.
     "/home/ripley/R/Lib32/Rcpp/include/Rcpp/stats/logis.h", line 81: Error: log1p is not a member of file level.
     "/home/ripley/R/Lib32/Rcpp/include/Rcpp/stats/logis.h", line 95: Error: log1p is not a member of file level.
     "/home/ripley/R/Lib32/Rcpp/include/Rcpp/stats/logis.h", line 97: Error: log1p is not a member of file level.
     "/home/ripley/R/Lib32/Rcpp/include/Rcpp/stats/logis.h", line 117: Error: log1p is not a member of file level.
     "/home/ripley/R/Lib32/Rcpp/include/Rcpp/stats/logis.h", line 119: Error: log1p is not a member of file level.
     Compilation aborted, too many Error messages.
     make: Fatal error: Command failed for target `gsl.o'
     Current working directory /tmp/RtmptvaG9h/sourceCpp-sparc-sun-solaris2.10-0.12.9/sourcecpp_fec21c03e98
     CC -library=stlport4 -I/home/ripley/R/cc/include -DNDEBUG -I/usr/local/include -I"/home/ripley/R/Lib32/Rcpp/include" -I"/home/ripley/R/Lib32/RcppGSL/include" -I"/home/ripley/R/Lib32/RcppGSL/unitTests/cpp" -I/usr/local/include -KPIC -O -features=tmplrefstatic -features=extensions -c gsl.cpp -o gsl.o
     *** Error code 2
     Error in sourceCpp(file.path(pathRcppTests, "cpp/gsl.cpp")) :
     Error 1 occurred building shared library.
    
    
     Executing test function test.gsl.vector.input.SEXP ... "/home/ripley/R/Lib32/Rcpp/include/Rcpp/Interrupt.h", line 60: Warning (Anachronism): Formal argument fun of type extern "C" void(*)(void*) in call to R_ToplevelExec(extern "C" void(*)(void*), void*) is being passed void(*)(void*).
     "/home/ripley/R/Lib32/Rcpp/include/Rcpp/internal/r_coerce.h", line 219: Error: The function "snprintf" must have a prototype.
     "/home/ripley/R/Lib32/Rcpp/include/Rcpp/internal/r_coerce.h", line 220: Error: The function "snprintf" must have a prototype.
     "/home/ripley/R/Lib32/Rcpp/include/Rcpp/internal/r_coerce.h", line 221: Error: The function "snprintf" must have a prototype.
     "/home/ripley/R/Lib32/Rcpp/include/Rcpp/internal/r_coerce.h", line 241: Error: The function "snprintf" must have a prototype.
     "/home/ripley/R/Lib32/Rcpp/include/Rcpp/internal/r_coerce.h", line 249: Error: The function "snprintf" must have a prototype.
     "/home/ripley/R/Lib32/Rcpp/include/Rcpp/String.h", line 90: Warning: enc hides Rcpp::String::enc.
     "/home/ripley/R/Lib32/Rcpp/include/Rcpp/String.h", line 102: Warning: enc hides Rcpp::String::enc.
     "/home/ripley/R/Lib32/Rcpp/include/Rcpp/sugar/functions/math.h", line 50: Error: expm1 is not defined.
     "/home/ripley/R/Lib32/Rcpp/include/Rcpp/sugar/functions/math.h", line 50: Error: expm1 is not defined.
     "/home/ripley/R/Lib32/Rcpp/include/Rcpp/sugar/functions/math.h", line 50: Error: expm1 is not defined.
     "/home/ripley/R/Lib32/Rcpp/include/Rcpp/sugar/functions/math.h", line 51: Error: log1p is not defined.
     "/home/ripley/R/Lib32/Rcpp/include/Rcpp/sugar/functions/math.h", line 51: Error: log1p is not defined.
     "/home/ripley/R/Lib32/Rcpp/include/Rcpp/sugar/functions/math.h", line 51: Error: log1p is not defined.
     "/home/ripley/R/Lib32/Rcpp/include/Rcpp/stats/unif.h", line 76: Error: expm1 is not a member of file level.
     "/home/ripley/R/Lib32/Rcpp/include/Rcpp/stats/unif.h", line 87: Error: expm1 is not a member of file level.
     "/home/ripley/R/Lib32/Rcpp/include/Rcpp/stats/weibull.h", line 62: Error: expm1 is not a member of file level.
     "/home/ripley/R/Lib32/Rcpp/include/Rcpp/stats/weibull.h", line 62: Error: log1p is not a member of file level.
     "/home/ripley/R/Lib32/Rcpp/include/Rcpp/stats/weibull.h", line 63: Error: expm1 is not a member of file level.
     "/home/ripley/R/Lib32/Rcpp/include/Rcpp/stats/weibull.h", line 76: Error: expm1 is not a member of file level.
     "/home/ripley/R/Lib32/Rcpp/include/Rcpp/stats/weibull.h", line 76: Error: log1p is not a member of file level.
     "/home/ripley/R/Lib32/Rcpp/include/Rcpp/stats/weibull.h", line 76: Error: log1p is not a member of file level.
     "/home/ripley/R/Lib32/Rcpp/include/Rcpp/stats/logis.h", line 65: Error: log1p is not a member of file level.
     "/home/ripley/R/Lib32/Rcpp/include/Rcpp/stats/logis.h", line 81: Error: log1p is not a member of file level.
     "/home/ripley/R/Lib32/Rcpp/include/Rcpp/stats/logis.h", line 95: Error: log1p is not a member of file level.
     "/home/ripley/R/Lib32/Rcpp/include/Rcpp/stats/logis.h", line 97: Error: log1p is not a member of file level.
     "/home/ripley/R/Lib32/Rcpp/include/Rcpp/stats/logis.h", line 117: Error: log1p is not a member of file level.
     "/home/ripley/R/Lib32/Rcpp/include/Rcpp/stats/logis.h", line 119: Error: log1p is not a member of file level.
     Compilation aborted, too many Error messages.
     make: Fatal error: Command failed for target `gsl.o'
     Current working directory /tmp/RtmptvaG9h/sourceCpp-sparc-sun-solaris2.10-0.12.9/sourcecpp_fec21c03e98
     CC -library=stlport4 -I/home/ripley/R/cc/include -DNDEBUG -I/usr/local/include -I"/home/ripley/R/Lib32/Rcpp/include" -I"/home/ripley/R/Lib32/RcppGSL/include" -I"/home/ripley/R/Lib32/RcppGSL/unitTests/cpp" -I/usr/local/include -KPIC -O -features=tmplrefstatic -features=extensions -c gsl.cpp -o gsl.o
     *** Error code 2
     Error in sourceCpp(file.path(pathRcppTests, "cpp/gsl.cpp")) :
     Error 1 occurred building shared library.
    
    
     Executing test function test.gsl.vector.view ... "/home/ripley/R/Lib32/Rcpp/include/Rcpp/Interrupt.h", line 60: Warning (Anachronism): Formal argument fun of type extern "C" void(*)(void*) in call to R_ToplevelExec(extern "C" void(*)(void*), void*) is being passed void(*)(void*).
     "/home/ripley/R/Lib32/Rcpp/include/Rcpp/internal/r_coerce.h", line 219: Error: The function "snprintf" must have a prototype.
     "/home/ripley/R/Lib32/Rcpp/include/Rcpp/internal/r_coerce.h", line 220: Error: The function "snprintf" must have a prototype.
     "/home/ripley/R/Lib32/Rcpp/include/Rcpp/internal/r_coerce.h", line 221: Error: The function "snprintf" must have a prototype.
     "/home/ripley/R/Lib32/Rcpp/include/Rcpp/internal/r_coerce.h", line 241: Error: The function "snprintf" must have a prototype.
     "/home/ripley/R/Lib32/Rcpp/include/Rcpp/internal/r_coerce.h", line 249: Error: The function "snprintf" must have a prototype.
     "/home/ripley/R/Lib32/Rcpp/include/Rcpp/String.h", line 90: Warning: enc hides Rcpp::String::enc.
     "/home/ripley/R/Lib32/Rcpp/include/Rcpp/String.h", line 102: Warning: enc hides Rcpp::String::enc.
     "/home/ripley/R/Lib32/Rcpp/include/Rcpp/sugar/functions/math.h", line 50: Error: expm1 is not defined.
     "/home/ripley/R/Lib32/Rcpp/include/Rcpp/sugar/functions/math.h", line 50: Error: expm1 is not defined.
     "/home/ripley/R/Lib32/Rcpp/include/Rcpp/sugar/functions/math.h", line 50: Error: expm1 is not defined.
     "/home/ripley/R/Lib32/Rcpp/include/Rcpp/sugar/functions/math.h", line 51: Error: log1p is not defined.
     "/home/ripley/R/Lib32/Rcpp/include/Rcpp/sugar/functions/math.h", line 51: Error: log1p is not defined.
     "/home/ripley/R/Lib32/Rcpp/include/Rcpp/sugar/functions/math.h", line 51: Error: log1p is not defined.
     "/home/ripley/R/Lib32/Rcpp/include/Rcpp/stats/unif.h", line 76: Error: expm1 is not a member of file level.
     "/home/ripley/R/Lib32/Rcpp/include/Rcpp/stats/unif.h", line 87: Error: expm1 is not a member of file level.
     "/home/ripley/R/Lib32/Rcpp/include/Rcpp/stats/weibull.h", line 62: Error: expm1 is not a member of file level.
     "/home/ripley/R/Lib32/Rcpp/include/Rcpp/stats/weibull.h", line 62: Error: log1p is not a member of file level.
     "/home/ripley/R/Lib32/Rcpp/include/Rcpp/stats/weibull.h", line 63: Error: expm1 is not a member of file level.
     "/home/ripley/R/Lib32/Rcpp/include/Rcpp/stats/weibull.h", line 76: Error: expm1 is not a member of file level.
     "/home/ripley/R/Lib32/Rcpp/include/Rcpp/stats/weibull.h", line 76: Error: log1p is not a member of file level.
     "/home/ripley/R/Lib32/Rcpp/include/Rcpp/stats/weibull.h", line 76: Error: log1p is not a member of file level.
     "/home/ripley/R/Lib32/Rcpp/include/Rcpp/stats/logis.h", line 65: Error: log1p is not a member of file level.
     "/home/ripley/R/Lib32/Rcpp/include/Rcpp/stats/logis.h", line 81: Error: log1p is not a member of file level.
     "/home/ripley/R/Lib32/Rcpp/include/Rcpp/stats/logis.h", line 95: Error: log1p is not a member of file level.
     "/home/ripley/R/Lib32/Rcpp/include/Rcpp/stats/logis.h", line 97: Error: log1p is not a member of file level.
     "/home/ripley/R/Lib32/Rcpp/include/Rcpp/stats/logis.h", line 117: Error: log1p is not a member of file level.
     "/home/ripley/R/Lib32/Rcpp/include/Rcpp/stats/logis.h", line 119: Error: log1p is not a member of file level.
     Compilation aborted, too many Error messages.
     make: Fatal error: Command failed for target `gsl.o'
     Current working directory /tmp/RtmptvaG9h/sourceCpp-sparc-sun-solaris2.10-0.12.9/sourcecpp_fec21c03e98
     CC -library=stlport4 -I/home/ripley/R/cc/include -DNDEBUG -I/usr/local/include -I"/home/ripley/R/Lib32/Rcpp/include" -I"/home/ripley/R/Lib32/RcppGSL/include" -I"/home/ripley/R/Lib32/RcppGSL/unitTests/cpp" -I/usr/local/include -KPIC -O -features=tmplrefstatic -features=extensions -c gsl.cpp -o gsl.o
     *** Error code 2
     Error in sourceCpp(file.path(pathRcppTests, "cpp/gsl.cpp")) :
     Error 1 occurred building shared library.
    
    
     Executing test function test.gsl.vector.wrappers ... "/home/ripley/R/Lib32/Rcpp/include/Rcpp/Interrupt.h", line 60: Warning (Anachronism): Formal argument fun of type extern "C" void(*)(void*) in call to R_ToplevelExec(extern "C" void(*)(void*), void*) is being passed void(*)(void*).
     "/home/ripley/R/Lib32/Rcpp/include/Rcpp/internal/r_coerce.h", line 219: Error: The function "snprintf" must have a prototype.
     "/home/ripley/R/Lib32/Rcpp/include/Rcpp/internal/r_coerce.h", line 220: Error: The function "snprintf" must have a prototype.
     "/home/ripley/R/Lib32/Rcpp/include/Rcpp/internal/r_coerce.h", line 221: Error: The function "snprintf" must have a prototype.
     "/home/ripley/R/Lib32/Rcpp/include/Rcpp/internal/r_coerce.h", line 241: Error: The function "snprintf" must have a prototype.
     "/home/ripley/R/Lib32/Rcpp/include/Rcpp/internal/r_coerce.h", line 249: Error: The function "snprintf" must have a prototype.
     "/home/ripley/R/Lib32/Rcpp/include/Rcpp/String.h", line 90: Warning: enc hides Rcpp::String::enc.
     "/home/ripley/R/Lib32/Rcpp/include/Rcpp/String.h", line 102: Warning: enc hides Rcpp::String::enc.
     "/home/ripley/R/Lib32/Rcpp/include/Rcpp/sugar/functions/math.h", line 50: Error: expm1 is not defined.
     "/home/ripley/R/Lib32/Rcpp/include/Rcpp/sugar/functions/math.h", line 50: Error: expm1 is not defined.
     "/home/ripley/R/Lib32/Rcpp/include/Rcpp/sugar/functions/math.h", line 50: Error: expm1 is not defined.
     "/home/ripley/R/Lib32/Rcpp/include/Rcpp/sugar/functions/math.h", line 51: Error: log1p is not defined.
     "/home/ripley/R/Lib32/Rcpp/include/Rcpp/sugar/functions/math.h", line 51: Error: log1p is not defined.
     "/home/ripley/R/Lib32/Rcpp/include/Rcpp/sugar/functions/math.h", line 51: Error: log1p is not defined.
     "/home/ripley/R/Lib32/Rcpp/include/Rcpp/stats/unif.h", line 76: Error: expm1 is not a member of file level.
     "/home/ripley/R/Lib32/Rcpp/include/Rcpp/stats/unif.h", line 87: Error: expm1 is not a member of file level.
     "/home/ripley/R/Lib32/Rcpp/include/Rcpp/stats/weibull.h", line 62: Error: expm1 is not a member of file level.
     "/home/ripley/R/Lib32/Rcpp/include/Rcpp/stats/weibull.h", line 62: Error: log1p is not a member of file level.
     "/home/ripley/R/Lib32/Rcpp/include/Rcpp/stats/weibull.h", line 63: Error: expm1 is not a member of file level.
     "/home/ripley/R/Lib32/Rcpp/include/Rcpp/stats/weibull.h", line 76: Error: expm1 is not a member of file level.
     "/home/ripley/R/Lib32/Rcpp/include/Rcpp/stats/weibull.h", line 76: Error: log1p is not a member of file level.
     "/home/ripley/R/Lib32/Rcpp/include/Rcpp/stats/weibull.h", line 76: Error: log1p is not a member of file level.
     "/home/ripley/R/Lib32/Rcpp/include/Rcpp/stats/logis.h", line 65: Error: log1p is not a member of file level.
     "/home/ripley/R/Lib32/Rcpp/include/Rcpp/stats/logis.h", line 81: Error: log1p is not a member of file level.
     "/home/ripley/R/Lib32/Rcpp/include/Rcpp/stats/logis.h", line 95: Error: log1p is not a member of file level.
     "/home/ripley/R/Lib32/Rcpp/include/Rcpp/stats/logis.h", line 97: Error: log1p is not a member of file level.
     "/home/ripley/R/Lib32/Rcpp/include/Rcpp/stats/logis.h", line 117: Error: log1p is not a member of file level.
     "/home/ripley/R/Lib32/Rcpp/include/Rcpp/stats/logis.h", line 119: Error: log1p is not a member of file level.
     Compilation aborted, too many Error messages.
     make: Fatal error: Command failed for target `gsl.o'
     Current working directory /tmp/RtmptvaG9h/sourceCpp-sparc-sun-solaris2.10-0.12.9/sourcecpp_fec21c03e98
     CC -library=stlport4 -I/home/ripley/R/cc/include -DNDEBUG -I/usr/local/include -I"/home/ripley/R/Lib32/Rcpp/include" -I"/home/ripley/R/Lib32/RcppGSL/include" -I"/home/ripley/R/Lib32/RcppGSL/unitTests/cpp" -I/usr/local/include -KPIC -O -features=tmplrefstatic -features=extensions -c gsl.cpp -o gsl.o
     *** Error code 2
     Error in sourceCpp(file.path(pathRcppTests, "cpp/gsl.cpp")) :
     Error 1 occurred building shared library.
     >
     > ## Print results
     > printTextProtocol(tests)
     RUNIT TEST PROTOCOL -- Sat Mar 11 03:19:58 2017
     ***********************************************
     Number of test functions: 19
     Number of errors: 15
     Number of failures: 0
    
    
     1 Test Suite :
     RcppGSL Unit Tests - 19 test functions, 15 errors, 0 failures
     ERROR in test.client.package: Error in colNorm(m) : could not find function "colNorm"
     ERROR in .setUp (before test.gsl.RcppGSL.matrix.indexing): Error executing .setUp before test.gsl.RcppGSL.matrix.indexing : Error in sourceCpp(file.path(pathRcppTests, "cpp/gsl.cpp")) :
     Error 1 occurred building shared library.
     ERROR in .setUp (before test.gsl.RcppGSL.matrix.view.indexing): Error executing .setUp before test.gsl.RcppGSL.matrix.view.indexing : Error in sourceCpp(file.path(pathRcppTests, "cpp/gsl.cpp")) :
     Error 1 occurred building shared library.
     ERROR in .setUp (before test.gsl.RcppGSL.vector): Error executing .setUp before test.gsl.RcppGSL.vector : Error in sourceCpp(file.path(pathRcppTests, "cpp/gsl.cpp")) :
     Error 1 occurred building shared library.
     ERROR in .setUp (before test.gsl.RcppGSL.vector.indexing): Error executing .setUp before test.gsl.RcppGSL.vector.indexing : Error in sourceCpp(file.path(pathRcppTests, "cpp/gsl.cpp")) :
     Error 1 occurred building shared library.
     ERROR in .setUp (before test.gsl.RcppGSL.vector.iterating): Error executing .setUp before test.gsl.RcppGSL.vector.iterating : Error in sourceCpp(file.path(pathRcppTests, "cpp/gsl.cpp")) :
     Error 1 occurred building shared library.
     ERROR in .setUp (before test.gsl.RcppGSL.vector.iterator.transform): Error executing .setUp before test.gsl.RcppGSL.vector.iterator.transform : Error in sourceCpp(file.path(pathRcppTests, "cpp/gsl.cpp")) :
     Error 1 occurred building shared library.
     ERROR in .setUp (before test.gsl.RcppGSL.vector.view.iterating): Error executing .setUp before test.gsl.RcppGSL.vector.view.iterating : Error in sourceCpp(file.path(pathRcppTests, "cpp/gsl.cpp")) :
     Error 1 occurred building shared library.
     ERROR in .setUp (before test.gsl.matrix): Error executing .setUp before test.gsl.matrix : Error in sourceCpp(file.path(pathRcppTests, "cpp/gsl.cpp")) :
     Error 1 occurred building shared library.
     ERROR in .setUp (before test.gsl.matrix.input.SEXP): Error executing .setUp before test.gsl.matrix.input.SEXP : Error in sourceCpp(file.path(pathRcppTests, "cpp/gsl.cpp")) :
     Error 1 occurred building shared library.
     ERROR in .setUp (before test.gsl.matrix.view): Error executing .setUp before test.gsl.matrix.view : Error in sourceCpp(file.path(pathRcppTests, "cpp/gsl.cpp")) :
     Error 1 occurred building shared library.
     ERROR in .setUp (before test.gsl.vector): Error executing .setUp before test.gsl.vector : Error in sourceCpp(file.path(pathRcppTests, "cpp/gsl.cpp")) :
     Error 1 occurred building shared library.
     ERROR in .setUp (before test.gsl.vector.input.SEXP): Error executing .setUp before test.gsl.vector.input.SEXP : Error in sourceCpp(file.path(pathRcppTests, "cpp/gsl.cpp")) :
     Error 1 occurred building shared library.
     ERROR in .setUp (before test.gsl.vector.view): Error executing .setUp before test.gsl.vector.view : Error in sourceCpp(file.path(pathRcppTests, "cpp/gsl.cpp")) :
     Error 1 occurred building shared library.
     ERROR in .setUp (before test.gsl.vector.wrappers): Error executing .setUp before test.gsl.vector.wrappers : Error in sourceCpp(file.path(pathRcppTests, "cpp/gsl.cpp")) :
     Error 1 occurred building shared library.
    
    
    
     Details
     ***************************
     Test Suite: RcppGSL Unit Tests
     Test function regexp: ^[Tt]est.+
     Test file regexp: ^runit.+\.[rR]$
     Involved directory:
     /home/ripley/R/Lib32/RcppGSL/unitTests
     ---------------------------
     Test file: /home/ripley/R/Lib32/RcppGSL/unitTests/runit.client.package.R
     test.client.package: ERROR !!
     Error in colNorm(m) : could not find function "colNorm"
     ---------------------------
     Test file: /home/ripley/R/Lib32/RcppGSL/unitTests/runit.fastLm.R
     test.fastLm: (3 checks) ... OK (0.22 seconds)
     test.fastLm.default: (5 checks) ... OK (0.03 seconds)
     test.fastLm.formula: (5 checks) ... OK (0.18 seconds)
     test.summary.fastLm: (12 checks) ... OK (0.4 seconds)
     ---------------------------
     Test file: /home/ripley/R/Lib32/RcppGSL/unitTests/runit.gsl.R
     .setUp (before test.gsl.RcppGSL.matrix.indexing): ERROR !!
     Error executing .setUp before test.gsl.RcppGSL.matrix.indexing : Error in sourceCpp(file.path(pathRcppTests, "cpp/gsl.cpp")) :
     Error 1 occurred building shared library.
     .setUp (before test.gsl.RcppGSL.matrix.view.indexing): ERROR !!
     Error executing .setUp before test.gsl.RcppGSL.matrix.view.indexing : Error in sourceCpp(file.path(pathRcppTests, "cpp/gsl.cpp")) :
     Error 1 occurred building shared library.
     .setUp (before test.gsl.RcppGSL.vector): ERROR !!
     Error executing .setUp before test.gsl.RcppGSL.vector : Error in sourceCpp(file.path(pathRcppTests, "cpp/gsl.cpp")) :
     Error 1 occurred building shared library.
     .setUp (before test.gsl.RcppGSL.vector.indexing): ERROR !!
     Error executing .setUp before test.gsl.RcppGSL.vector.indexing : Error in sourceCpp(file.path(pathRcppTests, "cpp/gsl.cpp")) :
     Error 1 occurred building shared library.
     .setUp (before test.gsl.RcppGSL.vector.iterating): ERROR !!
     Error executing .setUp before test.gsl.RcppGSL.vector.iterating : Error in sourceCpp(file.path(pathRcppTests, "cpp/gsl.cpp")) :
     Error 1 occurred building shared library.
     .setUp (before test.gsl.RcppGSL.vector.iterator.transform): ERROR !!
     Error executing .setUp before test.gsl.RcppGSL.vector.iterator.transform : Error in sourceCpp(file.path(pathRcppTests, "cpp/gsl.cpp")) :
     Error 1 occurred building shared library.
     .setUp (before test.gsl.RcppGSL.vector.view.iterating): ERROR !!
     Error executing .setUp before test.gsl.RcppGSL.vector.view.iterating : Error in sourceCpp(file.path(pathRcppTests, "cpp/gsl.cpp")) :
     Error 1 occurred building shared library.
     .setUp (before test.gsl.matrix): ERROR !!
     Error executing .setUp before test.gsl.matrix : Error in sourceCpp(file.path(pathRcppTests, "cpp/gsl.cpp")) :
     Error 1 occurred building shared library.
     .setUp (before test.gsl.matrix.input.SEXP): ERROR !!
     Error executing .setUp before test.gsl.matrix.input.SEXP : Error in sourceCpp(file.path(pathRcppTests, "cpp/gsl.cpp")) :
     Error 1 occurred building shared library.
     .setUp (before test.gsl.matrix.view): ERROR !!
     Error executing .setUp before test.gsl.matrix.view : Error in sourceCpp(file.path(pathRcppTests, "cpp/gsl.cpp")) :
     Error 1 occurred building shared library.
     .setUp (before test.gsl.vector): ERROR !!
     Error executing .setUp before test.gsl.vector : Error in sourceCpp(file.path(pathRcppTests, "cpp/gsl.cpp")) :
     Error 1 occurred building shared library.
     .setUp (before test.gsl.vector.input.SEXP): ERROR !!
     Error executing .setUp before test.gsl.vector.input.SEXP : Error in sourceCpp(file.path(pathRcppTests, "cpp/gsl.cpp")) :
     Error 1 occurred building shared library.
     .setUp (before test.gsl.vector.view): ERROR !!
     Error executing .setUp before test.gsl.vector.view : Error in sourceCpp(file.path(pathRcppTests, "cpp/gsl.cpp")) :
     Error 1 occurred building shared library.
     .setUp (before test.gsl.vector.wrappers): ERROR !!
     Error executing .setUp before test.gsl.vector.wrappers : Error in sourceCpp(file.path(pathRcppTests, "cpp/gsl.cpp")) :
     Error 1 occurred building shared library.
     >
     > ## Return success or failure to R CMD CHECK
     > if (getErrors(tests)$nFail > 0) {
     + stop("TEST FAILED!")
     + }
     > if (getErrors(tests)$nErr > 0) {
     + stop("TEST HAD ERRORS!")
     + }
     Error: TEST HAD ERRORS!
     Execution halted
Flavor: r-patched-solaris-sparc

Version: 0.3.2
Check: re-building of vignette outputs
Result: WARN
    Error in re-building vignettes:
     ...
    Loading required package: inline
    "/home/ripley/R/Lib32/Rcpp/include/Rcpp/Interrupt.h", line 60: Warning (Anachronism): Formal argument fun of type extern "C" void(*)(void*) in call to R_ToplevelExec(extern "C" void(*)(void*), void*) is being passed void(*)(void*).
    "/home/ripley/R/Lib32/Rcpp/include/Rcpp/internal/r_coerce.h", line 219: Error: The function "snprintf" must have a prototype.
    "/home/ripley/R/Lib32/Rcpp/include/Rcpp/internal/r_coerce.h", line 220: Error: The function "snprintf" must have a prototype.
    "/home/ripley/R/Lib32/Rcpp/include/Rcpp/internal/r_coerce.h", line 221: Error: The function "snprintf" must have a prototype.
    "/home/ripley/R/Lib32/Rcpp/include/Rcpp/internal/r_coerce.h", line 241: Error: The function "snprintf" must have a prototype.
    "/home/ripley/R/Lib32/Rcpp/include/Rcpp/internal/r_coerce.h", line 249: Error: The function "snprintf" must have a prototype.
    "/home/ripley/R/Lib32/Rcpp/include/Rcpp/String.h", line 90: Warning: enc hides Rcpp::String::enc.
    "/home/ripley/R/Lib32/Rcpp/include/Rcpp/String.h", line 102: Warning: enc hides Rcpp::String::enc.
    "/home/ripley/R/Lib32/Rcpp/include/Rcpp/sugar/functions/math.h", line 50: Error: expm1 is not defined.
    "/home/ripley/R/Lib32/Rcpp/include/Rcpp/sugar/functions/math.h", line 50: Error: expm1 is not defined.
    "/home/ripley/R/Lib32/Rcpp/include/Rcpp/sugar/functions/math.h", line 50: Error: expm1 is not defined.
    "/home/ripley/R/Lib32/Rcpp/include/Rcpp/sugar/functions/math.h", line 51: Error: log1p is not defined.
    "/home/ripley/R/Lib32/Rcpp/include/Rcpp/sugar/functions/math.h", line 51: Error: log1p is not defined.
    "/home/ripley/R/Lib32/Rcpp/include/Rcpp/sugar/functions/math.h", line 51: Error: log1p is not defined.
    "/home/ripley/R/Lib32/Rcpp/include/Rcpp/stats/unif.h", line 76: Error: expm1 is not a member of file level.
    "/home/ripley/R/Lib32/Rcpp/include/Rcpp/stats/unif.h", line 87: Error: expm1 is not a member of file level.
    "/home/ripley/R/Lib32/Rcpp/include/Rcpp/stats/weibull.h", line 62: Error: expm1 is not a member of file level.
    "/home/ripley/R/Lib32/Rcpp/include/Rcpp/stats/weibull.h", line 62: Error: log1p is not a member of file level.
    "/home/ripley/R/Lib32/Rcpp/include/Rcpp/stats/weibull.h", line 63: Error: expm1 is not a member of file level.
    "/home/ripley/R/Lib32/Rcpp/include/Rcpp/stats/weibull.h", line 76: Error: expm1 is not a member of file level.
    "/home/ripley/R/Lib32/Rcpp/include/Rcpp/stats/weibull.h", line 76: Error: log1p is not a member of file level.
    "/home/ripley/R/Lib32/Rcpp/include/Rcpp/stats/weibull.h", line 76: Error: log1p is not a member of file level.
    "/home/ripley/R/Lib32/Rcpp/include/Rcpp/stats/logis.h", line 65: Error: log1p is not a member of file level.
    "/home/ripley/R/Lib32/Rcpp/include/Rcpp/stats/logis.h", line 81: Error: log1p is not a member of file level.
    "/home/ripley/R/Lib32/Rcpp/include/Rcpp/stats/logis.h", line 95: Error: log1p is not a member of file level.
    "/home/ripley/R/Lib32/Rcpp/include/Rcpp/stats/logis.h", line 97: Error: log1p is not a member of file level.
    "/home/ripley/R/Lib32/Rcpp/include/Rcpp/stats/logis.h", line 117: Error: log1p is not a member of file level.
    "/home/ripley/R/Lib32/Rcpp/include/Rcpp/stats/logis.h", line 119: Error: log1p is not a member of file level.
    Compilation aborted, too many Error messages.
    make: Fatal error: Command failed for target `file2ef86e7152bc.o'
    Current working directory /tmp/RtmpGaaaFx/sourceCpp-sparc-sun-solaris2.10-0.12.9/sourcecpp_2ef863af7917
    
    Error: processing vignette 'RcppGSL-intro.Rnw' failed with diagnostics:
     chunk 7 (label = inlineex1)
    Error in sourceCpp(code = code, env = env, rebuild = rebuild, cacheDir = cacheDir, :
     Error 1 occurred building shared library.
    Execution halted
Flavor: r-patched-solaris-sparc

Version: 0.3.2
Flags: --no-stop-on-test-error
Check: tests
Result: ERROR
     Running ‘doRUnit.R’ [95s/117s]
    Running the tests in ‘tests/doRUnit.R’ failed.
    Complete output:
     > ## doRUnit.R --- Run RUnit tests
     > ##
     > ## with credits to package fUtilities in RMetrics
     > ## which credits Gregor Gojanc's example in CRAN package 'gdata'
     > ## as per the (now deceased) R Wiki http://wiki.r-project.org/rwiki/doku.php?id=developers:runit
     > ## and changed further by Martin Maechler
     > ## and usage across several Rcpp* package
     > ## and more changes by Murray Stokely in HistogramTools
     > ##
     > ## Dirk Eddelbuettel, 2010 - 2016
     >
     > stopifnot(require("RUnit", quietly=TRUE))
     > stopifnot(require("RcppGSL", quietly=TRUE))
     >
     > ## Set a seed to make the test deterministic
     > set.seed(42)
     >
     > ## Define tests
     > testSuite <- defineTestSuite(name="RcppGSL Unit Tests",
     + dirs=system.file("unitTests", package = "RcppGSL"),
     + testFuncRegexp = "^[Tt]est.+")
     >
     > ## without this, we get (or used to get) unit test failures
     > Sys.setenv("R_TESTS"="")
     >
     > ## Run tests
     > tests <- runTestSuite(testSuite)
    
    
     Executing test function test.client.package ... * checking for file ‘RcppGSLExample/DESCRIPTION’ ... OK
     * preparing ‘RcppGSLExample’:
     * checking DESCRIPTION meta-information ... OK
     * cleaning src
     * checking for LF line-endings in source and make files
     * checking for empty or unneeded directories
     * building ‘RcppGSLExample_0.0.3.tar.gz’
    
     * installing *source* package ‘RcppGSLExample’ ...
     checking for gsl-config... /usr/local/bin/gsl-config
     configure: creating ./config.status
     config.status: creating src/Makevars
     ** libs
     /opt/csw//bin/g++ -I/home/ripley/R/gcc/include -DNDEBUG -I/usr/local/include -I"/tmp/RtmpWhaq5z/RLIBS_33ca71524c3a/Rcpp/include" -I"/tmp/RtmpWhaq5z/RLIBS_33ca71524c3a/RcppGSL/include" -I/opt/csw/include -I/usr/local/include -fPIC -O2 -c RcppExports.cpp -o RcppExports.o
     /opt/csw//bin/g++ -I/home/ripley/R/gcc/include -DNDEBUG -I/usr/local/include -I"/tmp/RtmpWhaq5z/RLIBS_33ca71524c3a/Rcpp/include" -I"/tmp/RtmpWhaq5z/RLIBS_33ca71524c3a/RcppGSL/include" -I/opt/csw/include -I/usr/local/include -fPIC -O2 -c colNorm.cpp -o colNorm.o
     /opt/csw//bin/g++ -shared -L/usr/local/lib -L/opt/csw/lib -o RcppGSLExample.so RcppExports.o colNorm.o -L/usr/local/lib -lgsl -lgslcblas -lm
     installing to /tmp/RtmpJ3aOiF/file3e45518261f1/templib/RcppGSLExample/libs
     ** R
     ** preparing package for lazy loading
     ** help
     *** installing help indices
     ** building package indices
     ** testing if installed package can be loaded
     * DONE (RcppGSLExample)
     Loading required package: Rcpp
    
     Attaching package: 'Rcpp'
    
     The following object is masked from 'package:RcppGSL':
    
     LdFlags
    
     Loading required package: RcppGSLExample
     done successfully.
    
    
    
     Executing test function test.fastLm ... done successfully.
    
    
    
     Executing test function test.fastLm.default ... done successfully.
    
    
    
     Executing test function test.fastLm.formula ... done successfully.
    
    
    
     Executing test function test.summary.fastLm ... done successfully.
    
    
    
     Executing test function test.gsl.RcppGSL.matrix.indexing ... gsl.cpp: In function ‘Rcpp::NumericVector test_gsl_vector_iterator_transform(Rcpp::NumericVector)’:
     gsl.cpp:293:63: error: no matching function for call to ‘transform(RcppGSL::vector<double>::iterator, RcppGSL::vector<double>::iterator, Rcpp::Vector<14, Rcpp::PreserveStorage>::iterator, <unresolved overloaded function type>)’
     std::transform(vec.begin(), vec.end(), res.begin(), ::sqrt);
     ^
     In file included from /opt/csw/include/c++/5.2.0/algorithm:62:0,
     from /home/ripley/R/Lib32/Rcpp/include/RcppCommon.h:63,
     from /home/ripley/R/Lib32/RcppGSL/include/RcppGSLForward.h:25,
     from /home/ripley/R/Lib32/RcppGSL/include/RcppGSL.h:25,
     from gsl.cpp:22:
     /opt/csw/include/c++/5.2.0/bits/stl_algo.h:4164:5: note: candidate: template<class _IIter, class _OIter, class _UnaryOperation> _OIter std::transform(_IIter, _IIter, _OIter, _UnaryOperation)
     transform(_InputIterator __first, _InputIterator __last,
     ^
     /opt/csw/include/c++/5.2.0/bits/stl_algo.h:4164:5: note: template argument deduction/substitution failed:
     gsl.cpp:293:63: note: couldn't deduce template parameter ‘_UnaryOperation’
     std::transform(vec.begin(), vec.end(), res.begin(), ::sqrt);
     ^
     In file included from /opt/csw/include/c++/5.2.0/algorithm:62:0,
     from /home/ripley/R/Lib32/Rcpp/include/RcppCommon.h:63,
     from /home/ripley/R/Lib32/RcppGSL/include/RcppGSLForward.h:25,
     from /home/ripley/R/Lib32/RcppGSL/include/RcppGSL.h:25,
     from gsl.cpp:22:
     /opt/csw/include/c++/5.2.0/bits/stl_algo.h:4201:5: note: candidate: template<class _IIter1, class _IIter2, class _OIter, class _BinaryOperation> _OIter std::transform(_IIter1, _IIter1, _IIter2, _OIter, _BinaryOperation)
     transform(_InputIterator1 __first1, _InputIterator1 __last1,
     ^
     /opt/csw/include/c++/5.2.0/bits/stl_algo.h:4201:5: note: template argument deduction/substitution failed:
     gsl.cpp:293:63: note: candidate expects 5 arguments, 4 provided
     std::transform(vec.begin(), vec.end(), res.begin(), ::sqrt);
     ^
     make: Fatal error: Command failed for target `gsl.o'
     Current working directory /tmp/RtmpJ3aOiF/sourceCpp-i386-pc-solaris2.10-0.12.11/sourcecpp_3e454c9f492e
     /opt/csw//bin/g++ -I/home/ripley/R/gcc/include -DNDEBUG -I/usr/local/include -I"/home/ripley/R/Lib32/Rcpp/include" -I"/home/ripley/R/Lib32/RcppGSL/include" -I"/home/ripley/R/Lib32/RcppGSL/unitTests/cpp" -I/opt/csw/include -I/usr/local/include -fPIC -O2 -c gsl.cpp -o gsl.o
     *** Error code 1
     Error in sourceCpp(file.path(pathRcppTests, "cpp/gsl.cpp")) :
     Error 1 occurred building shared library.
    
    
     Executing test function test.gsl.RcppGSL.matrix.view.indexing ... gsl.cpp: In function ‘Rcpp::NumericVector test_gsl_vector_iterator_transform(Rcpp::NumericVector)’:
     gsl.cpp:293:63: error: no matching function for call to ‘transform(RcppGSL::vector<double>::iterator, RcppGSL::vector<double>::iterator, Rcpp::Vector<14, Rcpp::PreserveStorage>::iterator, <unresolved overloaded function type>)’
     std::transform(vec.begin(), vec.end(), res.begin(), ::sqrt);
     ^
     In file included from /opt/csw/include/c++/5.2.0/algorithm:62:0,
     from /home/ripley/R/Lib32/Rcpp/include/RcppCommon.h:63,
     from /home/ripley/R/Lib32/RcppGSL/include/RcppGSLForward.h:25,
     from /home/ripley/R/Lib32/RcppGSL/include/RcppGSL.h:25,
     from gsl.cpp:22:
     /opt/csw/include/c++/5.2.0/bits/stl_algo.h:4164:5: note: candidate: template<class _IIter, class _OIter, class _UnaryOperation> _OIter std::transform(_IIter, _IIter, _OIter, _UnaryOperation)
     transform(_InputIterator __first, _InputIterator __last,
     ^
     /opt/csw/include/c++/5.2.0/bits/stl_algo.h:4164:5: note: template argument deduction/substitution failed:
     gsl.cpp:293:63: note: couldn't deduce template parameter ‘_UnaryOperation’
     std::transform(vec.begin(), vec.end(), res.begin(), ::sqrt);
     ^
     In file included from /opt/csw/include/c++/5.2.0/algorithm:62:0,
     from /home/ripley/R/Lib32/Rcpp/include/RcppCommon.h:63,
     from /home/ripley/R/Lib32/RcppGSL/include/RcppGSLForward.h:25,
     from /home/ripley/R/Lib32/RcppGSL/include/RcppGSL.h:25,
     from gsl.cpp:22:
     /opt/csw/include/c++/5.2.0/bits/stl_algo.h:4201:5: note: candidate: template<class _IIter1, class _IIter2, class _OIter, class _BinaryOperation> _OIter std::transform(_IIter1, _IIter1, _IIter2, _OIter, _BinaryOperation)
     transform(_InputIterator1 __first1, _InputIterator1 __last1,
     ^
     /opt/csw/include/c++/5.2.0/bits/stl_algo.h:4201:5: note: template argument deduction/substitution failed:
     gsl.cpp:293:63: note: candidate expects 5 arguments, 4 provided
     std::transform(vec.begin(), vec.end(), res.begin(), ::sqrt);
     ^
     make: Fatal error: Command failed for target `gsl.o'
     Current working directory /tmp/RtmpJ3aOiF/sourceCpp-i386-pc-solaris2.10-0.12.11/sourcecpp_3e454c9f492e
     /opt/csw//bin/g++ -I/home/ripley/R/gcc/include -DNDEBUG -I/usr/local/include -I"/home/ripley/R/Lib32/Rcpp/include" -I"/home/ripley/R/Lib32/RcppGSL/include" -I"/home/ripley/R/Lib32/RcppGSL/unitTests/cpp" -I/opt/csw/include -I/usr/local/include -fPIC -O2 -c gsl.cpp -o gsl.o
     *** Error code 1
     Error in sourceCpp(file.path(pathRcppTests, "cpp/gsl.cpp")) :
     Error 1 occurred building shared library.
    
    
     Executing test function test.gsl.RcppGSL.vector ... gsl.cpp: In function ‘Rcpp::NumericVector test_gsl_vector_iterator_transform(Rcpp::NumericVector)’:
     gsl.cpp:293:63: error: no matching function for call to ‘transform(RcppGSL::vector<double>::iterator, RcppGSL::vector<double>::iterator, Rcpp::Vector<14, Rcpp::PreserveStorage>::iterator, <unresolved overloaded function type>)’
     std::transform(vec.begin(), vec.end(), res.begin(), ::sqrt);
     ^
     In file included from /opt/csw/include/c++/5.2.0/algorithm:62:0,
     from /home/ripley/R/Lib32/Rcpp/include/RcppCommon.h:63,
     from /home/ripley/R/Lib32/RcppGSL/include/RcppGSLForward.h:25,
     from /home/ripley/R/Lib32/RcppGSL/include/RcppGSL.h:25,
     from gsl.cpp:22:
     /opt/csw/include/c++/5.2.0/bits/stl_algo.h:4164:5: note: candidate: template<class _IIter, class _OIter, class _UnaryOperation> _OIter std::transform(_IIter, _IIter, _OIter, _UnaryOperation)
     transform(_InputIterator __first, _InputIterator __last,
     ^
     /opt/csw/include/c++/5.2.0/bits/stl_algo.h:4164:5: note: template argument deduction/substitution failed:
     gsl.cpp:293:63: note: couldn't deduce template parameter ‘_UnaryOperation’
     std::transform(vec.begin(), vec.end(), res.begin(), ::sqrt);
     ^
     In file included from /opt/csw/include/c++/5.2.0/algorithm:62:0,
     from /home/ripley/R/Lib32/Rcpp/include/RcppCommon.h:63,
     from /home/ripley/R/Lib32/RcppGSL/include/RcppGSLForward.h:25,
     from /home/ripley/R/Lib32/RcppGSL/include/RcppGSL.h:25,
     from gsl.cpp:22:
     /opt/csw/include/c++/5.2.0/bits/stl_algo.h:4201:5: note: candidate: template<class _IIter1, class _IIter2, class _OIter, class _BinaryOperation> _OIter std::transform(_IIter1, _IIter1, _IIter2, _OIter, _BinaryOperation)
     transform(_InputIterator1 __first1, _InputIterator1 __last1,
     ^
     /opt/csw/include/c++/5.2.0/bits/stl_algo.h:4201:5: note: template argument deduction/substitution failed:
     gsl.cpp:293:63: note: candidate expects 5 arguments, 4 provided
     std::transform(vec.begin(), vec.end(), res.begin(), ::sqrt);
     ^
     make: Fatal error: Command failed for target `gsl.o'
     Current working directory /tmp/RtmpJ3aOiF/sourceCpp-i386-pc-solaris2.10-0.12.11/sourcecpp_3e454c9f492e
     /opt/csw//bin/g++ -I/home/ripley/R/gcc/include -DNDEBUG -I/usr/local/include -I"/home/ripley/R/Lib32/Rcpp/include" -I"/home/ripley/R/Lib32/RcppGSL/include" -I"/home/ripley/R/Lib32/RcppGSL/unitTests/cpp" -I/opt/csw/include -I/usr/local/include -fPIC -O2 -c gsl.cpp -o gsl.o
     *** Error code 1
     Error in sourceCpp(file.path(pathRcppTests, "cpp/gsl.cpp")) :
     Error 1 occurred building shared library.
    
    
     Executing test function test.gsl.RcppGSL.vector.indexing ... gsl.cpp: In function ‘Rcpp::NumericVector test_gsl_vector_iterator_transform(Rcpp::NumericVector)’:
     gsl.cpp:293:63: error: no matching function for call to ‘transform(RcppGSL::vector<double>::iterator, RcppGSL::vector<double>::iterator, Rcpp::Vector<14, Rcpp::PreserveStorage>::iterator, <unresolved overloaded function type>)’
     std::transform(vec.begin(), vec.end(), res.begin(), ::sqrt);
     ^
     In file included from /opt/csw/include/c++/5.2.0/algorithm:62:0,
     from /home/ripley/R/Lib32/Rcpp/include/RcppCommon.h:63,
     from /home/ripley/R/Lib32/RcppGSL/include/RcppGSLForward.h:25,
     from /home/ripley/R/Lib32/RcppGSL/include/RcppGSL.h:25,
     from gsl.cpp:22:
     /opt/csw/include/c++/5.2.0/bits/stl_algo.h:4164:5: note: candidate: template<class _IIter, class _OIter, class _UnaryOperation> _OIter std::transform(_IIter, _IIter, _OIter, _UnaryOperation)
     transform(_InputIterator __first, _InputIterator __last,
     ^
     /opt/csw/include/c++/5.2.0/bits/stl_algo.h:4164:5: note: template argument deduction/substitution failed:
     gsl.cpp:293:63: note: couldn't deduce template parameter ‘_UnaryOperation’
     std::transform(vec.begin(), vec.end(), res.begin(), ::sqrt);
     ^
     In file included from /opt/csw/include/c++/5.2.0/algorithm:62:0,
     from /home/ripley/R/Lib32/Rcpp/include/RcppCommon.h:63,
     from /home/ripley/R/Lib32/RcppGSL/include/RcppGSLForward.h:25,
     from /home/ripley/R/Lib32/RcppGSL/include/RcppGSL.h:25,
     from gsl.cpp:22:
     /opt/csw/include/c++/5.2.0/bits/stl_algo.h:4201:5: note: candidate: template<class _IIter1, class _IIter2, class _OIter, class _BinaryOperation> _OIter std::transform(_IIter1, _IIter1, _IIter2, _OIter, _BinaryOperation)
     transform(_InputIterator1 __first1, _InputIterator1 __last1,
     ^
     /opt/csw/include/c++/5.2.0/bits/stl_algo.h:4201:5: note: template argument deduction/substitution failed:
     gsl.cpp:293:63: note: candidate expects 5 arguments, 4 provided
     std::transform(vec.begin(), vec.end(), res.begin(), ::sqrt);
     ^
     make: Fatal error: Command failed for target `gsl.o'
     Current working directory /tmp/RtmpJ3aOiF/sourceCpp-i386-pc-solaris2.10-0.12.11/sourcecpp_3e454c9f492e
     /opt/csw//bin/g++ -I/home/ripley/R/gcc/include -DNDEBUG -I/usr/local/include -I"/home/ripley/R/Lib32/Rcpp/include" -I"/home/ripley/R/Lib32/RcppGSL/include" -I"/home/ripley/R/Lib32/RcppGSL/unitTests/cpp" -I/opt/csw/include -I/usr/local/include -fPIC -O2 -c gsl.cpp -o gsl.o
     *** Error code 1
     Error in sourceCpp(file.path(pathRcppTests, "cpp/gsl.cpp")) :
     Error 1 occurred building shared library.
    
    
     Executing test function test.gsl.RcppGSL.vector.iterating ... gsl.cpp: In function ‘Rcpp::NumericVector test_gsl_vector_iterator_transform(Rcpp::NumericVector)’:
     gsl.cpp:293:63: error: no matching function for call to ‘transform(RcppGSL::vector<double>::iterator, RcppGSL::vector<double>::iterator, Rcpp::Vector<14, Rcpp::PreserveStorage>::iterator, <unresolved overloaded function type>)’
     std::transform(vec.begin(), vec.end(), res.begin(), ::sqrt);
     ^
     In file included from /opt/csw/include/c++/5.2.0/algorithm:62:0,
     from /home/ripley/R/Lib32/Rcpp/include/RcppCommon.h:63,
     from /home/ripley/R/Lib32/RcppGSL/include/RcppGSLForward.h:25,
     from /home/ripley/R/Lib32/RcppGSL/include/RcppGSL.h:25,
     from gsl.cpp:22:
     /opt/csw/include/c++/5.2.0/bits/stl_algo.h:4164:5: note: candidate: template<class _IIter, class _OIter, class _UnaryOperation> _OIter std::transform(_IIter, _IIter, _OIter, _UnaryOperation)
     transform(_InputIterator __first, _InputIterator __last,
     ^
     /opt/csw/include/c++/5.2.0/bits/stl_algo.h:4164:5: note: template argument deduction/substitution failed:
     gsl.cpp:293:63: note: couldn't deduce template parameter ‘_UnaryOperation’
     std::transform(vec.begin(), vec.end(), res.begin(), ::sqrt);
     ^
     In file included from /opt/csw/include/c++/5.2.0/algorithm:62:0,
     from /home/ripley/R/Lib32/Rcpp/include/RcppCommon.h:63,
     from /home/ripley/R/Lib32/RcppGSL/include/RcppGSLForward.h:25,
     from /home/ripley/R/Lib32/RcppGSL/include/RcppGSL.h:25,
     from gsl.cpp:22:
     /opt/csw/include/c++/5.2.0/bits/stl_algo.h:4201:5: note: candidate: template<class _IIter1, class _IIter2, class _OIter, class _BinaryOperation> _OIter std::transform(_IIter1, _IIter1, _IIter2, _OIter, _BinaryOperation)
     transform(_InputIterator1 __first1, _InputIterator1 __last1,
     ^
     /opt/csw/include/c++/5.2.0/bits/stl_algo.h:4201:5: note: template argument deduction/substitution failed:
     gsl.cpp:293:63: note: candidate expects 5 arguments, 4 provided
     std::transform(vec.begin(), vec.end(), res.begin(), ::sqrt);
     ^
     make: Fatal error: Command failed for target `gsl.o'
     Current working directory /tmp/RtmpJ3aOiF/sourceCpp-i386-pc-solaris2.10-0.12.11/sourcecpp_3e454c9f492e
     /opt/csw//bin/g++ -I/home/ripley/R/gcc/include -DNDEBUG -I/usr/local/include -I"/home/ripley/R/Lib32/Rcpp/include" -I"/home/ripley/R/Lib32/RcppGSL/include" -I"/home/ripley/R/Lib32/RcppGSL/unitTests/cpp" -I/opt/csw/include -I/usr/local/include -fPIC -O2 -c gsl.cpp -o gsl.o
     *** Error code 1
     Error in sourceCpp(file.path(pathRcppTests, "cpp/gsl.cpp")) :
     Error 1 occurred building shared library.
    
    
     Executing test function test.gsl.RcppGSL.vector.iterator.transform ... gsl.cpp: In function ‘Rcpp::NumericVector test_gsl_vector_iterator_transform(Rcpp::NumericVector)’:
     gsl.cpp:293:63: error: no matching function for call to ‘transform(RcppGSL::vector<double>::iterator, RcppGSL::vector<double>::iterator, Rcpp::Vector<14, Rcpp::PreserveStorage>::iterator, <unresolved overloaded function type>)’
     std::transform(vec.begin(), vec.end(), res.begin(), ::sqrt);
     ^
     In file included from /opt/csw/include/c++/5.2.0/algorithm:62:0,
     from /home/ripley/R/Lib32/Rcpp/include/RcppCommon.h:63,
     from /home/ripley/R/Lib32/RcppGSL/include/RcppGSLForward.h:25,
     from /home/ripley/R/Lib32/RcppGSL/include/RcppGSL.h:25,
     from gsl.cpp:22:
     /opt/csw/include/c++/5.2.0/bits/stl_algo.h:4164:5: note: candidate: template<class _IIter, class _OIter, class _UnaryOperation> _OIter std::transform(_IIter, _IIter, _OIter, _UnaryOperation)
     transform(_InputIterator __first, _InputIterator __last,
     ^
     /opt/csw/include/c++/5.2.0/bits/stl_algo.h:4164:5: note: template argument deduction/substitution failed:
     gsl.cpp:293:63: note: couldn't deduce template parameter ‘_UnaryOperation’
     std::transform(vec.begin(), vec.end(), res.begin(), ::sqrt);
     ^
     In file included from /opt/csw/include/c++/5.2.0/algorithm:62:0,
     from /home/ripley/R/Lib32/Rcpp/include/RcppCommon.h:63,
     from /home/ripley/R/Lib32/RcppGSL/include/RcppGSLForward.h:25,
     from /home/ripley/R/Lib32/RcppGSL/include/RcppGSL.h:25,
     from gsl.cpp:22:
     /opt/csw/include/c++/5.2.0/bits/stl_algo.h:4201:5: note: candidate: template<class _IIter1, class _IIter2, class _OIter, class _BinaryOperation> _OIter std::transform(_IIter1, _IIter1, _IIter2, _OIter, _BinaryOperation)
     transform(_InputIterator1 __first1, _InputIterator1 __last1,
     ^
     /opt/csw/include/c++/5.2.0/bits/stl_algo.h:4201:5: note: template argument deduction/substitution failed:
     gsl.cpp:293:63: note: candidate expects 5 arguments, 4 provided
     std::transform(vec.begin(), vec.end(), res.begin(), ::sqrt);
     ^
     make: Fatal error: Command failed for target `gsl.o'
     Current working directory /tmp/RtmpJ3aOiF/sourceCpp-i386-pc-solaris2.10-0.12.11/sourcecpp_3e454c9f492e
     /opt/csw//bin/g++ -I/home/ripley/R/gcc/include -DNDEBUG -I/usr/local/include -I"/home/ripley/R/Lib32/Rcpp/include" -I"/home/ripley/R/Lib32/RcppGSL/include" -I"/home/ripley/R/Lib32/RcppGSL/unitTests/cpp" -I/opt/csw/include -I/usr/local/include -fPIC -O2 -c gsl.cpp -o gsl.o
     *** Error code 1
     Error in sourceCpp(file.path(pathRcppTests, "cpp/gsl.cpp")) :
     Error 1 occurred building shared library.
    
    
     Executing test function test.gsl.RcppGSL.vector.view.iterating ... gsl.cpp: In function ‘Rcpp::NumericVector test_gsl_vector_iterator_transform(Rcpp::NumericVector)’:
     gsl.cpp:293:63: error: no matching function for call to ‘transform(RcppGSL::vector<double>::iterator, RcppGSL::vector<double>::iterator, Rcpp::Vector<14, Rcpp::PreserveStorage>::iterator, <unresolved overloaded function type>)’
     std::transform(vec.begin(), vec.end(), res.begin(), ::sqrt);
     ^
     In file included from /opt/csw/include/c++/5.2.0/algorithm:62:0,
     from /home/ripley/R/Lib32/Rcpp/include/RcppCommon.h:63,
     from /home/ripley/R/Lib32/RcppGSL/include/RcppGSLForward.h:25,
     from /home/ripley/R/Lib32/RcppGSL/include/RcppGSL.h:25,
     from gsl.cpp:22:
     /opt/csw/include/c++/5.2.0/bits/stl_algo.h:4164:5: note: candidate: template<class _IIter, class _OIter, class _UnaryOperation> _OIter std::transform(_IIter, _IIter, _OIter, _UnaryOperation)
     transform(_InputIterator __first, _InputIterator __last,
     ^
     /opt/csw/include/c++/5.2.0/bits/stl_algo.h:4164:5: note: template argument deduction/substitution failed:
     gsl.cpp:293:63: note: couldn't deduce template parameter ‘_UnaryOperation’
     std::transform(vec.begin(), vec.end(), res.begin(), ::sqrt);
     ^
     In file included from /opt/csw/include/c++/5.2.0/algorithm:62:0,
     from /home/ripley/R/Lib32/Rcpp/include/RcppCommon.h:63,
     from /home/ripley/R/Lib32/RcppGSL/include/RcppGSLForward.h:25,
     from /home/ripley/R/Lib32/RcppGSL/include/RcppGSL.h:25,
     from gsl.cpp:22:
     /opt/csw/include/c++/5.2.0/bits/stl_algo.h:4201:5: note: candidate: template<class _IIter1, class _IIter2, class _OIter, class _BinaryOperation> _OIter std::transform(_IIter1, _IIter1, _IIter2, _OIter, _BinaryOperation)
     transform(_InputIterator1 __first1, _InputIterator1 __last1,
     ^
     /opt/csw/include/c++/5.2.0/bits/stl_algo.h:4201:5: note: template argument deduction/substitution failed:
     gsl.cpp:293:63: note: candidate expects 5 arguments, 4 provided
     std::transform(vec.begin(), vec.end(), res.begin(), ::sqrt);
     ^
     make: Fatal error: Command failed for target `gsl.o'
     Current working directory /tmp/RtmpJ3aOiF/sourceCpp-i386-pc-solaris2.10-0.12.11/sourcecpp_3e454c9f492e
     /opt/csw//bin/g++ -I/home/ripley/R/gcc/include -DNDEBUG -I/usr/local/include -I"/home/ripley/R/Lib32/Rcpp/include" -I"/home/ripley/R/Lib32/RcppGSL/include" -I"/home/ripley/R/Lib32/RcppGSL/unitTests/cpp" -I/opt/csw/include -I/usr/local/include -fPIC -O2 -c gsl.cpp -o gsl.o
     *** Error code 1
     Error in sourceCpp(file.path(pathRcppTests, "cpp/gsl.cpp")) :
     Error 1 occurred building shared library.
    
    
     Executing test function test.gsl.matrix ... gsl.cpp: In function ‘Rcpp::NumericVector test_gsl_vector_iterator_transform(Rcpp::NumericVector)’:
     gsl.cpp:293:63: error: no matching function for call to ‘transform(RcppGSL::vector<double>::iterator, RcppGSL::vector<double>::iterator, Rcpp::Vector<14, Rcpp::PreserveStorage>::iterator, <unresolved overloaded function type>)’
     std::transform(vec.begin(), vec.end(), res.begin(), ::sqrt);
     ^
     In file included from /opt/csw/include/c++/5.2.0/algorithm:62:0,
     from /home/ripley/R/Lib32/Rcpp/include/RcppCommon.h:63,
     from /home/ripley/R/Lib32/RcppGSL/include/RcppGSLForward.h:25,
     from /home/ripley/R/Lib32/RcppGSL/include/RcppGSL.h:25,
     from gsl.cpp:22:
     /opt/csw/include/c++/5.2.0/bits/stl_algo.h:4164:5: note: candidate: template<class _IIter, class _OIter, class _UnaryOperation> _OIter std::transform(_IIter, _IIter, _OIter, _UnaryOperation)
     transform(_InputIterator __first, _InputIterator __last,
     ^
     /opt/csw/include/c++/5.2.0/bits/stl_algo.h:4164:5: note: template argument deduction/substitution failed:
     gsl.cpp:293:63: note: couldn't deduce template parameter ‘_UnaryOperation’
     std::transform(vec.begin(), vec.end(), res.begin(), ::sqrt);
     ^
     In file included from /opt/csw/include/c++/5.2.0/algorithm:62:0,
     from /home/ripley/R/Lib32/Rcpp/include/RcppCommon.h:63,
     from /home/ripley/R/Lib32/RcppGSL/include/RcppGSLForward.h:25,
     from /home/ripley/R/Lib32/RcppGSL/include/RcppGSL.h:25,
     from gsl.cpp:22:
     /opt/csw/include/c++/5.2.0/bits/stl_algo.h:4201:5: note: candidate: template<class _IIter1, class _IIter2, class _OIter, class _BinaryOperation> _OIter std::transform(_IIter1, _IIter1, _IIter2, _OIter, _BinaryOperation)
     transform(_InputIterator1 __first1, _InputIterator1 __last1,
     ^
     /opt/csw/include/c++/5.2.0/bits/stl_algo.h:4201:5: note: template argument deduction/substitution failed:
     gsl.cpp:293:63: note: candidate expects 5 arguments, 4 provided
     std::transform(vec.begin(), vec.end(), res.begin(), ::sqrt);
     ^
     make: Fatal error: Command failed for target `gsl.o'
     Current working directory /tmp/RtmpJ3aOiF/sourceCpp-i386-pc-solaris2.10-0.12.11/sourcecpp_3e454c9f492e
     /opt/csw//bin/g++ -I/home/ripley/R/gcc/include -DNDEBUG -I/usr/local/include -I"/home/ripley/R/Lib32/Rcpp/include" -I"/home/ripley/R/Lib32/RcppGSL/include" -I"/home/ripley/R/Lib32/RcppGSL/unitTests/cpp" -I/opt/csw/include -I/usr/local/include -fPIC -O2 -c gsl.cpp -o gsl.o
     *** Error code 1
     Error in sourceCpp(file.path(pathRcppTests, "cpp/gsl.cpp")) :
     Error 1 occurred building shared library.
    
    
     Executing test function test.gsl.matrix.input.SEXP ... gsl.cpp: In function ‘Rcpp::NumericVector test_gsl_vector_iterator_transform(Rcpp::NumericVector)’:
     gsl.cpp:293:63: error: no matching function for call to ‘transform(RcppGSL::vector<double>::iterator, RcppGSL::vector<double>::iterator, Rcpp::Vector<14, Rcpp::PreserveStorage>::iterator, <unresolved overloaded function type>)’
     std::transform(vec.begin(), vec.end(), res.begin(), ::sqrt);
     ^
     In file included from /opt/csw/include/c++/5.2.0/algorithm:62:0,
     from /home/ripley/R/Lib32/Rcpp/include/RcppCommon.h:63,
     from /home/ripley/R/Lib32/RcppGSL/include/RcppGSLForward.h:25,
     from /home/ripley/R/Lib32/RcppGSL/include/RcppGSL.h:25,
     from gsl.cpp:22:
     /opt/csw/include/c++/5.2.0/bits/stl_algo.h:4164:5: note: candidate: template<class _IIter, class _OIter, class _UnaryOperation> _OIter std::transform(_IIter, _IIter, _OIter, _UnaryOperation)
     transform(_InputIterator __first, _InputIterator __last,
     ^
     /opt/csw/include/c++/5.2.0/bits/stl_algo.h:4164:5: note: template argument deduction/substitution failed:
     gsl.cpp:293:63: note: couldn't deduce template parameter ‘_UnaryOperation’
     std::transform(vec.begin(), vec.end(), res.begin(), ::sqrt);
     ^
     In file included from /opt/csw/include/c++/5.2.0/algorithm:62:0,
     from /home/ripley/R/Lib32/Rcpp/include/RcppCommon.h:63,
     from /home/ripley/R/Lib32/RcppGSL/include/RcppGSLForward.h:25,
     from /home/ripley/R/Lib32/RcppGSL/include/RcppGSL.h:25,
     from gsl.cpp:22:
     /opt/csw/include/c++/5.2.0/bits/stl_algo.h:4201:5: note: candidate: template<class _IIter1, class _IIter2, class _OIter, class _BinaryOperation> _OIter std::transform(_IIter1, _IIter1, _IIter2, _OIter, _BinaryOperation)
     transform(_InputIterator1 __first1, _InputIterator1 __last1,
     ^
     /opt/csw/include/c++/5.2.0/bits/stl_algo.h:4201:5: note: template argument deduction/substitution failed:
     gsl.cpp:293:63: note: candidate expects 5 arguments, 4 provided
     std::transform(vec.begin(), vec.end(), res.begin(), ::sqrt);
     ^
     make: Fatal error: Command failed for target `gsl.o'
     Current working directory /tmp/RtmpJ3aOiF/sourceCpp-i386-pc-solaris2.10-0.12.11/sourcecpp_3e454c9f492e
     /opt/csw//bin/g++ -I/home/ripley/R/gcc/include -DNDEBUG -I/usr/local/include -I"/home/ripley/R/Lib32/Rcpp/include" -I"/home/ripley/R/Lib32/RcppGSL/include" -I"/home/ripley/R/Lib32/RcppGSL/unitTests/cpp" -I/opt/csw/include -I/usr/local/include -fPIC -O2 -c gsl.cpp -o gsl.o
     *** Error code 1
     Error in sourceCpp(file.path(pathRcppTests, "cpp/gsl.cpp")) :
     Error 1 occurred building shared library.
    
    
     Executing test function test.gsl.matrix.view ... gsl.cpp: In function ‘Rcpp::NumericVector test_gsl_vector_iterator_transform(Rcpp::NumericVector)’:
     gsl.cpp:293:63: error: no matching function for call to ‘transform(RcppGSL::vector<double>::iterator, RcppGSL::vector<double>::iterator, Rcpp::Vector<14, Rcpp::PreserveStorage>::iterator, <unresolved overloaded function type>)’
     std::transform(vec.begin(), vec.end(), res.begin(), ::sqrt);
     ^
     In file included from /opt/csw/include/c++/5.2.0/algorithm:62:0,
     from /home/ripley/R/Lib32/Rcpp/include/RcppCommon.h:63,
     from /home/ripley/R/Lib32/RcppGSL/include/RcppGSLForward.h:25,
     from /home/ripley/R/Lib32/RcppGSL/include/RcppGSL.h:25,
     from gsl.cpp:22:
     /opt/csw/include/c++/5.2.0/bits/stl_algo.h:4164:5: note: candidate: template<class _IIter, class _OIter, class _UnaryOperation> _OIter std::transform(_IIter, _IIter, _OIter, _UnaryOperation)
     transform(_InputIterator __first, _InputIterator __last,
     ^
     /opt/csw/include/c++/5.2.0/bits/stl_algo.h:4164:5: note: template argument deduction/substitution failed:
     gsl.cpp:293:63: note: couldn't deduce template parameter ‘_UnaryOperation’
     std::transform(vec.begin(), vec.end(), res.begin(), ::sqrt);
     ^
     In file included from /opt/csw/include/c++/5.2.0/algorithm:62:0,
     from /home/ripley/R/Lib32/Rcpp/include/RcppCommon.h:63,
     from /home/ripley/R/Lib32/RcppGSL/include/RcppGSLForward.h:25,
     from /home/ripley/R/Lib32/RcppGSL/include/RcppGSL.h:25,
     from gsl.cpp:22:
     /opt/csw/include/c++/5.2.0/bits/stl_algo.h:4201:5: note: candidate: template<class _IIter1, class _IIter2, class _OIter, class _BinaryOperation> _OIter std::transform(_IIter1, _IIter1, _IIter2, _OIter, _BinaryOperation)
     transform(_InputIterator1 __first1, _InputIterator1 __last1,
     ^
     /opt/csw/include/c++/5.2.0/bits/stl_algo.h:4201:5: note: template argument deduction/substitution failed:
     gsl.cpp:293:63: note: candidate expects 5 arguments, 4 provided
     std::transform(vec.begin(), vec.end(), res.begin(), ::sqrt);
     ^
     make: Fatal error: Command failed for target `gsl.o'
     Current working directory /tmp/RtmpJ3aOiF/sourceCpp-i386-pc-solaris2.10-0.12.11/sourcecpp_3e454c9f492e
     /opt/csw//bin/g++ -I/home/ripley/R/gcc/include -DNDEBUG -I/usr/local/include -I"/home/ripley/R/Lib32/Rcpp/include" -I"/home/ripley/R/Lib32/RcppGSL/include" -I"/home/ripley/R/Lib32/RcppGSL/unitTests/cpp" -I/opt/csw/include -I/usr/local/include -fPIC -O2 -c gsl.cpp -o gsl.o
     *** Error code 1
     Error in sourceCpp(file.path(pathRcppTests, "cpp/gsl.cpp")) :
     Error 1 occurred building shared library.
    
    
     Executing test function test.gsl.vector ... gsl.cpp: In function ‘Rcpp::NumericVector test_gsl_vector_iterator_transform(Rcpp::NumericVector)’:
     gsl.cpp:293:63: error: no matching function for call to ‘transform(RcppGSL::vector<double>::iterator, RcppGSL::vector<double>::iterator, Rcpp::Vector<14, Rcpp::PreserveStorage>::iterator, <unresolved overloaded function type>)’
     std::transform(vec.begin(), vec.end(), res.begin(), ::sqrt);
     ^
     In file included from /opt/csw/include/c++/5.2.0/algorithm:62:0,
     from /home/ripley/R/Lib32/Rcpp/include/RcppCommon.h:63,
     from /home/ripley/R/Lib32/RcppGSL/include/RcppGSLForward.h:25,
     from /home/ripley/R/Lib32/RcppGSL/include/RcppGSL.h:25,
     from gsl.cpp:22:
     /opt/csw/include/c++/5.2.0/bits/stl_algo.h:4164:5: note: candidate: template<class _IIter, class _OIter, class _UnaryOperation> _OIter std::transform(_IIter, _IIter, _OIter, _UnaryOperation)
     transform(_InputIterator __first, _InputIterator __last,
     ^
     /opt/csw/include/c++/5.2.0/bits/stl_algo.h:4164:5: note: template argument deduction/substitution failed:
     gsl.cpp:293:63: note: couldn't deduce template parameter ‘_UnaryOperation’
     std::transform(vec.begin(), vec.end(), res.begin(), ::sqrt);
     ^
     In file included from /opt/csw/include/c++/5.2.0/algorithm:62:0,
     from /home/ripley/R/Lib32/Rcpp/include/RcppCommon.h:63,
     from /home/ripley/R/Lib32/RcppGSL/include/RcppGSLForward.h:25,
     from /home/ripley/R/Lib32/RcppGSL/include/RcppGSL.h:25,
     from gsl.cpp:22:
     /opt/csw/include/c++/5.2.0/bits/stl_algo.h:4201:5: note: candidate: template<class _IIter1, class _IIter2, class _OIter, class _BinaryOperation> _OIter std::transform(_IIter1, _IIter1, _IIter2, _OIter, _BinaryOperation)
     transform(_InputIterator1 __first1, _InputIterator1 __last1,
     ^
     /opt/csw/include/c++/5.2.0/bits/stl_algo.h:4201:5: note: template argument deduction/substitution failed:
     gsl.cpp:293:63: note: candidate expects 5 arguments, 4 provided
     std::transform(vec.begin(), vec.end(), res.begin(), ::sqrt);
     ^
     make: Fatal error: Command failed for target `gsl.o'
     Current working directory /tmp/RtmpJ3aOiF/sourceCpp-i386-pc-solaris2.10-0.12.11/sourcecpp_3e454c9f492e
     /opt/csw//bin/g++ -I/home/ripley/R/gcc/include -DNDEBUG -I/usr/local/include -I"/home/ripley/R/Lib32/Rcpp/include" -I"/home/ripley/R/Lib32/RcppGSL/include" -I"/home/ripley/R/Lib32/RcppGSL/unitTests/cpp" -I/opt/csw/include -I/usr/local/include -fPIC -O2 -c gsl.cpp -o gsl.o
     *** Error code 1
     Error in sourceCpp(file.path(pathRcppTests, "cpp/gsl.cpp")) :
     Error 1 occurred building shared library.
    
    
     Executing test function test.gsl.vector.input.SEXP ... gsl.cpp: In function ‘Rcpp::NumericVector test_gsl_vector_iterator_transform(Rcpp::NumericVector)’:
     gsl.cpp:293:63: error: no matching function for call to ‘transform(RcppGSL::vector<double>::iterator, RcppGSL::vector<double>::iterator, Rcpp::Vector<14, Rcpp::PreserveStorage>::iterator, <unresolved overloaded function type>)’
     std::transform(vec.begin(), vec.end(), res.begin(), ::sqrt);
     ^
     In file included from /opt/csw/include/c++/5.2.0/algorithm:62:0,
     from /home/ripley/R/Lib32/Rcpp/include/RcppCommon.h:63,
     from /home/ripley/R/Lib32/RcppGSL/include/RcppGSLForward.h:25,
     from /home/ripley/R/Lib32/RcppGSL/include/RcppGSL.h:25,
     from gsl.cpp:22:
     /opt/csw/include/c++/5.2.0/bits/stl_algo.h:4164:5: note: candidate: template<class _IIter, class _OIter, class _UnaryOperation> _OIter std::transform(_IIter, _IIter, _OIter, _UnaryOperation)
     transform(_InputIterator __first, _InputIterator __last,
     ^
     /opt/csw/include/c++/5.2.0/bits/stl_algo.h:4164:5: note: template argument deduction/substitution failed:
     gsl.cpp:293:63: note: couldn't deduce template parameter ‘_UnaryOperation’
     std::transform(vec.begin(), vec.end(), res.begin(), ::sqrt);
     ^
     In file included from /opt/csw/include/c++/5.2.0/algorithm:62:0,
     from /home/ripley/R/Lib32/Rcpp/include/RcppCommon.h:63,
     from /home/ripley/R/Lib32/RcppGSL/include/RcppGSLForward.h:25,
     from /home/ripley/R/Lib32/RcppGSL/include/RcppGSL.h:25,
     from gsl.cpp:22:
     /opt/csw/include/c++/5.2.0/bits/stl_algo.h:4201:5: note: candidate: template<class _IIter1, class _IIter2, class _OIter, class _BinaryOperation> _OIter std::transform(_IIter1, _IIter1, _IIter2, _OIter, _BinaryOperation)
     transform(_InputIterator1 __first1, _InputIterator1 __last1,
     ^
     /opt/csw/include/c++/5.2.0/bits/stl_algo.h:4201:5: note: template argument deduction/substitution failed:
     gsl.cpp:293:63: note: candidate expects 5 arguments, 4 provided
     std::transform(vec.begin(), vec.end(), res.begin(), ::sqrt);
     ^
     make: Fatal error: Command failed for target `gsl.o'
     Current working directory /tmp/RtmpJ3aOiF/sourceCpp-i386-pc-solaris2.10-0.12.11/sourcecpp_3e454c9f492e
     /opt/csw//bin/g++ -I/home/ripley/R/gcc/include -DNDEBUG -I/usr/local/include -I"/home/ripley/R/Lib32/Rcpp/include" -I"/home/ripley/R/Lib32/RcppGSL/include" -I"/home/ripley/R/Lib32/RcppGSL/unitTests/cpp" -I/opt/csw/include -I/usr/local/include -fPIC -O2 -c gsl.cpp -o gsl.o
     *** Error code 1
     Error in sourceCpp(file.path(pathRcppTests, "cpp/gsl.cpp")) :
     Error 1 occurred building shared library.
    
    
     Executing test function test.gsl.vector.view ... gsl.cpp: In function ‘Rcpp::NumericVector test_gsl_vector_iterator_transform(Rcpp::NumericVector)’:
     gsl.cpp:293:63: error: no matching function for call to ‘transform(RcppGSL::vector<double>::iterator, RcppGSL::vector<double>::iterator, Rcpp::Vector<14, Rcpp::PreserveStorage>::iterator, <unresolved overloaded function type>)’
     std::transform(vec.begin(), vec.end(), res.begin(), ::sqrt);
     ^
     In file included from /opt/csw/include/c++/5.2.0/algorithm:62:0,
     from /home/ripley/R/Lib32/Rcpp/include/RcppCommon.h:63,
     from /home/ripley/R/Lib32/RcppGSL/include/RcppGSLForward.h:25,
     from /home/ripley/R/Lib32/RcppGSL/include/RcppGSL.h:25,
     from gsl.cpp:22:
     /opt/csw/include/c++/5.2.0/bits/stl_algo.h:4164:5: note: candidate: template<class _IIter, class _OIter, class _UnaryOperation> _OIter std::transform(_IIter, _IIter, _OIter, _UnaryOperation)
     transform(_InputIterator __first, _InputIterator __last,
     ^
     /opt/csw/include/c++/5.2.0/bits/stl_algo.h:4164:5: note: template argument deduction/substitution failed:
     gsl.cpp:293:63: note: couldn't deduce template parameter ‘_UnaryOperation’
     std::transform(vec.begin(), vec.end(), res.begin(), ::sqrt);
     ^
     In file included from /opt/csw/include/c++/5.2.0/algorithm:62:0,
     from /home/ripley/R/Lib32/Rcpp/include/RcppCommon.h:63,
     from /home/ripley/R/Lib32/RcppGSL/include/RcppGSLForward.h:25,
     from /home/ripley/R/Lib32/RcppGSL/include/RcppGSL.h:25,
     from gsl.cpp:22:
     /opt/csw/include/c++/5.2.0/bits/stl_algo.h:4201:5: note: candidate: template<class _IIter1, class _IIter2, class _OIter, class _BinaryOperation> _OIter std::transform(_IIter1, _IIter1, _IIter2, _OIter, _BinaryOperation)
     transform(_InputIterator1 __first1, _InputIterator1 __last1,
     ^
     /opt/csw/include/c++/5.2.0/bits/stl_algo.h:4201:5: note: template argument deduction/substitution failed:
     gsl.cpp:293:63: note: candidate expects 5 arguments, 4 provided
     std::transform(vec.begin(), vec.end(), res.begin(), ::sqrt);
     ^
     make: Fatal error: Command failed for target `gsl.o'
     Current working directory /tmp/RtmpJ3aOiF/sourceCpp-i386-pc-solaris2.10-0.12.11/sourcecpp_3e454c9f492e
     /opt/csw//bin/g++ -I/home/ripley/R/gcc/include -DNDEBUG -I/usr/local/include -I"/home/ripley/R/Lib32/Rcpp/include" -I"/home/ripley/R/Lib32/RcppGSL/include" -I"/home/ripley/R/Lib32/RcppGSL/unitTests/cpp" -I/opt/csw/include -I/usr/local/include -fPIC -O2 -c gsl.cpp -o gsl.o
     *** Error code 1
     Error in sourceCpp(file.path(pathRcppTests, "cpp/gsl.cpp")) :
     Error 1 occurred building shared library.
    
    
     Executing test function test.gsl.vector.wrappers ... gsl.cpp: In function ‘Rcpp::NumericVector test_gsl_vector_iterator_transform(Rcpp::NumericVector)’:
     gsl.cpp:293:63: error: no matching function for call to ‘transform(RcppGSL::vector<double>::iterator, RcppGSL::vector<double>::iterator, Rcpp::Vector<14, Rcpp::PreserveStorage>::iterator, <unresolved overloaded function type>)’
     std::transform(vec.begin(), vec.end(), res.begin(), ::sqrt);
     ^
     In file included from /opt/csw/include/c++/5.2.0/algorithm:62:0,
     from /home/ripley/R/Lib32/Rcpp/include/RcppCommon.h:63,
     from /home/ripley/R/Lib32/RcppGSL/include/RcppGSLForward.h:25,
     from /home/ripley/R/Lib32/RcppGSL/include/RcppGSL.h:25,
     from gsl.cpp:22:
     /opt/csw/include/c++/5.2.0/bits/stl_algo.h:4164:5: note: candidate: template<class _IIter, class _OIter, class _UnaryOperation> _OIter std::transform(_IIter, _IIter, _OIter, _UnaryOperation)
     transform(_InputIterator __first, _InputIterator __last,
     ^
     /opt/csw/include/c++/5.2.0/bits/stl_algo.h:4164:5: note: template argument deduction/substitution failed:
     gsl.cpp:293:63: note: couldn't deduce template parameter ‘_UnaryOperation’
     std::transform(vec.begin(), vec.end(), res.begin(), ::sqrt);
     ^
     In file included from /opt/csw/include/c++/5.2.0/algorithm:62:0,
     from /home/ripley/R/Lib32/Rcpp/include/RcppCommon.h:63,
     from /home/ripley/R/Lib32/RcppGSL/include/RcppGSLForward.h:25,
     from /home/ripley/R/Lib32/RcppGSL/include/RcppGSL.h:25,
     from gsl.cpp:22:
     /opt/csw/include/c++/5.2.0/bits/stl_algo.h:4201:5: note: candidate: template<class _IIter1, class _IIter2, class _OIter, class _BinaryOperation> _OIter std::transform(_IIter1, _IIter1, _IIter2, _OIter, _BinaryOperation)
     transform(_InputIterator1 __first1, _InputIterator1 __last1,
     ^
     /opt/csw/include/c++/5.2.0/bits/stl_algo.h:4201:5: note: template argument deduction/substitution failed:
     gsl.cpp:293:63: note: candidate expects 5 arguments, 4 provided
     std::transform(vec.begin(), vec.end(), res.begin(), ::sqrt);
     ^
     make: Fatal error: Command failed for target `gsl.o'
     Current working directory /tmp/RtmpJ3aOiF/sourceCpp-i386-pc-solaris2.10-0.12.11/sourcecpp_3e454c9f492e
     /opt/csw//bin/g++ -I/home/ripley/R/gcc/include -DNDEBUG -I/usr/local/include -I"/home/ripley/R/Lib32/Rcpp/include" -I"/home/ripley/R/Lib32/RcppGSL/include" -I"/home/ripley/R/Lib32/RcppGSL/unitTests/cpp" -I/opt/csw/include -I/usr/local/include -fPIC -O2 -c gsl.cpp -o gsl.o
     *** Error code 1
     Error in sourceCpp(file.path(pathRcppTests, "cpp/gsl.cpp")) :
     Error 1 occurred building shared library.
     >
     > ## Print results
     > printTextProtocol(tests)
     RUNIT TEST PROTOCOL -- Mon May 22 09:56:06 2017
     ***********************************************
     Number of test functions: 19
     Number of errors: 14
     Number of failures: 0
    
    
     1 Test Suite :
     RcppGSL Unit Tests - 19 test functions, 14 errors, 0 failures
     ERROR in .setUp (before test.gsl.RcppGSL.matrix.indexing): Error executing .setUp before test.gsl.RcppGSL.matrix.indexing : Error in sourceCpp(file.path(pathRcppTests, "cpp/gsl.cpp")) :
     Error 1 occurred building shared library.
     ERROR in .setUp (before test.gsl.RcppGSL.matrix.view.indexing): Error executing .setUp before test.gsl.RcppGSL.matrix.view.indexing : Error in sourceCpp(file.path(pathRcppTests, "cpp/gsl.cpp")) :
     Error 1 occurred building shared library.
     ERROR in .setUp (before test.gsl.RcppGSL.vector): Error executing .setUp before test.gsl.RcppGSL.vector : Error in sourceCpp(file.path(pathRcppTests, "cpp/gsl.cpp")) :
     Error 1 occurred building shared library.
     ERROR in .setUp (before test.gsl.RcppGSL.vector.indexing): Error executing .setUp before test.gsl.RcppGSL.vector.indexing : Error in sourceCpp(file.path(pathRcppTests, "cpp/gsl.cpp")) :
     Error 1 occurred building shared library.
     ERROR in .setUp (before test.gsl.RcppGSL.vector.iterating): Error executing .setUp before test.gsl.RcppGSL.vector.iterating : Error in sourceCpp(file.path(pathRcppTests, "cpp/gsl.cpp")) :
     Error 1 occurred building shared library.
     ERROR in .setUp (before test.gsl.RcppGSL.vector.iterator.transform): Error executing .setUp before test.gsl.RcppGSL.vector.iterator.transform : Error in sourceCpp(file.path(pathRcppTests, "cpp/gsl.cpp")) :
     Error 1 occurred building shared library.
     ERROR in .setUp (before test.gsl.RcppGSL.vector.view.iterating): Error executing .setUp before test.gsl.RcppGSL.vector.view.iterating : Error in sourceCpp(file.path(pathRcppTests, "cpp/gsl.cpp")) :
     Error 1 occurred building shared library.
     ERROR in .setUp (before test.gsl.matrix): Error executing .setUp before test.gsl.matrix : Error in sourceCpp(file.path(pathRcppTests, "cpp/gsl.cpp")) :
     Error 1 occurred building shared library.
     ERROR in .setUp (before test.gsl.matrix.input.SEXP): Error executing .setUp before test.gsl.matrix.input.SEXP : Error in sourceCpp(file.path(pathRcppTests, "cpp/gsl.cpp")) :
     Error 1 occurred building shared library.
     ERROR in .setUp (before test.gsl.matrix.view): Error executing .setUp before test.gsl.matrix.view : Error in sourceCpp(file.path(pathRcppTests, "cpp/gsl.cpp")) :
     Error 1 occurred building shared library.
     ERROR in .setUp (before test.gsl.vector): Error executing .setUp before test.gsl.vector : Error in sourceCpp(file.path(pathRcppTests, "cpp/gsl.cpp")) :
     Error 1 occurred building shared library.
     ERROR in .setUp (before test.gsl.vector.input.SEXP): Error executing .setUp before test.gsl.vector.input.SEXP : Error in sourceCpp(file.path(pathRcppTests, "cpp/gsl.cpp")) :
     Error 1 occurred building shared library.
     ERROR in .setUp (before test.gsl.vector.view): Error executing .setUp before test.gsl.vector.view : Error in sourceCpp(file.path(pathRcppTests, "cpp/gsl.cpp")) :
     Error 1 occurred building shared library.
     ERROR in .setUp (before test.gsl.vector.wrappers): Error executing .setUp before test.gsl.vector.wrappers : Error in sourceCpp(file.path(pathRcppTests, "cpp/gsl.cpp")) :
     Error 1 occurred building shared library.
    
    
    
     Details
     ***************************
     Test Suite: RcppGSL Unit Tests
     Test function regexp: ^[Tt]est.+
     Test file regexp: ^runit.+\.[rR]$
     Involved directory:
     /home/ripley/R/Lib32/RcppGSL/unitTests
     ---------------------------
     Test file: /home/ripley/R/Lib32/RcppGSL/unitTests/runit.client.package.R
     test.client.package: (1 checks) ... OK (33.79 seconds)
     ---------------------------
     Test file: /home/ripley/R/Lib32/RcppGSL/unitTests/runit.fastLm.R
     test.fastLm: (3 checks) ... OK (0.06 seconds)
     test.fastLm.default: (5 checks) ... OK (0.01 seconds)
     test.fastLm.formula: (5 checks) ... OK (0.03 seconds)
     test.summary.fastLm: (12 checks) ... OK (0.07 seconds)
     ---------------------------
     Test file: /home/ripley/R/Lib32/RcppGSL/unitTests/runit.gsl.R
     .setUp (before test.gsl.RcppGSL.matrix.indexing): ERROR !!
     Error executing .setUp before test.gsl.RcppGSL.matrix.indexing : Error in sourceCpp(file.path(pathRcppTests, "cpp/gsl.cpp")) :
     Error 1 occurred building shared library.
     .setUp (before test.gsl.RcppGSL.matrix.view.indexing): ERROR !!
     Error executing .setUp before test.gsl.RcppGSL.matrix.view.indexing : Error in sourceCpp(file.path(pathRcppTests, "cpp/gsl.cpp")) :
     Error 1 occurred building shared library.
     .setUp (before test.gsl.RcppGSL.vector): ERROR !!
     Error executing .setUp before test.gsl.RcppGSL.vector : Error in sourceCpp(file.path(pathRcppTests, "cpp/gsl.cpp")) :
     Error 1 occurred building shared library.
     .setUp (before test.gsl.RcppGSL.vector.indexing): ERROR !!
     Error executing .setUp before test.gsl.RcppGSL.vector.indexing : Error in sourceCpp(file.path(pathRcppTests, "cpp/gsl.cpp")) :
     Error 1 occurred building shared library.
     .setUp (before test.gsl.RcppGSL.vector.iterating): ERROR !!
     Error executing .setUp before test.gsl.RcppGSL.vector.iterating : Error in sourceCpp(file.path(pathRcppTests, "cpp/gsl.cpp")) :
     Error 1 occurred building shared library.
     .setUp (before test.gsl.RcppGSL.vector.iterator.transform): ERROR !!
     Error executing .setUp before test.gsl.RcppGSL.vector.iterator.transform : Error in sourceCpp(file.path(pathRcppTests, "cpp/gsl.cpp")) :
     Error 1 occurred building shared library.
     .setUp (before test.gsl.RcppGSL.vector.view.iterating): ERROR !!
     Error executing .setUp before test.gsl.RcppGSL.vector.view.iterating : Error in sourceCpp(file.path(pathRcppTests, "cpp/gsl.cpp")) :
     Error 1 occurred building shared library.
     .setUp (before test.gsl.matrix): ERROR !!
     Error executing .setUp before test.gsl.matrix : Error in sourceCpp(file.path(pathRcppTests, "cpp/gsl.cpp")) :
     Error 1 occurred building shared library.
     .setUp (before test.gsl.matrix.input.SEXP): ERROR !!
     Error executing .setUp before test.gsl.matrix.input.SEXP : Error in sourceCpp(file.path(pathRcppTests, "cpp/gsl.cpp")) :
     Error 1 occurred building shared library.
     .setUp (before test.gsl.matrix.view): ERROR !!
     Error executing .setUp before test.gsl.matrix.view : Error in sourceCpp(file.path(pathRcppTests, "cpp/gsl.cpp")) :
     Error 1 occurred building shared library.
     .setUp (before test.gsl.vector): ERROR !!
     Error executing .setUp before test.gsl.vector : Error in sourceCpp(file.path(pathRcppTests, "cpp/gsl.cpp")) :
     Error 1 occurred building shared library.
     .setUp (before test.gsl.vector.input.SEXP): ERROR !!
     Error executing .setUp before test.gsl.vector.input.SEXP : Error in sourceCpp(file.path(pathRcppTests, "cpp/gsl.cpp")) :
     Error 1 occurred building shared library.
     .setUp (before test.gsl.vector.view): ERROR !!
     Error executing .setUp before test.gsl.vector.view : Error in sourceCpp(file.path(pathRcppTests, "cpp/gsl.cpp")) :
     Error 1 occurred building shared library.
     .setUp (before test.gsl.vector.wrappers): ERROR !!
     Error executing .setUp before test.gsl.vector.wrappers : Error in sourceCpp(file.path(pathRcppTests, "cpp/gsl.cpp")) :
     Error 1 occurred building shared library.
     >
     > ## Return success or failure to R CMD CHECK
     > if (getErrors(tests)$nFail > 0) {
     + stop("TEST FAILED!")
     + }
     > if (getErrors(tests)$nErr > 0) {
     + stop("TEST HAD ERRORS!")
     + }
     Error: TEST HAD ERRORS!
     Execution halted
Flavor: r-patched-solaris-x86

Version: 0.3.2
Flags: --no-stop-on-test-error
Check: re-building of vignette outputs
Result: WARN
    Error in re-building vignettes:
     ...
    Loading required package: inline
Flavor: r-patched-solaris-x86

Version: 0.3.2
Check: tests
Result: ERROR
     Running ‘doRUnit.R’ [82s/83s]
    Running the tests in ‘tests/doRUnit.R’ failed.
    Last 13 lines of output:
     Error executing .setUp before test.gsl.vector.view : Error in sourceCpp(file.path(pathRcppTests, "cpp/gsl.cpp")) :
     Error 1 occurred building shared library.
     .setUp (before test.gsl.vector.wrappers): ERROR !!
     Error executing .setUp before test.gsl.vector.wrappers : Error in sourceCpp(file.path(pathRcppTests, "cpp/gsl.cpp")) :
     Error 1 occurred building shared library.
     >
     > ## Return success or failure to R CMD CHECK
     > if (getErrors(tests)$nFail > 0) {
     + stop("TEST FAILED!")
     + }
     > if (getErrors(tests)$nErr > 0) {
     + stop("TEST HAD ERRORS!")
     + }
     Error: TEST HAD ERRORS!
     Execution halted
Flavor: r-release-osx-x86_64

Version: 0.3.2
Check: running R code from vignettes
Result: ERROR
    Errors in running code in vignettes:
    when running code in ‘RcppGSL-unitTests.Rnw’
     ...
    
    > if (err$nFail > 0) stop(sprintf("unit test problems: %d failures",
    + err$nFail))
    
    > if (err$nErr > 0) stop(sprintf("unit test problems: %d errors",
    + err$nErr))
    
     When sourcing ‘RcppGSL-unitTests.R’:
    Error: unit test problems: 14 errors
    Execution halted
Flavor: r-release-osx-x86_64

Version: 0.3.2
Check: re-building of vignette outputs
Result: NOTE
    Error in re-building vignettes:
     ...
    Loading required package: inline
    Error in texi2dvi(file = file, pdf = TRUE, clean = clean, quiet = quiet, :
     Running 'texi2dvi' on 'RcppGSL-intro.tex' failed.
    LaTeX errors:
    ! LaTeX Error: File `vmargin.sty' not found.
    
    Type X to quit or <RETURN> to proceed,
    or enter new name. (Default extension: sty)
    
    ! Emergency stop.
    <read *>
    
    l.393 \setmargrb
     {0.75in}{0.75in}{0.75in}{0.75in}^^M
    ! ==> Fatal error occurred, no output PDF file produced!
    Calls: buildVignettes -> texi2pdf -> texi2dvi
    Execution halted
Flavor: r-release-osx-x86_64