CRAN Package Check Results for Package RcppGSL

Last updated on 2014-09-30 05:47:45.

Flavor Version Tinstall Tcheck Ttotal Status Flags
r-devel-linux-x86_64-debian-clang 0.2.2 4.51 61.63 66.14 OK
r-devel-linux-x86_64-debian-gcc 0.2.2 4.50 66.80 71.30 OK
r-devel-linux-x86_64-fedora-clang 0.2.2 145.79 OK
r-devel-linux-x86_64-fedora-gcc 0.2.2 133.03 OK
r-devel-osx-x86_64-clang 0.2.2 115.81 OK
r-devel-windows-ix86+x86_64 0.2.2 14.00 162.00 176.00 OK
r-patched-linux-x86_64 0.2.2 4.49 69.60 74.10 OK
r-patched-solaris-sparc 0.2.2 675.60 ERROR
r-patched-solaris-x86 0.2.2 177.80 ERROR
r-release-linux-ix86 0.2.2 6.15 89.43 95.58 OK
r-release-linux-x86_64 0.2.2 4.59 70.45 75.04 OK
r-release-osx-x86_64-mavericks 0.2.2 ERROR
r-release-osx-x86_64-snowleopard 0.2.2 OK
r-release-windows-ix86+x86_64 0.2.2 13.00 172.00 185.00 OK
r-oldrel-windows-ix86+x86_64 0.2.2 16.00 159.00 175.00 OK

Check Details

Version: 0.2.2
Check: tests
Result: ERROR
    Running the tests in ‘tests/doRUnit.R’ failed.
    Last 13 lines of output:
     Current working directory /tmp/Rtmpm_aqB1/sourcecpp_6ada3efc4dea
     CC -library=stlport4 -I/home/ripley/R/cc/include -DNDEBUG -I/usr/local/include -I/usr/local/include -I"/home/ripley/R/Lib32/Rcpp/include" -I"/home/ripley/R/Lib32/RcppGSL/include" -KPIC -O -features=tmplrefstatic -features=extensions -c gsl.cpp -o gsl.o
     *** Error code 2
     CC -library=stlport4 -I/home/ripley/R/cc/include -DNDEBUG -I/usr/local/include -I/usr/local/include -I"/home/ripley/R/Lib32/Rcpp/include" -I"/home/ripley/R/Lib32/RcppGSL/include" -KPIC -O -features=tmplrefstatic -features=extensions -c gsl.cpp -o gsl.o
     *** Error code 2
     Error in sourceCpp(file.path(pathRcppTests, "cpp/gsl.cpp")) :
     Error 1 occurred building shared library.
     saving txt unit test report to '/home/ripley/R/packages/tests32/RcppGSL.Rcheck/tests/RcppGSL-unitTests.txt'
     saving html unit test report to '/home/ripley/R/packages/tests32/RcppGSL.Rcheck/tests/RcppGSL-unitTests.html'
     Error in eval(expr, envir, enclos) :
     unit test problems: 0 failures, 14 errors
     Calls: source -> withVisible -> eval -> eval
     Execution halted
Flavor: r-patched-solaris-sparc

Version: 0.2.2
Check: tests
Result: ERROR
    Running the tests in ‘tests/doRUnit.R’ failed.
    Last 13 lines of output:
     Current working directory /tmp/Rtmpe_ayMH/sourcecpp_43334d652f97
     CC -library=stlport4 -I/home/ripley/R/cc/include -DNDEBUG -I/usr/local/include -I/usr/local/include -I"/home/ripley/R/Lib32/Rcpp/include" -I"/home/ripley/R/Lib32/RcppGSL/include" -KPIC -O -xlibmil -xtarget=native -nofstore -c gsl.cpp -o gsl.o
     *** Error code 2
     CC -library=stlport4 -I/home/ripley/R/cc/include -DNDEBUG -I/usr/local/include -I/usr/local/include -I"/home/ripley/R/Lib32/Rcpp/include" -I"/home/ripley/R/Lib32/RcppGSL/include" -KPIC -O -xlibmil -xtarget=native -nofstore -c gsl.cpp -o gsl.o
     *** Error code 2
     Error in sourceCpp(file.path(pathRcppTests, "cpp/gsl.cpp")) :
     Error 1 occurred building shared library.
     saving txt unit test report to '/home/ripley/R/packages/tests32/RcppGSL.Rcheck/tests/RcppGSL-unitTests.txt'
     saving html unit test report to '/home/ripley/R/packages/tests32/RcppGSL.Rcheck/tests/RcppGSL-unitTests.html'
     Error in eval(expr, envir, enclos) :
     unit test problems: 0 failures, 14 errors
     Calls: source -> withVisible -> eval -> eval
     Execution halted
Flavor: r-patched-solaris-x86

Version: 0.2.2
Check: whether package can be installed
Result: ERROR
    Installation failed.
Flavor: r-release-osx-x86_64-mavericks