CRAN Package Check Results for Package RcppGSL

Last updated on 2014-11-26 18:48:32.

Flavor Version Tinstall Tcheck Ttotal Status Flags
r-devel-linux-x86_64-debian-clang 0.2.2 4.18 61.96 66.14 OK
r-devel-linux-x86_64-debian-gcc 0.2.2 4.50 70.94 75.44 OK
r-devel-linux-x86_64-fedora-clang 0.2.2 151.89 OK
r-devel-linux-x86_64-fedora-gcc 0.2.2 145.67 OK
r-devel-osx-x86_64-clang 0.2.2 117.71 OK
r-devel-windows-ix86+x86_64 0.2.2 15.00 163.00 178.00 OK
r-patched-linux-x86_64 0.2.2 4.57 70.22 74.80 OK
r-patched-solaris-sparc 0.2.2 675.60 ERROR
r-patched-solaris-x86 0.2.2 174.60 ERROR
r-release-linux-ix86 0.2.2 5.97 85.84 91.80 OK
r-release-linux-x86_64 0.2.2 4.70 59.34 64.03 OK
r-release-osx-x86_64-mavericks 0.2.2 ERROR
r-release-osx-x86_64-snowleopard 0.2.2 OK
r-release-windows-ix86+x86_64 0.2.2 18.00 171.00 189.00 OK
r-oldrel-windows-ix86+x86_64 0.2.2 16.00 167.00 183.00 OK

Check Details

Version: 0.2.2
Check: tests
Result: ERROR
    Running the tests in ‘tests/doRUnit.R’ failed.
    Last 13 lines of output:
     Current working directory /tmp/Rtmpm_aqB1/sourcecpp_6ada3efc4dea
     CC -library=stlport4 -I/home/ripley/R/cc/include -DNDEBUG -I/usr/local/include -I/usr/local/include -I"/home/ripley/R/Lib32/Rcpp/include" -I"/home/ripley/R/Lib32/RcppGSL/include" -KPIC -O -features=tmplrefstatic -features=extensions -c gsl.cpp -o gsl.o
     *** Error code 2
     CC -library=stlport4 -I/home/ripley/R/cc/include -DNDEBUG -I/usr/local/include -I/usr/local/include -I"/home/ripley/R/Lib32/Rcpp/include" -I"/home/ripley/R/Lib32/RcppGSL/include" -KPIC -O -features=tmplrefstatic -features=extensions -c gsl.cpp -o gsl.o
     *** Error code 2
     Error in sourceCpp(file.path(pathRcppTests, "cpp/gsl.cpp")) :
     Error 1 occurred building shared library.
     saving txt unit test report to '/home/ripley/R/packages/tests32/RcppGSL.Rcheck/tests/RcppGSL-unitTests.txt'
     saving html unit test report to '/home/ripley/R/packages/tests32/RcppGSL.Rcheck/tests/RcppGSL-unitTests.html'
     Error in eval(expr, envir, enclos) :
     unit test problems: 0 failures, 14 errors
     Calls: source -> withVisible -> eval -> eval
     Execution halted
Flavor: r-patched-solaris-sparc

Version: 0.2.2
Check: tests
Result: ERROR
    Running the tests in ‘tests/doRUnit.R’ failed.
    Last 13 lines of output:
     Current working directory /tmp/RtmpJdaqJY/sourcecpp_651a4ada71e5
     CC -library=stlport4 -I/home/ripley/R/cc/include -DNDEBUG -I/usr/local/include -I/usr/local/include -I"/home/ripley/R/Lib32/Rcpp/include" -I"/home/ripley/R/Lib32/RcppGSL/include" -KPIC -O -xlibmil -xtarget=native -nofstore -c gsl.cpp -o gsl.o
     *** Error code 2
     CC -library=stlport4 -I/home/ripley/R/cc/include -DNDEBUG -I/usr/local/include -I/usr/local/include -I"/home/ripley/R/Lib32/Rcpp/include" -I"/home/ripley/R/Lib32/RcppGSL/include" -KPIC -O -xlibmil -xtarget=native -nofstore -c gsl.cpp -o gsl.o
     *** Error code 2
     Error in sourceCpp(file.path(pathRcppTests, "cpp/gsl.cpp")) :
     Error 1 occurred building shared library.
     saving txt unit test report to '/home/ripley/R/packages/tests32/RcppGSL.Rcheck/tests/RcppGSL-unitTests.txt'
     saving html unit test report to '/home/ripley/R/packages/tests32/RcppGSL.Rcheck/tests/RcppGSL-unitTests.html'
     Error in eval(expr, envir, enclos) :
     unit test problems: 0 failures, 14 errors
     Calls: source -> withVisible -> eval -> eval
     Execution halted
Flavor: r-patched-solaris-x86

Version: 0.2.2
Check: whether package can be installed
Result: ERROR
    Installation failed.
Flavor: r-release-osx-x86_64-mavericks