CRAN Package Check Results for Package RcppGSL

Last updated on 2017-11-24 22:51:34 CET.

Flavor Version Tinstall Tcheck Ttotal Status Flags
r-devel-linux-x86_64-debian-clang 0.3.3 15.97 165.32 181.29 OK
r-devel-linux-x86_64-debian-gcc 0.3.3 12.82 146.75 159.57 OK
r-devel-linux-x86_64-fedora-clang 0.3.3 350.86 ERROR
r-devel-linux-x86_64-fedora-gcc 0.3.3 150.57 OK
r-devel-windows-ix86+x86_64 0.3.3 43.00 245.00 288.00 WARN
r-patched-linux-x86_64 0.3.3 15.65 170.24 185.89 OK
r-patched-solaris-x86 0.3.3 273.00 ERROR
r-release-linux-x86_64 0.3.3 16.20 169.52 185.72 OK
r-release-windows-ix86+x86_64 0.3.3 44.00 162.00 206.00 WARN
r-release-osx-x86_64 0.3.3 ERROR
r-oldrel-windows-ix86+x86_64 0.3.3 43.00 164.00 207.00 WARN
r-oldrel-osx-x86_64 0.3.3 OK

Check Details

Version: 0.3.3
Check: tests
Result: ERROR
     Running ‘doRUnit.R’ [128s/152s]
    Running the tests in ‘tests/doRUnit.R’ failed.
    Complete output:
     > ## doRUnit.R --- Run RUnit tests
     > ##
     > ## with credits to package fUtilities in RMetrics
     > ## which credits Gregor Gojanc's example in CRAN package 'gdata'
     > ## as per the (now deceased) R Wiki http://wiki.r-project.org/rwiki/doku.php?id=developers:runit
     > ## and changed further by Martin Maechler
     > ## and usage across several Rcpp* package
     > ## and more changes by Murray Stokely in HistogramTools
     > ##
     > ## Dirk Eddelbuettel, 2010 - 2017
     >
     > if (requireNamespace("RUnit", quietly=TRUE) &&
     + requireNamespace("RcppGSL", quietly=TRUE)) {
     +
     + library(RUnit)
     + library(RcppGSL)
     +
     + ## Set a seed to make the test deterministic
     + set.seed(42)
     +
     + ## Define tests
     + testSuite <- defineTestSuite(name="RcppGSL Unit Tests",
     + dirs=system.file("unitTests", package = "RcppGSL"),
     + testFuncRegexp = "^[Tt]est.+")
     +
     + Sys.setenv("R_TESTS"="") # without this, we get (or used to get) unit test failures
     +
     + tests <- runTestSuite(testSuite) # run tests
     + printTextProtocol(tests) # print results
     +
     + ## Return success or failure to R CMD CHECK
     + if (getErrors(tests)$nFail > 0) stop("TEST FAILED!")
     + if (getErrors(tests)$nErr > 0) stop("TEST HAD ERRORS!")
     + if (getErrors(tests)$nTestFunc < 1) stop("NO TEST FUNCTIONS RUN!")
     +
     + }
    
    
     Executing test function test.client.package ... * checking for file ‘RcppGSLExample/DESCRIPTION’ ... OK
     * preparing ‘RcppGSLExample’:
     * checking DESCRIPTION meta-information ... OK
     * cleaning src
     * checking for LF line-endings in source and make files and shell scripts
     * checking for empty or unneeded directories
     * building ‘RcppGSLExample_0.0.3.tar.gz’
    
     * installing *source* package ‘RcppGSLExample’ ...
     checking for gsl-config... /usr/bin/gsl-config
     configure: creating ./config.status
     config.status: creating src/Makevars
     ** libs
     make[1]: Entering directory '/tmp/RtmpIKfkWV/R.INSTALL6cf35e82fb3f/RcppGSLExample/src'
     clang++ -I"/data/gannet/ripley/R/R-clang/include" -DNDEBUG -I/usr/include -I"/tmp/RtmpC5ArBc/RLIBS_45827f50b15a/Rcpp/include" -I"/tmp/RtmpC5ArBc/RLIBS_45827f50b15a/RcppGSL/include" -isystem /usr/local/clang/include -fpic -g -O3 -Wall -pedantic -frtti -c RcppExports.cpp -o RcppExports.o
     clang++ -I"/data/gannet/ripley/R/R-clang/include" -DNDEBUG -I/usr/include -I"/tmp/RtmpC5ArBc/RLIBS_45827f50b15a/Rcpp/include" -I"/tmp/RtmpC5ArBc/RLIBS_45827f50b15a/RcppGSL/include" -isystem /usr/local/clang/include -fpic -g -O3 -Wall -pedantic -frtti -c colNorm.cpp -o colNorm.o
     clang++ -shared -L/usr/local/clang/lib64 -L/usr/local/lib64 -o RcppGSLExample.so RcppExports.o colNorm.o -lgsl -lgslcblas -lm
     make[1]: Leaving directory '/tmp/RtmpIKfkWV/R.INSTALL6cf35e82fb3f/RcppGSLExample/src'
     make[1]: Entering directory '/tmp/RtmpIKfkWV/R.INSTALL6cf35e82fb3f/RcppGSLExample/src'
     make[1]: Leaving directory '/tmp/RtmpIKfkWV/R.INSTALL6cf35e82fb3f/RcppGSLExample/src'
     installing to /tmp/RtmpVcSEBa/file6c411928c18e/templib/RcppGSLExample/libs
     ** R
     ** preparing package for lazy loading
     ** help
     *** installing help indices
     ** building package indices
     ** testing if installed package can be loaded
     * DONE (RcppGSLExample)
     Loading required package: Rcpp
    
     Attaching package: 'Rcpp'
    
     The following object is masked from 'package:RcppGSL':
    
     LdFlags
    
     Loading required package: RcppGSLExample
     done successfully.
    
    
    
     Executing test function test.fastLm ... done successfully.
    
    
    
     Executing test function test.fastLm.default ... done successfully.
    
    
    
     Executing test function test.fastLm.formula ... done successfully.
    
    
    
     Executing test function test.summary.fastLm ... done successfully.
    
    
    
     Executing test function test.gsl.RcppGSL.matrix.indexing ... gsl.cpp:293:5: error: no matching function for call to 'transform'
     std::transform(vec.begin(), vec.end(), res.begin(), ::sqrt);
     ^~~~~~~~~~~~~~
     /usr/local/bin/../include/c++/v1/algorithm:2028:1: note: candidate template ignored: couldn't infer template argument '_UnaryOperation'
     transform(_InputIterator __first, _InputIterator __last, _OutputIterator __result, _UnaryOperation __op)
     ^
     /usr/local/bin/../include/c++/v1/algorithm:2038:1: note: candidate function template not viable: requires 5 arguments, but 4 were provided
     transform(_InputIterator1 __first1, _InputIterator1 __last1, _InputIterator2 __first2,
     ^
     1 error generated.
     make[1]: *** [/data/gannet/ripley/R/R-clang/etc/Makeconf:166: gsl.o] Error 1
     make[1]: Target 'all' not remade because of errors.
     make[1]: Entering directory '/tmp/RtmpVcSEBa/sourceCpp-x86_64-pc-linux-gnu-0.12.14/sourcecpp_6c41783917b5'
     clang++ -I"/data/gannet/ripley/R/R-clang/include" -DNDEBUG -I/usr/include -I"/data/gannet/ripley/R/test-clang/Rcpp/include" -I"/data/gannet/ripley/R/packages/tests-clang/RcppGSL.Rcheck/RcppGSL/include" -I"/data/gannet/ripley/R/packages/tests-clang/RcppGSL.Rcheck/RcppGSL/unitTests/cpp" -isystem /usr/local/clang/include -fpic -g -O3 -Wall -pedantic -frtti -c gsl.cpp -o gsl.o
     make[1]: Leaving directory '/tmp/RtmpVcSEBa/sourceCpp-x86_64-pc-linux-gnu-0.12.14/sourcecpp_6c41783917b5'
     Error in sourceCpp(file.path(pathRcppTests, "cpp/gsl.cpp")) :
     Error 1 occurred building shared library.
    
    
     Executing test function test.gsl.RcppGSL.matrix.view.indexing ... gsl.cpp:293:5: error: no matching function for call to 'transform'
     std::transform(vec.begin(), vec.end(), res.begin(), ::sqrt);
     ^~~~~~~~~~~~~~
     /usr/local/bin/../include/c++/v1/algorithm:2028:1: note: candidate template ignored: couldn't infer template argument '_UnaryOperation'
     transform(_InputIterator __first, _InputIterator __last, _OutputIterator __result, _UnaryOperation __op)
     ^
     /usr/local/bin/../include/c++/v1/algorithm:2038:1: note: candidate function template not viable: requires 5 arguments, but 4 were provided
     transform(_InputIterator1 __first1, _InputIterator1 __last1, _InputIterator2 __first2,
     ^
     1 error generated.
     make[1]: *** [/data/gannet/ripley/R/R-clang/etc/Makeconf:166: gsl.o] Error 1
     make[1]: Target 'all' not remade because of errors.
     make[1]: Entering directory '/tmp/RtmpVcSEBa/sourceCpp-x86_64-pc-linux-gnu-0.12.14/sourcecpp_6c41783917b5'
     clang++ -I"/data/gannet/ripley/R/R-clang/include" -DNDEBUG -I/usr/include -I"/data/gannet/ripley/R/test-clang/Rcpp/include" -I"/data/gannet/ripley/R/packages/tests-clang/RcppGSL.Rcheck/RcppGSL/include" -I"/data/gannet/ripley/R/packages/tests-clang/RcppGSL.Rcheck/RcppGSL/unitTests/cpp" -isystem /usr/local/clang/include -fpic -g -O3 -Wall -pedantic -frtti -c gsl.cpp -o gsl.o
     make[1]: Leaving directory '/tmp/RtmpVcSEBa/sourceCpp-x86_64-pc-linux-gnu-0.12.14/sourcecpp_6c41783917b5'
     Error in sourceCpp(file.path(pathRcppTests, "cpp/gsl.cpp")) :
     Error 1 occurred building shared library.
    
    
     Executing test function test.gsl.RcppGSL.vector ... gsl.cpp:293:5: error: no matching function for call to 'transform'
     std::transform(vec.begin(), vec.end(), res.begin(), ::sqrt);
     ^~~~~~~~~~~~~~
     /usr/local/bin/../include/c++/v1/algorithm:2028:1: note: candidate template ignored: couldn't infer template argument '_UnaryOperation'
     transform(_InputIterator __first, _InputIterator __last, _OutputIterator __result, _UnaryOperation __op)
     ^
     /usr/local/bin/../include/c++/v1/algorithm:2038:1: note: candidate function template not viable: requires 5 arguments, but 4 were provided
     transform(_InputIterator1 __first1, _InputIterator1 __last1, _InputIterator2 __first2,
     ^
     1 error generated.
     make[1]: *** [/data/gannet/ripley/R/R-clang/etc/Makeconf:166: gsl.o] Error 1
     make[1]: Target 'all' not remade because of errors.
     make[1]: Entering directory '/tmp/RtmpVcSEBa/sourceCpp-x86_64-pc-linux-gnu-0.12.14/sourcecpp_6c41783917b5'
     clang++ -I"/data/gannet/ripley/R/R-clang/include" -DNDEBUG -I/usr/include -I"/data/gannet/ripley/R/test-clang/Rcpp/include" -I"/data/gannet/ripley/R/packages/tests-clang/RcppGSL.Rcheck/RcppGSL/include" -I"/data/gannet/ripley/R/packages/tests-clang/RcppGSL.Rcheck/RcppGSL/unitTests/cpp" -isystem /usr/local/clang/include -fpic -g -O3 -Wall -pedantic -frtti -c gsl.cpp -o gsl.o
     make[1]: Leaving directory '/tmp/RtmpVcSEBa/sourceCpp-x86_64-pc-linux-gnu-0.12.14/sourcecpp_6c41783917b5'
     Error in sourceCpp(file.path(pathRcppTests, "cpp/gsl.cpp")) :
     Error 1 occurred building shared library.
    
    
     Executing test function test.gsl.RcppGSL.vector.indexing ... gsl.cpp:293:5: error: no matching function for call to 'transform'
     std::transform(vec.begin(), vec.end(), res.begin(), ::sqrt);
     ^~~~~~~~~~~~~~
     /usr/local/bin/../include/c++/v1/algorithm:2028:1: note: candidate template ignored: couldn't infer template argument '_UnaryOperation'
     transform(_InputIterator __first, _InputIterator __last, _OutputIterator __result, _UnaryOperation __op)
     ^
     /usr/local/bin/../include/c++/v1/algorithm:2038:1: note: candidate function template not viable: requires 5 arguments, but 4 were provided
     transform(_InputIterator1 __first1, _InputIterator1 __last1, _InputIterator2 __first2,
     ^
     1 error generated.
     make[1]: *** [/data/gannet/ripley/R/R-clang/etc/Makeconf:166: gsl.o] Error 1
     make[1]: Target 'all' not remade because of errors.
     make[1]: Entering directory '/tmp/RtmpVcSEBa/sourceCpp-x86_64-pc-linux-gnu-0.12.14/sourcecpp_6c41783917b5'
     clang++ -I"/data/gannet/ripley/R/R-clang/include" -DNDEBUG -I/usr/include -I"/data/gannet/ripley/R/test-clang/Rcpp/include" -I"/data/gannet/ripley/R/packages/tests-clang/RcppGSL.Rcheck/RcppGSL/include" -I"/data/gannet/ripley/R/packages/tests-clang/RcppGSL.Rcheck/RcppGSL/unitTests/cpp" -isystem /usr/local/clang/include -fpic -g -O3 -Wall -pedantic -frtti -c gsl.cpp -o gsl.o
     make[1]: Leaving directory '/tmp/RtmpVcSEBa/sourceCpp-x86_64-pc-linux-gnu-0.12.14/sourcecpp_6c41783917b5'
     Error in sourceCpp(file.path(pathRcppTests, "cpp/gsl.cpp")) :
     Error 1 occurred building shared library.
    
    
     Executing test function test.gsl.RcppGSL.vector.iterating ... gsl.cpp:293:5: error: no matching function for call to 'transform'
     std::transform(vec.begin(), vec.end(), res.begin(), ::sqrt);
     ^~~~~~~~~~~~~~
     /usr/local/bin/../include/c++/v1/algorithm:2028:1: note: candidate template ignored: couldn't infer template argument '_UnaryOperation'
     transform(_InputIterator __first, _InputIterator __last, _OutputIterator __result, _UnaryOperation __op)
     ^
     /usr/local/bin/../include/c++/v1/algorithm:2038:1: note: candidate function template not viable: requires 5 arguments, but 4 were provided
     transform(_InputIterator1 __first1, _InputIterator1 __last1, _InputIterator2 __first2,
     ^
     1 error generated.
     make[1]: *** [/data/gannet/ripley/R/R-clang/etc/Makeconf:166: gsl.o] Error 1
     make[1]: Target 'all' not remade because of errors.
     make[1]: Entering directory '/tmp/RtmpVcSEBa/sourceCpp-x86_64-pc-linux-gnu-0.12.14/sourcecpp_6c41783917b5'
     clang++ -I"/data/gannet/ripley/R/R-clang/include" -DNDEBUG -I/usr/include -I"/data/gannet/ripley/R/test-clang/Rcpp/include" -I"/data/gannet/ripley/R/packages/tests-clang/RcppGSL.Rcheck/RcppGSL/include" -I"/data/gannet/ripley/R/packages/tests-clang/RcppGSL.Rcheck/RcppGSL/unitTests/cpp" -isystem /usr/local/clang/include -fpic -g -O3 -Wall -pedantic -frtti -c gsl.cpp -o gsl.o
     make[1]: Leaving directory '/tmp/RtmpVcSEBa/sourceCpp-x86_64-pc-linux-gnu-0.12.14/sourcecpp_6c41783917b5'
     Error in sourceCpp(file.path(pathRcppTests, "cpp/gsl.cpp")) :
     Error 1 occurred building shared library.
    
    
     Executing test function test.gsl.RcppGSL.vector.iterator.transform ... gsl.cpp:293:5: error: no matching function for call to 'transform'
     std::transform(vec.begin(), vec.end(), res.begin(), ::sqrt);
     ^~~~~~~~~~~~~~
     /usr/local/bin/../include/c++/v1/algorithm:2028:1: note: candidate template ignored: couldn't infer template argument '_UnaryOperation'
     transform(_InputIterator __first, _InputIterator __last, _OutputIterator __result, _UnaryOperation __op)
     ^
     /usr/local/bin/../include/c++/v1/algorithm:2038:1: note: candidate function template not viable: requires 5 arguments, but 4 were provided
     transform(_InputIterator1 __first1, _InputIterator1 __last1, _InputIterator2 __first2,
     ^
     1 error generated.
     make[1]: *** [/data/gannet/ripley/R/R-clang/etc/Makeconf:166: gsl.o] Error 1
     make[1]: Target 'all' not remade because of errors.
     make[1]: Entering directory '/tmp/RtmpVcSEBa/sourceCpp-x86_64-pc-linux-gnu-0.12.14/sourcecpp_6c41783917b5'
     clang++ -I"/data/gannet/ripley/R/R-clang/include" -DNDEBUG -I/usr/include -I"/data/gannet/ripley/R/test-clang/Rcpp/include" -I"/data/gannet/ripley/R/packages/tests-clang/RcppGSL.Rcheck/RcppGSL/include" -I"/data/gannet/ripley/R/packages/tests-clang/RcppGSL.Rcheck/RcppGSL/unitTests/cpp" -isystem /usr/local/clang/include -fpic -g -O3 -Wall -pedantic -frtti -c gsl.cpp -o gsl.o
     make[1]: Leaving directory '/tmp/RtmpVcSEBa/sourceCpp-x86_64-pc-linux-gnu-0.12.14/sourcecpp_6c41783917b5'
     Error in sourceCpp(file.path(pathRcppTests, "cpp/gsl.cpp")) :
     Error 1 occurred building shared library.
    
    
     Executing test function test.gsl.RcppGSL.vector.view.iterating ... gsl.cpp:293:5: error: no matching function for call to 'transform'
     std::transform(vec.begin(), vec.end(), res.begin(), ::sqrt);
     ^~~~~~~~~~~~~~
     /usr/local/bin/../include/c++/v1/algorithm:2028:1: note: candidate template ignored: couldn't infer template argument '_UnaryOperation'
     transform(_InputIterator __first, _InputIterator __last, _OutputIterator __result, _UnaryOperation __op)
     ^
     /usr/local/bin/../include/c++/v1/algorithm:2038:1: note: candidate function template not viable: requires 5 arguments, but 4 were provided
     transform(_InputIterator1 __first1, _InputIterator1 __last1, _InputIterator2 __first2,
     ^
     1 error generated.
     make[1]: *** [/data/gannet/ripley/R/R-clang/etc/Makeconf:166: gsl.o] Error 1
     make[1]: Target 'all' not remade because of errors.
     make[1]: Entering directory '/tmp/RtmpVcSEBa/sourceCpp-x86_64-pc-linux-gnu-0.12.14/sourcecpp_6c41783917b5'
     clang++ -I"/data/gannet/ripley/R/R-clang/include" -DNDEBUG -I/usr/include -I"/data/gannet/ripley/R/test-clang/Rcpp/include" -I"/data/gannet/ripley/R/packages/tests-clang/RcppGSL.Rcheck/RcppGSL/include" -I"/data/gannet/ripley/R/packages/tests-clang/RcppGSL.Rcheck/RcppGSL/unitTests/cpp" -isystem /usr/local/clang/include -fpic -g -O3 -Wall -pedantic -frtti -c gsl.cpp -o gsl.o
     make[1]: Leaving directory '/tmp/RtmpVcSEBa/sourceCpp-x86_64-pc-linux-gnu-0.12.14/sourcecpp_6c41783917b5'
     Error in sourceCpp(file.path(pathRcppTests, "cpp/gsl.cpp")) :
     Error 1 occurred building shared library.
    
    
     Executing test function test.gsl.matrix ... gsl.cpp:293:5: error: no matching function for call to 'transform'
     std::transform(vec.begin(), vec.end(), res.begin(), ::sqrt);
     ^~~~~~~~~~~~~~
     /usr/local/bin/../include/c++/v1/algorithm:2028:1: note: candidate template ignored: couldn't infer template argument '_UnaryOperation'
     transform(_InputIterator __first, _InputIterator __last, _OutputIterator __result, _UnaryOperation __op)
     ^
     /usr/local/bin/../include/c++/v1/algorithm:2038:1: note: candidate function template not viable: requires 5 arguments, but 4 were provided
     transform(_InputIterator1 __first1, _InputIterator1 __last1, _InputIterator2 __first2,
     ^
     1 error generated.
     make[1]: *** [/data/gannet/ripley/R/R-clang/etc/Makeconf:166: gsl.o] Error 1
     make[1]: Target 'all' not remade because of errors.
     make[1]: Entering directory '/tmp/RtmpVcSEBa/sourceCpp-x86_64-pc-linux-gnu-0.12.14/sourcecpp_6c41783917b5'
     clang++ -I"/data/gannet/ripley/R/R-clang/include" -DNDEBUG -I/usr/include -I"/data/gannet/ripley/R/test-clang/Rcpp/include" -I"/data/gannet/ripley/R/packages/tests-clang/RcppGSL.Rcheck/RcppGSL/include" -I"/data/gannet/ripley/R/packages/tests-clang/RcppGSL.Rcheck/RcppGSL/unitTests/cpp" -isystem /usr/local/clang/include -fpic -g -O3 -Wall -pedantic -frtti -c gsl.cpp -o gsl.o
     make[1]: Leaving directory '/tmp/RtmpVcSEBa/sourceCpp-x86_64-pc-linux-gnu-0.12.14/sourcecpp_6c41783917b5'
     Error in sourceCpp(file.path(pathRcppTests, "cpp/gsl.cpp")) :
     Error 1 occurred building shared library.
    
    
     Executing test function test.gsl.matrix.input.SEXP ... gsl.cpp:293:5: error: no matching function for call to 'transform'
     std::transform(vec.begin(), vec.end(), res.begin(), ::sqrt);
     ^~~~~~~~~~~~~~
     /usr/local/bin/../include/c++/v1/algorithm:2028:1: note: candidate template ignored: couldn't infer template argument '_UnaryOperation'
     transform(_InputIterator __first, _InputIterator __last, _OutputIterator __result, _UnaryOperation __op)
     ^
     /usr/local/bin/../include/c++/v1/algorithm:2038:1: note: candidate function template not viable: requires 5 arguments, but 4 were provided
     transform(_InputIterator1 __first1, _InputIterator1 __last1, _InputIterator2 __first2,
     ^
     1 error generated.
     make[1]: *** [/data/gannet/ripley/R/R-clang/etc/Makeconf:166: gsl.o] Error 1
     make[1]: Target 'all' not remade because of errors.
     make[1]: Entering directory '/tmp/RtmpVcSEBa/sourceCpp-x86_64-pc-linux-gnu-0.12.14/sourcecpp_6c41783917b5'
     clang++ -I"/data/gannet/ripley/R/R-clang/include" -DNDEBUG -I/usr/include -I"/data/gannet/ripley/R/test-clang/Rcpp/include" -I"/data/gannet/ripley/R/packages/tests-clang/RcppGSL.Rcheck/RcppGSL/include" -I"/data/gannet/ripley/R/packages/tests-clang/RcppGSL.Rcheck/RcppGSL/unitTests/cpp" -isystem /usr/local/clang/include -fpic -g -O3 -Wall -pedantic -frtti -c gsl.cpp -o gsl.o
     make[1]: Leaving directory '/tmp/RtmpVcSEBa/sourceCpp-x86_64-pc-linux-gnu-0.12.14/sourcecpp_6c41783917b5'
     Error in sourceCpp(file.path(pathRcppTests, "cpp/gsl.cpp")) :
     Error 1 occurred building shared library.
    
    
     Executing test function test.gsl.matrix.view ... gsl.cpp:293:5: error: no matching function for call to 'transform'
     std::transform(vec.begin(), vec.end(), res.begin(), ::sqrt);
     ^~~~~~~~~~~~~~
     /usr/local/bin/../include/c++/v1/algorithm:2028:1: note: candidate template ignored: couldn't infer template argument '_UnaryOperation'
     transform(_InputIterator __first, _InputIterator __last, _OutputIterator __result, _UnaryOperation __op)
     ^
     /usr/local/bin/../include/c++/v1/algorithm:2038:1: note: candidate function template not viable: requires 5 arguments, but 4 were provided
     transform(_InputIterator1 __first1, _InputIterator1 __last1, _InputIterator2 __first2,
     ^
     1 error generated.
     make[1]: *** [/data/gannet/ripley/R/R-clang/etc/Makeconf:166: gsl.o] Error 1
     make[1]: Target 'all' not remade because of errors.
     make[1]: Entering directory '/tmp/RtmpVcSEBa/sourceCpp-x86_64-pc-linux-gnu-0.12.14/sourcecpp_6c41783917b5'
     clang++ -I"/data/gannet/ripley/R/R-clang/include" -DNDEBUG -I/usr/include -I"/data/gannet/ripley/R/test-clang/Rcpp/include" -I"/data/gannet/ripley/R/packages/tests-clang/RcppGSL.Rcheck/RcppGSL/include" -I"/data/gannet/ripley/R/packages/tests-clang/RcppGSL.Rcheck/RcppGSL/unitTests/cpp" -isystem /usr/local/clang/include -fpic -g -O3 -Wall -pedantic -frtti -c gsl.cpp -o gsl.o
     make[1]: Leaving directory '/tmp/RtmpVcSEBa/sourceCpp-x86_64-pc-linux-gnu-0.12.14/sourcecpp_6c41783917b5'
     Error in sourceCpp(file.path(pathRcppTests, "cpp/gsl.cpp")) :
     Error 1 occurred building shared library.
    
    
     Executing test function test.gsl.vector ... gsl.cpp:293:5: error: no matching function for call to 'transform'
     std::transform(vec.begin(), vec.end(), res.begin(), ::sqrt);
     ^~~~~~~~~~~~~~
     /usr/local/bin/../include/c++/v1/algorithm:2028:1: note: candidate template ignored: couldn't infer template argument '_UnaryOperation'
     transform(_InputIterator __first, _InputIterator __last, _OutputIterator __result, _UnaryOperation __op)
     ^
     /usr/local/bin/../include/c++/v1/algorithm:2038:1: note: candidate function template not viable: requires 5 arguments, but 4 were provided
     transform(_InputIterator1 __first1, _InputIterator1 __last1, _InputIterator2 __first2,
     ^
     1 error generated.
     make[1]: *** [/data/gannet/ripley/R/R-clang/etc/Makeconf:166: gsl.o] Error 1
     make[1]: Target 'all' not remade because of errors.
     make[1]: Entering directory '/tmp/RtmpVcSEBa/sourceCpp-x86_64-pc-linux-gnu-0.12.14/sourcecpp_6c41783917b5'
     clang++ -I"/data/gannet/ripley/R/R-clang/include" -DNDEBUG -I/usr/include -I"/data/gannet/ripley/R/test-clang/Rcpp/include" -I"/data/gannet/ripley/R/packages/tests-clang/RcppGSL.Rcheck/RcppGSL/include" -I"/data/gannet/ripley/R/packages/tests-clang/RcppGSL.Rcheck/RcppGSL/unitTests/cpp" -isystem /usr/local/clang/include -fpic -g -O3 -Wall -pedantic -frtti -c gsl.cpp -o gsl.o
     make[1]: Leaving directory '/tmp/RtmpVcSEBa/sourceCpp-x86_64-pc-linux-gnu-0.12.14/sourcecpp_6c41783917b5'
     Error in sourceCpp(file.path(pathRcppTests, "cpp/gsl.cpp")) :
     Error 1 occurred building shared library.
    
    
     Executing test function test.gsl.vector.input.SEXP ... gsl.cpp:293:5: error: no matching function for call to 'transform'
     std::transform(vec.begin(), vec.end(), res.begin(), ::sqrt);
     ^~~~~~~~~~~~~~
     /usr/local/bin/../include/c++/v1/algorithm:2028:1: note: candidate template ignored: couldn't infer template argument '_UnaryOperation'
     transform(_InputIterator __first, _InputIterator __last, _OutputIterator __result, _UnaryOperation __op)
     ^
     /usr/local/bin/../include/c++/v1/algorithm:2038:1: note: candidate function template not viable: requires 5 arguments, but 4 were provided
     transform(_InputIterator1 __first1, _InputIterator1 __last1, _InputIterator2 __first2,
     ^
     1 error generated.
     make[1]: *** [/data/gannet/ripley/R/R-clang/etc/Makeconf:166: gsl.o] Error 1
     make[1]: Target 'all' not remade because of errors.
     make[1]: Entering directory '/tmp/RtmpVcSEBa/sourceCpp-x86_64-pc-linux-gnu-0.12.14/sourcecpp_6c41783917b5'
     clang++ -I"/data/gannet/ripley/R/R-clang/include" -DNDEBUG -I/usr/include -I"/data/gannet/ripley/R/test-clang/Rcpp/include" -I"/data/gannet/ripley/R/packages/tests-clang/RcppGSL.Rcheck/RcppGSL/include" -I"/data/gannet/ripley/R/packages/tests-clang/RcppGSL.Rcheck/RcppGSL/unitTests/cpp" -isystem /usr/local/clang/include -fpic -g -O3 -Wall -pedantic -frtti -c gsl.cpp -o gsl.o
     make[1]: Leaving directory '/tmp/RtmpVcSEBa/sourceCpp-x86_64-pc-linux-gnu-0.12.14/sourcecpp_6c41783917b5'
     Error in sourceCpp(file.path(pathRcppTests, "cpp/gsl.cpp")) :
     Error 1 occurred building shared library.
    
    
     Executing test function test.gsl.vector.view ... gsl.cpp:293:5: error: no matching function for call to 'transform'
     std::transform(vec.begin(), vec.end(), res.begin(), ::sqrt);
     ^~~~~~~~~~~~~~
     /usr/local/bin/../include/c++/v1/algorithm:2028:1: note: candidate template ignored: couldn't infer template argument '_UnaryOperation'
     transform(_InputIterator __first, _InputIterator __last, _OutputIterator __result, _UnaryOperation __op)
     ^
     /usr/local/bin/../include/c++/v1/algorithm:2038:1: note: candidate function template not viable: requires 5 arguments, but 4 were provided
     transform(_InputIterator1 __first1, _InputIterator1 __last1, _InputIterator2 __first2,
     ^
     1 error generated.
     make[1]: *** [/data/gannet/ripley/R/R-clang/etc/Makeconf:166: gsl.o] Error 1
     make[1]: Target 'all' not remade because of errors.
     make[1]: Entering directory '/tmp/RtmpVcSEBa/sourceCpp-x86_64-pc-linux-gnu-0.12.14/sourcecpp_6c41783917b5'
     clang++ -I"/data/gannet/ripley/R/R-clang/include" -DNDEBUG -I/usr/include -I"/data/gannet/ripley/R/test-clang/Rcpp/include" -I"/data/gannet/ripley/R/packages/tests-clang/RcppGSL.Rcheck/RcppGSL/include" -I"/data/gannet/ripley/R/packages/tests-clang/RcppGSL.Rcheck/RcppGSL/unitTests/cpp" -isystem /usr/local/clang/include -fpic -g -O3 -Wall -pedantic -frtti -c gsl.cpp -o gsl.o
     make[1]: Leaving directory '/tmp/RtmpVcSEBa/sourceCpp-x86_64-pc-linux-gnu-0.12.14/sourcecpp_6c41783917b5'
     Error in sourceCpp(file.path(pathRcppTests, "cpp/gsl.cpp")) :
     Error 1 occurred building shared library.
    
    
     Executing test function test.gsl.vector.wrappers ... gsl.cpp:293:5: error: no matching function for call to 'transform'
     std::transform(vec.begin(), vec.end(), res.begin(), ::sqrt);
     ^~~~~~~~~~~~~~
     /usr/local/bin/../include/c++/v1/algorithm:2028:1: note: candidate template ignored: couldn't infer template argument '_UnaryOperation'
     transform(_InputIterator __first, _InputIterator __last, _OutputIterator __result, _UnaryOperation __op)
     ^
     /usr/local/bin/../include/c++/v1/algorithm:2038:1: note: candidate function template not viable: requires 5 arguments, but 4 were provided
     transform(_InputIterator1 __first1, _InputIterator1 __last1, _InputIterator2 __first2,
     ^
     1 error generated.
     make[1]: *** [/data/gannet/ripley/R/R-clang/etc/Makeconf:166: gsl.o] Error 1
     make[1]: Target 'all' not remade because of errors.
     make[1]: Entering directory '/tmp/RtmpVcSEBa/sourceCpp-x86_64-pc-linux-gnu-0.12.14/sourcecpp_6c41783917b5'
     clang++ -I"/data/gannet/ripley/R/R-clang/include" -DNDEBUG -I/usr/include -I"/data/gannet/ripley/R/test-clang/Rcpp/include" -I"/data/gannet/ripley/R/packages/tests-clang/RcppGSL.Rcheck/RcppGSL/include" -I"/data/gannet/ripley/R/packages/tests-clang/RcppGSL.Rcheck/RcppGSL/unitTests/cpp" -isystem /usr/local/clang/include -fpic -g -O3 -Wall -pedantic -frtti -c gsl.cpp -o gsl.o
     make[1]: Leaving directory '/tmp/RtmpVcSEBa/sourceCpp-x86_64-pc-linux-gnu-0.12.14/sourcecpp_6c41783917b5'
     Error in sourceCpp(file.path(pathRcppTests, "cpp/gsl.cpp")) :
     Error 1 occurred building shared library.
     RUNIT TEST PROTOCOL -- Fri Nov 24 14:43:45 2017
     ***********************************************
     Number of test functions: 19
     Number of errors: 14
     Number of failures: 0
    
    
     1 Test Suite :
     RcppGSL Unit Tests - 19 test functions, 14 errors, 0 failures
     ERROR in .setUp (before test.gsl.RcppGSL.matrix.indexing): Error executing .setUp before test.gsl.RcppGSL.matrix.indexing : Error in sourceCpp(file.path(pathRcppTests, "cpp/gsl.cpp")) :
     Error 1 occurred building shared library.
     ERROR in .setUp (before test.gsl.RcppGSL.matrix.view.indexing): Error executing .setUp before test.gsl.RcppGSL.matrix.view.indexing : Error in sourceCpp(file.path(pathRcppTests, "cpp/gsl.cpp")) :
     Error 1 occurred building shared library.
     ERROR in .setUp (before test.gsl.RcppGSL.vector): Error executing .setUp before test.gsl.RcppGSL.vector : Error in sourceCpp(file.path(pathRcppTests, "cpp/gsl.cpp")) :
     Error 1 occurred building shared library.
     ERROR in .setUp (before test.gsl.RcppGSL.vector.indexing): Error executing .setUp before test.gsl.RcppGSL.vector.indexing : Error in sourceCpp(file.path(pathRcppTests, "cpp/gsl.cpp")) :
     Error 1 occurred building shared library.
     ERROR in .setUp (before test.gsl.RcppGSL.vector.iterating): Error executing .setUp before test.gsl.RcppGSL.vector.iterating : Error in sourceCpp(file.path(pathRcppTests, "cpp/gsl.cpp")) :
     Error 1 occurred building shared library.
     ERROR in .setUp (before test.gsl.RcppGSL.vector.iterator.transform): Error executing .setUp before test.gsl.RcppGSL.vector.iterator.transform : Error in sourceCpp(file.path(pathRcppTests, "cpp/gsl.cpp")) :
     Error 1 occurred building shared library.
     ERROR in .setUp (before test.gsl.RcppGSL.vector.view.iterating): Error executing .setUp before test.gsl.RcppGSL.vector.view.iterating : Error in sourceCpp(file.path(pathRcppTests, "cpp/gsl.cpp")) :
     Error 1 occurred building shared library.
     ERROR in .setUp (before test.gsl.matrix): Error executing .setUp before test.gsl.matrix : Error in sourceCpp(file.path(pathRcppTests, "cpp/gsl.cpp")) :
     Error 1 occurred building shared library.
     ERROR in .setUp (before test.gsl.matrix.input.SEXP): Error executing .setUp before test.gsl.matrix.input.SEXP : Error in sourceCpp(file.path(pathRcppTests, "cpp/gsl.cpp")) :
     Error 1 occurred building shared library.
     ERROR in .setUp (before test.gsl.matrix.view): Error executing .setUp before test.gsl.matrix.view : Error in sourceCpp(file.path(pathRcppTests, "cpp/gsl.cpp")) :
     Error 1 occurred building shared library.
     ERROR in .setUp (before test.gsl.vector): Error executing .setUp before test.gsl.vector : Error in sourceCpp(file.path(pathRcppTests, "cpp/gsl.cpp")) :
     Error 1 occurred building shared library.
     ERROR in .setUp (before test.gsl.vector.input.SEXP): Error executing .setUp before test.gsl.vector.input.SEXP : Error in sourceCpp(file.path(pathRcppTests, "cpp/gsl.cpp")) :
     Error 1 occurred building shared library.
     ERROR in .setUp (before test.gsl.vector.view): Error executing .setUp before test.gsl.vector.view : Error in sourceCpp(file.path(pathRcppTests, "cpp/gsl.cpp")) :
     Error 1 occurred building shared library.
     ERROR in .setUp (before test.gsl.vector.wrappers): Error executing .setUp before test.gsl.vector.wrappers : Error in sourceCpp(file.path(pathRcppTests, "cpp/gsl.cpp")) :
     Error 1 occurred building shared library.
    
    
    
     Details
     ***************************
     Test Suite: RcppGSL Unit Tests
     Test function regexp: ^[Tt]est.+
     Test file regexp: ^runit.+\.[rR]$
     Involved directory:
     /data/gannet/ripley/R/packages/tests-clang/RcppGSL.Rcheck/RcppGSL/unitTests
     ---------------------------
     Test file: /data/gannet/ripley/R/packages/tests-clang/RcppGSL.Rcheck/RcppGSL/unitTests/runit.client.package.R
     test.client.package: (1 checks) ... OK (24.57 seconds)
     ---------------------------
     Test file: /data/gannet/ripley/R/packages/tests-clang/RcppGSL.Rcheck/RcppGSL/unitTests/runit.fastLm.R
     test.fastLm: (3 checks) ... OK (0.04 seconds)
     test.fastLm.default: (5 checks) ... OK (0.01 seconds)
     test.fastLm.formula: (5 checks) ... OK (0.03 seconds)
     test.summary.fastLm: (12 checks) ... OK (0.08 seconds)
     ---------------------------
     Test file: /data/gannet/ripley/R/packages/tests-clang/RcppGSL.Rcheck/RcppGSL/unitTests/runit.gsl.R
     .setUp (before test.gsl.RcppGSL.matrix.indexing): ERROR !!
     Error executing .setUp before test.gsl.RcppGSL.matrix.indexing : Error in sourceCpp(file.path(pathRcppTests, "cpp/gsl.cpp")) :
     Error 1 occurred building shared library.
     .setUp (before test.gsl.RcppGSL.matrix.view.indexing): ERROR !!
     Error executing .setUp before test.gsl.RcppGSL.matrix.view.indexing : Error in sourceCpp(file.path(pathRcppTests, "cpp/gsl.cpp")) :
     Error 1 occurred building shared library.
     .setUp (before test.gsl.RcppGSL.vector): ERROR !!
     Error executing .setUp before test.gsl.RcppGSL.vector : Error in sourceCpp(file.path(pathRcppTests, "cpp/gsl.cpp")) :
     Error 1 occurred building shared library.
     .setUp (before test.gsl.RcppGSL.vector.indexing): ERROR !!
     Error executing .setUp before test.gsl.RcppGSL.vector.indexing : Error in sourceCpp(file.path(pathRcppTests, "cpp/gsl.cpp")) :
     Error 1 occurred building shared library.
     .setUp (before test.gsl.RcppGSL.vector.iterating): ERROR !!
     Error executing .setUp before test.gsl.RcppGSL.vector.iterating : Error in sourceCpp(file.path(pathRcppTests, "cpp/gsl.cpp")) :
     Error 1 occurred building shared library.
     .setUp (before test.gsl.RcppGSL.vector.iterator.transform): ERROR !!
     Error executing .setUp before test.gsl.RcppGSL.vector.iterator.transform : Error in sourceCpp(file.path(pathRcppTests, "cpp/gsl.cpp")) :
     Error 1 occurred building shared library.
     .setUp (before test.gsl.RcppGSL.vector.view.iterating): ERROR !!
     Error executing .setUp before test.gsl.RcppGSL.vector.view.iterating : Error in sourceCpp(file.path(pathRcppTests, "cpp/gsl.cpp")) :
     Error 1 occurred building shared library.
     .setUp (before test.gsl.matrix): ERROR !!
     Error executing .setUp before test.gsl.matrix : Error in sourceCpp(file.path(pathRcppTests, "cpp/gsl.cpp")) :
     Error 1 occurred building shared library.
     .setUp (before test.gsl.matrix.input.SEXP): ERROR !!
     Error executing .setUp before test.gsl.matrix.input.SEXP : Error in sourceCpp(file.path(pathRcppTests, "cpp/gsl.cpp")) :
     Error 1 occurred building shared library.
     .setUp (before test.gsl.matrix.view): ERROR !!
     Error executing .setUp before test.gsl.matrix.view : Error in sourceCpp(file.path(pathRcppTests, "cpp/gsl.cpp")) :
     Error 1 occurred building shared library.
     .setUp (before test.gsl.vector): ERROR !!
     Error executing .setUp before test.gsl.vector : Error in sourceCpp(file.path(pathRcppTests, "cpp/gsl.cpp")) :
     Error 1 occurred building shared library.
     .setUp (before test.gsl.vector.input.SEXP): ERROR !!
     Error executing .setUp before test.gsl.vector.input.SEXP : Error in sourceCpp(file.path(pathRcppTests, "cpp/gsl.cpp")) :
     Error 1 occurred building shared library.
     .setUp (before test.gsl.vector.view): ERROR !!
     Error executing .setUp before test.gsl.vector.view : Error in sourceCpp(file.path(pathRcppTests, "cpp/gsl.cpp")) :
     Error 1 occurred building shared library.
     .setUp (before test.gsl.vector.wrappers): ERROR !!
     Error executing .setUp before test.gsl.vector.wrappers : Error in sourceCpp(file.path(pathRcppTests, "cpp/gsl.cpp")) :
     Error 1 occurred building shared library.
     Error: TEST HAD ERRORS!
     Execution halted
Flavor: r-devel-linux-x86_64-fedora-clang

Version: 0.3.3
Check: re-building of vignette outputs
Result: WARN
    Error in re-building vignettes:
     ...
    Latexmk: This is Latexmk, John Collins, 20 Nov. 2017, version: 4.54.
    Loading required package: RcppGSL
Flavor: r-devel-linux-x86_64-fedora-clang

Version: 0.3.3
Check: re-building of vignette outputs
Result: WARN
    Error in re-building vignettes:
     ...
    This is BibTeX, Version 0.99d (MiKTeX 2.9)
    The top-level auxiliary file: RcppGSL-intro.aux
    I couldn't open database file Rcpp.bib
    ---line 151 of file RcppGSL-intro.aux
     : \bibdata{Rcpp
     : }
    I'm skipping whatever remains of this command
    The style file: jss.bst
    I found no database files---while reading file RcppGSL-intro.aux
    Warning--I didn't find a database entry for "GSL"
    Warning--I didn't find a database entry for "JSS:Rcpp"
    Warning--I didn't find a database entry for "Eddelbuettel:2013:Rcpp"
    Warning--I didn't find a database entry for "CRAN:Rcpp"
    Warning--I didn't find a database entry for "R:Main"
    Warning--I didn't find a database entry for "CRAN:RcppArmadillo"
    Warning--I didn't find a database entry for "Eddelbuettel+Sanderson:2013:RcppArmadillo"
    Warning--I didn't find a database entry for "Sanderson:2010:Armadillo"
    Warning--I didn't find a database entry for "CRAN:RcppEigen"
    Warning--I didn't find a database entry for "JSS:RcppEigen"
    Warning--I didn't find a database entry for "CRAN:inline"
    Warning--I didn't find a database entry for "CRAN:Rcpp:Attributes"
    (There were 2 error messages)
    Error: processing vignette 'RcppGSL-intro.Rmd' failed with diagnostics:
    Failed to build the bibliography via bibtex
    Execution halted
Flavor: r-devel-windows-ix86+x86_64

Version: 0.3.3
Check: tests
Result: ERROR
     Running ‘doRUnit.R’ [101s/131s]
    Running the tests in ‘tests/doRUnit.R’ failed.
    Complete output:
     > ## doRUnit.R --- Run RUnit tests
     > ##
     > ## with credits to package fUtilities in RMetrics
     > ## which credits Gregor Gojanc's example in CRAN package 'gdata'
     > ## as per the (now deceased) R Wiki http://wiki.r-project.org/rwiki/doku.php?id=developers:runit
     > ## and changed further by Martin Maechler
     > ## and usage across several Rcpp* package
     > ## and more changes by Murray Stokely in HistogramTools
     > ##
     > ## Dirk Eddelbuettel, 2010 - 2017
     >
     > if (requireNamespace("RUnit", quietly=TRUE) &&
     + requireNamespace("RcppGSL", quietly=TRUE)) {
     +
     + library(RUnit)
     + library(RcppGSL)
     +
     + ## Set a seed to make the test deterministic
     + set.seed(42)
     +
     + ## Define tests
     + testSuite <- defineTestSuite(name="RcppGSL Unit Tests",
     + dirs=system.file("unitTests", package = "RcppGSL"),
     + testFuncRegexp = "^[Tt]est.+")
     +
     + Sys.setenv("R_TESTS"="") # without this, we get (or used to get) unit test failures
     +
     + tests <- runTestSuite(testSuite) # run tests
     + printTextProtocol(tests) # print results
     +
     + ## Return success or failure to R CMD CHECK
     + if (getErrors(tests)$nFail > 0) stop("TEST FAILED!")
     + if (getErrors(tests)$nErr > 0) stop("TEST HAD ERRORS!")
     + if (getErrors(tests)$nTestFunc < 1) stop("NO TEST FUNCTIONS RUN!")
     +
     + }
    
    
     Executing test function test.client.package ... * checking for file ‘RcppGSLExample/DESCRIPTION’ ... OK
     * preparing ‘RcppGSLExample’:
     * checking DESCRIPTION meta-information ... OK
     * cleaning src
     * checking for LF line-endings in source and make files and shell scripts
     * checking for empty or unneeded directories
     * building ‘RcppGSLExample_0.0.3.tar.gz’
    
     * installing *source* package ‘RcppGSLExample’ ...
     checking for gsl-config... /usr/local/bin/gsl-config
     configure: creating ./config.status
     config.status: creating src/Makevars
     ** libs
     /opt/csw//bin/g++ -I/home/ripley/R/gcc/include -DNDEBUG -I/usr/local/include -I"/tmp/RtmpUCaWYv/RLIBS_2b963b965c3b/Rcpp/include" -I"/tmp/RtmpUCaWYv/RLIBS_2b963b965c3b/RcppGSL/include" -I/opt/csw/include -I/usr/local/include -fPIC -O2 -c RcppExports.cpp -o RcppExports.o
     /opt/csw//bin/g++ -I/home/ripley/R/gcc/include -DNDEBUG -I/usr/local/include -I"/tmp/RtmpUCaWYv/RLIBS_2b963b965c3b/Rcpp/include" -I"/tmp/RtmpUCaWYv/RLIBS_2b963b965c3b/RcppGSL/include" -I/opt/csw/include -I/usr/local/include -fPIC -O2 -c colNorm.cpp -o colNorm.o
     /opt/csw//bin/g++ -shared -L/usr/local/lib -L/opt/csw/lib -o RcppGSLExample.so RcppExports.o colNorm.o -L/usr/local/lib -lgsl -lgslcblas -lm
     installing to /tmp/Rtmpn1a4yC/file38c76ffd1958/templib/RcppGSLExample/libs
     ** R
     ** preparing package for lazy loading
     ** help
     *** installing help indices
     ** building package indices
     ** testing if installed package can be loaded
     * DONE (RcppGSLExample)
     Loading required package: Rcpp
    
     Attaching package: 'Rcpp'
    
     The following object is masked from 'package:RcppGSL':
    
     LdFlags
    
     Loading required package: RcppGSLExample
     done successfully.
    
    
    
     Executing test function test.fastLm ... done successfully.
    
    
    
     Executing test function test.fastLm.default ... done successfully.
    
    
    
     Executing test function test.fastLm.formula ... done successfully.
    
    
    
     Executing test function test.summary.fastLm ... done successfully.
    
    
    
     Executing test function test.gsl.RcppGSL.matrix.indexing ... gsl.cpp: In function ‘Rcpp::NumericVector test_gsl_vector_iterator_transform(Rcpp::NumericVector)’:
     gsl.cpp:293:63: error: no matching function for call to ‘transform(RcppGSL::vector<double>::iterator, RcppGSL::vector<double>::iterator, Rcpp::Vector<14, Rcpp::PreserveStorage>::iterator, <unresolved overloaded function type>)’
     std::transform(vec.begin(), vec.end(), res.begin(), ::sqrt);
     ^
     In file included from /opt/csw/include/c++/5.2.0/algorithm:62:0,
     from /home/ripley/R/Lib32/Rcpp/include/RcppCommon.h:63,
     from /home/ripley/R/Lib32/RcppGSL/include/RcppGSLForward.h:25,
     from /home/ripley/R/Lib32/RcppGSL/include/RcppGSL.h:25,
     from gsl.cpp:22:
     /opt/csw/include/c++/5.2.0/bits/stl_algo.h:4164:5: note: candidate: template<class _IIter, class _OIter, class _UnaryOperation> _OIter std::transform(_IIter, _IIter, _OIter, _UnaryOperation)
     transform(_InputIterator __first, _InputIterator __last,
     ^
     /opt/csw/include/c++/5.2.0/bits/stl_algo.h:4164:5: note: template argument deduction/substitution failed:
     gsl.cpp:293:63: note: couldn't deduce template parameter ‘_UnaryOperation’
     std::transform(vec.begin(), vec.end(), res.begin(), ::sqrt);
     ^
     In file included from /opt/csw/include/c++/5.2.0/algorithm:62:0,
     from /home/ripley/R/Lib32/Rcpp/include/RcppCommon.h:63,
     from /home/ripley/R/Lib32/RcppGSL/include/RcppGSLForward.h:25,
     from /home/ripley/R/Lib32/RcppGSL/include/RcppGSL.h:25,
     from gsl.cpp:22:
     /opt/csw/include/c++/5.2.0/bits/stl_algo.h:4201:5: note: candidate: template<class _IIter1, class _IIter2, class _OIter, class _BinaryOperation> _OIter std::transform(_IIter1, _IIter1, _IIter2, _OIter, _BinaryOperation)
     transform(_InputIterator1 __first1, _InputIterator1 __last1,
     ^
     /opt/csw/include/c++/5.2.0/bits/stl_algo.h:4201:5: note: template argument deduction/substitution failed:
     gsl.cpp:293:63: note: candidate expects 5 arguments, 4 provided
     std::transform(vec.begin(), vec.end(), res.begin(), ::sqrt);
     ^
     make: Fatal error: Command failed for target `gsl.o'
     Current working directory /tmp/Rtmpn1a4yC/sourceCpp-i386-pc-solaris2.10-0.12.14/sourcecpp_38c730631b4b
     /opt/csw//bin/g++ -I/home/ripley/R/gcc/include -DNDEBUG -I/usr/local/include -I"/home/ripley/R/Lib32/Rcpp/include" -I"/home/ripley/R/Lib32/RcppGSL/include" -I"/home/ripley/R/Lib32/RcppGSL/unitTests/cpp" -I/opt/csw/include -I/usr/local/include -fPIC -O2 -c gsl.cpp -o gsl.o
     *** Error code 1
     Error in sourceCpp(file.path(pathRcppTests, "cpp/gsl.cpp")) :
     Error 1 occurred building shared library.
    
    
     Executing test function test.gsl.RcppGSL.matrix.view.indexing ... gsl.cpp: In function ‘Rcpp::NumericVector test_gsl_vector_iterator_transform(Rcpp::NumericVector)’:
     gsl.cpp:293:63: error: no matching function for call to ‘transform(RcppGSL::vector<double>::iterator, RcppGSL::vector<double>::iterator, Rcpp::Vector<14, Rcpp::PreserveStorage>::iterator, <unresolved overloaded function type>)’
     std::transform(vec.begin(), vec.end(), res.begin(), ::sqrt);
     ^
     In file included from /opt/csw/include/c++/5.2.0/algorithm:62:0,
     from /home/ripley/R/Lib32/Rcpp/include/RcppCommon.h:63,
     from /home/ripley/R/Lib32/RcppGSL/include/RcppGSLForward.h:25,
     from /home/ripley/R/Lib32/RcppGSL/include/RcppGSL.h:25,
     from gsl.cpp:22:
     /opt/csw/include/c++/5.2.0/bits/stl_algo.h:4164:5: note: candidate: template<class _IIter, class _OIter, class _UnaryOperation> _OIter std::transform(_IIter, _IIter, _OIter, _UnaryOperation)
     transform(_InputIterator __first, _InputIterator __last,
     ^
     /opt/csw/include/c++/5.2.0/bits/stl_algo.h:4164:5: note: template argument deduction/substitution failed:
     gsl.cpp:293:63: note: couldn't deduce template parameter ‘_UnaryOperation’
     std::transform(vec.begin(), vec.end(), res.begin(), ::sqrt);
     ^
     In file included from /opt/csw/include/c++/5.2.0/algorithm:62:0,
     from /home/ripley/R/Lib32/Rcpp/include/RcppCommon.h:63,
     from /home/ripley/R/Lib32/RcppGSL/include/RcppGSLForward.h:25,
     from /home/ripley/R/Lib32/RcppGSL/include/RcppGSL.h:25,
     from gsl.cpp:22:
     /opt/csw/include/c++/5.2.0/bits/stl_algo.h:4201:5: note: candidate: template<class _IIter1, class _IIter2, class _OIter, class _BinaryOperation> _OIter std::transform(_IIter1, _IIter1, _IIter2, _OIter, _BinaryOperation)
     transform(_InputIterator1 __first1, _InputIterator1 __last1,
     ^
     /opt/csw/include/c++/5.2.0/bits/stl_algo.h:4201:5: note: template argument deduction/substitution failed:
     gsl.cpp:293:63: note: candidate expects 5 arguments, 4 provided
     std::transform(vec.begin(), vec.end(), res.begin(), ::sqrt);
     ^
     make: Fatal error: Command failed for target `gsl.o'
     Current working directory /tmp/Rtmpn1a4yC/sourceCpp-i386-pc-solaris2.10-0.12.14/sourcecpp_38c730631b4b
     /opt/csw//bin/g++ -I/home/ripley/R/gcc/include -DNDEBUG -I/usr/local/include -I"/home/ripley/R/Lib32/Rcpp/include" -I"/home/ripley/R/Lib32/RcppGSL/include" -I"/home/ripley/R/Lib32/RcppGSL/unitTests/cpp" -I/opt/csw/include -I/usr/local/include -fPIC -O2 -c gsl.cpp -o gsl.o
     *** Error code 1
     Error in sourceCpp(file.path(pathRcppTests, "cpp/gsl.cpp")) :
     Error 1 occurred building shared library.
    
    
     Executing test function test.gsl.RcppGSL.vector ... gsl.cpp: In function ‘Rcpp::NumericVector test_gsl_vector_iterator_transform(Rcpp::NumericVector)’:
     gsl.cpp:293:63: error: no matching function for call to ‘transform(RcppGSL::vector<double>::iterator, RcppGSL::vector<double>::iterator, Rcpp::Vector<14, Rcpp::PreserveStorage>::iterator, <unresolved overloaded function type>)’
     std::transform(vec.begin(), vec.end(), res.begin(), ::sqrt);
     ^
     In file included from /opt/csw/include/c++/5.2.0/algorithm:62:0,
     from /home/ripley/R/Lib32/Rcpp/include/RcppCommon.h:63,
     from /home/ripley/R/Lib32/RcppGSL/include/RcppGSLForward.h:25,
     from /home/ripley/R/Lib32/RcppGSL/include/RcppGSL.h:25,
     from gsl.cpp:22:
     /opt/csw/include/c++/5.2.0/bits/stl_algo.h:4164:5: note: candidate: template<class _IIter, class _OIter, class _UnaryOperation> _OIter std::transform(_IIter, _IIter, _OIter, _UnaryOperation)
     transform(_InputIterator __first, _InputIterator __last,
     ^
     /opt/csw/include/c++/5.2.0/bits/stl_algo.h:4164:5: note: template argument deduction/substitution failed:
     gsl.cpp:293:63: note: couldn't deduce template parameter ‘_UnaryOperation’
     std::transform(vec.begin(), vec.end(), res.begin(), ::sqrt);
     ^
     In file included from /opt/csw/include/c++/5.2.0/algorithm:62:0,
     from /home/ripley/R/Lib32/Rcpp/include/RcppCommon.h:63,
     from /home/ripley/R/Lib32/RcppGSL/include/RcppGSLForward.h:25,
     from /home/ripley/R/Lib32/RcppGSL/include/RcppGSL.h:25,
     from gsl.cpp:22:
     /opt/csw/include/c++/5.2.0/bits/stl_algo.h:4201:5: note: candidate: template<class _IIter1, class _IIter2, class _OIter, class _BinaryOperation> _OIter std::transform(_IIter1, _IIter1, _IIter2, _OIter, _BinaryOperation)
     transform(_InputIterator1 __first1, _InputIterator1 __last1,
     ^
     /opt/csw/include/c++/5.2.0/bits/stl_algo.h:4201:5: note: template argument deduction/substitution failed:
     gsl.cpp:293:63: note: candidate expects 5 arguments, 4 provided
     std::transform(vec.begin(), vec.end(), res.begin(), ::sqrt);
     ^
     make: Fatal error: Command failed for target `gsl.o'
     Current working directory /tmp/Rtmpn1a4yC/sourceCpp-i386-pc-solaris2.10-0.12.14/sourcecpp_38c730631b4b
     /opt/csw//bin/g++ -I/home/ripley/R/gcc/include -DNDEBUG -I/usr/local/include -I"/home/ripley/R/Lib32/Rcpp/include" -I"/home/ripley/R/Lib32/RcppGSL/include" -I"/home/ripley/R/Lib32/RcppGSL/unitTests/cpp" -I/opt/csw/include -I/usr/local/include -fPIC -O2 -c gsl.cpp -o gsl.o
     *** Error code 1
     Error in sourceCpp(file.path(pathRcppTests, "cpp/gsl.cpp")) :
     Error 1 occurred building shared library.
    
    
     Executing test function test.gsl.RcppGSL.vector.indexing ... gsl.cpp: In function ‘Rcpp::NumericVector test_gsl_vector_iterator_transform(Rcpp::NumericVector)’:
     gsl.cpp:293:63: error: no matching function for call to ‘transform(RcppGSL::vector<double>::iterator, RcppGSL::vector<double>::iterator, Rcpp::Vector<14, Rcpp::PreserveStorage>::iterator, <unresolved overloaded function type>)’
     std::transform(vec.begin(), vec.end(), res.begin(), ::sqrt);
     ^
     In file included from /opt/csw/include/c++/5.2.0/algorithm:62:0,
     from /home/ripley/R/Lib32/Rcpp/include/RcppCommon.h:63,
     from /home/ripley/R/Lib32/RcppGSL/include/RcppGSLForward.h:25,
     from /home/ripley/R/Lib32/RcppGSL/include/RcppGSL.h:25,
     from gsl.cpp:22:
     /opt/csw/include/c++/5.2.0/bits/stl_algo.h:4164:5: note: candidate: template<class _IIter, class _OIter, class _UnaryOperation> _OIter std::transform(_IIter, _IIter, _OIter, _UnaryOperation)
     transform(_InputIterator __first, _InputIterator __last,
     ^
     /opt/csw/include/c++/5.2.0/bits/stl_algo.h:4164:5: note: template argument deduction/substitution failed:
     gsl.cpp:293:63: note: couldn't deduce template parameter ‘_UnaryOperation’
     std::transform(vec.begin(), vec.end(), res.begin(), ::sqrt);
     ^
     In file included from /opt/csw/include/c++/5.2.0/algorithm:62:0,
     from /home/ripley/R/Lib32/Rcpp/include/RcppCommon.h:63,
     from /home/ripley/R/Lib32/RcppGSL/include/RcppGSLForward.h:25,
     from /home/ripley/R/Lib32/RcppGSL/include/RcppGSL.h:25,
     from gsl.cpp:22:
     /opt/csw/include/c++/5.2.0/bits/stl_algo.h:4201:5: note: candidate: template<class _IIter1, class _IIter2, class _OIter, class _BinaryOperation> _OIter std::transform(_IIter1, _IIter1, _IIter2, _OIter, _BinaryOperation)
     transform(_InputIterator1 __first1, _InputIterator1 __last1,
     ^
     /opt/csw/include/c++/5.2.0/bits/stl_algo.h:4201:5: note: template argument deduction/substitution failed:
     gsl.cpp:293:63: note: candidate expects 5 arguments, 4 provided
     std::transform(vec.begin(), vec.end(), res.begin(), ::sqrt);
     ^
     make: Fatal error: Command failed for target `gsl.o'
     Current working directory /tmp/Rtmpn1a4yC/sourceCpp-i386-pc-solaris2.10-0.12.14/sourcecpp_38c730631b4b
     /opt/csw//bin/g++ -I/home/ripley/R/gcc/include -DNDEBUG -I/usr/local/include -I"/home/ripley/R/Lib32/Rcpp/include" -I"/home/ripley/R/Lib32/RcppGSL/include" -I"/home/ripley/R/Lib32/RcppGSL/unitTests/cpp" -I/opt/csw/include -I/usr/local/include -fPIC -O2 -c gsl.cpp -o gsl.o
     *** Error code 1
     Error in sourceCpp(file.path(pathRcppTests, "cpp/gsl.cpp")) :
     Error 1 occurred building shared library.
    
    
     Executing test function test.gsl.RcppGSL.vector.iterating ... gsl.cpp: In function ‘Rcpp::NumericVector test_gsl_vector_iterator_transform(Rcpp::NumericVector)’:
     gsl.cpp:293:63: error: no matching function for call to ‘transform(RcppGSL::vector<double>::iterator, RcppGSL::vector<double>::iterator, Rcpp::Vector<14, Rcpp::PreserveStorage>::iterator, <unresolved overloaded function type>)’
     std::transform(vec.begin(), vec.end(), res.begin(), ::sqrt);
     ^
     In file included from /opt/csw/include/c++/5.2.0/algorithm:62:0,
     from /home/ripley/R/Lib32/Rcpp/include/RcppCommon.h:63,
     from /home/ripley/R/Lib32/RcppGSL/include/RcppGSLForward.h:25,
     from /home/ripley/R/Lib32/RcppGSL/include/RcppGSL.h:25,
     from gsl.cpp:22:
     /opt/csw/include/c++/5.2.0/bits/stl_algo.h:4164:5: note: candidate: template<class _IIter, class _OIter, class _UnaryOperation> _OIter std::transform(_IIter, _IIter, _OIter, _UnaryOperation)
     transform(_InputIterator __first, _InputIterator __last,
     ^
     /opt/csw/include/c++/5.2.0/bits/stl_algo.h:4164:5: note: template argument deduction/substitution failed:
     gsl.cpp:293:63: note: couldn't deduce template parameter ‘_UnaryOperation’
     std::transform(vec.begin(), vec.end(), res.begin(), ::sqrt);
     ^
     In file included from /opt/csw/include/c++/5.2.0/algorithm:62:0,
     from /home/ripley/R/Lib32/Rcpp/include/RcppCommon.h:63,
     from /home/ripley/R/Lib32/RcppGSL/include/RcppGSLForward.h:25,
     from /home/ripley/R/Lib32/RcppGSL/include/RcppGSL.h:25,
     from gsl.cpp:22:
     /opt/csw/include/c++/5.2.0/bits/stl_algo.h:4201:5: note: candidate: template<class _IIter1, class _IIter2, class _OIter, class _BinaryOperation> _OIter std::transform(_IIter1, _IIter1, _IIter2, _OIter, _BinaryOperation)
     transform(_InputIterator1 __first1, _InputIterator1 __last1,
     ^
     /opt/csw/include/c++/5.2.0/bits/stl_algo.h:4201:5: note: template argument deduction/substitution failed:
     gsl.cpp:293:63: note: candidate expects 5 arguments, 4 provided
     std::transform(vec.begin(), vec.end(), res.begin(), ::sqrt);
     ^
     make: Fatal error: Command failed for target `gsl.o'
     Current working directory /tmp/Rtmpn1a4yC/sourceCpp-i386-pc-solaris2.10-0.12.14/sourcecpp_38c730631b4b
     /opt/csw//bin/g++ -I/home/ripley/R/gcc/include -DNDEBUG -I/usr/local/include -I"/home/ripley/R/Lib32/Rcpp/include" -I"/home/ripley/R/Lib32/RcppGSL/include" -I"/home/ripley/R/Lib32/RcppGSL/unitTests/cpp" -I/opt/csw/include -I/usr/local/include -fPIC -O2 -c gsl.cpp -o gsl.o
     *** Error code 1
     Error in sourceCpp(file.path(pathRcppTests, "cpp/gsl.cpp")) :
     Error 1 occurred building shared library.
    
    
     Executing test function test.gsl.RcppGSL.vector.iterator.transform ... gsl.cpp: In function ‘Rcpp::NumericVector test_gsl_vector_iterator_transform(Rcpp::NumericVector)’:
     gsl.cpp:293:63: error: no matching function for call to ‘transform(RcppGSL::vector<double>::iterator, RcppGSL::vector<double>::iterator, Rcpp::Vector<14, Rcpp::PreserveStorage>::iterator, <unresolved overloaded function type>)’
     std::transform(vec.begin(), vec.end(), res.begin(), ::sqrt);
     ^
     In file included from /opt/csw/include/c++/5.2.0/algorithm:62:0,
     from /home/ripley/R/Lib32/Rcpp/include/RcppCommon.h:63,
     from /home/ripley/R/Lib32/RcppGSL/include/RcppGSLForward.h:25,
     from /home/ripley/R/Lib32/RcppGSL/include/RcppGSL.h:25,
     from gsl.cpp:22:
     /opt/csw/include/c++/5.2.0/bits/stl_algo.h:4164:5: note: candidate: template<class _IIter, class _OIter, class _UnaryOperation> _OIter std::transform(_IIter, _IIter, _OIter, _UnaryOperation)
     transform(_InputIterator __first, _InputIterator __last,
     ^
     /opt/csw/include/c++/5.2.0/bits/stl_algo.h:4164:5: note: template argument deduction/substitution failed:
     gsl.cpp:293:63: note: couldn't deduce template parameter ‘_UnaryOperation’
     std::transform(vec.begin(), vec.end(), res.begin(), ::sqrt);
     ^
     In file included from /opt/csw/include/c++/5.2.0/algorithm:62:0,
     from /home/ripley/R/Lib32/Rcpp/include/RcppCommon.h:63,
     from /home/ripley/R/Lib32/RcppGSL/include/RcppGSLForward.h:25,
     from /home/ripley/R/Lib32/RcppGSL/include/RcppGSL.h:25,
     from gsl.cpp:22:
     /opt/csw/include/c++/5.2.0/bits/stl_algo.h:4201:5: note: candidate: template<class _IIter1, class _IIter2, class _OIter, class _BinaryOperation> _OIter std::transform(_IIter1, _IIter1, _IIter2, _OIter, _BinaryOperation)
     transform(_InputIterator1 __first1, _InputIterator1 __last1,
     ^
     /opt/csw/include/c++/5.2.0/bits/stl_algo.h:4201:5: note: template argument deduction/substitution failed:
     gsl.cpp:293:63: note: candidate expects 5 arguments, 4 provided
     std::transform(vec.begin(), vec.end(), res.begin(), ::sqrt);
     ^
     make: Fatal error: Command failed for target `gsl.o'
     Current working directory /tmp/Rtmpn1a4yC/sourceCpp-i386-pc-solaris2.10-0.12.14/sourcecpp_38c730631b4b
     /opt/csw//bin/g++ -I/home/ripley/R/gcc/include -DNDEBUG -I/usr/local/include -I"/home/ripley/R/Lib32/Rcpp/include" -I"/home/ripley/R/Lib32/RcppGSL/include" -I"/home/ripley/R/Lib32/RcppGSL/unitTests/cpp" -I/opt/csw/include -I/usr/local/include -fPIC -O2 -c gsl.cpp -o gsl.o
     *** Error code 1
     Error in sourceCpp(file.path(pathRcppTests, "cpp/gsl.cpp")) :
     Error 1 occurred building shared library.
    
    
     Executing test function test.gsl.RcppGSL.vector.view.iterating ... gsl.cpp: In function ‘Rcpp::NumericVector test_gsl_vector_iterator_transform(Rcpp::NumericVector)’:
     gsl.cpp:293:63: error: no matching function for call to ‘transform(RcppGSL::vector<double>::iterator, RcppGSL::vector<double>::iterator, Rcpp::Vector<14, Rcpp::PreserveStorage>::iterator, <unresolved overloaded function type>)’
     std::transform(vec.begin(), vec.end(), res.begin(), ::sqrt);
     ^
     In file included from /opt/csw/include/c++/5.2.0/algorithm:62:0,
     from /home/ripley/R/Lib32/Rcpp/include/RcppCommon.h:63,
     from /home/ripley/R/Lib32/RcppGSL/include/RcppGSLForward.h:25,
     from /home/ripley/R/Lib32/RcppGSL/include/RcppGSL.h:25,
     from gsl.cpp:22:
     /opt/csw/include/c++/5.2.0/bits/stl_algo.h:4164:5: note: candidate: template<class _IIter, class _OIter, class _UnaryOperation> _OIter std::transform(_IIter, _IIter, _OIter, _UnaryOperation)
     transform(_InputIterator __first, _InputIterator __last,
     ^
     /opt/csw/include/c++/5.2.0/bits/stl_algo.h:4164:5: note: template argument deduction/substitution failed:
     gsl.cpp:293:63: note: couldn't deduce template parameter ‘_UnaryOperation’
     std::transform(vec.begin(), vec.end(), res.begin(), ::sqrt);
     ^
     In file included from /opt/csw/include/c++/5.2.0/algorithm:62:0,
     from /home/ripley/R/Lib32/Rcpp/include/RcppCommon.h:63,
     from /home/ripley/R/Lib32/RcppGSL/include/RcppGSLForward.h:25,
     from /home/ripley/R/Lib32/RcppGSL/include/RcppGSL.h:25,
     from gsl.cpp:22:
     /opt/csw/include/c++/5.2.0/bits/stl_algo.h:4201:5: note: candidate: template<class _IIter1, class _IIter2, class _OIter, class _BinaryOperation> _OIter std::transform(_IIter1, _IIter1, _IIter2, _OIter, _BinaryOperation)
     transform(_InputIterator1 __first1, _InputIterator1 __last1,
     ^
     /opt/csw/include/c++/5.2.0/bits/stl_algo.h:4201:5: note: template argument deduction/substitution failed:
     gsl.cpp:293:63: note: candidate expects 5 arguments, 4 provided
     std::transform(vec.begin(), vec.end(), res.begin(), ::sqrt);
     ^
     make: Fatal error: Command failed for target `gsl.o'
     Current working directory /tmp/Rtmpn1a4yC/sourceCpp-i386-pc-solaris2.10-0.12.14/sourcecpp_38c730631b4b
     /opt/csw//bin/g++ -I/home/ripley/R/gcc/include -DNDEBUG -I/usr/local/include -I"/home/ripley/R/Lib32/Rcpp/include" -I"/home/ripley/R/Lib32/RcppGSL/include" -I"/home/ripley/R/Lib32/RcppGSL/unitTests/cpp" -I/opt/csw/include -I/usr/local/include -fPIC -O2 -c gsl.cpp -o gsl.o
     *** Error code 1
     Error in sourceCpp(file.path(pathRcppTests, "cpp/gsl.cpp")) :
     Error 1 occurred building shared library.
    
    
     Executing test function test.gsl.matrix ... gsl.cpp: In function ‘Rcpp::NumericVector test_gsl_vector_iterator_transform(Rcpp::NumericVector)’:
     gsl.cpp:293:63: error: no matching function for call to ‘transform(RcppGSL::vector<double>::iterator, RcppGSL::vector<double>::iterator, Rcpp::Vector<14, Rcpp::PreserveStorage>::iterator, <unresolved overloaded function type>)’
     std::transform(vec.begin(), vec.end(), res.begin(), ::sqrt);
     ^
     In file included from /opt/csw/include/c++/5.2.0/algorithm:62:0,
     from /home/ripley/R/Lib32/Rcpp/include/RcppCommon.h:63,
     from /home/ripley/R/Lib32/RcppGSL/include/RcppGSLForward.h:25,
     from /home/ripley/R/Lib32/RcppGSL/include/RcppGSL.h:25,
     from gsl.cpp:22:
     /opt/csw/include/c++/5.2.0/bits/stl_algo.h:4164:5: note: candidate: template<class _IIter, class _OIter, class _UnaryOperation> _OIter std::transform(_IIter, _IIter, _OIter, _UnaryOperation)
     transform(_InputIterator __first, _InputIterator __last,
     ^
     /opt/csw/include/c++/5.2.0/bits/stl_algo.h:4164:5: note: template argument deduction/substitution failed:
     gsl.cpp:293:63: note: couldn't deduce template parameter ‘_UnaryOperation’
     std::transform(vec.begin(), vec.end(), res.begin(), ::sqrt);
     ^
     In file included from /opt/csw/include/c++/5.2.0/algorithm:62:0,
     from /home/ripley/R/Lib32/Rcpp/include/RcppCommon.h:63,
     from /home/ripley/R/Lib32/RcppGSL/include/RcppGSLForward.h:25,
     from /home/ripley/R/Lib32/RcppGSL/include/RcppGSL.h:25,
     from gsl.cpp:22:
     /opt/csw/include/c++/5.2.0/bits/stl_algo.h:4201:5: note: candidate: template<class _IIter1, class _IIter2, class _OIter, class _BinaryOperation> _OIter std::transform(_IIter1, _IIter1, _IIter2, _OIter, _BinaryOperation)
     transform(_InputIterator1 __first1, _InputIterator1 __last1,
     ^
     /opt/csw/include/c++/5.2.0/bits/stl_algo.h:4201:5: note: template argument deduction/substitution failed:
     gsl.cpp:293:63: note: candidate expects 5 arguments, 4 provided
     std::transform(vec.begin(), vec.end(), res.begin(), ::sqrt);
     ^
     make: Fatal error: Command failed for target `gsl.o'
     Current working directory /tmp/Rtmpn1a4yC/sourceCpp-i386-pc-solaris2.10-0.12.14/sourcecpp_38c730631b4b
     /opt/csw//bin/g++ -I/home/ripley/R/gcc/include -DNDEBUG -I/usr/local/include -I"/home/ripley/R/Lib32/Rcpp/include" -I"/home/ripley/R/Lib32/RcppGSL/include" -I"/home/ripley/R/Lib32/RcppGSL/unitTests/cpp" -I/opt/csw/include -I/usr/local/include -fPIC -O2 -c gsl.cpp -o gsl.o
     *** Error code 1
     Error in sourceCpp(file.path(pathRcppTests, "cpp/gsl.cpp")) :
     Error 1 occurred building shared library.
    
    
     Executing test function test.gsl.matrix.input.SEXP ... gsl.cpp: In function ‘Rcpp::NumericVector test_gsl_vector_iterator_transform(Rcpp::NumericVector)’:
     gsl.cpp:293:63: error: no matching function for call to ‘transform(RcppGSL::vector<double>::iterator, RcppGSL::vector<double>::iterator, Rcpp::Vector<14, Rcpp::PreserveStorage>::iterator, <unresolved overloaded function type>)’
     std::transform(vec.begin(), vec.end(), res.begin(), ::sqrt);
     ^
     In file included from /opt/csw/include/c++/5.2.0/algorithm:62:0,
     from /home/ripley/R/Lib32/Rcpp/include/RcppCommon.h:63,
     from /home/ripley/R/Lib32/RcppGSL/include/RcppGSLForward.h:25,
     from /home/ripley/R/Lib32/RcppGSL/include/RcppGSL.h:25,
     from gsl.cpp:22:
     /opt/csw/include/c++/5.2.0/bits/stl_algo.h:4164:5: note: candidate: template<class _IIter, class _OIter, class _UnaryOperation> _OIter std::transform(_IIter, _IIter, _OIter, _UnaryOperation)
     transform(_InputIterator __first, _InputIterator __last,
     ^
     /opt/csw/include/c++/5.2.0/bits/stl_algo.h:4164:5: note: template argument deduction/substitution failed:
     gsl.cpp:293:63: note: couldn't deduce template parameter ‘_UnaryOperation’
     std::transform(vec.begin(), vec.end(), res.begin(), ::sqrt);
     ^
     In file included from /opt/csw/include/c++/5.2.0/algorithm:62:0,
     from /home/ripley/R/Lib32/Rcpp/include/RcppCommon.h:63,
     from /home/ripley/R/Lib32/RcppGSL/include/RcppGSLForward.h:25,
     from /home/ripley/R/Lib32/RcppGSL/include/RcppGSL.h:25,
     from gsl.cpp:22:
     /opt/csw/include/c++/5.2.0/bits/stl_algo.h:4201:5: note: candidate: template<class _IIter1, class _IIter2, class _OIter, class _BinaryOperation> _OIter std::transform(_IIter1, _IIter1, _IIter2, _OIter, _BinaryOperation)
     transform(_InputIterator1 __first1, _InputIterator1 __last1,
     ^
     /opt/csw/include/c++/5.2.0/bits/stl_algo.h:4201:5: note: template argument deduction/substitution failed:
     gsl.cpp:293:63: note: candidate expects 5 arguments, 4 provided
     std::transform(vec.begin(), vec.end(), res.begin(), ::sqrt);
     ^
     make: Fatal error: Command failed for target `gsl.o'
     Current working directory /tmp/Rtmpn1a4yC/sourceCpp-i386-pc-solaris2.10-0.12.14/sourcecpp_38c730631b4b
     /opt/csw//bin/g++ -I/home/ripley/R/gcc/include -DNDEBUG -I/usr/local/include -I"/home/ripley/R/Lib32/Rcpp/include" -I"/home/ripley/R/Lib32/RcppGSL/include" -I"/home/ripley/R/Lib32/RcppGSL/unitTests/cpp" -I/opt/csw/include -I/usr/local/include -fPIC -O2 -c gsl.cpp -o gsl.o
     *** Error code 1
     Error in sourceCpp(file.path(pathRcppTests, "cpp/gsl.cpp")) :
     Error 1 occurred building shared library.
    
    
     Executing test function test.gsl.matrix.view ... gsl.cpp: In function ‘Rcpp::NumericVector test_gsl_vector_iterator_transform(Rcpp::NumericVector)’:
     gsl.cpp:293:63: error: no matching function for call to ‘transform(RcppGSL::vector<double>::iterator, RcppGSL::vector<double>::iterator, Rcpp::Vector<14, Rcpp::PreserveStorage>::iterator, <unresolved overloaded function type>)’
     std::transform(vec.begin(), vec.end(), res.begin(), ::sqrt);
     ^
     In file included from /opt/csw/include/c++/5.2.0/algorithm:62:0,
     from /home/ripley/R/Lib32/Rcpp/include/RcppCommon.h:63,
     from /home/ripley/R/Lib32/RcppGSL/include/RcppGSLForward.h:25,
     from /home/ripley/R/Lib32/RcppGSL/include/RcppGSL.h:25,
     from gsl.cpp:22:
     /opt/csw/include/c++/5.2.0/bits/stl_algo.h:4164:5: note: candidate: template<class _IIter, class _OIter, class _UnaryOperation> _OIter std::transform(_IIter, _IIter, _OIter, _UnaryOperation)
     transform(_InputIterator __first, _InputIterator __last,
     ^
     /opt/csw/include/c++/5.2.0/bits/stl_algo.h:4164:5: note: template argument deduction/substitution failed:
     gsl.cpp:293:63: note: couldn't deduce template parameter ‘_UnaryOperation’
     std::transform(vec.begin(), vec.end(), res.begin(), ::sqrt);
     ^
     In file included from /opt/csw/include/c++/5.2.0/algorithm:62:0,
     from /home/ripley/R/Lib32/Rcpp/include/RcppCommon.h:63,
     from /home/ripley/R/Lib32/RcppGSL/include/RcppGSLForward.h:25,
     from /home/ripley/R/Lib32/RcppGSL/include/RcppGSL.h:25,
     from gsl.cpp:22:
     /opt/csw/include/c++/5.2.0/bits/stl_algo.h:4201:5: note: candidate: template<class _IIter1, class _IIter2, class _OIter, class _BinaryOperation> _OIter std::transform(_IIter1, _IIter1, _IIter2, _OIter, _BinaryOperation)
     transform(_InputIterator1 __first1, _InputIterator1 __last1,
     ^
     /opt/csw/include/c++/5.2.0/bits/stl_algo.h:4201:5: note: template argument deduction/substitution failed:
     gsl.cpp:293:63: note: candidate expects 5 arguments, 4 provided
     std::transform(vec.begin(), vec.end(), res.begin(), ::sqrt);
     ^
     make: Fatal error: Command failed for target `gsl.o'
     Current working directory /tmp/Rtmpn1a4yC/sourceCpp-i386-pc-solaris2.10-0.12.14/sourcecpp_38c730631b4b
     /opt/csw//bin/g++ -I/home/ripley/R/gcc/include -DNDEBUG -I/usr/local/include -I"/home/ripley/R/Lib32/Rcpp/include" -I"/home/ripley/R/Lib32/RcppGSL/include" -I"/home/ripley/R/Lib32/RcppGSL/unitTests/cpp" -I/opt/csw/include -I/usr/local/include -fPIC -O2 -c gsl.cpp -o gsl.o
     *** Error code 1
     Error in sourceCpp(file.path(pathRcppTests, "cpp/gsl.cpp")) :
     Error 1 occurred building shared library.
    
    
     Executing test function test.gsl.vector ... gsl.cpp: In function ‘Rcpp::NumericVector test_gsl_vector_iterator_transform(Rcpp::NumericVector)’:
     gsl.cpp:293:63: error: no matching function for call to ‘transform(RcppGSL::vector<double>::iterator, RcppGSL::vector<double>::iterator, Rcpp::Vector<14, Rcpp::PreserveStorage>::iterator, <unresolved overloaded function type>)’
     std::transform(vec.begin(), vec.end(), res.begin(), ::sqrt);
     ^
     In file included from /opt/csw/include/c++/5.2.0/algorithm:62:0,
     from /home/ripley/R/Lib32/Rcpp/include/RcppCommon.h:63,
     from /home/ripley/R/Lib32/RcppGSL/include/RcppGSLForward.h:25,
     from /home/ripley/R/Lib32/RcppGSL/include/RcppGSL.h:25,
     from gsl.cpp:22:
     /opt/csw/include/c++/5.2.0/bits/stl_algo.h:4164:5: note: candidate: template<class _IIter, class _OIter, class _UnaryOperation> _OIter std::transform(_IIter, _IIter, _OIter, _UnaryOperation)
     transform(_InputIterator __first, _InputIterator __last,
     ^
     /opt/csw/include/c++/5.2.0/bits/stl_algo.h:4164:5: note: template argument deduction/substitution failed:
     gsl.cpp:293:63: note: couldn't deduce template parameter ‘_UnaryOperation’
     std::transform(vec.begin(), vec.end(), res.begin(), ::sqrt);
     ^
     In file included from /opt/csw/include/c++/5.2.0/algorithm:62:0,
     from /home/ripley/R/Lib32/Rcpp/include/RcppCommon.h:63,
     from /home/ripley/R/Lib32/RcppGSL/include/RcppGSLForward.h:25,
     from /home/ripley/R/Lib32/RcppGSL/include/RcppGSL.h:25,
     from gsl.cpp:22:
     /opt/csw/include/c++/5.2.0/bits/stl_algo.h:4201:5: note: candidate: template<class _IIter1, class _IIter2, class _OIter, class _BinaryOperation> _OIter std::transform(_IIter1, _IIter1, _IIter2, _OIter, _BinaryOperation)
     transform(_InputIterator1 __first1, _InputIterator1 __last1,
     ^
     /opt/csw/include/c++/5.2.0/bits/stl_algo.h:4201:5: note: template argument deduction/substitution failed:
     gsl.cpp:293:63: note: candidate expects 5 arguments, 4 provided
     std::transform(vec.begin(), vec.end(), res.begin(), ::sqrt);
     ^
     make: Fatal error: Command failed for target `gsl.o'
     Current working directory /tmp/Rtmpn1a4yC/sourceCpp-i386-pc-solaris2.10-0.12.14/sourcecpp_38c730631b4b
     /opt/csw//bin/g++ -I/home/ripley/R/gcc/include -DNDEBUG -I/usr/local/include -I"/home/ripley/R/Lib32/Rcpp/include" -I"/home/ripley/R/Lib32/RcppGSL/include" -I"/home/ripley/R/Lib32/RcppGSL/unitTests/cpp" -I/opt/csw/include -I/usr/local/include -fPIC -O2 -c gsl.cpp -o gsl.o
     *** Error code 1
     Error in sourceCpp(file.path(pathRcppTests, "cpp/gsl.cpp")) :
     Error 1 occurred building shared library.
    
    
     Executing test function test.gsl.vector.input.SEXP ... gsl.cpp: In function ‘Rcpp::NumericVector test_gsl_vector_iterator_transform(Rcpp::NumericVector)’:
     gsl.cpp:293:63: error: no matching function for call to ‘transform(RcppGSL::vector<double>::iterator, RcppGSL::vector<double>::iterator, Rcpp::Vector<14, Rcpp::PreserveStorage>::iterator, <unresolved overloaded function type>)’
     std::transform(vec.begin(), vec.end(), res.begin(), ::sqrt);
     ^
     In file included from /opt/csw/include/c++/5.2.0/algorithm:62:0,
     from /home/ripley/R/Lib32/Rcpp/include/RcppCommon.h:63,
     from /home/ripley/R/Lib32/RcppGSL/include/RcppGSLForward.h:25,
     from /home/ripley/R/Lib32/RcppGSL/include/RcppGSL.h:25,
     from gsl.cpp:22:
     /opt/csw/include/c++/5.2.0/bits/stl_algo.h:4164:5: note: candidate: template<class _IIter, class _OIter, class _UnaryOperation> _OIter std::transform(_IIter, _IIter, _OIter, _UnaryOperation)
     transform(_InputIterator __first, _InputIterator __last,
     ^
     /opt/csw/include/c++/5.2.0/bits/stl_algo.h:4164:5: note: template argument deduction/substitution failed:
     gsl.cpp:293:63: note: couldn't deduce template parameter ‘_UnaryOperation’
     std::transform(vec.begin(), vec.end(), res.begin(), ::sqrt);
     ^
     In file included from /opt/csw/include/c++/5.2.0/algorithm:62:0,
     from /home/ripley/R/Lib32/Rcpp/include/RcppCommon.h:63,
     from /home/ripley/R/Lib32/RcppGSL/include/RcppGSLForward.h:25,
     from /home/ripley/R/Lib32/RcppGSL/include/RcppGSL.h:25,
     from gsl.cpp:22:
     /opt/csw/include/c++/5.2.0/bits/stl_algo.h:4201:5: note: candidate: template<class _IIter1, class _IIter2, class _OIter, class _BinaryOperation> _OIter std::transform(_IIter1, _IIter1, _IIter2, _OIter, _BinaryOperation)
     transform(_InputIterator1 __first1, _InputIterator1 __last1,
     ^
     /opt/csw/include/c++/5.2.0/bits/stl_algo.h:4201:5: note: template argument deduction/substitution failed:
     gsl.cpp:293:63: note: candidate expects 5 arguments, 4 provided
     std::transform(vec.begin(), vec.end(), res.begin(), ::sqrt);
     ^
     make: Fatal error: Command failed for target `gsl.o'
     Current working directory /tmp/Rtmpn1a4yC/sourceCpp-i386-pc-solaris2.10-0.12.14/sourcecpp_38c730631b4b
     /opt/csw//bin/g++ -I/home/ripley/R/gcc/include -DNDEBUG -I/usr/local/include -I"/home/ripley/R/Lib32/Rcpp/include" -I"/home/ripley/R/Lib32/RcppGSL/include" -I"/home/ripley/R/Lib32/RcppGSL/unitTests/cpp" -I/opt/csw/include -I/usr/local/include -fPIC -O2 -c gsl.cpp -o gsl.o
     *** Error code 1
     Error in sourceCpp(file.path(pathRcppTests, "cpp/gsl.cpp")) :
     Error 1 occurred building shared library.
    
    
     Executing test function test.gsl.vector.view ... gsl.cpp: In function ‘Rcpp::NumericVector test_gsl_vector_iterator_transform(Rcpp::NumericVector)’:
     gsl.cpp:293:63: error: no matching function for call to ‘transform(RcppGSL::vector<double>::iterator, RcppGSL::vector<double>::iterator, Rcpp::Vector<14, Rcpp::PreserveStorage>::iterator, <unresolved overloaded function type>)’
     std::transform(vec.begin(), vec.end(), res.begin(), ::sqrt);
     ^
     In file included from /opt/csw/include/c++/5.2.0/algorithm:62:0,
     from /home/ripley/R/Lib32/Rcpp/include/RcppCommon.h:63,
     from /home/ripley/R/Lib32/RcppGSL/include/RcppGSLForward.h:25,
     from /home/ripley/R/Lib32/RcppGSL/include/RcppGSL.h:25,
     from gsl.cpp:22:
     /opt/csw/include/c++/5.2.0/bits/stl_algo.h:4164:5: note: candidate: template<class _IIter, class _OIter, class _UnaryOperation> _OIter std::transform(_IIter, _IIter, _OIter, _UnaryOperation)
     transform(_InputIterator __first, _InputIterator __last,
     ^
     /opt/csw/include/c++/5.2.0/bits/stl_algo.h:4164:5: note: template argument deduction/substitution failed:
     gsl.cpp:293:63: note: couldn't deduce template parameter ‘_UnaryOperation’
     std::transform(vec.begin(), vec.end(), res.begin(), ::sqrt);
     ^
     In file included from /opt/csw/include/c++/5.2.0/algorithm:62:0,
     from /home/ripley/R/Lib32/Rcpp/include/RcppCommon.h:63,
     from /home/ripley/R/Lib32/RcppGSL/include/RcppGSLForward.h:25,
     from /home/ripley/R/Lib32/RcppGSL/include/RcppGSL.h:25,
     from gsl.cpp:22:
     /opt/csw/include/c++/5.2.0/bits/stl_algo.h:4201:5: note: candidate: template<class _IIter1, class _IIter2, class _OIter, class _BinaryOperation> _OIter std::transform(_IIter1, _IIter1, _IIter2, _OIter, _BinaryOperation)
     transform(_InputIterator1 __first1, _InputIterator1 __last1,
     ^
     /opt/csw/include/c++/5.2.0/bits/stl_algo.h:4201:5: note: template argument deduction/substitution failed:
     gsl.cpp:293:63: note: candidate expects 5 arguments, 4 provided
     std::transform(vec.begin(), vec.end(), res.begin(), ::sqrt);
     ^
     make: Fatal error: Command failed for target `gsl.o'
     Current working directory /tmp/Rtmpn1a4yC/sourceCpp-i386-pc-solaris2.10-0.12.14/sourcecpp_38c730631b4b
     /opt/csw//bin/g++ -I/home/ripley/R/gcc/include -DNDEBUG -I/usr/local/include -I"/home/ripley/R/Lib32/Rcpp/include" -I"/home/ripley/R/Lib32/RcppGSL/include" -I"/home/ripley/R/Lib32/RcppGSL/unitTests/cpp" -I/opt/csw/include -I/usr/local/include -fPIC -O2 -c gsl.cpp -o gsl.o
     *** Error code 1
     Error in sourceCpp(file.path(pathRcppTests, "cpp/gsl.cpp")) :
     Error 1 occurred building shared library.
    
    
     Executing test function test.gsl.vector.wrappers ... gsl.cpp: In function ‘Rcpp::NumericVector test_gsl_vector_iterator_transform(Rcpp::NumericVector)’:
     gsl.cpp:293:63: error: no matching function for call to ‘transform(RcppGSL::vector<double>::iterator, RcppGSL::vector<double>::iterator, Rcpp::Vector<14, Rcpp::PreserveStorage>::iterator, <unresolved overloaded function type>)’
     std::transform(vec.begin(), vec.end(), res.begin(), ::sqrt);
     ^
     In file included from /opt/csw/include/c++/5.2.0/algorithm:62:0,
     from /home/ripley/R/Lib32/Rcpp/include/RcppCommon.h:63,
     from /home/ripley/R/Lib32/RcppGSL/include/RcppGSLForward.h:25,
     from /home/ripley/R/Lib32/RcppGSL/include/RcppGSL.h:25,
     from gsl.cpp:22:
     /opt/csw/include/c++/5.2.0/bits/stl_algo.h:4164:5: note: candidate: template<class _IIter, class _OIter, class _UnaryOperation> _OIter std::transform(_IIter, _IIter, _OIter, _UnaryOperation)
     transform(_InputIterator __first, _InputIterator __last,
     ^
     /opt/csw/include/c++/5.2.0/bits/stl_algo.h:4164:5: note: template argument deduction/substitution failed:
     gsl.cpp:293:63: note: couldn't deduce template parameter ‘_UnaryOperation’
     std::transform(vec.begin(), vec.end(), res.begin(), ::sqrt);
     ^
     In file included from /opt/csw/include/c++/5.2.0/algorithm:62:0,
     from /home/ripley/R/Lib32/Rcpp/include/RcppCommon.h:63,
     from /home/ripley/R/Lib32/RcppGSL/include/RcppGSLForward.h:25,
     from /home/ripley/R/Lib32/RcppGSL/include/RcppGSL.h:25,
     from gsl.cpp:22:
     /opt/csw/include/c++/5.2.0/bits/stl_algo.h:4201:5: note: candidate: template<class _IIter1, class _IIter2, class _OIter, class _BinaryOperation> _OIter std::transform(_IIter1, _IIter1, _IIter2, _OIter, _BinaryOperation)
     transform(_InputIterator1 __first1, _InputIterator1 __last1,
     ^
     /opt/csw/include/c++/5.2.0/bits/stl_algo.h:4201:5: note: template argument deduction/substitution failed:
     gsl.cpp:293:63: note: candidate expects 5 arguments, 4 provided
     std::transform(vec.begin(), vec.end(), res.begin(), ::sqrt);
     ^
     make: Fatal error: Command failed for target `gsl.o'
     Current working directory /tmp/Rtmpn1a4yC/sourceCpp-i386-pc-solaris2.10-0.12.14/sourcecpp_38c730631b4b
     /opt/csw//bin/g++ -I/home/ripley/R/gcc/include -DNDEBUG -I/usr/local/include -I"/home/ripley/R/Lib32/Rcpp/include" -I"/home/ripley/R/Lib32/RcppGSL/include" -I"/home/ripley/R/Lib32/RcppGSL/unitTests/cpp" -I/opt/csw/include -I/usr/local/include -fPIC -O2 -c gsl.cpp -o gsl.o
     *** Error code 1
     Error in sourceCpp(file.path(pathRcppTests, "cpp/gsl.cpp")) :
     Error 1 occurred building shared library.
     RUNIT TEST PROTOCOL -- Fri Nov 24 09:26:08 2017
     ***********************************************
     Number of test functions: 19
     Number of errors: 14
     Number of failures: 0
    
    
     1 Test Suite :
     RcppGSL Unit Tests - 19 test functions, 14 errors, 0 failures
     ERROR in .setUp (before test.gsl.RcppGSL.matrix.indexing): Error executing .setUp before test.gsl.RcppGSL.matrix.indexing : Error in sourceCpp(file.path(pathRcppTests, "cpp/gsl.cpp")) :
     Error 1 occurred building shared library.
     ERROR in .setUp (before test.gsl.RcppGSL.matrix.view.indexing): Error executing .setUp before test.gsl.RcppGSL.matrix.view.indexing : Error in sourceCpp(file.path(pathRcppTests, "cpp/gsl.cpp")) :
     Error 1 occurred building shared library.
     ERROR in .setUp (before test.gsl.RcppGSL.vector): Error executing .setUp before test.gsl.RcppGSL.vector : Error in sourceCpp(file.path(pathRcppTests, "cpp/gsl.cpp")) :
     Error 1 occurred building shared library.
     ERROR in .setUp (before test.gsl.RcppGSL.vector.indexing): Error executing .setUp before test.gsl.RcppGSL.vector.indexing : Error in sourceCpp(file.path(pathRcppTests, "cpp/gsl.cpp")) :
     Error 1 occurred building shared library.
     ERROR in .setUp (before test.gsl.RcppGSL.vector.iterating): Error executing .setUp before test.gsl.RcppGSL.vector.iterating : Error in sourceCpp(file.path(pathRcppTests, "cpp/gsl.cpp")) :
     Error 1 occurred building shared library.
     ERROR in .setUp (before test.gsl.RcppGSL.vector.iterator.transform): Error executing .setUp before test.gsl.RcppGSL.vector.iterator.transform : Error in sourceCpp(file.path(pathRcppTests, "cpp/gsl.cpp")) :
     Error 1 occurred building shared library.
     ERROR in .setUp (before test.gsl.RcppGSL.vector.view.iterating): Error executing .setUp before test.gsl.RcppGSL.vector.view.iterating : Error in sourceCpp(file.path(pathRcppTests, "cpp/gsl.cpp")) :
     Error 1 occurred building shared library.
     ERROR in .setUp (before test.gsl.matrix): Error executing .setUp before test.gsl.matrix : Error in sourceCpp(file.path(pathRcppTests, "cpp/gsl.cpp")) :
     Error 1 occurred building shared library.
     ERROR in .setUp (before test.gsl.matrix.input.SEXP): Error executing .setUp before test.gsl.matrix.input.SEXP : Error in sourceCpp(file.path(pathRcppTests, "cpp/gsl.cpp")) :
     Error 1 occurred building shared library.
     ERROR in .setUp (before test.gsl.matrix.view): Error executing .setUp before test.gsl.matrix.view : Error in sourceCpp(file.path(pathRcppTests, "cpp/gsl.cpp")) :
     Error 1 occurred building shared library.
     ERROR in .setUp (before test.gsl.vector): Error executing .setUp before test.gsl.vector : Error in sourceCpp(file.path(pathRcppTests, "cpp/gsl.cpp")) :
     Error 1 occurred building shared library.
     ERROR in .setUp (before test.gsl.vector.input.SEXP): Error executing .setUp before test.gsl.vector.input.SEXP : Error in sourceCpp(file.path(pathRcppTests, "cpp/gsl.cpp")) :
     Error 1 occurred building shared library.
     ERROR in .setUp (before test.gsl.vector.view): Error executing .setUp before test.gsl.vector.view : Error in sourceCpp(file.path(pathRcppTests, "cpp/gsl.cpp")) :
     Error 1 occurred building shared library.
     ERROR in .setUp (before test.gsl.vector.wrappers): Error executing .setUp before test.gsl.vector.wrappers : Error in sourceCpp(file.path(pathRcppTests, "cpp/gsl.cpp")) :
     Error 1 occurred building shared library.
    
    
    
     Details
     ***************************
     Test Suite: RcppGSL Unit Tests
     Test function regexp: ^[Tt]est.+
     Test file regexp: ^runit.+\.[rR]$
     Involved directory:
     /home/ripley/R/Lib32/RcppGSL/unitTests
     ---------------------------
     Test file: /home/ripley/R/Lib32/RcppGSL/unitTests/runit.client.package.R
     test.client.package: (1 checks) ... OK (28.08 seconds)
     ---------------------------
     Test file: /home/ripley/R/Lib32/RcppGSL/unitTests/runit.fastLm.R
     test.fastLm: (3 checks) ... OK (0.05 seconds)
     test.fastLm.default: (5 checks) ... OK (0.01 seconds)
     test.fastLm.formula: (5 checks) ... OK (0.03 seconds)
     test.summary.fastLm: (12 checks) ... OK (0.07 seconds)
     ---------------------------
     Test file: /home/ripley/R/Lib32/RcppGSL/unitTests/runit.gsl.R
     .setUp (before test.gsl.RcppGSL.matrix.indexing): ERROR !!
     Error executing .setUp before test.gsl.RcppGSL.matrix.indexing : Error in sourceCpp(file.path(pathRcppTests, "cpp/gsl.cpp")) :
     Error 1 occurred building shared library.
     .setUp (before test.gsl.RcppGSL.matrix.view.indexing): ERROR !!
     Error executing .setUp before test.gsl.RcppGSL.matrix.view.indexing : Error in sourceCpp(file.path(pathRcppTests, "cpp/gsl.cpp")) :
     Error 1 occurred building shared library.
     .setUp (before test.gsl.RcppGSL.vector): ERROR !!
     Error executing .setUp before test.gsl.RcppGSL.vector : Error in sourceCpp(file.path(pathRcppTests, "cpp/gsl.cpp")) :
     Error 1 occurred building shared library.
     .setUp (before test.gsl.RcppGSL.vector.indexing): ERROR !!
     Error executing .setUp before test.gsl.RcppGSL.vector.indexing : Error in sourceCpp(file.path(pathRcppTests, "cpp/gsl.cpp")) :
     Error 1 occurred building shared library.
     .setUp (before test.gsl.RcppGSL.vector.iterating): ERROR !!
     Error executing .setUp before test.gsl.RcppGSL.vector.iterating : Error in sourceCpp(file.path(pathRcppTests, "cpp/gsl.cpp")) :
     Error 1 occurred building shared library.
     .setUp (before test.gsl.RcppGSL.vector.iterator.transform): ERROR !!
     Error executing .setUp before test.gsl.RcppGSL.vector.iterator.transform : Error in sourceCpp(file.path(pathRcppTests, "cpp/gsl.cpp")) :
     Error 1 occurred building shared library.
     .setUp (before test.gsl.RcppGSL.vector.view.iterating): ERROR !!
     Error executing .setUp before test.gsl.RcppGSL.vector.view.iterating : Error in sourceCpp(file.path(pathRcppTests, "cpp/gsl.cpp")) :
     Error 1 occurred building shared library.
     .setUp (before test.gsl.matrix): ERROR !!
     Error executing .setUp before test.gsl.matrix : Error in sourceCpp(file.path(pathRcppTests, "cpp/gsl.cpp")) :
     Error 1 occurred building shared library.
     .setUp (before test.gsl.matrix.input.SEXP): ERROR !!
     Error executing .setUp before test.gsl.matrix.input.SEXP : Error in sourceCpp(file.path(pathRcppTests, "cpp/gsl.cpp")) :
     Error 1 occurred building shared library.
     .setUp (before test.gsl.matrix.view): ERROR !!
     Error executing .setUp before test.gsl.matrix.view : Error in sourceCpp(file.path(pathRcppTests, "cpp/gsl.cpp")) :
     Error 1 occurred building shared library.
     .setUp (before test.gsl.vector): ERROR !!
     Error executing .setUp before test.gsl.vector : Error in sourceCpp(file.path(pathRcppTests, "cpp/gsl.cpp")) :
     Error 1 occurred building shared library.
     .setUp (before test.gsl.vector.input.SEXP): ERROR !!
     Error executing .setUp before test.gsl.vector.input.SEXP : Error in sourceCpp(file.path(pathRcppTests, "cpp/gsl.cpp")) :
     Error 1 occurred building shared library.
     .setUp (before test.gsl.vector.view): ERROR !!
     Error executing .setUp before test.gsl.vector.view : Error in sourceCpp(file.path(pathRcppTests, "cpp/gsl.cpp")) :
     Error 1 occurred building shared library.
     .setUp (before test.gsl.vector.wrappers): ERROR !!
     Error executing .setUp before test.gsl.vector.wrappers : Error in sourceCpp(file.path(pathRcppTests, "cpp/gsl.cpp")) :
     Error 1 occurred building shared library.
     Error: TEST HAD ERRORS!
     Execution halted
Flavor: r-patched-solaris-x86

Version: 0.3.3
Check: re-building of vignette outputs
Result: WARN
    Error in re-building vignettes:
     ...
    Warning in engine$weave(file, quiet = quiet, encoding = enc) :
     Pandoc (>= 1.12.3) and/or pandoc-citeproc not available. Falling back to R Markdown v1.
    Loading required package: RcppGSL
Flavor: r-patched-solaris-x86

Version: 0.3.3
Check: re-building of vignette outputs
Result: WARN
    Error in re-building vignettes:
     ...
    The top-level auxiliary file: RcppGSL-intro.aux
    I couldn't open database file Rcpp.bib
    ---line 151 of file RcppGSL-intro.aux
     : \bibdata{Rcpp
     : }
    I'm skipping whatever remains of this command
    The style file: jss.bst
    I found no database files---while reading file RcppGSL-intro.aux
    Warning--I didn't find a database entry for "GSL"
    Warning--I didn't find a database entry for "JSS:Rcpp"
    Warning--I didn't find a database entry for "Eddelbuettel:2013:Rcpp"
    Warning--I didn't find a database entry for "CRAN:Rcpp"
    Warning--I didn't find a database entry for "R:Main"
    Warning--I didn't find a database entry for "CRAN:RcppArmadillo"
    Warning--I didn't find a database entry for "Eddelbuettel+Sanderson:2013:RcppArmadillo"
    Warning--I didn't find a database entry for "Sanderson:2010:Armadillo"
    Warning--I didn't find a database entry for "CRAN:RcppEigen"
    Warning--I didn't find a database entry for "JSS:RcppEigen"
    Warning--I didn't find a database entry for "CRAN:inline"
    Warning--I didn't find a database entry for "CRAN:Rcpp:Attributes"
    (There were 2 error messages)
    Warning: running command '"bibtex" "RcppGSL-intro.aux"' had status 1
    Error: processing vignette 'RcppGSL-intro.Rmd' failed with diagnostics:
    Failed to build the bibliography via bibtex
    Execution halted
Flavors: r-release-windows-ix86+x86_64, r-oldrel-windows-ix86+x86_64

Version: 0.3.3
Check: tests
Result: ERROR
     Running ‘doRUnit.R’ [84s/85s]
    Running the tests in ‘tests/doRUnit.R’ failed.
    Last 13 lines of output:
     Error 1 occurred building shared library.
     .setUp (before test.gsl.vector): ERROR !!
     Error executing .setUp before test.gsl.vector : Error in sourceCpp(file.path(pathRcppTests, "cpp/gsl.cpp")) :
     Error 1 occurred building shared library.
     .setUp (before test.gsl.vector.input.SEXP): ERROR !!
     Error executing .setUp before test.gsl.vector.input.SEXP : Error in sourceCpp(file.path(pathRcppTests, "cpp/gsl.cpp")) :
     Error 1 occurred building shared library.
     .setUp (before test.gsl.vector.view): ERROR !!
     Error executing .setUp before test.gsl.vector.view : Error in sourceCpp(file.path(pathRcppTests, "cpp/gsl.cpp")) :
     Error 1 occurred building shared library.
     .setUp (before test.gsl.vector.wrappers): ERROR !!
     Error executing .setUp before test.gsl.vector.wrappers : Error in sourceCpp(file.path(pathRcppTests, "cpp/gsl.cpp")) :
     Error 1 occurred building shared library.
     Error: TEST HAD ERRORS!
     Execution halted
Flavor: r-release-osx-x86_64

Version: 0.3.3
Check: running R code from vignettes
Result: ERROR
    Errors in running code in vignettes:
    when running code in ‘RcppGSL-unitTests.Rnw’
     ...
    
    > if (err$nFail > 0) stop(sprintf("unit test problems: %d failures",
    + err$nFail))
    
    > if (err$nErr > 0) stop(sprintf("unit test problems: %d errors",
    + err$nErr))
    
     When sourcing ‘RcppGSL-unitTests.R’:
    Error: unit test problems: 14 errors
    Execution halted
Flavor: r-release-osx-x86_64

Version: 0.3.3
Check: re-building of vignette outputs
Result: NOTE
    Error in re-building vignettes:
     ...
    /usr/local/clang4/bin/../include/c++/v1/algorithm:1932:1: note: candidate function template not viable: requires 5 arguments, but 4 were provided
    transform(_InputIterator1 __first1, _InputIterator1 __last1, _InputIterator2 __first2,
    ^
    1 error generated.
    make: *** [gsl.o] Error 1
    Error in sourceCpp(file.path(pathRcppTests, "cpp/gsl.cpp")) :
     Error 1 occurred building shared library.
    gsl.cpp:293:5: error: no matching function for call to 'transform'
     std::transform(vec.begin(), vec.end(), res.begin(), ::sqrt);
     ^~~~~~~~~~~~~~
    /usr/local/clang4/bin/../include/c++/v1/algorithm:1922:1: note: candidate template ignored: couldn't infer template argument '_UnaryOperation'
    transform(_InputIterator __first, _InputIterator __last, _OutputIterator __result, _UnaryOperation __op)
    ^
    /usr/local/clang4/bin/../include/c++/v1/algorithm:1932:1: note: candidate function template not viable: requires 5 arguments, but 4 were provided
    transform(_InputIterator1 __first1, _InputIterator1 __last1, _InputIterator2 __first2,
    ^
    1 error generated.
    make: *** [gsl.o] Error 1
    Error in sourceCpp(file.path(pathRcppTests, "cpp/gsl.cpp")) :
     Error 1 occurred building shared library.
    
    Error: processing vignette 'RcppGSL-unitTests.Rnw' failed with diagnostics:
     chunk 2 (label = unitTesting)
    Error in eval(expr, .GlobalEnv) : unit test problems: 14 errors
    Execution halted
Flavor: r-release-osx-x86_64