CRAN Package Check Results for Package RcppGSL

Last updated on 2014-10-30 23:47:25.

Flavor Version Tinstall Tcheck Ttotal Status Flags
r-devel-linux-x86_64-debian-clang 0.2.2 4.06 63.61 67.67 OK
r-devel-linux-x86_64-debian-gcc 0.2.2 4.43 67.90 72.33 OK
r-devel-linux-x86_64-fedora-clang 0.2.2 146.80 OK
r-devel-linux-x86_64-fedora-gcc 0.2.2 133.33 OK
r-devel-osx-x86_64-clang 0.2.2 116.74 OK
r-devel-windows-ix86+x86_64 0.2.2 15.00 166.00 181.00 OK
r-patched-linux-x86_64 0.2.2 4.54 68.74 73.29 OK
r-patched-solaris-sparc 0.2.2 675.60 ERROR
r-patched-solaris-x86 0.2.2 174.90 ERROR
r-release-linux-ix86 0.2.2 6.38 89.45 95.83 OK
r-release-linux-x86_64 0.2.2 4.57 68.80 73.37 OK
r-release-osx-x86_64-mavericks 0.2.2 ERROR
r-release-osx-x86_64-snowleopard 0.2.2 OK
r-release-windows-ix86+x86_64 0.2.2 15.00 175.00 190.00 OK
r-oldrel-windows-ix86+x86_64 0.2.2 16.00 167.00 183.00 OK

Check Details

Version: 0.2.2
Check: tests
Result: ERROR
    Running the tests in ‘tests/doRUnit.R’ failed.
    Last 13 lines of output:
     Current working directory /tmp/Rtmpm_aqB1/sourcecpp_6ada3efc4dea
     CC -library=stlport4 -I/home/ripley/R/cc/include -DNDEBUG -I/usr/local/include -I/usr/local/include -I"/home/ripley/R/Lib32/Rcpp/include" -I"/home/ripley/R/Lib32/RcppGSL/include" -KPIC -O -features=tmplrefstatic -features=extensions -c gsl.cpp -o gsl.o
     *** Error code 2
     CC -library=stlport4 -I/home/ripley/R/cc/include -DNDEBUG -I/usr/local/include -I/usr/local/include -I"/home/ripley/R/Lib32/Rcpp/include" -I"/home/ripley/R/Lib32/RcppGSL/include" -KPIC -O -features=tmplrefstatic -features=extensions -c gsl.cpp -o gsl.o
     *** Error code 2
     Error in sourceCpp(file.path(pathRcppTests, "cpp/gsl.cpp")) :
     Error 1 occurred building shared library.
     saving txt unit test report to '/home/ripley/R/packages/tests32/RcppGSL.Rcheck/tests/RcppGSL-unitTests.txt'
     saving html unit test report to '/home/ripley/R/packages/tests32/RcppGSL.Rcheck/tests/RcppGSL-unitTests.html'
     Error in eval(expr, envir, enclos) :
     unit test problems: 0 failures, 14 errors
     Calls: source -> withVisible -> eval -> eval
     Execution halted
Flavor: r-patched-solaris-sparc

Version: 0.2.2
Check: tests
Result: ERROR
    Running the tests in ‘tests/doRUnit.R’ failed.
    Last 13 lines of output:
     Current working directory /tmp/RtmpeYa4rG/sourcecpp_408f78865b68
     CC -library=stlport4 -I/home/ripley/R/cc/include -DNDEBUG -I/usr/local/include -I/usr/local/include -I"/home/ripley/R/Lib32/Rcpp/include" -I"/home/ripley/R/Lib32/RcppGSL/include" -KPIC -O -xlibmil -xtarget=native -nofstore -c gsl.cpp -o gsl.o
     *** Error code 2
     CC -library=stlport4 -I/home/ripley/R/cc/include -DNDEBUG -I/usr/local/include -I/usr/local/include -I"/home/ripley/R/Lib32/Rcpp/include" -I"/home/ripley/R/Lib32/RcppGSL/include" -KPIC -O -xlibmil -xtarget=native -nofstore -c gsl.cpp -o gsl.o
     *** Error code 2
     Error in sourceCpp(file.path(pathRcppTests, "cpp/gsl.cpp")) :
     Error 1 occurred building shared library.
     saving txt unit test report to '/home/ripley/R/packages/tests32/RcppGSL.Rcheck/tests/RcppGSL-unitTests.txt'
     saving html unit test report to '/home/ripley/R/packages/tests32/RcppGSL.Rcheck/tests/RcppGSL-unitTests.html'
     Error in eval(expr, envir, enclos) :
     unit test problems: 0 failures, 14 errors
     Calls: source -> withVisible -> eval -> eval
     Execution halted
Flavor: r-patched-solaris-x86

Version: 0.2.2
Check: whether package can be installed
Result: ERROR
    Installation failed.
Flavor: r-release-osx-x86_64-mavericks