CRAN Package Check Results for Package RcppGSL

Last updated on 2016-12-08 18:47:18.

Flavor Version Tinstall Tcheck Ttotal Status Flags
r-devel-linux-x86_64-debian-clang 0.3.1 11.37 64.62 75.99 OK
r-devel-linux-x86_64-debian-gcc 0.3.1 11.06 63.87 74.93 OK
r-devel-linux-x86_64-fedora-clang 0.3.1 318.59 ERROR --no-stop-on-test-error
r-devel-linux-x86_64-fedora-gcc 0.3.1 148.88 OK --no-stop-on-test-error
r-devel-macos-x86_64-clang 0.3.1 104.54 OK --no-stop-on-test-error
r-devel-windows-ix86+x86_64 0.3.1 41.00 263.00 304.00 OK
r-patched-linux-x86_64 0.3.1 9.28 54.02 63.30 OK
r-patched-solaris-sparc 0.3.1 1238.30 ERROR
r-patched-solaris-x86 0.3.1 229.10 ERROR
r-release-linux-x86_64 0.3.1 9.34 53.89 63.23 OK
r-release-osx-x86_64-mavericks 0.3.1 OK
r-release-windows-ix86+x86_64 0.3.1 31.00 295.00 326.00 OK
r-oldrel-windows-ix86+x86_64 0.3.1 53.00 237.00 290.00 OK

Check Details

Version: 0.3.1
Flags: --no-stop-on-test-error
Check: tests
Result: ERROR
     Running ‘doRUnit.R’ [115s/135s]
    Running the tests in ‘tests/doRUnit.R’ failed.
    Last 13 lines of output:
     Error executing .setUp before test.gsl.vector.view : Error in sourceCpp(file.path(pathRcppTests, "cpp/gsl.cpp")) :
     Error 1 occurred building shared library.
     .setUp (before test.gsl.vector.wrappers): ERROR !!
     Error executing .setUp before test.gsl.vector.wrappers : Error in sourceCpp(file.path(pathRcppTests, "cpp/gsl.cpp")) :
     Error 1 occurred building shared library.
     >
     > ## Return success or failure to R CMD CHECK
     > if (getErrors(tests)$nFail > 0) {
     + stop("TEST FAILED!")
     + }
     > if (getErrors(tests)$nErr > 0) {
     + stop("TEST HAD ERRORS!")
     + }
     Error: TEST HAD ERRORS!
     Execution halted
Flavor: r-devel-linux-x86_64-fedora-clang

Version: 0.3.1
Flags: --no-stop-on-test-error
Check: re-building of vignette outputs
Result: WARN
    Error in re-building vignettes:
     ...
    Loading required package: inline
Flavor: r-devel-linux-x86_64-fedora-clang

Version: 0.3.1
Check: tests
Result: ERROR
     Running ‘doRUnit.R’ [455s/457s]
    Running the tests in ‘tests/doRUnit.R’ failed.
    Last 13 lines of output:
     .setUp (before test.gsl.vector.wrappers): ERROR !!
     Error executing .setUp before test.gsl.vector.wrappers : Error in sourceCpp(file.path(pathRcppTests, "cpp/gsl.cpp")) :
     Error 1 occurred building shared library.
     >
     > ## Return success or failure to R CMD CHECK
     > if (getErrors(tests)$nFail > 0) {
     + stop("TEST FAILED!")
     + }
     > if (getErrors(tests)$nErr > 0) {
     + stop("TEST HAD ERRORS!")
     + }
     Error: TEST HAD ERRORS!
     Execution halted
Flavor: r-patched-solaris-sparc

Version: 0.3.1
Check: re-building of vignette outputs
Result: WARN
    Error in re-building vignettes:
     ...
    Loading required package: inline
Flavors: r-patched-solaris-sparc, r-patched-solaris-x86

Version: 0.3.1
Check: tests
Result: ERROR
     Running ‘doRUnit.R’ [82s/84s]
    Running the tests in ‘tests/doRUnit.R’ failed.
    Last 13 lines of output:
     .setUp (before test.gsl.vector.wrappers): ERROR !!
     Error executing .setUp before test.gsl.vector.wrappers : Error in sourceCpp(file.path(pathRcppTests, "cpp/gsl.cpp")) :
     Error 1 occurred building shared library.
     >
     > ## Return success or failure to R CMD CHECK
     > if (getErrors(tests)$nFail > 0) {
     + stop("TEST FAILED!")
     + }
     > if (getErrors(tests)$nErr > 0) {
     + stop("TEST HAD ERRORS!")
     + }
     Error: TEST HAD ERRORS!
     Execution halted
Flavor: r-patched-solaris-x86