CRAN Package Check Results for Package RcppGSL

Last updated on 2015-08-27 23:47:07.

Flavor Version Tinstall Tcheck Ttotal Status Flags
r-devel-linux-x86_64-debian-clang 0.2.5 9.30 72.95 82.25 OK
r-devel-linux-x86_64-debian-gcc 0.2.5 9.53 75.02 84.55 OK
r-devel-linux-x86_64-fedora-clang 0.2.5 178.72 OK
r-devel-linux-x86_64-fedora-gcc 0.2.5 160.37 OK
r-devel-osx-x86_64-clang 0.2.5 137.95 OK
r-devel-windows-ix86+x86_64 0.2.5 40.00 232.00 272.00 OK
r-patched-linux-x86_64 0.2.5 10.11 78.57 88.68 OK
r-patched-solaris-sparc 0.2.5 2726.20 ERROR
r-patched-solaris-x86 0.2.5 533.80 ERROR
r-release-linux-x86_64 0.2.5 9.71 76.14 85.85 OK
r-release-osx-x86_64-mavericks 0.2.5 OK
r-release-windows-ix86+x86_64 0.2.5 44.00 240.00 284.00 OK
r-oldrel-windows-ix86+x86_64 0.2.5 44.00 260.00 304.00 OK

Check Details

Version: 0.2.5
Check: tests
Result: ERROR
    Running the tests in ‘tests/doRUnit.R’ failed.
    Last 13 lines of output:
     Current working directory /tmp/RtmpEhaaZG/sourcecpp_41981697445b
     /opt/csw/gcc4/bin/g++ -I/home/ripley/R/gcc/include -DNDEBUG -I/usr/local/include -I/opt/csw/include -I/usr/local/include -I"/home/ripley/R/Lib32/Rcpp/include" -I"/home/ripley/R/Lib32/RcppGSL/include" -I"/home/ripley/R/Lib32/RcppGSL/unitTests/cpp" -fPIC -O2 -mcpu=niagara2 -c gsl.cpp -o gsl.o
     *** Error code 1
     /opt/csw/gcc4/bin/g++ -I/home/ripley/R/gcc/include -DNDEBUG -I/usr/local/include -I/opt/csw/include -I/usr/local/include -I"/home/ripley/R/Lib32/Rcpp/include" -I"/home/ripley/R/Lib32/RcppGSL/include" -I"/home/ripley/R/Lib32/RcppGSL/unitTests/cpp" -fPIC -O2 -mcpu=niagara2 -c gsl.cpp -o gsl.o
     *** Error code 1
     Error in sourceCpp(file.path(pathRcppTests, "cpp/gsl.cpp")) :
     Error 1 occurred building shared library.
     saving txt unit test report to '/home/ripley/R/packages/tests32/RcppGSL.Rcheck/tests/RcppGSL-unitTests.txt'
     saving html unit test report to '/home/ripley/R/packages/tests32/RcppGSL.Rcheck/tests/RcppGSL-unitTests.html'
     Error in eval(expr, envir, enclos) :
     unit test problems: 0 failures, 14 errors
     Calls: source -> withVisible -> eval -> eval
     Execution halted
Flavor: r-patched-solaris-sparc

Version: 0.2.5
Check: running R code from vignettes
Result: ERROR
    Errors in running code in vignettes:
    when running code in ‘RcppGSL-unitTests.Rnw’
     ...
    
    > if (err$nFail > 0) stop(sprintf("unit test problems: %d failures",
    + err$nFail))
    
    > if (err$nErr > 0) stop(sprintf("unit test problems: %d errors",
    + err$nErr))
    
     When sourcing ‘RcppGSL-unitTests.R’:
    Error: unit test problems: 14 errors
    Execution halted
Flavors: r-patched-solaris-sparc, r-patched-solaris-x86

Version: 0.2.5
Check: re-building of vignette outputs
Result: NOTE
    Error in re-building vignettes:
     ...
    /opt/csw/include/c++/4.9.0/bits/stl_algo.h:4152:5: note: template argument deduction/substitution failed:
    gsl.cpp:293:63: note: couldn't deduce template parameter ‘_UnaryOperation’
     std::transform(vec.begin(), vec.end(), res.begin(), ::sqrt);
     ^
    In file included from /opt/csw/include/c++/4.9.0/algorithm:62:0,
     from /home/ripley/R/Lib32/Rcpp/include/RcppCommon.h:62,
     from /home/ripley/R/Lib32/RcppGSL/include/RcppGSLForward.h:25,
     from /home/ripley/R/Lib32/RcppGSL/include/RcppGSL.h:23,
     from gsl.cpp:22:
    /opt/csw/include/c++/4.9.0/bits/stl_algo.h:4189:5: note: template<class _IIter1, class _IIter2, class _OIter, class _BinaryOperation> _OIter std::transform(_IIter1, _IIter1, _IIter2, _OIter, _BinaryOperation)
     transform(_InputIterator1 __first1, _InputIterator1 __last1,
     ^
    /opt/csw/include/c++/4.9.0/bits/stl_algo.h:4189:5: note: template argument deduction/substitution failed:
    gsl.cpp:293:63: note: candidate expects 5 arguments, 4 provided
     std::transform(vec.begin(), vec.end(), res.begin(), ::sqrt);
     ^
    make: Fatal error: Command failed for target `gsl.o'
    Current working directory /tmp/RtmphGaOsJ/sourcecpp_4695524d2d5c
    Error in sourceCpp(file.path(pathRcppTests, "cpp/gsl.cpp")) :
     Error 1 occurred building shared library.
    
    Error: processing vignette 'RcppGSL-unitTests.Rnw' failed with diagnostics:
     chunk 2 (label = unitTesting)
    Error in eval(expr, envir, enclos) : unit test problems: 14 errors
    Execution halted
Flavor: r-patched-solaris-sparc

Version: 0.2.5
Check: tests
Result: ERROR
    Running the tests in ‘tests/doRUnit.R’ failed.
    Last 13 lines of output:
     Current working directory /tmp/RtmpnRaiGS/sourcecpp_59012a851642
     /opt/csw/gcc4/bin/g++ -m32 -I/home/ripley/R/gcc/include -DNDEBUG -I/usr/local/include -I/opt/csw/include -I/usr/local/include -I"/home/ripley/R/Lib32/Rcpp/include" -I"/home/ripley/R/Lib32/RcppGSL/include" -I"/home/ripley/R/Lib32/RcppGSL/unitTests/cpp" -fPIC -O2 -c gsl.cpp -o gsl.o
     *** Error code 1
     /opt/csw/gcc4/bin/g++ -m32 -I/home/ripley/R/gcc/include -DNDEBUG -I/usr/local/include -I/opt/csw/include -I/usr/local/include -I"/home/ripley/R/Lib32/Rcpp/include" -I"/home/ripley/R/Lib32/RcppGSL/include" -I"/home/ripley/R/Lib32/RcppGSL/unitTests/cpp" -fPIC -O2 -c gsl.cpp -o gsl.o
     *** Error code 1
     Error in sourceCpp(file.path(pathRcppTests, "cpp/gsl.cpp")) :
     Error 1 occurred building shared library.
     saving txt unit test report to '/home/ripley/R/packages/tests32/RcppGSL.Rcheck/tests/RcppGSL-unitTests.txt'
     saving html unit test report to '/home/ripley/R/packages/tests32/RcppGSL.Rcheck/tests/RcppGSL-unitTests.html'
     Error in eval(expr, envir, enclos) :
     unit test problems: 0 failures, 18 errors
     Calls: source -> withVisible -> eval -> eval
     Execution halted
Flavor: r-patched-solaris-x86

Version: 0.2.5
Check: re-building of vignette outputs
Result: NOTE
    Error in re-building vignettes:
     ...
    /opt/csw/include/c++/4.9.2/bits/stl_algo.h:4152:5: note: template argument deduction/substitution failed:
    gsl.cpp:293:63: note: couldn't deduce template parameter ‘_UnaryOperation’
     std::transform(vec.begin(), vec.end(), res.begin(), ::sqrt);
     ^
    In file included from /opt/csw/include/c++/4.9.2/algorithm:62:0,
     from /home/ripley/R/Lib32/Rcpp/include/RcppCommon.h:62,
     from /home/ripley/R/Lib32/RcppGSL/include/RcppGSLForward.h:25,
     from /home/ripley/R/Lib32/RcppGSL/include/RcppGSL.h:23,
     from gsl.cpp:22:
    /opt/csw/include/c++/4.9.2/bits/stl_algo.h:4189:5: note: template<class _IIter1, class _IIter2, class _OIter, class _BinaryOperation> _OIter std::transform(_IIter1, _IIter1, _IIter2, _OIter, _BinaryOperation)
     transform(_InputIterator1 __first1, _InputIterator1 __last1,
     ^
    /opt/csw/include/c++/4.9.2/bits/stl_algo.h:4189:5: note: template argument deduction/substitution failed:
    gsl.cpp:293:63: note: candidate expects 5 arguments, 4 provided
     std::transform(vec.begin(), vec.end(), res.begin(), ::sqrt);
     ^
    make: Fatal error: Command failed for target `gsl.o'
    Current working directory /tmp/Rtmposa43m/sourcecpp_19bf1ab53c9
    Error in sourceCpp(file.path(pathRcppTests, "cpp/gsl.cpp")) :
     Error 1 occurred building shared library.
    
    Error: processing vignette 'RcppGSL-unitTests.Rnw' failed with diagnostics:
     chunk 2 (label = unitTesting)
    Error in eval(expr, envir, enclos) : unit test problems: 14 errors
    Execution halted
Flavor: r-patched-solaris-x86