CRAN Package Check Results for Package RcppGSL

Last updated on 2014-04-16 18:47:54.

Flavor Version Tinstall Tcheck Ttotal Status Flags
r-devel-linux-x86_64-debian-clang 0.2.0 5.16 48.38 53.54 NOTE
r-devel-linux-x86_64-debian-gcc 0.2.0 5.22 50.63 55.85 NOTE
r-devel-linux-x86_64-fedora-clang 0.2.0 111.82 NOTE
r-devel-linux-x86_64-fedora-gcc 0.2.0 109.38 NOTE
r-devel-macosx-x86_64-clang 0.2.0 53.13 ERROR
r-devel-macosx-x86_64-gcc 0.2.0 NOTE
r-devel-windows-ix86+x86_64 0.2.0 21.00 189.00 210.00 NOTE
r-patched-linux-x86_64 0.2.0 5.40 50.36 55.76 NOTE
r-patched-solaris-sparc 0.2.0 78.10 ERROR
r-patched-solaris-x86 0.2.0 17.20 ERROR
r-release-linux-ix86 0.2.0 14.00 92.00 106.00 NOTE
r-release-linux-x86_64 0.2.0 5.24 50.29 55.53 NOTE
r-release-macosx-x86_64 0.2.0 NOTE
r-release-windows-ix86+x86_64 0.2.0 32.00 187.00 219.00 NOTE
r-oldrel-windows-ix86+x86_64 0.2.0 20.00 149.00 169.00 NOTE

Check Details

Version: 0.2.0
Check: dependencies in R code
Result: NOTE
    Package in Depends field not imported from: ‘Rcpp’
     These packages need to be imported from (in the NAMESPACE file)
     for when this namespace is loaded but not attached.
    ':::' call which should be '::': ‘Rcpp:::Rcpp.plugin.maker’
     See the note in ?`:::` about the use of this operator.
    See the information on DESCRIPTION files in the chapter ‘Creating R
    packages’ of the ‘Writing R Extensions’ manual.
Flavors: r-devel-linux-x86_64-debian-clang, r-devel-linux-x86_64-debian-gcc, r-devel-linux-x86_64-fedora-clang, r-devel-linux-x86_64-fedora-gcc, r-devel-macosx-x86_64-clang, r-devel-macosx-x86_64-gcc, r-devel-windows-ix86+x86_64, r-patched-linux-x86_64, r-release-linux-ix86, r-release-linux-x86_64, r-release-windows-ix86+x86_64, r-oldrel-windows-ix86+x86_64

Version: 0.2.0
Check: tests
Result: ERROR
    Running the tests in ‘tests/doRUnit.R’ failed.
    Last 13 lines of output:
     5: doTryCatch(return(expr), name, parentenv, handler)
     6: tryCatchOne(expr, names, parentenv, handlers[[1L]])
     7: tryCatchList(expr, classes, parentenv, handlers)
     8: tryCatch(expr, error = function(e) { call <- conditionCall(e) if (!is.null(call)) { if (identical(call[[1L]], quote(doTryCatch))) call <- sys.call(-4L) dcall <- deparse(call)[1L] prefix <- paste("Error in", dcall, ": ") LONG <- 75L msg <- conditionMessage(e) sm <- strsplit(msg, "\n")[[1L]] w <- 14L + nchar(dcall, type = "w") + nchar(sm[1L], type = "w") if (is.na(w)) w <- 14L + nchar(dcall, type = "b") + nchar(sm[1L], type = "b") if (w > LONG) prefix <- paste0(prefix, "\n ") } else prefix <- "Error : " msg <- paste0(prefix, conditionMessage(e), "\n") .Internal(seterrmessage(msg[1L])) if (!silent && identical(getOption("show.error.messages"), TRUE)) { cat(msg, file = stderr()) .Internal(printDeferredWarnings()) } invisible(structure(msg, class = "try-error", condition = e))})
     9: try(system.time(func()))
     10: .executeTestCase(funcName, envir = sandbox, setUpFunc = .setUp, tearDownFunc = .tearDown)
     11: .sourceTestFile(testFile, testSuite$testFuncRegexp)
     12: runTestSuite(testSuite)
     13: eval(expr, envir, enclos)
     14: eval(ei, envir)
     15: withVisible(eval(ei, envir))
     16: source(file.path(path, "runTests.R"), echo = TRUE)
     aborting ...
Flavor: r-devel-macosx-x86_64-clang

Version: 0.2.0
Check: whether package can be installed
Result: ERROR
    Installation failed.
    See ‘/home/ripley/R/packages/tests32/RcppGSL.Rcheck/00install.out’ for details.
Flavors: r-patched-solaris-sparc, r-patched-solaris-x86

Version: 0.2.0
Check: dependencies in R code
Result: NOTE
    Package in Depends field not imported from: 'Rcpp'
     These packages need to be imported from for the case when
     this namespace is loaded but not attached.
    See the information on DESCRIPTION files in the chapter 'Creating R
    packages' of the 'Writing R Extensions' manual.
Flavor: r-release-macosx-x86_64

Version: 0.2.0
Check: re-building of vignette outputs
Result: NOTE
    Error in re-building vignettes:
     ...
    
    Executing test function test.gsl.vector.view ... done successfully.
    
    
    
    Executing test function test.gsl.vector.wrappers ... done successfully.
    
    [1] TRUE
    /Library/Frameworks/R.framework/Resources/bin/R CMD Sweave RcppGSL-unitTests.Rnw
    Loading required package: RcppGSL
    Loading required package: Rcpp
    Output file: RcppGSL-unitTests.tex
    /Library/Frameworks/R.framework/Resources/bin/Rscript --vanilla -e "tools::texi2dvi( 'RcppGSL-unitTests.tex', pdf = TRUE, clean = TRUE )"
    Error in tools::texi2dvi("RcppGSL-unitTests.tex", pdf = TRUE, clean = TRUE) :
     Running 'texi2dvi' on 'RcppGSL-unitTests.tex' failed.
    LaTeX errors:
    ! LaTeX Error: File `vmargin.sty' not found.
    
    Type X to quit or <RETURN> to proceed,
    or enter new name. (Default extension: sty)
    Execution halted
    make: *** [RcppGSL-unitTests.pdf] Error 1
    Error in buildVignettes(dir = "/Volumes/XT3/Builds/R-dev-web/QA/Simon/packages/snowleopard-x86_64/results/3.1/RcppGSL.Rcheck/vign_test/RcppGSL") :
     running 'make' failed
    Execution halted
Flavor: r-release-macosx-x86_64