CRAN Package Check Results for Package RcppGSL

Last updated on 2015-04-27 03:47:31.

Flavor Version Tinstall Tcheck Ttotal Status Flags
r-devel-linux-x86_64-debian-clang 0.2.4 9.31 63.93 73.24 OK
r-devel-linux-x86_64-debian-gcc 0.2.4 9.42 69.29 78.71 OK
r-devel-linux-x86_64-fedora-clang 0.2.4 161.66 OK
r-devel-linux-x86_64-fedora-gcc 0.2.4 146.02 OK
r-devel-osx-x86_64-clang 0.2.4 135.85 OK
r-devel-windows-ix86+x86_64 0.2.4 36.00 183.00 219.00 OK
r-patched-linux-x86_64 0.2.4 9.54 69.70 79.25 OK
r-patched-solaris-sparc 0.2.4 995.70 ERROR
r-patched-solaris-x86 0.2.4 503.70 ERROR
r-release-linux-x86_64 0.2.4 9.67 69.07 78.74 OK
r-release-osx-x86_64-mavericks 0.2.4 NOTE
r-release-osx-x86_64-snowleopard 0.2.4 OK
r-release-windows-ix86+x86_64 0.2.4 30.00 158.00 188.00 OK
r-oldrel-windows-ix86+x86_64 0.2.4 29.00 172.00 201.00 OK

Check Details

Version: 0.2.4
Check: tests
Result: ERROR
    Running the tests in ‘tests/doRUnit.R’ failed.
    Last 13 lines of output:
     Current working directory /tmp/Rtmp8aaWgz/sourcecpp_323618145fc9
     CC -library=stlport4 -I/home/ripley/R/cc/include -DNDEBUG -I/usr/local/include -I/usr/local/include -I"/home/ripley/R/Lib32/Rcpp/include" -I"/home/ripley/R/Lib32/RcppGSL/include" -I"/home/ripley/R/Lib32/RcppGSL/unitTests/cpp" -KPIC -O -features=tmplrefstatic -features=extensions -c gsl.cpp -o gsl.o
     *** Error code 2
     CC -library=stlport4 -I/home/ripley/R/cc/include -DNDEBUG -I/usr/local/include -I/usr/local/include -I"/home/ripley/R/Lib32/Rcpp/include" -I"/home/ripley/R/Lib32/RcppGSL/include" -I"/home/ripley/R/Lib32/RcppGSL/unitTests/cpp" -KPIC -O -features=tmplrefstatic -features=extensions -c gsl.cpp -o gsl.o
     *** Error code 2
     Error in sourceCpp(file.path(pathRcppTests, "cpp/gsl.cpp")) :
     Error 1 occurred building shared library.
     saving txt unit test report to '/home/ripley/R/packages/tests32/RcppGSL.Rcheck/tests/RcppGSL-unitTests.txt'
     saving html unit test report to '/home/ripley/R/packages/tests32/RcppGSL.Rcheck/tests/RcppGSL-unitTests.html'
     Error in eval(expr, envir, enclos) :
     unit test problems: 0 failures, 15 errors
     Calls: source -> withVisible -> eval -> eval
     Execution halted
Flavor: r-patched-solaris-sparc

Version: 0.2.4
Check: running R code from vignettes
Result: ERROR
    Errors in running code in vignettes:
    when running code in ‘RcppGSL-intro.Rnw’
     ...
     38:
     39:
    
     When sourcing ‘RcppGSL-intro.R’:
    Error: Compilation ERROR, function(s)/method(s) not created! "/home/ripley/R/Lib32/Rcpp/include/Rcpp/Interrupt.h", line 60: Warning (Anachronism): Formal argument fun of type extern "C" void(*)(void*) in call to R_ToplevelExec(extern "C" void(*)(void*), void*) is being passed void(*)(void*).
    "/home/ripley/R/Lib32/Rcpp/include/Rcpp/api/meat/Rcpp_eval.h", line 97: Warning (Anachronism): Formal argument fun of type extern "C" void(*)(void*) in call to R_ToplevelExec(extern "C" void(*)(void*), void*) is being passed void(*)(void*).
    "/home/ripley/R/Lib32/Rcpp/include/Rcpp/api/meat/proxy.h", line 32: Error: Could not find a match for Rcpp::AttributeProxyPolicy<Rcpp::CLASS>::AttributeProxy::operator=(const Rcpp::T&).
    "/home/ripley/R/Lib32/Rcpp/include/Rcpp/api/meat/proxy.h", line 63: Error: Could not find a match for Rcpp::NamesProxyPolicy<Rcpp::CLASS>::NamesProxy::operator=(const Rcpp::T&).
    "/home/ripley/R/Lib32/Rcpp/include/Rcpp/api/meat/proxy.h", line 84: Error: Could not find a match for
    Execution halted
    when running code in ‘RcppGSL-unitTests.Rnw’
     ...
    
    > if (err$nFail > 0) stop(sprintf("unit test problems: %d failures",
    + err$nFail))
    
    > if (err$nErr > 0) stop(sprintf("unit test problems: %d errors",
    + err$nErr))
    
     When sourcing ‘RcppGSL-unitTests.R’:
    Error: unit test problems: 15 errors
    Execution halted
Flavor: r-patched-solaris-sparc

Version: 0.2.4
Check: re-building of vignette outputs
Result: NOTE
    Error in re-building vignettes:
     ...
    Loading required package: inline
    Warning: running command '/home/ripley/R/cc/bin/R CMD SHLIB file400540d563d5.cpp 2> file400540d563d5.cpp.err.txt' had status 1 and error message 'Illegal seek'
    
    Error: processing vignette 'RcppGSL-intro.Rnw' failed with diagnostics:
     chunk 7 (label = inlineex1)
    Error in compileCode(f, code, language = language, verbose = verbose) :
     Compilation ERROR, function(s)/method(s) not created! "/home/ripley/R/Lib32/Rcpp/include/Rcpp/Interrupt.h", line 60: Warning (Anachronism): Formal argument fun of type extern "C" void(*)(void*) in call to R_ToplevelExec(extern "C" void(*)(void*), void*) is being passed void(*)(void*).
    "/home/ripley/R/Lib32/Rcpp/include/Rcpp/api/meat/Rcpp_eval.h", line 97: Warning (Anachronism): Formal argument fun of type extern "C" void(*)(void*) in call to R_ToplevelExec(extern "C" void(*)(void*), void*) is being passed void(*)(void*).
    "/home/ripley/R/Lib32/Rcpp/include/Rcpp/api/meat/proxy.h", line 32: Error: Could not find a match for Rcpp::AttributeProxyPolicy<Rcpp::CLASS>::AttributeProxy::operator=(const Rcpp::T&).
    "/home/ripley/R/Lib32/Rcpp/include/Rcpp/api/meat/proxy.h", line 63: Error: Could not find a match for Rcpp::N
    Execution halted
Flavor: r-patched-solaris-sparc

Version: 0.2.4
Check: tests
Result: ERROR
    Running the tests in ‘tests/doRUnit.R’ failed.
    Last 13 lines of output:
     Current working directory /tmp/RtmpznaOGy/sourcecpp_310579a3317
     CC -library=stlport4 -I/home/ripley/R/cc/include -DNDEBUG -I/usr/local/include -I/usr/local/include -I"/home/ripley/R/Lib32/Rcpp/include" -I"/home/ripley/R/Lib32/RcppGSL/include" -I"/home/ripley/R/Lib32/RcppGSL/unitTests/cpp" -KPIC -O -xlibmil -xtarget=native -nofstore -c gsl.cpp -o gsl.o
     *** Error code 2
     CC -library=stlport4 -I/home/ripley/R/cc/include -DNDEBUG -I/usr/local/include -I/usr/local/include -I"/home/ripley/R/Lib32/Rcpp/include" -I"/home/ripley/R/Lib32/RcppGSL/include" -I"/home/ripley/R/Lib32/RcppGSL/unitTests/cpp" -KPIC -O -xlibmil -xtarget=native -nofstore -c gsl.cpp -o gsl.o
     *** Error code 2
     Error in sourceCpp(file.path(pathRcppTests, "cpp/gsl.cpp")) :
     Error 1 occurred building shared library.
     saving txt unit test report to '/home/ripley/R/packages/tests32/RcppGSL.Rcheck/tests/RcppGSL-unitTests.txt'
     saving html unit test report to '/home/ripley/R/packages/tests32/RcppGSL.Rcheck/tests/RcppGSL-unitTests.html'
     Error in eval(expr, envir, enclos) :
     unit test problems: 0 failures, 14 errors
     Calls: source -> withVisible -> eval -> eval
     Execution halted
Flavor: r-patched-solaris-x86

Version: 0.2.4
Check: running R code from vignettes
Result: ERROR
    Errors in running code in vignettes:
    when running code in ‘RcppGSL-unitTests.Rnw’
     ...
    
    > if (err$nFail > 0) stop(sprintf("unit test problems: %d failures",
    + err$nFail))
    
    > if (err$nErr > 0) stop(sprintf("unit test problems: %d errors",
    + err$nErr))
    
     When sourcing ‘RcppGSL-unitTests.R’:
    Error: unit test problems: 14 errors
    Execution halted
Flavor: r-patched-solaris-x86

Version: 0.2.4
Check: re-building of vignette outputs
Result: NOTE
    Error in re-building vignettes:
     ...
    "gsl.cpp", line 293: Error: Could not find a match for std::transform<std::_InputIter, std::_OutputIter, std::_UnaryOperation>(Rcpp::internal::Proxy_Iterator<RcppGSL::vector<double>::Proxy>, Rcpp::internal::Proxy_Iterator<RcppGSL::vector<double>::Proxy>, double*, extern "C" double(double)) needed in test_gsl_vector_iterator_transform(Rcpp::Vector<14, Rcpp::PreserveStorage<Rcpp::CLASS>>).
    1 Error(s) and 2 Warning(s) detected.
    make: Fatal error: Command failed for target `gsl.o'
    Current working directory /tmp/Rtmp8rayZz/sourcecpp_339b6d5831c2
    Error in sourceCpp(file.path(pathRcppTests, "cpp/gsl.cpp")) :
     Error 1 occurred building shared library.
    "/home/ripley/R/Lib32/Rcpp/include/Rcpp/Interrupt.h", line 60: Warning (Anachronism): Formal argument fun of type extern "C" void(*)(void*) in call to R_ToplevelExec(extern "C" void(*)(void*), void*) is being passed void(*)(void*).
    "/home/ripley/R/Lib32/Rcpp/include/Rcpp/api/meat/Rcpp_eval.h", line 97: Warning (Anachronism): Formal argument fun of type extern "C" void(*)(void*) in call to R_ToplevelExec(extern "C" void(*)(void*), void*) is being passed void(*)(void*).
    "gsl.cpp", line 293: Error: Could not find a match for std::transform<std::_InputIter, std::_OutputIter, std::_UnaryOperation>(Rcpp::internal::Proxy_Iterator<RcppGSL::vector<double>::Proxy>, Rcpp::internal::Proxy_Iterator<RcppGSL::vector<double>::Proxy>, double*, extern "C" double(double)) needed in test_gsl_vector_iterator_transform(Rcpp::Vector<14, Rcpp::PreserveStorage<Rcpp::CLASS>>).
    1 Error(s) and 2 Warning(s) detected.
    make: Fatal error: Command failed for target `gsl.o'
    Current working directory /tmp/Rtmp8rayZz/sourcecpp_339b6d5831c2
    "/home/ripley/R/Lib32/Rcpp/include/Rcpp/Interrupt.h", line 60: Warning (Anachronism): Formal argument fun of type extern "C" void(*)(void*) in call to R_ToplevelExec(extern "C" void(*)(void*), void*) is being passed void(*)(void*).
    "/home/ripley/R/Lib32/Rcpp/include/Rcpp/api/meat/Rcpp_eval.h", line 97: Warning (Anachronism): Formal argument fun of type extern "C" void(*)(void*) in call to R_ToplevelExec(extern "C" void(*)(void*), void*) is being passed void(*)(void*).
    "gsl.cpp", line 293: Error: Could not find a match for std::transform<std::_InputIter, std::_OutputIter, std::_UnaryOperation>(Rcpp::internal::Proxy_Iterator<RcppGSL::vector<double>::Proxy>, Rcpp::internal::Proxy_Iterator<RcppGSL::vector<double>::Proxy>, double*, extern "C" double(double)) needed in test_gsl_vector_iterator_transform(Rcpp::Vector<14, Rcpp::PreserveStorage<Rcpp::CLASS>>).
    1 Error(s) and 2 Warning(s) detected.
    make: Fatal error: Command failed for target `gsl.o'
    Current working directory /tmp/Rtmp8rayZz/sourcecpp_339b6d5831c2
    Error in sourceCpp(file.path(pathRcppTests, "cpp/gsl.cpp")) :
     Error 1 occurred building shared library.
    
    Error: processing vignette 'RcppGSL-unitTests.Rnw' failed with diagnostics:
     chunk 2 (label = unitTesting)
    Error in eval(expr, envir, enclos) : unit test problems: 14 errors
    Execution halted
Flavor: r-patched-solaris-x86

Version: 0.2.4
Check: re-building of vignette outputs
Result: NOTE
    Error in re-building vignettes:
     ...
    Loading required package: inline
    Error: processing vignette 'RcppGSL-intro.Rnw' failed with diagnostics:
    "HighlightMain" not available for .Call() for package "highlight"
    Execution halted
Flavor: r-release-osx-x86_64-mavericks