CRAN Package Check Results for Package RcppHNSW

Last updated on 2024-02-29 21:56:31 CET.

Flavor Version Tinstall Tcheck Ttotal Status Flags
r-devel-linux-x86_64-debian-clang 0.6.0 41.64 54.96 96.60 OK
r-devel-linux-x86_64-debian-gcc 0.6.0 31.89 39.73 71.62 OK
r-devel-linux-x86_64-fedora-clang 0.6.0 125.82 OK
r-devel-linux-x86_64-fedora-gcc 0.6.0 130.07 OK
r-devel-windows-x86_64 0.6.0 34.00 92.00 126.00 OK
r-patched-linux-x86_64 0.6.0 40.48 52.62 93.10 OK
r-release-linux-x86_64 0.6.0 40.02 52.00 92.02 OK
r-release-macos-arm64 0.6.0 43.00 NOTE
r-release-macos-x86_64 0.6.0 141.00 NOTE
r-release-windows-x86_64 0.6.0 35.00 96.00 131.00 OK
r-oldrel-macos-arm64 0.6.0 43.00 NOTE
r-oldrel-windows-x86_64 0.6.0 41.00 95.00 136.00 OK

Check Details

Version: 0.6.0
Check: installed package size
Result: NOTE installed size is 6.3Mb sub-directories of 1Mb or more: libs 6.1Mb Flavors: r-release-macos-arm64, r-release-macos-x86_64, r-oldrel-macos-arm64