CRAN Package Check Results for Package RcppJagger

Last updated on 2024-02-25 02:56:19 CET.

Flavor Version Tinstall Tcheck Ttotal Status Flags
r-devel-linux-x86_64-debian-clang 0.0.2 27.15 31.08 58.23 OK
r-devel-linux-x86_64-debian-gcc 0.0.2 20.48 24.54 45.02 OK
r-devel-linux-x86_64-fedora-clang 0.0.2 77.91 NOTE
r-devel-linux-x86_64-fedora-gcc 0.0.2 77.12 NOTE
r-devel-windows-x86_64 0.0.2 25.00 73.00 98.00 OK
r-patched-linux-x86_64 0.0.2 23.84 30.82 54.66 OK
r-release-linux-x86_64 0.0.2 28.50 31.03 59.53 OK
r-release-macos-arm64 0.0.2 28.00 OK
r-release-macos-x86_64 0.0.2 40.00 OK
r-release-windows-x86_64 0.0.2 32.00 75.00 107.00 OK
r-oldrel-macos-arm64 0.0.2 29.00 OK
r-oldrel-windows-x86_64 0.0.2 29.00 80.00 109.00 OK

Check Details

Version: 0.0.2
Check: data for non-ASCII characters
Result: NOTE Note: found 1 marked UTF-8 string Flavors: r-devel-linux-x86_64-fedora-clang, r-devel-linux-x86_64-fedora-gcc