CRAN Package Check Results for Package RcppOctave

Last updated on 2017-08-22 23:47:41.

Flavor Version Tinstall Tcheck Ttotal Status Flags
r-devel-linux-x86_64-debian-clang 0.18.1 21.57 3.27 24.84 ERROR
r-devel-linux-x86_64-debian-gcc 0.18.1 24.34 3.05 27.39 ERROR
r-devel-linux-x86_64-fedora-gcc 0.18.1 213.17 NOTE
r-devel-windows-ix86+x86_64 0.18.1 96.00 4.00 100.00 ERROR
r-patched-linux-x86_64 0.18.1 23.96 3.29 27.25 ERROR
r-release-linux-x86_64 0.18.1 23.39 3.32 26.70 ERROR
r-release-windows-ix86+x86_64 0.18.1 94.00 5.00 99.00 ERROR
r-release-osx-x86_64 0.18.1 ERROR
r-oldrel-windows-ix86+x86_64 0.18.1 87.00 4.00 91.00 ERROR
r-oldrel-osx-x86_64 0.18.1 ERROR

Additional issues

rchk

Check Details

Version: 0.18.1
Check: whether package can be installed
Result: ERROR
    Installation failed.
Flavors: r-devel-linux-x86_64-debian-clang, r-devel-linux-x86_64-debian-gcc, r-devel-windows-ix86+x86_64, r-patched-linux-x86_64, r-release-linux-x86_64, r-release-windows-ix86+x86_64, r-release-osx-x86_64, r-oldrel-windows-ix86+x86_64, r-oldrel-osx-x86_64

Version: 0.18.1
Check: installed package size
Result: NOTE
     installed size is 7.3Mb
     sub-directories of 1Mb or more:
     libs 3.5Mb
     modules 2.9Mb
Flavor: r-devel-linux-x86_64-fedora-gcc

Version: 0.18.1
Check: compiled code
Result: NOTE
    File ‘RcppOctave/libs/RcppOctave.so’:
     Found ‘_ZSt4cerr’, possibly from ‘std::cerr’ (C++)
     Object: ‘rcpp_octave.o’
    File ‘RcppOctave/libs/RcppOctave.so’:
     Found no calls to: ‘R_registerRoutines’, ‘R_useDynamicSymbols’
    
    Compiled code should not call entry points which might terminate R nor
    write to stdout/stderr instead of to the console, nor the system RNG.
    It is good practice to register native routines and to disable symbol
    search.
    
    See ‘Writing portable packages’ in the ‘Writing R Extensions’ manual.
Flavor: r-devel-linux-x86_64-fedora-gcc