CRAN Package Check Results for Package RcppOctave

Last updated on 2014-04-23 07:55:06.

Flavor Version Tinstall Tcheck Ttotal Status Flags
r-devel-linux-x86_64-debian-clang 0.14.1 19.10 60.29 79.39 NOTE
r-devel-linux-x86_64-debian-gcc 0.14.1 20.22 59.27 79.48 NOTE
r-devel-linux-x86_64-fedora-gcc 0.14.1 170.10 NOTE
r-devel-osx-x86_64-gcc 0.14.1 ERROR
r-devel-windows-ix86+x86_64 0.14.1 8.00 1.00 9.00 ERROR
r-patched-linux-x86_64 0.14.1 20.41 58.46 78.87 NOTE
r-release-linux-ix86 0.14.1 39.00 103.00 142.00 NOTE
r-release-linux-x86_64 0.14.1 20.43 58.97 79.40 NOTE
r-release-osx-x86_64-mavericks 0.14.1 ERROR
r-release-osx-x86_64-snowleopard 0.14.1 ERROR
r-release-windows-ix86+x86_64 0.14.1 9.00 1.00 10.00 ERROR
r-oldrel-windows-ix86+x86_64 0.14.1 10.00 1.00 11.00 ERROR

Check Details

Version: 0.14.1
Check: compiled code
Result: NOTE
    File ‘/home/hornik/tmp/R.check/r-devel-clang/Work/build/Packages/RcppOctave/libs/RcppOctave.so’:
     Found ‘_ZSt4cerr’, possibly from ‘std::cerr’ (C++)
     Object: ‘rcpp_octave.o’
    
    Compiled code should not call entry points which might terminate R nor
    write to stdout/stderr instead of to the console.
    
    See ‘Writing portable packages’ in the ‘Writing R Extensions’ manual.
Flavor: r-devel-linux-x86_64-debian-clang

Version: 0.14.1
Check: compiled code
Result: NOTE
    File ‘/home/hornik/tmp/R.check/r-devel-gcc/Work/build/Packages/RcppOctave/libs/RcppOctave.so’:
     Found ‘_ZSt4cerr’, possibly from ‘std::cerr’ (C++)
     Object: ‘rcpp_octave.o’
    
    Compiled code should not call entry points which might terminate R nor
    write to stdout/stderr instead of to the console.
    
    See ‘Writing portable packages’ in the ‘Writing R Extensions’ manual.
Flavor: r-devel-linux-x86_64-debian-gcc

Version: 0.14.1
Check: compiled code
Result: NOTE
    File ‘/data/gannet/ripley/R/packages/tests-devel/RcppOctave.Rcheck/RcppOctave/libs/RcppOctave.so’:
     Found ‘_ZSt4cerr’, possibly from ‘std::cerr’ (C++)
     Object: ‘rcpp_octave.o’
    
    Compiled code should not call entry points which might terminate R nor
    write to stdout/stderr instead of to the console.
    
    See ‘Writing portable packages’ in the ‘Writing R Extensions’ manual.
Flavor: r-devel-linux-x86_64-fedora-gcc

Version: 0.14.1
Check: package dependencies
Result: ERROR
    Package required but not available: ‘pkgmaker’
    
    Package suggested but not available for checking: ‘knitr’
    
    Files named as vignettes but with no recognized vignette engine:
     ‘inst/doc/RcppOctave-unitTests.Rnw’
     ‘inst/doc/RcppOctave.Rnw’
    (Is a VignetteBuilder field missing?)
    
    See the information on DESCRIPTION files in the chapter ‘Creating R
    packages’ of the ‘Writing R Extensions’ manual.
Flavor: r-devel-osx-x86_64-gcc

Version: 0.14.1
Check: whether package can be installed
Result: ERROR
    Installation failed.
    See 'd:/Rcompile/CRANpkg/local/3.2/RcppOctave.Rcheck/00install.out' for details.
Flavor: r-devel-windows-ix86+x86_64

Version: 0.14.1
Check: compiled code
Result: NOTE
    File ‘/home/hornik/tmp/R.check/r-patched-gcc/Work/build/Packages/RcppOctave/libs/RcppOctave.so’:
     Found ‘_ZSt4cerr’, possibly from ‘std::cerr’ (C++)
     Object: ‘rcpp_octave.o’
    
    Compiled code should not call entry points which might terminate R nor
    write to stdout/stderr instead of to the console.
    
    See ‘Writing portable packages’ in the ‘Writing R Extensions’ manual.
Flavor: r-patched-linux-x86_64

Version: 0.14.1
Check: compiled code
Result: NOTE
    File ‘/home/hornik/tmp/R.check/r-release-gcc/Work/build/Packages/RcppOctave/libs/RcppOctave.so’:
     Found ‘_ZSt4cerr’, possibly from ‘std::cerr’ (C++)
     Object: ‘rcpp_octave.o’
    
    Compiled code should not call entry points which might terminate R nor
    write to stdout/stderr instead of to the console.
    
    See ‘Writing portable packages’ in the ‘Writing R Extensions’ manual.
Flavors: r-release-linux-ix86, r-release-linux-x86_64

Version: 0.14.1
Check: whether package can be installed
Result: ERROR
    Installation failed.
    See ‘/Builds/CRAN-QA-Simon/packages/mavericks-x86_64/results/3.1/RcppOctave.Rcheck/00install.out’ for details.
Flavor: r-release-osx-x86_64-mavericks

Version: 0.14.1
Check: whether package can be installed
Result: ERROR
    Installation failed.
    See ‘/Volumes/XT3/Builds/R-dev-web/QA/Simon/packages/snowleopard-x86_64/results/3.1/RcppOctave.Rcheck/00install.out’ for details.
Flavor: r-release-osx-x86_64-snowleopard

Version: 0.14.1
Check: whether package can be installed
Result: ERROR
    Installation failed.
    See 'd:/Rcompile/CRANpkg/local/3.1/RcppOctave.Rcheck/00install.out' for details.
Flavor: r-release-windows-ix86+x86_64

Version: 0.14.1
Check: whether package can be installed
Result: ERROR
    Installation failed.
    See 'd:/Rcompile/CRANpkg/local/3.0/RcppOctave.Rcheck/00install.out' for details.
Flavor: r-oldrel-windows-ix86+x86_64