CRAN Package Check Results for Package RcppOctave

Last updated on 2014-11-26 10:47:43.

Flavor Version Tinstall Tcheck Ttotal Status Flags
r-devel-linux-x86_64-debian-clang 0.14.5 20.60 53.83 74.43 NOTE
r-devel-linux-x86_64-debian-gcc 0.14.5 25.42 52.90 78.31 NOTE
r-devel-linux-x86_64-fedora-gcc 0.14.5 168.49 NOTE
r-devel-windows-ix86+x86_64 0.14.5 28.00 1.00 29.00 ERROR
r-patched-linux-x86_64 0.14.5 28.34 55.08 83.43 NOTE
r-release-linux-ix86 0.14.5 32.81 68.68 101.49 NOTE
r-release-linux-x86_64 0.14.5 28.90 55.15 84.05 NOTE
r-release-osx-x86_64-mavericks 0.14.5 ERROR
r-release-osx-x86_64-snowleopard 0.14.5 ERROR
r-release-windows-ix86+x86_64 0.14.5 10.00 1.00 11.00 ERROR
r-oldrel-windows-ix86+x86_64 0.14.5 8.00 1.00 9.00 ERROR

Check Details

Version: 0.14.5
Check: compiled code
Result: NOTE
    File ‘RcppOctave/libs/RcppOctave.so’:
     Found ‘_ZSt4cerr’, possibly from ‘std::cerr’ (C++)
     Object: ‘rcpp_octave.o’
    
    Compiled code should not call entry points which might terminate R nor
    write to stdout/stderr instead of to the console, nor the C RNG.
    
    See ‘Writing portable packages’ in the ‘Writing R Extensions’ manual.
Flavors: r-devel-linux-x86_64-debian-clang, r-devel-linux-x86_64-debian-gcc, r-devel-linux-x86_64-fedora-gcc, r-patched-linux-x86_64, r-release-linux-ix86, r-release-linux-x86_64

Version: 0.14.5
Check: installed package size
Result: NOTE
     installed size is 5.1Mb
     sub-directories of 1Mb or more:
     libs 2.6Mb
     modules 1.6Mb
Flavors: r-devel-linux-x86_64-debian-gcc, r-patched-linux-x86_64, r-release-linux-x86_64

Version: 0.14.5
Check: whether package can be installed
Result: ERROR
    Installation failed.
Flavors: r-devel-windows-ix86+x86_64, r-release-osx-x86_64-mavericks, r-release-osx-x86_64-snowleopard, r-release-windows-ix86+x86_64, r-oldrel-windows-ix86+x86_64