CRAN Package Check Results for Package RcppOctave

Last updated on 2016-05-04 07:48:17.

Flavor Version Tinstall Tcheck Ttotal Status Flags
r-devel-linux-x86_64-debian-gcc 0.18.1 26.50 66.69 93.19 NOTE
r-devel-linux-x86_64-fedora-gcc 0.18.1 146.10 NOTE
r-devel-windows-ix86+x86_64 0.18.1 74.00 4.00 78.00 ERROR
r-patched-linux-x86_64 0.18.1 26.16 65.95 92.11 NOTE
r-release-linux-x86_64 0.18.1 27.02 69.96 96.99 NOTE
r-release-osx-x86_64-mavericks 0.18.1 ERROR
r-release-windows-ix86+x86_64 0.18.1 158.00 116.00 274.00 ERROR
r-oldrel-windows-ix86+x86_64 0.18.1 6.00 2.00 8.00 ERROR

Memtest notes: gcc-UBSAN gcc-UBSAN

Check Details

Version: 0.18.1
Check: installed package size
Result: NOTE
     installed size is 6.0Mb
     sub-directories of 1Mb or more:
     libs 3.2Mb
     modules 1.9Mb
Flavors: r-devel-linux-x86_64-debian-gcc, r-devel-linux-x86_64-fedora-gcc, r-patched-linux-x86_64, r-release-linux-x86_64, r-release-windows-ix86+x86_64

Version: 0.18.1
Check: compiled code
Result: NOTE
    File ‘RcppOctave/libs/RcppOctave.so’:
     Found ‘_ZSt4cerr’, possibly from ‘std::cerr’ (C++)
     Object: ‘rcpp_octave.o’
    
    Compiled code should not call entry points which might terminate R nor
    write to stdout/stderr instead of to the console, nor the system RNG.
    
    See ‘Writing portable packages’ in the ‘Writing R Extensions’ manual.
Flavors: r-devel-linux-x86_64-debian-gcc, r-devel-linux-x86_64-fedora-gcc, r-patched-linux-x86_64, r-release-linux-x86_64

Version: 0.18.1
Check: whether package can be installed
Result: ERROR
    Installation failed.
Flavors: r-devel-windows-ix86+x86_64, r-release-osx-x86_64-mavericks, r-oldrel-windows-ix86+x86_64

Version: 0.18.1
Check: compiled code
Result: NOTE
    File 'RcppOctave/libs/i386/RcppOctave.dll':
     Found '_ZSt4cerr', possibly from 'std::cerr' (C++)
     Object: 'rcpp_octave.o'
    
    Compiled code should not call entry points which might terminate R nor
    write to stdout/stderr instead of to the console, nor the system RNG.
    
    See 'Writing portable packages' in the 'Writing R Extensions' manual.
Flavor: r-release-windows-ix86+x86_64

Version: 0.18.1
Check: running examples for arch ‘i386’
Result: ERROR
    Running examples in 'RcppOctave-Ex.R' failed
    The error most likely occurred in:
    
    > ### Name: o_ls
    > ### Title: Listing Objects from the Current Octave Session
    > ### Aliases: o_ls
    >
    > ### ** Examples
    >
    > ## Don't show:
    > # roxygen generated flag
    > options(R_CHECK_RUNNING_EXAMPLES_=TRUE)
    > ## End(Don't show)
    >
    > ## Don't show:
    > o_clear(all=TRUE)
    > ## End(Don't show)
    >
    > # only variables
    > o_assign(list(a=1, b=2, c=5))
    > o_ls()
    error: caught execution error in library function
    Error in .CallOctave("exist", NAME, ...) :
     RcppOctave - error in Octave function `exist`:
    
    Calls: o_ls -> sapply -> lapply -> FUN -> .CallOctave -> .Call
    Execution halted
Flavor: r-release-windows-ix86+x86_64

Version: 0.18.1
Check: running examples for arch ‘x64’
Result: ERROR
    Running examples in 'RcppOctave-Ex.R' failed
    The error most likely occurred in:
    
    > ### Name: Octave.config
    > ### Title: Octave Configuration and Installation Information
    > ### Aliases: Octave.config Octave.info Octave.version
    > ### Keywords: datasets
    >
    > ### ** Examples
    >
    > ## Don't show:
    > # roxygen generated flag
    > options(R_CHECK_RUNNING_EXAMPLES_=TRUE)
    > ## End(Don't show)
    >
    > Octave.config
     _
    bindir C:/Octave/Octave3.6.4_gcc4.6.2/bin
    platform i686-pc-mingw32
    version 3.6.4
    api_version api-v48+
    cc gcc
    f77 gfortran -shared-libgcc
    modules d:/Rcompile/CRANpkg/lib/3.2/RcppOctave/modules
    lflags -LC:/Octave/Octave3.6.4_gcc4.6.2/lib/octave/3.6.4 -LC:/Octave/Octave3.6.4_gcc4.6.2/lib
    .oct_ldflags -LC:/Octave/Octave3.6.4_gcc4.6.2/lib/octave/3.6.4 -LC:/Octave/Octave3.6.4_gcc4.6.2/lib -loctinterp -loctave -lcruft
    .oct_cppflags -I/c/OctaveB/gplibs/include -I/c/OctaveB/OctaveLibs/include -I/c/OctaveB/GnuWin32/include -IC:/Octave/Octave3.6.4_gcc4.6.2/include/octave-3.6.4/octave/.. -IC:/Octave/Octave3.6.4_gcc4.6.2/include/octave-3.6.4/octave -IC:/Octave/Octave3.6.4_gcc4.6.2/include -DOCT_POST_3_4_0=1
    libs1 liboctinterp
    libs2 liboctave
    libs3 libcruft
    libdir1 @OCTAVE_LIBDIR@
    libdir2 C:/Octave/Octave3.6.4_gcc4.6.2/lib/octave/3.6.4
    libdir3 C:/Octave/Octave3.6.4_gcc4.6.2/lib
    customed FALSE
    version.string Octave version 3.6.4 (api-v48+)
    home C:/Octave/Octave3.6.4_gcc4.6.2
    >
    > Octave.version
     _
    platform i686-pc-mingw32
    version 3.6.4
    api_version api-v48+
    version.string Octave version 3.6.4 (api-v48+)
    >
    > Octave.info()
    Warning in is.na(a) :
     is.na() applied to non-(list or vector) of type 'NULL'
    Error in if (is.na(a)) return(-1L) : argument is of length zero
    Calls: Octave.info -> o_config_info -> o_version -> compareVersion
    Execution halted
Flavor: r-release-windows-ix86+x86_64

Version: 0.18.1
Check: re-building of vignette outputs
Result: NOTE
    Error in re-building vignettes:
     ...
    Quitting from lines 393-399 (RcppOctave.Rnw)
    Error: processing vignette 'RcppOctave.Rnw' failed with diagnostics:
    Unexpected empty result from Octave function 'exist' [Octave version: ].
    Execution halted
Flavor: r-release-windows-ix86+x86_64