CRAN Package Check Results for Package RcppOctave

Last updated on 2014-09-02 20:48:58.

Flavor Version Tinstall Tcheck Ttotal Status Flags
r-devel-linux-x86_64-debian-clang 0.14.1 20.42 61.57 81.99 NOTE
r-devel-linux-x86_64-debian-gcc 0.14.1 20.88 56.91 77.79 NOTE
r-devel-linux-x86_64-fedora-gcc 0.14.1 165.54 NOTE
r-devel-windows-ix86+x86_64 0.14.1 32.00 1.00 33.00 ERROR
r-patched-linux-x86_64 0.14.1 22.71 58.66 81.37 NOTE
r-release-linux-ix86 0.14.1 29.57 78.77 108.34 NOTE
r-release-linux-x86_64 0.14.1 21.16 59.08 80.23 NOTE
r-release-osx-x86_64-mavericks 0.14.1 ERROR
r-release-osx-x86_64-snowleopard 0.14.1 ERROR
r-release-windows-ix86+x86_64 0.14.1 9.00 2.00 11.00 ERROR
r-oldrel-windows-ix86+x86_64 0.14.1 9.00 2.00 11.00 ERROR

Check Details

Version: 0.14.1
Check: compiled code
Result: NOTE
    File ‘/home/hornik/tmp/R.check/r-devel-clang/Work/build/Packages/RcppOctave/libs/RcppOctave.so’:
     Found ‘_ZSt4cerr’, possibly from ‘std::cerr’ (C++)
     Object: ‘rcpp_octave.o’
    
    Compiled code should not call entry points which might terminate R nor
    write to stdout/stderr instead of to the console, nor the C RNG.
    
    See ‘Writing portable packages’ in the ‘Writing R Extensions’ manual.
Flavor: r-devel-linux-x86_64-debian-clang

Version: 0.14.1
Check: compiled code
Result: NOTE
    File ‘/home/hornik/tmp/R.check/r-devel-gcc/Work/build/Packages/RcppOctave/libs/RcppOctave.so’:
     Found ‘_ZSt4cerr’, possibly from ‘std::cerr’ (C++)
     Object: ‘rcpp_octave.o’
    
    Compiled code should not call entry points which might terminate R nor
    write to stdout/stderr instead of to the console, nor the C RNG.
    
    See ‘Writing portable packages’ in the ‘Writing R Extensions’ manual.
Flavor: r-devel-linux-x86_64-debian-gcc

Version: 0.14.1
Check: compiled code
Result: NOTE
    File ‘/data/gannet/ripley/R/packages/tests-devel/RcppOctave.Rcheck/RcppOctave/libs/RcppOctave.so’:
     Found ‘_ZSt4cerr’, possibly from ‘std::cerr’ (C++)
     Object: ‘rcpp_octave.o’
    
    Compiled code should not call entry points which might terminate R nor
    write to stdout/stderr instead of to the console, nor the C RNG.
    
    See ‘Writing portable packages’ in the ‘Writing R Extensions’ manual.
Flavor: r-devel-linux-x86_64-fedora-gcc

Version: 0.14.1
Check: whether package can be installed
Result: ERROR
    Installation failed.
Flavors: r-devel-windows-ix86+x86_64, r-release-osx-x86_64-mavericks, r-release-osx-x86_64-snowleopard, r-release-windows-ix86+x86_64, r-oldrel-windows-ix86+x86_64

Version: 0.14.1
Check: compiled code
Result: NOTE
    File ‘/home/hornik/tmp/R.check/r-patched-gcc/Work/build/Packages/RcppOctave/libs/RcppOctave.so’:
     Found ‘_ZSt4cerr’, possibly from ‘std::cerr’ (C++)
     Object: ‘rcpp_octave.o’
    
    Compiled code should not call entry points which might terminate R nor
    write to stdout/stderr instead of to the console.
    
    See ‘Writing portable packages’ in the ‘Writing R Extensions’ manual.
Flavor: r-patched-linux-x86_64

Version: 0.14.1
Check: compiled code
Result: NOTE
    File ‘/home/hornik/tmp/R.check/r-release-gcc/Work/build/Packages/RcppOctave/libs/RcppOctave.so’:
     Found ‘_ZSt4cerr’, possibly from ‘std::cerr’ (C++)
     Object: ‘rcpp_octave.o’
    
    Compiled code should not call entry points which might terminate R nor
    write to stdout/stderr instead of to the console.
    
    See ‘Writing portable packages’ in the ‘Writing R Extensions’ manual.
Flavors: r-release-linux-ix86, r-release-linux-x86_64