CRAN Package Check Results for Package RcppOctave

Last updated on 2017-04-29 19:49:02.

Flavor Version Tinstall Tcheck Ttotal Status Flags
r-devel-linux-x86_64-debian-clang 0.18.1 26.37 77.62 103.99 NOTE
r-devel-linux-x86_64-debian-gcc 0.18.1 30.39 76.43 106.82 NOTE
r-devel-linux-x86_64-fedora-gcc 0.18.1 205.04 NOTE --no-stop-on-test-error
r-devel-windows-ix86+x86_64 0.18.1 107.00 9.00 116.00 ERROR
r-patched-linux-x86_64 0.18.1 25.50 77.62 103.12 NOTE
r-release-linux-x86_64 0.18.1 25.07 77.69 102.76 NOTE
r-release-windows-ix86+x86_64 0.18.1 88.00 5.00 93.00 ERROR
r-release-osx-x86_64 0.18.1 ERROR
r-oldrel-windows-ix86+x86_64 0.18.1 96.00 7.00 103.00 ERROR
r-oldrel-osx-x86_64 0.18.1 ERROR

Check Details

Version: 0.18.1
Check: compiled code
Result: NOTE
    File ‘RcppOctave/libs/RcppOctave.so’:
     Found ‘_ZSt4cerr’, possibly from ‘std::cerr’ (C++)
     Object: ‘rcpp_octave.o’
    File ‘RcppOctave/libs/RcppOctave.so’:
     Found no calls to: ‘R_registerRoutines’, ‘R_useDynamicSymbols’
    
    Compiled code should not call entry points which might terminate R nor
    write to stdout/stderr instead of to the console, nor the system RNG.
    It is good practice to register native routines and to disable symbol
    search.
    
    See ‘Writing portable packages’ in the ‘Writing R Extensions’ manual.
Flavors: r-devel-linux-x86_64-debian-clang, r-devel-linux-x86_64-debian-gcc, r-patched-linux-x86_64, r-release-linux-x86_64

Version: 0.18.1
Flags: --no-stop-on-test-error
Check: installed package size
Result: NOTE
     installed size is 7.2Mb
     sub-directories of 1Mb or more:
     libs 3.5Mb
     modules 2.9Mb
Flavor: r-devel-linux-x86_64-fedora-gcc

Version: 0.18.1
Flags: --no-stop-on-test-error
Check: compiled code
Result: NOTE
    File ‘RcppOctave/libs/RcppOctave.so’:
     Found ‘_ZSt4cerr’, possibly from ‘std::cerr’ (C++)
     Object: ‘rcpp_octave.o’
    File ‘RcppOctave/libs/RcppOctave.so’:
     Found no calls to: ‘R_registerRoutines’, ‘R_useDynamicSymbols’
    
    Compiled code should not call entry points which might terminate R nor
    write to stdout/stderr instead of to the console, nor the system RNG.
    It is good practice to register native routines and to disable symbol
    search.
    
    See ‘Writing portable packages’ in the ‘Writing R Extensions’ manual.
Flavor: r-devel-linux-x86_64-fedora-gcc

Version: 0.18.1
Check: whether package can be installed
Result: ERROR
    Installation failed.
Flavors: r-devel-windows-ix86+x86_64, r-release-windows-ix86+x86_64, r-release-osx-x86_64, r-oldrel-windows-ix86+x86_64, r-oldrel-osx-x86_64