CRAN Package Check Results for Package RcppOctave

Last updated on 2016-08-23 22:47:48.

Flavor Version Tinstall Tcheck Ttotal Status Flags
r-devel-linux-x86_64-debian-clang 0.18.1 25.61 72.68 98.29 NOTE
r-devel-linux-x86_64-debian-gcc 0.18.1 28.22 72.55 100.77 NOTE
r-devel-linux-x86_64-fedora-gcc 0.18.1 181.94 NOTE
r-devel-windows-ix86+x86_64 0.18.1 86.00 4.00 90.00 ERROR
r-patched-linux-x86_64 0.18.1 24.63 73.08 97.71 NOTE
r-release-linux-x86_64 0.18.1 24.81 72.15 96.97 NOTE
r-release-osx-x86_64-mavericks 0.18.1 ERROR
r-release-windows-ix86+x86_64 0.18.1 101.00 5.00 106.00 ERROR
r-oldrel-windows-ix86+x86_64 0.18.1 194.00 2.00 196.00 ERROR

Check Details

Version: 0.18.1
Check: compiled code
Result: NOTE
    File ‘RcppOctave/libs/RcppOctave.so’:
     Found ‘_ZSt4cerr’, possibly from ‘std::cerr’ (C++)
     Object: ‘rcpp_octave.o’
    
    Compiled code should not call entry points which might terminate R nor
    write to stdout/stderr instead of to the console, nor the system RNG.
    
    See ‘Writing portable packages’ in the ‘Writing R Extensions’ manual.
Flavors: r-devel-linux-x86_64-debian-clang, r-devel-linux-x86_64-debian-gcc, r-devel-linux-x86_64-fedora-gcc, r-patched-linux-x86_64, r-release-linux-x86_64

Version: 0.18.1
Check: installed package size
Result: NOTE
     installed size is 7.2Mb
     sub-directories of 1Mb or more:
     libs 3.5Mb
     modules 2.8Mb
Flavors: r-devel-linux-x86_64-debian-gcc, r-devel-linux-x86_64-fedora-gcc, r-patched-linux-x86_64, r-release-linux-x86_64

Version: 0.18.1
Check: whether package can be installed
Result: ERROR
    Installation failed.
Flavors: r-devel-windows-ix86+x86_64, r-release-osx-x86_64-mavericks, r-release-windows-ix86+x86_64, r-oldrel-windows-ix86+x86_64