CRAN Package Check Results for Package RcppOctave

Last updated on 2018-04-26 00:47:37 CEST.

Flavor Version Tinstall Tcheck Ttotal Status Flags
r-oldrel-osx-x86_64 0.18.1 ERROR

Check Details

Version: 0.18.1
Check: whether package can be installed
Result: ERROR
    Installation failed.
Flavor: r-oldrel-osx-x86_64