CRAN Package Check Results for Package RcppOctave

Last updated on 2016-12-10 07:47:43.

Flavor Version Tinstall Tcheck Ttotal Status Flags
r-devel-linux-x86_64-debian-clang 0.18.1 25.57 76.25 101.81 NOTE
r-devel-linux-x86_64-debian-gcc 0.18.1 30.82 77.46 108.28 NOTE
r-devel-linux-x86_64-fedora-gcc 0.18.1 200.55 NOTE --no-stop-on-test-error
r-devel-windows-ix86+x86_64 0.18.1 70.00 5.00 75.00 ERROR
r-patched-linux-x86_64 0.18.1 24.53 71.28 95.81 NOTE
r-release-linux-x86_64 0.18.1 24.70 70.59 95.29 NOTE
r-release-osx-x86_64-mavericks 0.18.1 ERROR
r-release-windows-ix86+x86_64 0.18.1 77.00 4.00 81.00 ERROR
r-oldrel-windows-ix86+x86_64 0.18.1 190.00 2.00 192.00 ERROR

Check Details

Version: 0.18.1
Check: compiled code
Result: NOTE
    File ‘RcppOctave/libs/RcppOctave.so’:
     Found ‘_ZSt4cerr’, possibly from ‘std::cerr’ (C++)
     Object: ‘rcpp_octave.o’
    
    Compiled code should not call entry points which might terminate R nor
    write to stdout/stderr instead of to the console, nor the system RNG.
    
    See ‘Writing portable packages’ in the ‘Writing R Extensions’ manual.
Flavors: r-devel-linux-x86_64-debian-clang, r-devel-linux-x86_64-debian-gcc, r-patched-linux-x86_64, r-release-linux-x86_64

Version: 0.18.1
Flags: --no-stop-on-test-error
Check: installed package size
Result: NOTE
     installed size is 7.2Mb
     sub-directories of 1Mb or more:
     libs 3.5Mb
     modules 2.9Mb
Flavor: r-devel-linux-x86_64-fedora-gcc

Version: 0.18.1
Flags: --no-stop-on-test-error
Check: compiled code
Result: NOTE
    File ‘RcppOctave/libs/RcppOctave.so’:
     Found ‘_ZSt4cerr’, possibly from ‘std::cerr’ (C++)
     Object: ‘rcpp_octave.o’
    
    Compiled code should not call entry points which might terminate R nor
    write to stdout/stderr instead of to the console, nor the system RNG.
    
    See ‘Writing portable packages’ in the ‘Writing R Extensions’ manual.
Flavor: r-devel-linux-x86_64-fedora-gcc

Version: 0.18.1
Check: whether package can be installed
Result: ERROR
    Installation failed.
Flavors: r-devel-windows-ix86+x86_64, r-release-osx-x86_64-mavericks, r-release-windows-ix86+x86_64, r-oldrel-windows-ix86+x86_64