CRAN Package Check Results for Package RcppOctave

Last updated on 2017-12-13 23:14:38 CET.

Flavor Version Tinstall Tcheck Ttotal Status Flags
r-release-osx-x86_64 0.18.1 ERROR

Check Details

Version: 0.18.1
Check: whether package can be installed
Result: ERROR
    Installation failed.
Flavor: r-release-osx-x86_64