CRAN Package Check Results for Package RcppOctave

Last updated on 2016-07-29 11:49:48.

Flavor Version Tinstall Tcheck Ttotal Status Flags
r-devel-linux-x86_64-debian-clang 0.18.1 24.40 71.90 96.30 NOTE
r-devel-linux-x86_64-debian-gcc 0.18.1 35.35 86.42 121.77 NOTE
r-devel-linux-x86_64-fedora-gcc 0.18.1 143.68 NOTE
r-devel-windows-ix86+x86_64 0.18.1 92.00 4.00 96.00 ERROR
r-patched-linux-x86_64 0.18.1 28.53 86.53 115.06 NOTE
r-release-linux-x86_64 0.18.1 29.42 86.20 115.62 NOTE
r-release-osx-x86_64-mavericks 0.18.1 ERROR
r-release-windows-ix86+x86_64 0.18.1 96.00 5.00 101.00 ERROR
r-oldrel-windows-ix86+x86_64 0.18.1 191.00 2.00 193.00 ERROR

Check Details

Version: 0.18.1
Check: compiled code
Result: NOTE
    File ‘RcppOctave/libs/RcppOctave.so’:
     Found ‘_ZSt4cerr’, possibly from ‘std::cerr’ (C++)
     Object: ‘rcpp_octave.o’
    
    Compiled code should not call entry points which might terminate R nor
    write to stdout/stderr instead of to the console, nor the system RNG.
    
    See ‘Writing portable packages’ in the ‘Writing R Extensions’ manual.
Flavors: r-devel-linux-x86_64-debian-clang, r-devel-linux-x86_64-debian-gcc, r-devel-linux-x86_64-fedora-gcc, r-patched-linux-x86_64, r-release-linux-x86_64

Version: 0.18.1
Check: installed package size
Result: NOTE
     installed size is 7.2Mb
     sub-directories of 1Mb or more:
     libs 3.5Mb
     modules 2.8Mb
Flavors: r-devel-linux-x86_64-debian-gcc, r-devel-linux-x86_64-fedora-gcc, r-patched-linux-x86_64, r-release-linux-x86_64

Version: 0.18.1
Check: whether package can be installed
Result: ERROR
    Installation failed.
Flavors: r-devel-windows-ix86+x86_64, r-release-osx-x86_64-mavericks, r-release-windows-ix86+x86_64, r-oldrel-windows-ix86+x86_64