CRAN Package Check Results for Package RcppOctave

Last updated on 2015-05-06 09:47:19.

Flavor Version Tinstall Tcheck Ttotal Status Flags
r-devel-linux-x86_64-debian-clang 0.14.5 21.73 47.72 69.45 NOTE
r-devel-linux-x86_64-debian-gcc 0.14.5 26.34 46.18 72.52 NOTE
r-devel-linux-x86_64-fedora-gcc 0.14.5 140.40 NOTE
r-devel-windows-ix86+x86_64 0.14.5 32.00 1.00 33.00 ERROR
r-patched-linux-x86_64 0.14.5 33.68 46.56 80.25 NOTE
r-release-linux-x86_64 0.14.5 25.97 47.16 73.12 NOTE
r-release-osx-x86_64-mavericks 0.14.5 ERROR
r-release-osx-x86_64-snowleopard 0.14.5 ERROR
r-release-windows-ix86+x86_64 0.14.5 31.00 2.00 33.00 ERROR
r-oldrel-windows-ix86+x86_64 0.14.5 12.00 2.00 14.00 ERROR

Check Details

Version: 0.14.5
Check: compiled code
Result: NOTE
    File ‘RcppOctave/libs/RcppOctave.so’:
     Found ‘_ZSt4cerr’, possibly from ‘std::cerr’ (C++)
     Object: ‘rcpp_octave.o’
    
    Compiled code should not call entry points which might terminate R nor
    write to stdout/stderr instead of to the console, nor the system RNG.
    
    See ‘Writing portable packages’ in the ‘Writing R Extensions’ manual.
Flavors: r-devel-linux-x86_64-debian-clang, r-devel-linux-x86_64-debian-gcc, r-devel-linux-x86_64-fedora-gcc, r-patched-linux-x86_64, r-release-linux-x86_64

Version: 0.14.5
Check: installed package size
Result: NOTE
     installed size is 5.2Mb
     sub-directories of 1Mb or more:
     libs 2.7Mb
     modules 1.6Mb
Flavors: r-devel-linux-x86_64-debian-gcc, r-devel-linux-x86_64-fedora-gcc, r-patched-linux-x86_64, r-release-linux-x86_64

Version: 0.14.5
Check: whether package can be installed
Result: ERROR
    Installation failed.
Flavors: r-devel-windows-ix86+x86_64, r-release-osx-x86_64-mavericks, r-release-windows-ix86+x86_64, r-oldrel-windows-ix86+x86_64

Version: 0.14.5
Check: package dependencies
Result: ERROR
    Package required but not available: ‘pkgmaker’
    
    Package suggested but not available for checking: ‘knitr’
    
    VignetteBuilder package required for checking but not installed: ‘knitr’
    
    Files named as vignettes but with no recognized vignette engine:
     ‘inst/doc/RcppOctave-unitTests.Rnw’
     ‘inst/doc/RcppOctave.Rnw’
    (Is a VignetteBuilder field missing?)
    
    See section ‘The DESCRIPTION file’ in the ‘Writing R Extensions’
    manual.
Flavor: r-release-osx-x86_64-snowleopard