CRAN Package Check Results for Package RcppOctave

Last updated on 2015-07-30 15:48:25.

Flavor Version Tinstall Tcheck Ttotal Status Flags
r-devel-linux-x86_64-debian-clang 0.14.5 19.95 53.41 73.36 NOTE
r-devel-linux-x86_64-debian-gcc 0.14.5 25.29 53.13 78.42 NOTE
r-devel-linux-x86_64-fedora-gcc 0.14.5 141.48 NOTE
r-devel-windows-ix86+x86_64 0.14.5 43.00 2.00 45.00 ERROR
r-patched-linux-x86_64 0.14.5 30.27 53.71 83.98 NOTE
r-release-linux-x86_64 0.14.5 25.29 40.89 66.18 NOTE
r-release-osx-x86_64-mavericks 0.14.5 ERROR
r-release-windows-ix86+x86_64 0.14.5 39.00 1.00 40.00 ERROR
r-oldrel-windows-ix86+x86_64 0.14.5 17.00 2.00 19.00 ERROR

Check Details

Version: 0.14.5
Check: R code for possible problems
Result: NOTE
    is_mdef: no visible global function definition for ‘setNames’
    o_assign: no visible global function definition for ‘setNames’
    o_assignin: no visible global function definition for ‘setNames’
    o_get: no visible global function definition for ‘setNames’
    o_version: no visible global function definition for ‘compareVersion’
    Undefined global functions or variables:
     compareVersion setNames
    Consider adding
     importFrom("stats", "setNames")
     importFrom("utils", "compareVersion")
    to your NAMESPACE.
Flavors: r-devel-linux-x86_64-debian-clang, r-devel-linux-x86_64-debian-gcc, r-devel-linux-x86_64-fedora-gcc

Version: 0.14.5
Check: compiled code
Result: NOTE
    File ‘RcppOctave/libs/RcppOctave.so’:
     Found ‘_ZSt4cerr’, possibly from ‘std::cerr’ (C++)
     Object: ‘rcpp_octave.o’
    
    Compiled code should not call entry points which might terminate R nor
    write to stdout/stderr instead of to the console, nor the system RNG.
    
    See ‘Writing portable packages’ in the ‘Writing R Extensions’ manual.
Flavors: r-devel-linux-x86_64-debian-clang, r-devel-linux-x86_64-debian-gcc, r-devel-linux-x86_64-fedora-gcc, r-patched-linux-x86_64, r-release-linux-x86_64

Version: 0.14.5
Check: installed package size
Result: NOTE
     installed size is 5.2Mb
     sub-directories of 1Mb or more:
     libs 2.7Mb
     modules 1.6Mb
Flavors: r-devel-linux-x86_64-debian-gcc, r-devel-linux-x86_64-fedora-gcc, r-patched-linux-x86_64, r-release-linux-x86_64

Version: 0.14.5
Check: whether package can be installed
Result: ERROR
    Installation failed.
Flavors: r-devel-windows-ix86+x86_64, r-release-osx-x86_64-mavericks, r-release-windows-ix86+x86_64, r-oldrel-windows-ix86+x86_64