CRAN Package Check Results for Package RcppOctave

Last updated on 2017-10-19 01:46:29.

Flavor Version Tinstall Tcheck Ttotal Status Flags
r-devel-linux-x86_64-debian-clang 0.18.1 21.49 2.84 24.33 ERROR
r-devel-linux-x86_64-debian-gcc 0.18.1 23.97 2.75 26.72 ERROR
r-devel-linux-x86_64-fedora-gcc 0.18.1 48.30 ERROR
r-devel-windows-ix86+x86_64 0.18.1 83.00 4.00 87.00 ERROR
r-patched-linux-x86_64 0.18.1 23.53 3.18 26.72 ERROR
r-release-linux-x86_64 0.18.1 23.03 2.84 25.87 ERROR
r-release-windows-ix86+x86_64 0.18.1 124.00 5.00 129.00 ERROR
r-release-osx-x86_64 0.18.1 ERROR
r-oldrel-windows-ix86+x86_64 0.18.1 133.00 6.00 139.00 ERROR
r-oldrel-osx-x86_64 0.18.1 ERROR

Additional issues

rchk

Check Details

Version: 0.18.1
Check: whether package can be installed
Result: ERROR
    Installation failed.
Flavors: r-devel-linux-x86_64-debian-clang, r-devel-linux-x86_64-debian-gcc, r-devel-linux-x86_64-fedora-gcc, r-devel-windows-ix86+x86_64, r-patched-linux-x86_64, r-release-linux-x86_64, r-release-windows-ix86+x86_64, r-release-osx-x86_64, r-oldrel-windows-ix86+x86_64, r-oldrel-osx-x86_64