CRAN Package Check Results for Package RcppOctave

Last updated on 2015-03-30 17:49:12.

Flavor Version Tinstall Tcheck Ttotal Status Flags
r-devel-linux-x86_64-debian-clang 0.14.5 19.70 49.79 69.49 NOTE
r-devel-linux-x86_64-debian-gcc 0.14.5 24.56 48.91 73.47 NOTE
r-devel-linux-x86_64-fedora-gcc 0.14.5 146.44 NOTE
r-prerel-windows-ix86+x86_64 0.14.5 30.00 2.00 32.00 ERROR
r-prerel-linux-x86_64 0.14.5 25.46 49.31 74.77 NOTE
r-release-linux-x86_64 0.14.5 26.61 56.68 83.29 NOTE
r-release-osx-x86_64-mavericks 0.14.5 ERROR
r-release-osx-x86_64-snowleopard 0.14.5 ERROR
r-release-windows-ix86+x86_64 0.14.5 10.00 2.00 12.00 ERROR
r-oldrel-windows-ix86+x86_64 0.14.5 8.00 2.00 10.00 ERROR

Check Details

Version: 0.14.5
Check: compiled code
Result: NOTE
    File ‘RcppOctave/libs/RcppOctave.so’:
     Found ‘_ZSt4cerr’, possibly from ‘std::cerr’ (C++)
     Object: ‘rcpp_octave.o’
    
    Compiled code should not call entry points which might terminate R nor
    write to stdout/stderr instead of to the console, nor the system RNG.
    
    See ‘Writing portable packages’ in the ‘Writing R Extensions’ manual.
Flavors: r-devel-linux-x86_64-debian-clang, r-devel-linux-x86_64-debian-gcc, r-devel-linux-x86_64-fedora-gcc, r-prerel-linux-x86_64, r-release-linux-x86_64

Version: 0.14.5
Check: installed package size
Result: NOTE
     installed size is 5.2Mb
     sub-directories of 1Mb or more:
     libs 2.7Mb
     modules 1.6Mb
Flavors: r-devel-linux-x86_64-debian-gcc, r-devel-linux-x86_64-fedora-gcc, r-prerel-linux-x86_64, r-release-linux-x86_64

Version: 0.14.5
Check: whether package can be installed
Result: ERROR
    Installation failed.
Flavors: r-prerel-windows-ix86+x86_64, r-release-osx-x86_64-mavericks, r-release-osx-x86_64-snowleopard, r-release-windows-ix86+x86_64, r-oldrel-windows-ix86+x86_64