Last updated on 2023-01-31 11:51:51 CET.
Flavor | Version | Tinstall | Tcheck | Ttotal | Status | Flags |
---|---|---|---|---|---|---|
r-devel-linux-x86_64-debian-clang | 0.2.2 | 26.32 | 53.13 | 79.45 | NOTE | |
r-devel-linux-x86_64-debian-gcc | 0.2.2 | 21.61 | 40.40 | 62.01 | NOTE | |
r-devel-linux-x86_64-fedora-clang | 0.2.2 | 114.94 | NOTE | |||
r-devel-linux-x86_64-fedora-gcc | 0.2.2 | 135.62 | NOTE | |||
r-devel-windows-x86_64 | 0.2.2 | 47.00 | 120.00 | 167.00 | NOTE | |
r-patched-linux-x86_64 | 0.2.2 | 23.69 | 52.16 | 75.85 | NOTE | |
r-release-linux-x86_64 | 0.2.2 | 24.00 | 52.56 | 76.56 | NOTE | |
r-release-macos-arm64 | 0.2.2 | 60.00 | OK | |||
r-release-macos-x86_64 | 0.2.2 | 67.00 | NOTE | |||
r-release-windows-x86_64 | 0.2.2 | 43.00 | 139.00 | 182.00 | OK | |
r-oldrel-macos-arm64 | 0.2.2 | 46.00 | OK | |||
r-oldrel-macos-x86_64 | 0.2.2 | 82.00 | OK | |||
r-oldrel-windows-ix86+x86_64 | 0.2.2 | 49.00 | 118.00 | 167.00 | OK |
Version: 0.2.2
Check: package dependencies
Result: NOTE
Package suggested but not available for checking: ‘rredis’
Flavors: r-devel-linux-x86_64-debian-clang, r-devel-linux-x86_64-debian-gcc, r-devel-linux-x86_64-fedora-clang, r-devel-linux-x86_64-fedora-gcc, r-patched-linux-x86_64, r-release-linux-x86_64, r-release-macos-x86_64
Version: 0.2.2
Check: C++ specification
Result: NOTE
Specified C++11: please update to current default of C++17
Flavor: r-devel-windows-x86_64