CRAN Package Check Results for Package RcppRoll

Last updated on 2014-11-28 19:51:27.

Flavor Version Tinstall Tcheck Ttotal Status Flags
r-devel-linux-x86_64-debian-clang 0.1.0 9.82 15.16 24.98 NOTE
r-devel-linux-x86_64-debian-gcc 0.1.0 12.26 14.57 26.83 NOTE
r-devel-linux-x86_64-fedora-clang 0.1.0 54.61 NOTE
r-devel-linux-x86_64-fedora-gcc 0.1.0 54.59 NOTE
r-devel-osx-x86_64-clang 0.1.0 45.84 NOTE
r-devel-windows-ix86+x86_64 0.1.0 41.00 38.00 79.00 NOTE
r-patched-linux-x86_64 0.1.0 12.11 15.20 27.31 NOTE
r-patched-solaris-sparc 0.1.0 395.20 NOTE
r-patched-solaris-x86 0.1.0 71.70 NOTE
r-release-linux-ix86 0.1.0 14.60 20.96 35.57 NOTE
r-release-linux-x86_64 0.1.0 11.94 15.20 27.14 NOTE
r-release-osx-x86_64-mavericks 0.1.0 NOTE
r-release-osx-x86_64-snowleopard 0.1.0 OK
r-release-windows-ix86+x86_64 0.1.0 44.00 44.00 88.00 NOTE
r-oldrel-windows-ix86+x86_64 0.1.0 39.00 43.00 82.00 NOTE

Check Details

Version: 0.1.0
Check: dependencies in R code
Result: NOTE
    Packages in Depends field not imported from:
     ‘Rcpp’ ‘RcppArmadillo’
     These packages need to be imported from (in the NAMESPACE file)
     for when this namespace is loaded but not attached.
    See the information on DESCRIPTION files in the chapter ‘Creating R
    packages’ of the ‘Writing R Extensions’ manual.
Flavors: r-devel-linux-x86_64-debian-clang, r-devel-linux-x86_64-debian-gcc, r-devel-linux-x86_64-fedora-clang, r-devel-linux-x86_64-fedora-gcc, r-devel-osx-x86_64-clang, r-devel-windows-ix86+x86_64, r-patched-linux-x86_64, r-patched-solaris-sparc, r-patched-solaris-x86, r-release-linux-ix86, r-release-linux-x86_64, r-release-osx-x86_64-mavericks, r-release-windows-ix86+x86_64, r-oldrel-windows-ix86+x86_64

Version: 0.1.0
Check: R code for possible problems
Result: NOTE
    rollit: no visible global function definition for ‘sourceCpp’
    rollit_raw: no visible global function definition for ‘sourceCpp’
Flavors: r-devel-linux-x86_64-debian-clang, r-devel-linux-x86_64-debian-gcc, r-devel-linux-x86_64-fedora-clang, r-devel-linux-x86_64-fedora-gcc, r-devel-osx-x86_64-clang, r-devel-windows-ix86+x86_64, r-patched-linux-x86_64, r-patched-solaris-sparc, r-patched-solaris-x86, r-release-linux-ix86, r-release-linux-x86_64, r-release-windows-ix86+x86_64

Version: 0.1.0
Check: package dependencies
Result: NOTE
    Package suggested but not available for checking: ‘microbenchmark’
Flavor: r-patched-solaris-sparc