CRAN Package Check Results for Package RcppRoll

Last updated on 2015-05-03 10:47:12.

Flavor Version Tinstall Tcheck Ttotal Status Flags
r-devel-linux-x86_64-debian-clang 0.2.2 8.49 12.97 21.46 OK
r-devel-linux-x86_64-debian-gcc 0.2.2 10.04 12.50 22.54 OK
r-devel-linux-x86_64-fedora-clang 0.2.2 44.03 OK
r-devel-linux-x86_64-fedora-gcc 0.2.2 40.89 OK
r-devel-osx-x86_64-clang 0.2.2 39.39 OK
r-devel-windows-ix86+x86_64 0.2.2 29.00 36.00 65.00 OK
r-patched-linux-x86_64 0.2.2 9.78 12.47 22.26 OK
r-patched-solaris-sparc 0.2.2 233.90 NOTE
r-patched-solaris-x86 0.2.2 57.90 OK
r-release-linux-x86_64 0.2.2 9.97 12.79 22.76 OK
r-release-osx-x86_64-mavericks 0.2.2 OK
r-release-osx-x86_64-snowleopard 0.2.2 NOTE
r-release-windows-ix86+x86_64 0.2.2 27.00 38.00 65.00 OK
r-oldrel-windows-ix86+x86_64 0.2.2 28.00 35.00 63.00 OK

Check Details

Version: 0.2.2
Check: package dependencies
Result: NOTE
    Package suggested but not available for checking: ‘microbenchmark’
Flavor: r-patched-solaris-sparc

Version: 0.2.2
Check: package dependencies
Result: NOTE
    Packages suggested but not available for checking: ‘zoo’ ‘microbenchmark’
Flavor: r-release-osx-x86_64-snowleopard