CRAN Package Check Results for Package RcppRoll

Last updated on 2017-02-28 08:48:28.

Flavor Version Tinstall Tcheck Ttotal Status Flags
r-devel-linux-x86_64-debian-clang 0.2.2 11.42 14.83 26.25 NOTE
r-devel-linux-x86_64-debian-gcc 0.2.2 10.75 15.61 26.36 NOTE
r-devel-linux-x86_64-fedora-clang 0.2.2 47.03 NOTE --no-stop-on-test-error
r-devel-linux-x86_64-fedora-gcc 0.2.2 44.65 NOTE --no-stop-on-test-error
r-devel-macos-x86_64-clang 0.2.2 36.19 NOTE --no-stop-on-test-error
r-devel-windows-ix86+x86_64 0.2.2 42.00 69.00 111.00 NOTE
r-patched-linux-x86_64 0.2.2 9.26 12.67 21.93 NOTE
r-patched-solaris-sparc 0.2.2 244.40 NOTE
r-patched-solaris-x86 0.2.2 51.50 NOTE
r-release-linux-x86_64 0.2.2 9.37 13.16 22.53 NOTE
r-release-osx-x86_64-mavericks 0.2.2 NOTE
r-release-windows-ix86+x86_64 0.2.2 35.00 52.00 87.00 NOTE
r-oldrel-windows-ix86+x86_64 0.2.2 30.00 50.00 80.00 OK

Check Details

Version: 0.2.2
Check: R code for possible problems
Result: NOTE
    get_rollit_source: no visible global function definition for
     ‘file.edit’
    Undefined global functions or variables:
     file.edit
    Consider adding
     importFrom("utils", "file.edit")
    to your NAMESPACE file.
Flavors: r-devel-linux-x86_64-debian-clang, r-devel-linux-x86_64-debian-gcc, r-devel-windows-ix86+x86_64, r-patched-linux-x86_64, r-patched-solaris-sparc, r-patched-solaris-x86, r-release-linux-x86_64, r-release-osx-x86_64-mavericks, r-release-windows-ix86+x86_64

Version: 0.2.2
Check: compiled code
Result: NOTE
    File ‘RcppRoll/libs/RcppRoll.so’:
     Found no calls to: ‘R_registerRoutines’, ‘R_useDynamicSymbols’
    
    It is good practice to register native routines and to disable symbol
    search.
    
    See ‘Writing portable packages’ in the ‘Writing R Extensions’ manual.
Flavors: r-devel-linux-x86_64-debian-clang, r-devel-linux-x86_64-debian-gcc

Version: 0.2.2
Flags: --no-stop-on-test-error
Check: R code for possible problems
Result: NOTE
    get_rollit_source: no visible global function definition for
     ‘file.edit’
    Undefined global functions or variables:
     file.edit
    Consider adding
     importFrom("utils", "file.edit")
    to your NAMESPACE file.
Flavors: r-devel-linux-x86_64-fedora-clang, r-devel-linux-x86_64-fedora-gcc, r-devel-macos-x86_64-clang

Version: 0.2.2
Flags: --no-stop-on-test-error
Check: compiled code
Result: NOTE
    File ‘RcppRoll/libs/RcppRoll.so’:
     Found no calls to: ‘R_registerRoutines’, ‘R_useDynamicSymbols’
    
    It is good practice to register native routines and to disable symbol
    search.
    
    See ‘Writing portable packages’ in the ‘Writing R Extensions’ manual.
Flavors: r-devel-linux-x86_64-fedora-clang, r-devel-linux-x86_64-fedora-gcc, r-devel-macos-x86_64-clang

Version: 0.2.2
Check: package dependencies
Result: NOTE
    Package suggested but not available for checking: ‘microbenchmark’
Flavors: r-patched-solaris-sparc, r-patched-solaris-x86