CRAN Package Check Results for Package RcppRoll

Last updated on 2015-07-01 17:47:52.

Flavor Version Tinstall Tcheck Ttotal Status Flags
r-devel-linux-x86_64-debian-clang 0.2.2 8.42 12.68 21.10 NOTE
r-devel-linux-x86_64-debian-gcc 0.2.2 10.06 12.22 22.28 NOTE
r-devel-linux-x86_64-fedora-clang 0.2.2 43.83 NOTE
r-devel-linux-x86_64-fedora-gcc 0.2.2 41.20 NOTE
r-devel-osx-x86_64-clang 0.2.2 40.15 OK
r-devel-windows-ix86+x86_64 0.2.2 41.00 34.00 75.00 NOTE
r-patched-linux-x86_64 0.2.2 9.75 12.88 22.62 OK
r-patched-solaris-sparc 0.2.2 270.90 NOTE
r-patched-solaris-x86 0.2.2 60.50 OK
r-release-linux-x86_64 0.2.2 9.71 12.65 22.36 OK
r-release-osx-x86_64-mavericks 0.2.2 OK
r-release-windows-ix86+x86_64 0.2.2 30.00 37.00 67.00 OK
r-oldrel-windows-ix86+x86_64 0.2.2 41.00 60.00 101.00 OK

Check Details

Version: 0.2.2
Check: R code for possible problems
Result: NOTE
    get_rollit_source: no visible global function definition for
     ‘file.edit’
Flavors: r-devel-linux-x86_64-debian-clang, r-devel-linux-x86_64-debian-gcc, r-devel-linux-x86_64-fedora-clang, r-devel-linux-x86_64-fedora-gcc, r-devel-windows-ix86+x86_64

Version: 0.2.2
Check: package dependencies
Result: NOTE
    Package suggested but not available for checking: ‘microbenchmark’
Flavor: r-patched-solaris-sparc