CRAN Package Check Results for Package RcppRoll

Last updated on 2018-02-25 19:49:15 CET.

Flavor Version Tinstall Tcheck Ttotal Status Flags
r-devel-linux-x86_64-debian-clang 0.2.2 17.37 21.91 39.28 NOTE
r-devel-linux-x86_64-debian-gcc 0.2.2 13.06 17.65 30.71 NOTE
r-devel-linux-x86_64-fedora-clang 0.2.2 54.18 NOTE
r-devel-linux-x86_64-fedora-gcc 0.2.2 48.91 NOTE
r-devel-windows-ix86+x86_64 0.2.2 50.00 66.00 116.00 NOTE
r-patched-linux-x86_64 0.2.2 15.58 21.88 37.46 NOTE
r-patched-solaris-x86 0.2.2 60.20 NOTE
r-release-linux-x86_64 0.2.2 15.93 21.42 37.35 NOTE
r-release-windows-ix86+x86_64 0.2.2 37.00 67.00 104.00 NOTE
r-release-osx-x86_64 0.2.2 NOTE
r-oldrel-windows-ix86+x86_64 0.2.2 38.00 47.00 85.00 NOTE
r-oldrel-osx-x86_64 0.2.2 NOTE

Check Details

Version: 0.2.2
Check: R code for possible problems
Result: NOTE
    get_rollit_source: no visible global function definition for
     ‘file.edit’
    Undefined global functions or variables:
     file.edit
    Consider adding
     importFrom("utils", "file.edit")
    to your NAMESPACE file.
Flavors: r-devel-linux-x86_64-debian-clang, r-devel-linux-x86_64-debian-gcc, r-devel-linux-x86_64-fedora-clang, r-devel-linux-x86_64-fedora-gcc, r-devel-windows-ix86+x86_64, r-patched-linux-x86_64, r-patched-solaris-x86, r-release-linux-x86_64, r-release-windows-ix86+x86_64, r-release-osx-x86_64, r-oldrel-windows-ix86+x86_64, r-oldrel-osx-x86_64

Version: 0.2.2
Check: compiled code
Result: NOTE
    File ‘RcppRoll/libs/RcppRoll.so’:
     Found no calls to: ‘R_registerRoutines’, ‘R_useDynamicSymbols’
    
    It is good practice to register native routines and to disable symbol
    search.
    
    See ‘Writing portable packages’ in the ‘Writing R Extensions’ manual.
Flavors: r-devel-linux-x86_64-debian-clang, r-devel-linux-x86_64-debian-gcc, r-devel-linux-x86_64-fedora-clang, r-devel-linux-x86_64-fedora-gcc, r-patched-linux-x86_64, r-release-linux-x86_64