CRAN Package Check Results for Package RcppRoll

Last updated on 2015-08-03 21:47:35.

Flavor Version Tinstall Tcheck Ttotal Status Flags
r-devel-linux-x86_64-debian-clang 0.2.2 8.49 13.17 21.66 NOTE
r-devel-linux-x86_64-debian-gcc 0.2.2 9.84 12.80 22.64 NOTE
r-devel-linux-x86_64-fedora-clang 0.2.2 43.89 NOTE
r-devel-linux-x86_64-fedora-gcc 0.2.2 41.66 NOTE
r-devel-osx-x86_64-clang 0.2.2 34.04 OK
r-devel-windows-ix86+x86_64 0.2.2 31.00 36.00 67.00 NOTE
r-patched-linux-x86_64 0.2.2 9.86 12.54 22.41 OK
r-patched-solaris-sparc 0.2.2 257.80 NOTE
r-patched-solaris-x86 0.2.2 54.80 OK
r-release-linux-x86_64 0.2.2 10.04 12.72 22.76 OK
r-release-osx-x86_64-mavericks 0.2.2 OK
r-release-windows-ix86+x86_64 0.2.2 42.00 35.00 77.00 OK
r-oldrel-windows-ix86+x86_64 0.2.2 43.00 38.00 81.00 OK

Check Details

Version: 0.2.2
Check: R code for possible problems
Result: NOTE
    get_rollit_source: no visible global function definition for
     ‘file.edit’
    Undefined global functions or variables:
     file.edit
    Consider adding
     importFrom("utils", "file.edit")
    to your NAMESPACE.
Flavors: r-devel-linux-x86_64-debian-clang, r-devel-linux-x86_64-debian-gcc, r-devel-linux-x86_64-fedora-clang, r-devel-linux-x86_64-fedora-gcc, r-devel-windows-ix86+x86_64

Version: 0.2.2
Check: package dependencies
Result: NOTE
    Package suggested but not available for checking: ‘microbenchmark’
Flavor: r-patched-solaris-sparc