CRAN Package Check Results for Package RcppRoll

Last updated on 2016-06-30 11:48:01.

Flavor Version Tinstall Tcheck Ttotal Status Flags
r-devel-linux-x86_64-debian-gcc 0.2.2 12.13 13.67 25.80 NOTE
r-devel-linux-x86_64-fedora-clang 0.2.2 43.21 NOTE
r-devel-linux-x86_64-fedora-gcc 0.2.2 39.63 NOTE
r-devel-osx-x86_64-clang 0.2.2 32.89 NOTE
r-devel-windows-ix86+x86_64 0.2.2 34.00 33.00 67.00 NOTE
r-patched-linux-x86_64 0.2.2 9.71 13.07 22.77 NOTE
r-patched-solaris-sparc 0.2.2 245.00 NOTE
r-patched-solaris-x86 0.2.2 52.80 NOTE
r-release-linux-x86_64 0.2.2 9.06 12.55 21.62 NOTE
r-release-osx-x86_64-mavericks 0.2.2 NOTE
r-release-windows-ix86+x86_64 0.2.2 44.00 39.00 83.00 NOTE
r-oldrel-windows-ix86+x86_64 0.2.2 40.00 56.00 96.00 OK

Check Details

Version: 0.2.2
Check: R code for possible problems
Result: NOTE
    get_rollit_source: no visible global function definition for
     ‘file.edit’
    Undefined global functions or variables:
     file.edit
    Consider adding
     importFrom("utils", "file.edit")
    to your NAMESPACE file.
Flavors: r-devel-linux-x86_64-debian-gcc, r-devel-linux-x86_64-fedora-clang, r-devel-linux-x86_64-fedora-gcc, r-devel-osx-x86_64-clang, r-devel-windows-ix86+x86_64, r-patched-linux-x86_64, r-patched-solaris-sparc, r-patched-solaris-x86, r-release-linux-x86_64, r-release-osx-x86_64-mavericks, r-release-windows-ix86+x86_64

Version: 0.2.2
Check: package dependencies
Result: NOTE
    Package suggested but not available for checking: ‘microbenchmark’
Flavors: r-patched-solaris-sparc, r-patched-solaris-x86

Version: 0.2.2
Check: installed package size
Result: NOTE
     installed size is 5.1Mb
     sub-directories of 1Mb or more:
     libs 5.0Mb
Flavor: r-patched-solaris-sparc