CRAN Package Check Results for Package RcppRoll

Last updated on 2016-12-07 16:47:21.

Flavor Version Tinstall Tcheck Ttotal Status Flags
r-devel-linux-x86_64-debian-clang 0.2.2 11.22 14.63 25.84 NOTE
r-devel-linux-x86_64-debian-gcc 0.2.2 10.81 14.79 25.60 NOTE
r-devel-linux-x86_64-fedora-clang 0.2.2 48.61 NOTE --no-stop-on-test-error
r-devel-linux-x86_64-fedora-gcc 0.2.2 46.78 NOTE --no-stop-on-test-error
r-devel-macos-x86_64-clang 0.2.2 36.28 NOTE
r-devel-windows-ix86+x86_64 0.2.2 50.00 66.00 116.00 NOTE
r-patched-linux-x86_64 0.2.2 9.52 12.61 22.13 NOTE
r-patched-solaris-sparc 0.2.2 238.20 NOTE
r-patched-solaris-x86 0.2.2 51.00 NOTE
r-release-linux-x86_64 0.2.2 9.34 12.60 21.94 NOTE
r-release-osx-x86_64-mavericks 0.2.2 NOTE
r-release-windows-ix86+x86_64 0.2.2 37.00 32.00 69.00 NOTE
r-oldrel-windows-ix86+x86_64 0.2.2 36.00 41.00 77.00 OK

Check Details

Version: 0.2.2
Check: R code for possible problems
Result: NOTE
    get_rollit_source: no visible global function definition for
     ‘file.edit’
    Undefined global functions or variables:
     file.edit
    Consider adding
     importFrom("utils", "file.edit")
    to your NAMESPACE file.
Flavors: r-devel-linux-x86_64-debian-clang, r-devel-linux-x86_64-debian-gcc, r-devel-macos-x86_64-clang, r-devel-windows-ix86+x86_64, r-patched-linux-x86_64, r-patched-solaris-sparc, r-patched-solaris-x86, r-release-linux-x86_64, r-release-osx-x86_64-mavericks, r-release-windows-ix86+x86_64

Version: 0.2.2
Flags: --no-stop-on-test-error
Check: R code for possible problems
Result: NOTE
    get_rollit_source: no visible global function definition for
     ‘file.edit’
    Undefined global functions or variables:
     file.edit
    Consider adding
     importFrom("utils", "file.edit")
    to your NAMESPACE file.
Flavors: r-devel-linux-x86_64-fedora-clang, r-devel-linux-x86_64-fedora-gcc

Version: 0.2.2
Check: package dependencies
Result: NOTE
    Package suggested but not available for checking: ‘microbenchmark’
Flavors: r-patched-solaris-sparc, r-patched-solaris-x86