CRAN Package Check Results for Package RcppRoll

Last updated on 2017-08-17 01:47:13.

Flavor Version Tinstall Tcheck Ttotal Status Flags
r-devel-linux-x86_64-debian-clang 0.2.2 12.29 15.41 27.70 NOTE
r-devel-linux-x86_64-debian-gcc 0.2.2 12.14 15.19 27.33 NOTE
r-devel-linux-x86_64-fedora-clang 0.2.2 50.05 NOTE
r-devel-linux-x86_64-fedora-gcc 0.2.2 50.96 NOTE
r-devel-windows-ix86+x86_64 0.2.2 39.00 49.00 88.00 NOTE
r-patched-linux-x86_64 0.2.2 11.79 15.19 26.98 NOTE
r-patched-solaris-x86 0.2.2 59.00 NOTE
r-release-linux-x86_64 0.2.2 11.89 14.97 26.86 NOTE
r-release-windows-ix86+x86_64 0.2.2 38.00 51.00 89.00 NOTE
r-release-osx-x86_64 0.2.2 NOTE
r-oldrel-windows-ix86+x86_64 0.2.2 48.00 41.00 89.00 NOTE
r-oldrel-osx-x86_64 0.2.2 NOTE

Check Details

Version: 0.2.2
Check: R code for possible problems
Result: NOTE
    get_rollit_source: no visible global function definition for
     ‘file.edit’
    Undefined global functions or variables:
     file.edit
    Consider adding
     importFrom("utils", "file.edit")
    to your NAMESPACE file.
Flavors: r-devel-linux-x86_64-debian-clang, r-devel-linux-x86_64-debian-gcc, r-devel-linux-x86_64-fedora-clang, r-devel-linux-x86_64-fedora-gcc, r-devel-windows-ix86+x86_64, r-patched-linux-x86_64, r-patched-solaris-x86, r-release-linux-x86_64, r-release-windows-ix86+x86_64, r-release-osx-x86_64, r-oldrel-windows-ix86+x86_64, r-oldrel-osx-x86_64

Version: 0.2.2
Check: compiled code
Result: NOTE
    File ‘RcppRoll/libs/RcppRoll.so’:
     Found no calls to: ‘R_registerRoutines’, ‘R_useDynamicSymbols’
    
    It is good practice to register native routines and to disable symbol
    search.
    
    See ‘Writing portable packages’ in the ‘Writing R Extensions’ manual.
Flavors: r-devel-linux-x86_64-debian-clang, r-devel-linux-x86_64-debian-gcc, r-devel-linux-x86_64-fedora-clang, r-devel-linux-x86_64-fedora-gcc, r-patched-linux-x86_64, r-release-linux-x86_64

Version: 0.2.2
Check: package dependencies
Result: NOTE
    Package suggested but not available for checking: ‘microbenchmark’
Flavor: r-patched-solaris-x86