CRAN Package Check Results for Package RcppRoll

Last updated on 2018-04-23 03:50:47 CEST.

Flavor Version Tinstall Tcheck Ttotal Status Flags
r-devel-linux-x86_64-debian-clang 0.2.2 20.08 20.51 40.59 NOTE
r-devel-linux-x86_64-debian-gcc 0.2.2 15.94 17.87 33.81 NOTE
r-devel-linux-x86_64-fedora-clang 0.2.2 53.55 NOTE
r-devel-linux-x86_64-fedora-gcc 0.2.2 50.49 NOTE
r-devel-windows-ix86+x86_64 0.2.2 52.00 53.00 105.00 NOTE
r-devel-osx-x86_64 0.2.2 NOTE
r-patched-linux-x86_64 0.2.2 19.39 21.66 41.05 NOTE
r-patched-solaris-x86 0.2.2 65.70 NOTE
r-release-linux-x86_64 0.2.2 17.46 21.59 39.05 NOTE
r-release-windows-ix86+x86_64 0.2.2 51.00 61.00 112.00 NOTE
r-release-osx-x86_64 0.2.2 NOTE
r-oldrel-windows-ix86+x86_64 0.2.2 53.00 46.00 99.00 NOTE

Check Details

Version: 0.2.2
Check: R code for possible problems
Result: NOTE
    get_rollit_source: no visible global function definition for
     ‘file.edit’
    Undefined global functions or variables:
     file.edit
    Consider adding
     importFrom("utils", "file.edit")
    to your NAMESPACE file.
Flavors: r-devel-linux-x86_64-debian-clang, r-devel-linux-x86_64-debian-gcc, r-devel-linux-x86_64-fedora-clang, r-devel-linux-x86_64-fedora-gcc, r-devel-windows-ix86+x86_64, r-devel-osx-x86_64, r-patched-linux-x86_64, r-patched-solaris-x86, r-release-linux-x86_64, r-release-windows-ix86+x86_64, r-release-osx-x86_64, r-oldrel-windows-ix86+x86_64

Version: 0.2.2
Check: compiled code
Result: NOTE
    File ‘RcppRoll/libs/RcppRoll.so’:
     Found no calls to: ‘R_registerRoutines’, ‘R_useDynamicSymbols’
    
    It is good practice to register native routines and to disable symbol
    search.
    
    See ‘Writing portable packages’ in the ‘Writing R Extensions’ manual.
Flavors: r-devel-linux-x86_64-debian-clang, r-devel-linux-x86_64-debian-gcc, r-devel-linux-x86_64-fedora-clang, r-devel-linux-x86_64-fedora-gcc, r-patched-linux-x86_64, r-release-linux-x86_64