CRAN Package Check Results for Package RcppRoll

Last updated on 2016-05-05 11:48:17.

Flavor Version Tinstall Tcheck Ttotal Status Flags
r-devel-linux-x86_64-debian-gcc 0.2.2 9.29 12.35 21.64 NOTE
r-devel-linux-x86_64-fedora-clang 0.2.2 43.14 NOTE
r-devel-linux-x86_64-fedora-gcc 0.2.2 39.24 NOTE
r-devel-osx-x86_64-clang 0.2.2 42.92 NOTE
r-devel-windows-ix86+x86_64 0.2.2 31.00 35.00 66.00 NOTE
r-patched-linux-x86_64 0.2.2 9.39 12.56 21.95 NOTE
r-patched-solaris-sparc 0.2.2 257.90 NOTE
r-patched-solaris-x86 0.2.2 51.60 NOTE
r-release-linux-x86_64 0.2.2 8.99 12.19 21.19 NOTE
r-release-osx-x86_64-mavericks 0.2.2 OK
r-release-windows-ix86+x86_64 0.2.2 31.00 35.00 66.00 NOTE
r-oldrel-windows-ix86+x86_64 0.2.2 43.00 52.00 95.00 OK

Check Details

Version: 0.2.2
Check: R code for possible problems
Result: NOTE
    get_rollit_source: no visible global function definition for
     ‘file.edit’
    Undefined global functions or variables:
     file.edit
    Consider adding
     importFrom("utils", "file.edit")
    to your NAMESPACE file.
Flavors: r-devel-linux-x86_64-debian-gcc, r-devel-linux-x86_64-fedora-clang, r-devel-linux-x86_64-fedora-gcc, r-devel-osx-x86_64-clang, r-devel-windows-ix86+x86_64, r-patched-linux-x86_64, r-patched-solaris-sparc, r-patched-solaris-x86, r-release-linux-x86_64, r-release-windows-ix86+x86_64

Version: 0.2.2
Check: package dependencies
Result: NOTE
    Package suggested but not available for checking: ‘microbenchmark’
Flavors: r-patched-solaris-sparc, r-patched-solaris-x86