CRAN Package Check Results for Package RcppRoll

Last updated on 2018-06-25 00:49:47 CEST.

Flavor Version Tinstall Tcheck Ttotal Status Flags
r-devel-linux-x86_64-debian-clang 0.3.0 19.29 34.87 54.16 OK
r-devel-linux-x86_64-debian-gcc 0.3.0 14.86 29.75 44.61 OK
r-devel-linux-x86_64-fedora-clang 0.3.0 74.09 OK
r-devel-linux-x86_64-fedora-gcc 0.3.0 66.94 OK
r-devel-windows-ix86+x86_64 0.3.0 55.00 85.00 140.00 OK
r-patched-linux-x86_64 0.3.0 17.38 36.16 53.54 OK
r-patched-solaris-x86 0.3.0 85.90 OK
r-release-linux-x86_64 0.3.0 17.46 36.24 53.70 OK
r-release-windows-ix86+x86_64 0.3.0 49.00 85.00 134.00 OK
r-release-osx-x86_64 0.3.0 OK
r-oldrel-windows-ix86+x86_64 0.3.0 53.00 103.00 156.00 OK
r-oldrel-osx-x86_64 0.2.2 NOTE

Check Details

Version: 0.2.2
Check: R code for possible problems
Result: NOTE
    get_rollit_source: no visible global function definition for
     ‘file.edit’
    Undefined global functions or variables:
     file.edit
    Consider adding
     importFrom("utils", "file.edit")
    to your NAMESPACE file.
Flavor: r-oldrel-osx-x86_64