CRAN Package Check Results for Package RcppRoll

Last updated on 2014-09-02 22:47:47.

Flavor Version Tinstall Tcheck Ttotal Status Flags
r-devel-linux-x86_64-debian-clang 0.1.0 9.50 14.14 23.64 NOTE
r-devel-linux-x86_64-debian-gcc 0.1.0 12.16 14.16 26.32 NOTE
r-devel-linux-x86_64-fedora-clang 0.1.0 51.57 NOTE
r-devel-linux-x86_64-fedora-gcc 0.1.0 48.17 NOTE
r-devel-osx-x86_64-clang 0.1.0 45.61 NOTE
r-devel-windows-ix86+x86_64 0.1.0 39.00 45.00 84.00 NOTE
r-patched-linux-x86_64 0.1.0 13.82 14.78 28.60 NOTE
r-patched-solaris-sparc 0.1.0 325.80 NOTE
r-patched-solaris-x86 0.1.0 71.40 NOTE
r-release-linux-ix86 0.1.0 15.04 22.06 37.09 NOTE
r-release-linux-x86_64 0.1.0 11.66 15.85 27.51 NOTE
r-release-osx-x86_64-mavericks 0.1.0 NOTE
r-release-osx-x86_64-snowleopard 0.1.0 OK
r-release-windows-ix86+x86_64 0.1.0 40.00 41.00 81.00 NOTE
r-oldrel-windows-ix86+x86_64 0.1.0 44.00 43.00 87.00 NOTE

Check Details

Version: 0.1.0
Check: dependencies in R code
Result: NOTE
    Packages in Depends field not imported from:
     ‘Rcpp’ ‘RcppArmadillo’
     These packages need to be imported from (in the NAMESPACE file)
     for when this namespace is loaded but not attached.
    See the information on DESCRIPTION files in the chapter ‘Creating R
    packages’ of the ‘Writing R Extensions’ manual.
Flavors: r-devel-linux-x86_64-debian-clang, r-devel-linux-x86_64-debian-gcc, r-devel-linux-x86_64-fedora-clang, r-devel-linux-x86_64-fedora-gcc, r-devel-osx-x86_64-clang, r-devel-windows-ix86+x86_64, r-patched-linux-x86_64, r-patched-solaris-sparc, r-patched-solaris-x86, r-release-linux-ix86, r-release-linux-x86_64, r-release-osx-x86_64-mavericks, r-release-windows-ix86+x86_64, r-oldrel-windows-ix86+x86_64

Version: 0.1.0
Check: R code for possible problems
Result: NOTE
    rollit: no visible global function definition for ‘sourceCpp’
    rollit_raw: no visible global function definition for ‘sourceCpp’
Flavors: r-devel-linux-x86_64-debian-clang, r-devel-linux-x86_64-debian-gcc, r-devel-linux-x86_64-fedora-clang, r-devel-linux-x86_64-fedora-gcc, r-devel-osx-x86_64-clang, r-devel-windows-ix86+x86_64

Version: 0.1.0
Check: package dependencies
Result: NOTE
    Package suggested but not available for checking: ‘microbenchmark’
Flavors: r-patched-solaris-sparc, r-patched-solaris-x86