CRAN Package Check Results for Package RcppRoll

Last updated on 2016-02-05 21:47:53.

Flavor Version Tinstall Tcheck Ttotal Status Flags
r-devel-linux-x86_64-debian-gcc 0.2.2 9.27 11.41 20.69 NOTE
r-devel-linux-x86_64-fedora-clang 0.2.2 42.98 NOTE
r-devel-linux-x86_64-fedora-gcc 0.2.2 39.19 NOTE
r-devel-osx-x86_64-clang 0.2.2 35.82 OK
r-devel-windows-ix86+x86_64 0.2.2 42.00 35.00 77.00 NOTE
r-patched-linux-x86_64 0.2.2 9.13 12.43 21.56 OK
r-patched-solaris-sparc 0.2.2 240.40 NOTE
r-patched-solaris-x86 0.2.2 51.00 NOTE
r-release-linux-x86_64 0.2.2 9.46 12.40 21.86 OK
r-release-osx-x86_64-mavericks 0.2.2 OK
r-release-windows-ix86+x86_64 0.2.2 42.00 41.00 83.00 OK
r-oldrel-windows-ix86+x86_64 0.2.2 41.00 41.00 82.00 OK

Check Details

Version: 0.2.2
Check: R code for possible problems
Result: NOTE
    get_rollit_source: no visible global function definition for
     ‘file.edit’
    Undefined global functions or variables:
     file.edit
    Consider adding
     importFrom("utils", "file.edit")
    to your NAMESPACE.
Flavors: r-devel-linux-x86_64-debian-gcc, r-devel-linux-x86_64-fedora-clang, r-devel-linux-x86_64-fedora-gcc, r-devel-windows-ix86+x86_64

Version: 0.2.2
Check: package dependencies
Result: NOTE
    Package suggested but not available for checking: ‘microbenchmark’
Flavors: r-patched-solaris-sparc, r-patched-solaris-x86