CRAN Package Check Results for Package RcppRoll

Last updated on 2014-04-24 15:50:45.

Flavor Version Tinstall Tcheck Ttotal Status Flags
r-devel-linux-x86_64-debian-clang 0.1.0 9.52 15.94 25.45 NOTE
r-devel-linux-x86_64-debian-gcc 0.1.0 11.58 15.73 27.31 NOTE
r-devel-linux-x86_64-fedora-clang 0.1.0 52.71 NOTE
r-devel-linux-x86_64-fedora-gcc 0.1.0 52.46 NOTE
r-devel-osx-x86_64-clang 0.1.0 48.63 NOTE
r-devel-osx-x86_64-gcc 0.1.0 NOTE
r-devel-windows-ix86+x86_64 0.1.0 39.00 39.00 78.00 NOTE
r-patched-linux-x86_64 0.1.0 11.56 15.40 26.97 NOTE
r-patched-solaris-sparc 0.1.0 313.20 NOTE
r-patched-solaris-x86 0.1.0 70.60 NOTE
r-release-linux-ix86 0.1.0 18.00 31.00 49.00 NOTE
r-release-linux-x86_64 0.1.0 11.64 16.00 27.64 NOTE
r-release-osx-x86_64-mavericks 0.1.0 WARN
r-release-osx-x86_64-snowleopard 0.1.0 OK
r-release-windows-ix86+x86_64 0.1.0 39.00 40.00 79.00 NOTE
r-oldrel-windows-ix86+x86_64 0.1.0 41.00 40.00 81.00 NOTE

Check Details

Version: 0.1.0
Check: dependencies in R code
Result: NOTE
    Packages in Depends field not imported from:
     ‘Rcpp’ ‘RcppArmadillo’
     These packages need to be imported from (in the NAMESPACE file)
     for when this namespace is loaded but not attached.
    See the information on DESCRIPTION files in the chapter ‘Creating R
    packages’ of the ‘Writing R Extensions’ manual.
Flavors: r-devel-linux-x86_64-debian-clang, r-devel-linux-x86_64-debian-gcc, r-devel-linux-x86_64-fedora-clang, r-devel-linux-x86_64-fedora-gcc, r-devel-osx-x86_64-clang, r-devel-osx-x86_64-gcc, r-devel-windows-ix86+x86_64, r-patched-linux-x86_64, r-patched-solaris-sparc, r-patched-solaris-x86, r-release-linux-ix86, r-release-linux-x86_64, r-release-osx-x86_64-mavericks, r-release-windows-ix86+x86_64, r-oldrel-windows-ix86+x86_64

Version: 0.1.0
Check: package dependencies
Result: NOTE
    Packages suggested but not available for checking: ‘zoo’ ‘microbenchmark’
Flavor: r-devel-osx-x86_64-gcc

Version: 0.1.0
Check: PDF version of manual
Result: WARNING
    LaTeX errors when creating PDF version.
    This typically indicates Rd problems.
    LaTeX errors found:
    ! LaTeX Error: File `upquote.sty' not found.
    
    Type X to quit or <RETURN> to proceed,
    or enter new name. (Default extension: sty)
    
    0534932/Rd2.tex:8: ==> Fatal error occurred, no output PDF file produced!
Flavor: r-release-osx-x86_64-mavericks