CRAN Package Check Results for Package RcppRoll

Last updated on 2017-01-19 02:48:30.

Flavor Version Tinstall Tcheck Ttotal Status Flags
r-devel-linux-x86_64-debian-clang 0.2.2 11.20 14.36 25.56 NOTE
r-devel-linux-x86_64-debian-gcc 0.2.2 10.92 14.47 25.39 NOTE
r-devel-linux-x86_64-fedora-clang 0.2.2 46.69 NOTE --no-stop-on-test-error
r-devel-linux-x86_64-fedora-gcc 0.2.2 45.25 NOTE --no-stop-on-test-error
r-devel-macos-x86_64-clang 0.2.2 35.46 NOTE --no-stop-on-test-error
r-devel-windows-ix86+x86_64 0.2.2 47.00 53.00 100.00 NOTE
r-patched-linux-x86_64 0.2.2 9.42 12.65 22.07 NOTE
r-patched-solaris-sparc 0.2.2 244.40 NOTE
r-patched-solaris-x86 0.2.2 50.80 NOTE
r-release-linux-x86_64 0.2.2 9.37 12.81 22.18 NOTE
r-release-osx-x86_64-mavericks 0.2.2 NOTE
r-release-windows-ix86+x86_64 0.2.2 37.00 34.00 71.00 NOTE
r-oldrel-windows-ix86+x86_64 0.2.2 30.00 45.00 75.00 OK

Check Details

Version: 0.2.2
Check: R code for possible problems
Result: NOTE
    get_rollit_source: no visible global function definition for
     ‘file.edit’
    Undefined global functions or variables:
     file.edit
    Consider adding
     importFrom("utils", "file.edit")
    to your NAMESPACE file.
Flavors: r-devel-linux-x86_64-debian-clang, r-devel-linux-x86_64-debian-gcc, r-devel-windows-ix86+x86_64, r-patched-linux-x86_64, r-patched-solaris-sparc, r-patched-solaris-x86, r-release-linux-x86_64, r-release-osx-x86_64-mavericks, r-release-windows-ix86+x86_64

Version: 0.2.2
Flags: --no-stop-on-test-error
Check: R code for possible problems
Result: NOTE
    get_rollit_source: no visible global function definition for
     ‘file.edit’
    Undefined global functions or variables:
     file.edit
    Consider adding
     importFrom("utils", "file.edit")
    to your NAMESPACE file.
Flavors: r-devel-linux-x86_64-fedora-clang, r-devel-linux-x86_64-fedora-gcc, r-devel-macos-x86_64-clang

Version: 0.2.2
Check: package dependencies
Result: NOTE
    Package suggested but not available for checking: ‘microbenchmark’
Flavors: r-patched-solaris-sparc, r-patched-solaris-x86