CRAN Package Check Results for Package RcppRoll

Last updated on 2015-09-01 16:49:37.

Flavor Version Tinstall Tcheck Ttotal Status Flags
r-devel-linux-x86_64-debian-clang 0.2.2 8.28 14.25 22.53 NOTE
r-devel-linux-x86_64-debian-gcc 0.2.2 10.54 12.28 22.82 NOTE
r-devel-linux-x86_64-fedora-clang 0.2.2 43.02 NOTE
r-devel-linux-x86_64-fedora-gcc 0.2.2 41.25 NOTE
r-devel-osx-x86_64-clang 0.2.2 35.67 OK
r-devel-windows-ix86+x86_64 0.2.2 41.00 38.00 79.00 NOTE
r-patched-linux-x86_64 0.2.2 9.74 12.93 22.68 OK
r-patched-solaris-sparc 0.2.2 257.80 NOTE
r-patched-solaris-x86 0.2.2 55.40 OK
r-release-linux-x86_64 0.2.2 9.83 12.96 22.78 OK
r-release-osx-x86_64-mavericks 0.2.2 OK
r-release-windows-ix86+x86_64 0.2.2 41.00 38.00 79.00 OK
r-oldrel-windows-ix86+x86_64 0.2.2 44.00 42.00 86.00 OK

Check Details

Version: 0.2.2
Check: R code for possible problems
Result: NOTE
    get_rollit_source: no visible global function definition for
     ‘file.edit’
    Undefined global functions or variables:
     file.edit
    Consider adding
     importFrom("utils", "file.edit")
    to your NAMESPACE.
Flavors: r-devel-linux-x86_64-debian-clang, r-devel-linux-x86_64-debian-gcc, r-devel-linux-x86_64-fedora-clang, r-devel-linux-x86_64-fedora-gcc, r-devel-windows-ix86+x86_64

Version: 0.2.2
Check: package dependencies
Result: NOTE
    Package suggested but not available for checking: ‘microbenchmark’
Flavor: r-patched-solaris-sparc