CRAN Package Check Results for Package RcppRoll

Last updated on 2016-08-30 06:49:06.

Flavor Version Tinstall Tcheck Ttotal Status Flags
r-devel-linux-x86_64-debian-clang 0.2.2 10.93 12.62 23.55 NOTE
r-devel-linux-x86_64-debian-gcc 0.2.2 10.37 12.42 22.78 NOTE
r-devel-linux-x86_64-fedora-clang 0.2.2 43.75 NOTE
r-devel-linux-x86_64-fedora-gcc 0.2.2 41.36 NOTE
r-devel-osx-x86_64-clang 0.2.2 32.95 NOTE
r-devel-windows-ix86+x86_64 0.2.2 44.00 36.00 80.00 NOTE
r-patched-linux-x86_64 0.2.2 9.11 12.48 21.59 NOTE
r-patched-solaris-sparc 0.2.2 238.20 NOTE
r-patched-solaris-x86 0.2.2 51.30 NOTE
r-release-linux-x86_64 0.2.2 9.06 12.39 21.45 NOTE
r-release-osx-x86_64-mavericks 0.2.2 NOTE
r-release-windows-ix86+x86_64 0.2.2 32.00 36.00 68.00 NOTE
r-oldrel-windows-ix86+x86_64 0.2.2 44.00 53.00 97.00 OK

Check Details

Version: 0.2.2
Check: R code for possible problems
Result: NOTE
    get_rollit_source: no visible global function definition for
     ‘file.edit’
    Undefined global functions or variables:
     file.edit
    Consider adding
     importFrom("utils", "file.edit")
    to your NAMESPACE file.
Flavors: r-devel-linux-x86_64-debian-clang, r-devel-linux-x86_64-debian-gcc, r-devel-linux-x86_64-fedora-clang, r-devel-linux-x86_64-fedora-gcc, r-devel-osx-x86_64-clang, r-devel-windows-ix86+x86_64, r-patched-linux-x86_64, r-patched-solaris-sparc, r-patched-solaris-x86, r-release-linux-x86_64, r-release-osx-x86_64-mavericks, r-release-windows-ix86+x86_64

Version: 0.2.2
Check: package dependencies
Result: NOTE
    Package suggested but not available for checking: ‘microbenchmark’
Flavors: r-patched-solaris-sparc, r-patched-solaris-x86