CRAN Package Check Results for Package RcppRoll

Last updated on 2014-10-31 05:47:28.

Flavor Version Tinstall Tcheck Ttotal Status Flags
r-devel-linux-x86_64-debian-clang 0.1.0 11.47 14.90 26.37 NOTE
r-devel-linux-x86_64-debian-gcc 0.1.0 11.89 15.45 27.34 NOTE
r-devel-linux-x86_64-fedora-clang 0.1.0 51.84 NOTE
r-devel-linux-x86_64-fedora-gcc 0.1.0 50.86 NOTE
r-devel-osx-x86_64-clang 0.1.0 45.84 NOTE
r-devel-windows-ix86+x86_64 0.1.0 40.00 37.00 77.00 NOTE
r-patched-linux-x86_64 0.1.0 11.72 15.21 26.93 NOTE
r-patched-solaris-sparc 0.1.0 395.20 NOTE
r-patched-solaris-x86 0.1.0 72.30 NOTE
r-release-linux-ix86 0.1.0 15.15 22.40 37.55 NOTE
r-release-linux-x86_64 0.1.0 11.89 16.01 27.90 NOTE
r-release-osx-x86_64-mavericks 0.1.0 NOTE
r-release-osx-x86_64-snowleopard 0.1.0 OK
r-release-windows-ix86+x86_64 0.1.0 42.00 42.00 84.00 NOTE
r-oldrel-windows-ix86+x86_64 0.1.0 42.00 41.00 83.00 NOTE

Check Details

Version: 0.1.0
Check: dependencies in R code
Result: NOTE
    Packages in Depends field not imported from:
     ‘Rcpp’ ‘RcppArmadillo’
     These packages need to be imported from (in the NAMESPACE file)
     for when this namespace is loaded but not attached.
    See the information on DESCRIPTION files in the chapter ‘Creating R
    packages’ of the ‘Writing R Extensions’ manual.
Flavors: r-devel-linux-x86_64-debian-clang, r-devel-linux-x86_64-debian-gcc, r-devel-linux-x86_64-fedora-clang, r-devel-linux-x86_64-fedora-gcc, r-devel-osx-x86_64-clang, r-devel-windows-ix86+x86_64, r-patched-linux-x86_64, r-patched-solaris-sparc, r-patched-solaris-x86, r-release-linux-ix86, r-release-linux-x86_64, r-release-osx-x86_64-mavericks, r-release-windows-ix86+x86_64, r-oldrel-windows-ix86+x86_64

Version: 0.1.0
Check: R code for possible problems
Result: NOTE
    rollit: no visible global function definition for ‘sourceCpp’
    rollit_raw: no visible global function definition for ‘sourceCpp’
Flavors: r-devel-linux-x86_64-debian-clang, r-devel-linux-x86_64-debian-gcc, r-devel-linux-x86_64-fedora-clang, r-devel-linux-x86_64-fedora-gcc, r-devel-osx-x86_64-clang, r-devel-windows-ix86+x86_64, r-patched-linux-x86_64, r-patched-solaris-sparc, r-patched-solaris-x86

Version: 0.1.0
Check: package dependencies
Result: NOTE
    Package suggested but not available for checking: ‘microbenchmark’
Flavor: r-patched-solaris-sparc