CRAN Package Check Results for Package RcppRoll

Last updated on 2017-06-29 06:53:18.

Flavor Version Tinstall Tcheck Ttotal Status Flags
r-devel-linux-x86_64-debian-clang 0.2.2 11.99 14.99 26.99 NOTE
r-devel-linux-x86_64-debian-gcc 0.2.2 11.94 14.72 26.65 NOTE
r-devel-linux-x86_64-fedora-clang 0.2.2 49.78 NOTE
r-devel-linux-x86_64-fedora-gcc 0.2.2 47.89 NOTE
r-devel-windows-ix86+x86_64 0.2.2 52.00 64.00 116.00 NOTE
r-patched-linux-x86_64 0.2.2 11.93 14.79 26.72 NOTE
r-patched-solaris-sparc 0.2.2 253.60 NOTE
r-patched-solaris-x86 0.2.2 59.30 NOTE
r-release-linux-x86_64 0.2.2 12.03 14.97 27.00 NOTE
r-release-windows-ix86+x86_64 0.2.2 53.00 48.00 101.00 NOTE
r-release-osx-x86_64 0.2.2 NOTE
r-oldrel-windows-ix86+x86_64 0.2.2 51.00 62.00 113.00 NOTE
r-oldrel-osx-x86_64 0.2.2 NOTE

Check Details

Version: 0.2.2
Check: R code for possible problems
Result: NOTE
    get_rollit_source: no visible global function definition for
     ‘file.edit’
    Undefined global functions or variables:
     file.edit
    Consider adding
     importFrom("utils", "file.edit")
    to your NAMESPACE file.
Flavors: r-devel-linux-x86_64-debian-clang, r-devel-linux-x86_64-debian-gcc, r-devel-linux-x86_64-fedora-clang, r-devel-linux-x86_64-fedora-gcc, r-devel-windows-ix86+x86_64, r-patched-linux-x86_64, r-patched-solaris-sparc, r-patched-solaris-x86, r-release-linux-x86_64, r-release-windows-ix86+x86_64, r-release-osx-x86_64, r-oldrel-windows-ix86+x86_64, r-oldrel-osx-x86_64

Version: 0.2.2
Check: compiled code
Result: NOTE
    File ‘RcppRoll/libs/RcppRoll.so’:
     Found no calls to: ‘R_registerRoutines’, ‘R_useDynamicSymbols’
    
    It is good practice to register native routines and to disable symbol
    search.
    
    See ‘Writing portable packages’ in the ‘Writing R Extensions’ manual.
Flavors: r-devel-linux-x86_64-debian-clang, r-devel-linux-x86_64-debian-gcc, r-devel-linux-x86_64-fedora-clang, r-devel-linux-x86_64-fedora-gcc, r-patched-linux-x86_64, r-release-linux-x86_64

Version: 0.2.2
Check: package dependencies
Result: NOTE
    Package suggested but not available for checking: ‘microbenchmark’
Flavors: r-patched-solaris-sparc, r-patched-solaris-x86