CRAN Package Check Results for Package RcppSMC

Last updated on 2015-07-31 06:47:09.

Flavor Version Tinstall Tcheck Ttotal Status Flags
r-devel-linux-x86_64-debian-clang 0.1.4 12.25 12.96 25.22 NOTE
r-devel-linux-x86_64-debian-gcc 0.1.4 19.28 12.76 32.05 NOTE
r-devel-linux-x86_64-fedora-clang 0.1.4 55.35 NOTE
r-devel-linux-x86_64-fedora-gcc 0.1.4 50.11 NOTE
r-devel-osx-x86_64-clang 0.1.4 45.12 OK
r-devel-windows-ix86+x86_64 0.1.4 59.00 52.00 111.00 NOTE
r-patched-linux-x86_64 0.1.4 13.72 13.94 27.65 OK
r-patched-solaris-sparc 0.1.4 318.80 OK
r-patched-solaris-x86 0.1.4 64.90 OK
r-release-linux-x86_64 0.1.4 13.52 0.54 14.07 OK
r-release-osx-x86_64-mavericks 0.1.4 OK
r-release-windows-ix86+x86_64 0.1.4 60.00 50.00 110.00 OK
r-oldrel-windows-ix86+x86_64 0.1.4 59.00 41.00 100.00 OK

Check Details

Version: 0.1.4
Check: R code for possible problems
Result: NOTE
    blockpfGaussianOpt: no visible global function definition for ‘polygon’
    blockpfGaussianOpt: no visible global function definition for ‘lines’
    blockpfGaussianOpt: no visible global function definition for ‘points’
    getPfLineartBSData: no visible global function definition for
     ‘read.table’
    pfLineartBS: no visible global function definition for ‘dev.new’
    pfLineartBS: no visible global function definition for ‘par’
    pfLineartBSOnlinePlot: no visible global function definition for ‘plot’
    simGaussian: no visible global function definition for ‘rnorm’
    simLineart: no visible global function definition for ‘rnorm’
    simLineart: no visible global function definition for ‘rt’
    simNonlin: no visible global function definition for ‘rnorm’
    Undefined global functions or variables:
     dev.new lines par plot points polygon read.table rnorm rt
    Consider adding
     importFrom("grDevices", "dev.new")
     importFrom("graphics", "lines", "par", "plot", "points", "polygon")
     importFrom("stats", "rnorm", "rt")
     importFrom("utils", "read.table")
    to your NAMESPACE.
Flavors: r-devel-linux-x86_64-debian-clang, r-devel-linux-x86_64-debian-gcc, r-devel-linux-x86_64-fedora-clang, r-devel-linux-x86_64-fedora-gcc, r-devel-windows-ix86+x86_64