CRAN Package Check Results for Package RcppSMC

Last updated on 2018-02-20 09:50:19 CET.

Flavor Version Tinstall Tcheck Ttotal Status Flags
r-devel-linux-x86_64-debian-clang 0.2.0 109.85 24.30 134.15 OK
r-devel-linux-x86_64-debian-gcc 0.2.0 91.16 20.72 111.88 OK
r-devel-linux-x86_64-fedora-clang 0.2.0 205.90 NOTE
r-devel-linux-x86_64-fedora-gcc 0.2.0 189.97 NOTE
r-devel-windows-ix86+x86_64 0.2.0 212.00 56.00 268.00 OK
r-patched-linux-x86_64 0.2.0 118.68 25.82 144.50 OK
r-patched-solaris-x86 0.2.0 13.50 ERROR
r-release-linux-x86_64 0.2.0 112.12 25.66 137.78 OK
r-release-windows-ix86+x86_64 0.2.0 293.00 72.00 365.00 OK
r-release-osx-x86_64 0.2.0 OK
r-oldrel-windows-ix86+x86_64 0.2.0 310.00 69.00 379.00 OK
r-oldrel-osx-x86_64 0.2.0 NOTE

Check Details

Version: 0.2.0
Check: installed package size
Result: NOTE
     installed size is 6.3Mb
     sub-directories of 1Mb or more:
     libs 6.0Mb
Flavors: r-devel-linux-x86_64-fedora-clang, r-devel-linux-x86_64-fedora-gcc, r-oldrel-osx-x86_64

Version: 0.2.0
Check: whether package can be installed
Result: ERROR
    Installation failed.
Flavor: r-patched-solaris-x86