CRAN Package Check Results for Package RcppSMC

Last updated on 2015-08-29 06:47:51.

Flavor Version Tinstall Tcheck Ttotal Status Flags
r-devel-linux-x86_64-debian-clang 0.1.4 12.68 12.53 25.20 NOTE
r-devel-linux-x86_64-debian-gcc 0.1.4 13.44 12.61 26.05 NOTE
r-devel-linux-x86_64-fedora-clang 0.1.4 53.95 NOTE
r-devel-linux-x86_64-fedora-gcc 0.1.4 49.18 NOTE
r-devel-osx-x86_64-clang 0.1.4 44.98 OK
r-devel-windows-ix86+x86_64 0.1.4 67.00 41.00 108.00 NOTE
r-patched-linux-x86_64 0.1.4 13.74 13.09 26.84 OK
r-patched-solaris-sparc 0.1.4 318.80 OK
r-patched-solaris-x86 0.1.4 65.40 OK
r-release-linux-x86_64 0.1.4 13.56 13.42 26.98 OK
r-release-osx-x86_64-mavericks 0.1.4 OK
r-release-windows-ix86+x86_64 0.1.4 57.00 38.00 95.00 OK
r-oldrel-windows-ix86+x86_64 0.1.4 64.00 44.00 108.00 OK

Memtest notes: clang-ASAN

Check Details

Version: 0.1.4
Check: R code for possible problems
Result: NOTE
    blockpfGaussianOpt: no visible global function definition for ‘polygon’
    blockpfGaussianOpt: no visible global function definition for ‘lines’
    blockpfGaussianOpt: no visible global function definition for ‘points’
    getPfLineartBSData: no visible global function definition for
     ‘read.table’
    pfLineartBS: no visible global function definition for ‘dev.new’
    pfLineartBS: no visible global function definition for ‘par’
    pfLineartBSOnlinePlot: no visible global function definition for ‘plot’
    simGaussian: no visible global function definition for ‘rnorm’
    simLineart: no visible global function definition for ‘rnorm’
    simLineart: no visible global function definition for ‘rt’
    simNonlin: no visible global function definition for ‘rnorm’
    Undefined global functions or variables:
     dev.new lines par plot points polygon read.table rnorm rt
    Consider adding
     importFrom("grDevices", "dev.new")
     importFrom("graphics", "lines", "par", "plot", "points", "polygon")
     importFrom("stats", "rnorm", "rt")
     importFrom("utils", "read.table")
    to your NAMESPACE.
Flavors: r-devel-linux-x86_64-debian-clang, r-devel-linux-x86_64-debian-gcc, r-devel-linux-x86_64-fedora-clang, r-devel-linux-x86_64-fedora-gcc, r-devel-windows-ix86+x86_64