CRAN Package Check Results for Package RcppSMC

Last updated on 2018-04-21 08:49:42 CEST.

Flavor Version Tinstall Tcheck Ttotal Status Flags
r-devel-linux-x86_64-debian-clang 0.2.1 99.53 28.55 128.08 OK
r-devel-linux-x86_64-debian-gcc 0.2.1 86.37 22.44 108.81 OK
r-devel-linux-x86_64-fedora-clang 0.2.1 163.57 NOTE
r-devel-linux-x86_64-fedora-gcc 0.2.1 170.96 NOTE
r-devel-windows-ix86+x86_64 0.2.1 237.00 94.00 331.00 OK
r-devel-osx-x86_64 0.2.1 OK
r-patched-linux-x86_64 0.2.1 109.32 27.91 137.23 OK
r-patched-solaris-x86 0.2.1 172.30 OK
r-release-linux-x86_64 0.2.1 105.89 28.07 133.96 OK
r-release-windows-ix86+x86_64 0.2.1 242.00 84.00 326.00 OK
r-release-osx-x86_64 0.2.1 OK
r-oldrel-windows-ix86+x86_64 0.2.1 238.00 60.00 298.00 OK

Check Details

Version: 0.2.1
Check: installed package size
Result: NOTE
     installed size is 6.1Mb
     sub-directories of 1Mb or more:
     libs 5.8Mb
Flavors: r-devel-linux-x86_64-fedora-clang, r-devel-linux-x86_64-fedora-gcc