CRAN Package Check Results for Package RcppSMC

Last updated on 2016-07-02 10:48:22.

Flavor Version Tinstall Tcheck Ttotal Status Flags
r-devel-linux-x86_64-debian-gcc 0.1.4 19.28 14.87 34.15 NOTE
r-devel-linux-x86_64-fedora-clang 0.1.4 55.41 NOTE
r-devel-linux-x86_64-fedora-gcc 0.1.4 44.22 NOTE
r-devel-osx-x86_64-clang 0.1.4 39.55 NOTE
r-devel-windows-ix86+x86_64 0.1.4 63.00 44.00 107.00 NOTE
r-patched-linux-x86_64 0.1.4 14.75 14.29 29.04 NOTE
r-patched-solaris-sparc 0.1.4 287.80 NOTE
r-patched-solaris-x86 0.1.4 59.60 NOTE
r-release-linux-x86_64 0.1.4 12.35 12.59 24.94 NOTE
r-release-osx-x86_64-mavericks 0.1.4 NOTE
r-release-windows-ix86+x86_64 0.1.4 59.00 45.00 104.00 NOTE
r-oldrel-windows-ix86+x86_64 0.1.4 61.00 59.00 120.00 OK

Memtest notes: clang-ASAN

Check Details

Version: 0.1.4
Check: R code for possible problems
Result: NOTE
    blockpfGaussianOpt: no visible global function definition for ‘polygon’
    blockpfGaussianOpt: no visible global function definition for ‘lines’
    blockpfGaussianOpt: no visible global function definition for ‘points’
    getPfLineartBSData: no visible global function definition for
     ‘read.table’
    pfLineartBS: no visible global function definition for ‘dev.new’
    pfLineartBS: no visible global function definition for ‘par’
    pfLineartBSOnlinePlot: no visible global function definition for ‘plot’
    simGaussian: no visible global function definition for ‘rnorm’
    simLineart: no visible global function definition for ‘rnorm’
    simLineart: no visible global function definition for ‘rt’
    simNonlin: no visible global function definition for ‘rnorm’
    Undefined global functions or variables:
     dev.new lines par plot points polygon read.table rnorm rt
    Consider adding
     importFrom("grDevices", "dev.new")
     importFrom("graphics", "lines", "par", "plot", "points", "polygon")
     importFrom("stats", "rnorm", "rt")
     importFrom("utils", "read.table")
    to your NAMESPACE file.
Flavors: r-devel-linux-x86_64-debian-gcc, r-devel-linux-x86_64-fedora-clang, r-devel-linux-x86_64-fedora-gcc, r-devel-osx-x86_64-clang, r-devel-windows-ix86+x86_64, r-patched-linux-x86_64, r-patched-solaris-sparc, r-patched-solaris-x86, r-release-linux-x86_64, r-release-osx-x86_64-mavericks, r-release-windows-ix86+x86_64

Version: 0.1.4
Check: installed package size
Result: NOTE
     installed size is 5.1Mb
     sub-directories of 1Mb or more:
     libs 5.0Mb
Flavor: r-patched-solaris-sparc