CRAN Package Check Results for Package RcppSMC

Last updated on 2022-12-09 04:00:54 CET.

Flavor Version Tinstall Tcheck Ttotal Status Flags
r-devel-linux-x86_64-debian-clang 0.2.6 137.93 38.11 176.04 OK
r-devel-linux-x86_64-debian-gcc 0.2.6 109.14 28.22 137.36 OK
r-devel-linux-x86_64-fedora-clang 0.2.6 265.66 OK
r-devel-linux-x86_64-fedora-gcc 0.2.6 238.39 OK
r-devel-windows-x86_64 0.2.6 175.00 92.00 267.00 OK
r-patched-linux-x86_64 0.2.6 115.82 33.87 149.69 OK
r-release-linux-x86_64 0.2.6 115.09 33.64 148.73 OK
r-release-macos-arm64 0.2.6 55.00 NOTE
r-release-macos-x86_64 0.2.6 71.00 NOTE
r-release-windows-x86_64 0.2.6 116.00 89.00 205.00 OK
r-oldrel-macos-arm64 0.2.6 57.00 NOTE
r-oldrel-macos-x86_64 0.2.6 74.00 NOTE
r-oldrel-windows-ix86+x86_64 0.2.6 328.00 95.00 423.00 OK

Check Details

Version: 0.2.6
Check: installed package size
Result: NOTE
     installed size is 6.5Mb
     sub-directories of 1Mb or more:
     libs 6.1Mb
Flavors: r-release-macos-arm64, r-release-macos-x86_64, r-oldrel-macos-arm64, r-oldrel-macos-x86_64