CRAN Package Check Results for Package RcppSMC

Last updated on 2016-08-29 15:47:33.

Flavor Version Tinstall Tcheck Ttotal Status Flags
r-devel-linux-x86_64-debian-clang 0.1.4 14.79 13.00 27.80 NOTE
r-devel-linux-x86_64-debian-gcc 0.1.4 14.78 13.01 27.79 NOTE
r-devel-linux-x86_64-fedora-clang 0.1.4 55.76 NOTE
r-devel-linux-x86_64-fedora-gcc 0.1.4 50.30 NOTE
r-devel-osx-x86_64-clang 0.1.4 39.57 NOTE
r-devel-windows-ix86+x86_64 0.1.4 67.00 36.00 103.00 NOTE
r-patched-linux-x86_64 0.1.4 12.57 12.68 25.26 NOTE
r-patched-solaris-sparc 0.1.4 290.70 NOTE
r-patched-solaris-x86 0.1.4 58.80 NOTE
r-release-linux-x86_64 0.1.4 12.85 13.07 25.92 NOTE
r-release-osx-x86_64-mavericks 0.1.4 NOTE
r-release-windows-ix86+x86_64 0.1.4 47.00 44.00 91.00 NOTE
r-oldrel-windows-ix86+x86_64 0.1.4 62.00 51.00 113.00 OK

Memtest notes: clang-ASAN

Check Details

Version: 0.1.4
Check: R code for possible problems
Result: NOTE
    blockpfGaussianOpt: no visible global function definition for ‘polygon’
    blockpfGaussianOpt: no visible global function definition for ‘lines’
    blockpfGaussianOpt: no visible global function definition for ‘points’
    getPfLineartBSData: no visible global function definition for
     ‘read.table’
    pfLineartBS: no visible global function definition for ‘dev.new’
    pfLineartBS: no visible global function definition for ‘par’
    pfLineartBSOnlinePlot: no visible global function definition for ‘plot’
    simGaussian: no visible global function definition for ‘rnorm’
    simLineart: no visible global function definition for ‘rnorm’
    simLineart: no visible global function definition for ‘rt’
    simNonlin: no visible global function definition for ‘rnorm’
    Undefined global functions or variables:
     dev.new lines par plot points polygon read.table rnorm rt
    Consider adding
     importFrom("grDevices", "dev.new")
     importFrom("graphics", "lines", "par", "plot", "points", "polygon")
     importFrom("stats", "rnorm", "rt")
     importFrom("utils", "read.table")
    to your NAMESPACE file.
Flavors: r-devel-linux-x86_64-debian-clang, r-devel-linux-x86_64-debian-gcc, r-devel-linux-x86_64-fedora-clang, r-devel-linux-x86_64-fedora-gcc, r-devel-osx-x86_64-clang, r-devel-windows-ix86+x86_64, r-patched-linux-x86_64, r-patched-solaris-sparc, r-patched-solaris-x86, r-release-linux-x86_64, r-release-osx-x86_64-mavericks, r-release-windows-ix86+x86_64