Last updated on 2023-12-11 07:49:41 CET.
Flavor | Version | Tinstall | Tcheck | Ttotal | Status | Flags |
---|---|---|---|---|---|---|
r-devel-linux-x86_64-debian-clang | 0.2.7 | 163.07 | 38.12 | 201.19 | NOTE | |
r-devel-linux-x86_64-debian-gcc | 0.2.7 | 110.50 | 27.56 | 138.06 | NOTE | |
r-devel-linux-x86_64-fedora-clang | 0.2.7 | 291.56 | OK | |||
r-devel-linux-x86_64-fedora-gcc | 0.2.7 | 303.92 | OK | |||
r-devel-windows-x86_64 | 0.2.7 | 122.00 | 85.00 | 207.00 | OK | |
r-patched-linux-x86_64 | 0.2.7 | 143.55 | 35.18 | 178.73 | OK | |
r-release-linux-x86_64 | 0.2.7 | 134.46 | 35.31 | 169.77 | OK | |
r-release-macos-arm64 | 0.2.7 | 61.00 | NOTE | |||
r-release-macos-x86_64 | 0.2.7 | 103.00 | NOTE | |||
r-release-windows-x86_64 | 0.2.7 | 153.00 | 85.00 | 238.00 | OK | |
r-oldrel-macos-arm64 | 0.2.7 | 62.00 | NOTE | |||
r-oldrel-macos-x86_64 | 0.2.7 | 79.00 | NOTE | |||
r-oldrel-windows-x86_64 | 0.2.7 | 145.00 | 80.00 | 225.00 | OK |
Version: 0.2.7
Check: Rd files
Result: NOTE
checkRd: (-1) cSMCexamples.Rd:78-80: Lost braces in \itemize; \value handles \item{}{} directly
checkRd: (-1) cSMCexamples.Rd:81-83: Lost braces in \itemize; \value handles \item{}{} directly
checkRd: (-1) cSMCexamples.Rd:89: Lost braces in \itemize; \value handles \item{}{} directly
checkRd: (-1) cSMCexamples.Rd:90: Lost braces in \itemize; \value handles \item{}{} directly
Flavors: r-devel-linux-x86_64-debian-clang, r-devel-linux-x86_64-debian-gcc
Version: 0.2.7
Check: installed package size
Result: NOTE
installed size is 7.3Mb
sub-directories of 1Mb or more:
libs 7.0Mb
Flavors: r-release-macos-arm64, r-release-macos-x86_64, r-oldrel-macos-arm64, r-oldrel-macos-x86_64