CRAN Package Check Results for Package RcppSMC

Last updated on 2016-02-13 17:51:40.

Flavor Version Tinstall Tcheck Ttotal Status Flags
r-devel-linux-x86_64-debian-gcc 0.1.4 12.17 12.13 24.30 NOTE
r-devel-linux-x86_64-fedora-clang 0.1.4 53.22 NOTE
r-devel-linux-x86_64-fedora-gcc 0.1.4 46.49 NOTE
r-devel-osx-x86_64-clang 0.1.4 48.23 NOTE
r-devel-windows-ix86+x86_64 0.1.4 57.00 38.00 95.00 NOTE
r-patched-linux-x86_64 0.1.4 12.35 12.89 25.24 OK
r-patched-solaris-sparc 0.1.4 304.80 OK
r-patched-solaris-x86 0.1.4 62.20 OK
r-release-linux-x86_64 0.1.4 12.35 12.95 25.30 OK
r-release-osx-x86_64-mavericks 0.1.4 OK
r-release-windows-ix86+x86_64 0.1.4 63.00 45.00 108.00 OK
r-oldrel-windows-ix86+x86_64 0.1.4 65.00 44.00 109.00 OK

Memtest notes: clang-ASAN

Check Details

Version: 0.1.4
Check: R code for possible problems
Result: NOTE
    blockpfGaussianOpt: no visible global function definition for ‘polygon’
    blockpfGaussianOpt: no visible global function definition for ‘lines’
    blockpfGaussianOpt: no visible global function definition for ‘points’
    getPfLineartBSData: no visible global function definition for
     ‘read.table’
    pfLineartBS: no visible global function definition for ‘dev.new’
    pfLineartBS: no visible global function definition for ‘par’
    pfLineartBSOnlinePlot: no visible global function definition for ‘plot’
    simGaussian: no visible global function definition for ‘rnorm’
    simLineart: no visible global function definition for ‘rnorm’
    simLineart: no visible global function definition for ‘rt’
    simNonlin: no visible global function definition for ‘rnorm’
    Undefined global functions or variables:
     dev.new lines par plot points polygon read.table rnorm rt
    Consider adding
     importFrom("grDevices", "dev.new")
     importFrom("graphics", "lines", "par", "plot", "points", "polygon")
     importFrom("stats", "rnorm", "rt")
     importFrom("utils", "read.table")
    to your NAMESPACE file.
Flavors: r-devel-linux-x86_64-debian-gcc, r-devel-linux-x86_64-fedora-clang, r-devel-linux-x86_64-fedora-gcc, r-devel-osx-x86_64-clang, r-devel-windows-ix86+x86_64