CRAN Package Check Results for Package RcppSMC

Last updated on 2017-09-20 06:49:45.

Flavor Version Tinstall Tcheck Ttotal Status Flags
r-devel-linux-x86_64-debian-clang 0.2.0 75.48 18.26 93.74 NOTE
r-devel-linux-x86_64-debian-gcc 0.2.0 84.24 18.14 102.38 OK
r-devel-linux-x86_64-fedora-clang 0.2.0 195.08 NOTE
r-devel-linux-x86_64-fedora-gcc 0.2.0 195.50 NOTE
r-devel-windows-ix86+x86_64 0.2.0 229.00 73.00 302.00 OK
r-patched-linux-x86_64 0.2.0 82.88 17.93 100.81 OK
r-patched-solaris-x86 0.2.0 13.10 ERROR
r-release-linux-x86_64 0.2.0 83.38 18.09 101.47 OK
r-release-windows-ix86+x86_64 0.2.0 224.00 69.00 293.00 OK
r-release-osx-x86_64 0.2.0 OK
r-oldrel-windows-ix86+x86_64 0.2.0 207.00 58.00 265.00 OK
r-oldrel-osx-x86_64 0.2.0 NOTE

Check Details

Version: 0.2.0
Check: foreign function calls
Result: NOTE
    Registration problems:
     symbol ‘`_RcppSMC_LinRegLA_adapt_impl`’ not in namespace:
     .Call(`_RcppSMC_LinRegLA_adapt_impl`, Data, lNumber, resampTol,
     tempTol)
     symbol ‘`_RcppSMC_LinRegLA_impl`’ not in namespace:
     .Call(`_RcppSMC_LinRegLA_impl`, Data, intemps, lNumber)
     symbol ‘`_RcppSMC_LinReg_impl`’ not in namespace:
     .Call(`_RcppSMC_LinReg_impl`, Data, lNumber)
     symbol ‘`_RcppSMC_blockpfGaussianOpt_impl`’ not in namespace:
     .Call(`_RcppSMC_blockpfGaussianOpt_impl`, data, part, lag)
     symbol ‘`_RcppSMC_nonLinPMMH_impl`’ not in namespace:
     .Call(`_RcppSMC_nonLinPMMH_impl`, data, lNumber, lMCMCits)
     symbol ‘`_RcppSMC_pfLineartBS_impl`’ not in namespace:
     .Call(`_RcppSMC_pfLineartBS_impl`, data, part, usef, fun)
     symbol ‘`_RcppSMC_pfNonlinBS_impl`’ not in namespace:
     .Call(`_RcppSMC_pfNonlinBS_impl`, data, part)
    See chapter ‘System and foreign language interfaces’ in the ‘Writing R
    Extensions’ manual.
Flavor: r-devel-linux-x86_64-debian-clang

Version: 0.2.0
Check: installed package size
Result: NOTE
     installed size is 6.0Mb
     sub-directories of 1Mb or more:
     libs 5.7Mb
Flavors: r-devel-linux-x86_64-fedora-clang, r-devel-linux-x86_64-fedora-gcc, r-oldrel-osx-x86_64

Version: 0.2.0
Check: whether package can be installed
Result: ERROR
    Installation failed.
Flavor: r-patched-solaris-x86