CRAN Package Check Results for Package RcppSMC

Last updated on 2015-06-30 12:47:30.

Flavor Version Tinstall Tcheck Ttotal Status Flags
r-devel-linux-x86_64-debian-clang 0.1.4 12.34 12.82 25.16 NOTE
r-devel-linux-x86_64-debian-gcc 0.1.4 13.90 13.14 27.05 NOTE
r-devel-linux-x86_64-fedora-clang 0.1.4 55.52 OK
r-devel-linux-x86_64-fedora-gcc 0.1.4 48.56 OK
r-devel-osx-x86_64-clang 0.1.4 46.91 OK
r-devel-windows-ix86+x86_64 0.1.4 62.00 38.00 100.00 NOTE
r-patched-linux-x86_64 0.1.4 13.72 13.23 26.95 OK
r-patched-solaris-sparc 0.1.4 336.40 OK
r-patched-solaris-x86 0.1.4 72.20 OK
r-release-linux-x86_64 0.1.4 13.67 12.93 26.60 OK
r-release-osx-x86_64-mavericks 0.1.4 OK
r-release-windows-ix86+x86_64 0.1.4 57.00 52.00 109.00 OK
r-oldrel-windows-ix86+x86_64 0.1.4 62.00 42.00 104.00 OK

Check Details

Version: 0.1.4
Check: R code for possible problems
Result: NOTE
    blockpfGaussianOpt: no visible global function definition for ‘polygon’
    blockpfGaussianOpt: no visible global function definition for ‘lines’
    blockpfGaussianOpt: no visible global function definition for ‘points’
    getPfLineartBSData: no visible global function definition for
     ‘read.table’
    pfLineartBS: no visible global function definition for ‘dev.new’
    pfLineartBS: no visible global function definition for ‘par’
    pfLineartBSOnlinePlot: no visible global function definition for ‘plot’
    simGaussian: no visible global function definition for ‘rnorm’
    simLineart: no visible global function definition for ‘rnorm’
    simLineart: no visible global function definition for ‘rt’
    simNonlin: no visible global function definition for ‘rnorm’
Flavors: r-devel-linux-x86_64-debian-clang, r-devel-linux-x86_64-debian-gcc, r-devel-windows-ix86+x86_64