CRAN Package Check Results for Package RcppSMC

Last updated on 2017-02-25 08:49:39.

Flavor Version Tinstall Tcheck Ttotal Status Flags
r-devel-linux-x86_64-debian-clang 0.1.4 15.50 15.05 30.55 NOTE
r-devel-linux-x86_64-debian-gcc 0.1.4 15.05 15.29 30.33 NOTE
r-devel-linux-x86_64-fedora-clang 0.1.4 58.59 NOTE --no-stop-on-test-error
r-devel-linux-x86_64-fedora-gcc 0.1.4 53.29 NOTE --no-stop-on-test-error
r-devel-macos-x86_64-clang 0.1.4 42.87 NOTE --no-stop-on-test-error
r-devel-windows-ix86+x86_64 0.1.4 66.00 61.00 127.00 NOTE
r-patched-linux-x86_64 0.1.4 12.61 13.03 25.64 NOTE
r-patched-solaris-sparc 0.1.4 293.90 NOTE
r-patched-solaris-x86 0.1.4 61.20 NOTE
r-release-linux-x86_64 0.1.4 12.84 13.19 26.04 NOTE
r-release-osx-x86_64-mavericks 0.1.4 NOTE
r-release-windows-ix86+x86_64 0.1.4 68.00 59.00 127.00 NOTE
r-oldrel-windows-ix86+x86_64 0.1.4 87.00 81.00 168.00 OK

Memtest notes: clang-ASAN

Check Details

Version: 0.1.4
Check: R code for possible problems
Result: NOTE
    blockpfGaussianOpt: no visible global function definition for ‘polygon’
    blockpfGaussianOpt: no visible global function definition for ‘lines’
    blockpfGaussianOpt: no visible global function definition for ‘points’
    getPfLineartBSData: no visible global function definition for
     ‘read.table’
    pfLineartBS: no visible global function definition for ‘dev.new’
    pfLineartBS: no visible global function definition for ‘par’
    pfLineartBSOnlinePlot: no visible global function definition for ‘plot’
    simGaussian: no visible global function definition for ‘rnorm’
    simLineart: no visible global function definition for ‘rnorm’
    simLineart: no visible global function definition for ‘rt’
    simNonlin: no visible global function definition for ‘rnorm’
    Undefined global functions or variables:
     dev.new lines par plot points polygon read.table rnorm rt
    Consider adding
     importFrom("grDevices", "dev.new")
     importFrom("graphics", "lines", "par", "plot", "points", "polygon")
     importFrom("stats", "rnorm", "rt")
     importFrom("utils", "read.table")
    to your NAMESPACE file.
Flavors: r-devel-linux-x86_64-debian-clang, r-devel-linux-x86_64-debian-gcc, r-devel-windows-ix86+x86_64, r-patched-linux-x86_64, r-patched-solaris-sparc, r-patched-solaris-x86, r-release-linux-x86_64, r-release-osx-x86_64-mavericks, r-release-windows-ix86+x86_64

Version: 0.1.4
Check: compiled code
Result: NOTE
    File ‘RcppSMC/libs/RcppSMC.so’:
     Found no calls to: ‘R_registerRoutines’, ‘R_useDynamicSymbols’
    
    It is good practice to register native routines and to disable symbol
    search.
    
    See ‘Writing portable packages’ in the ‘Writing R Extensions’ manual.
Flavors: r-devel-linux-x86_64-debian-clang, r-devel-linux-x86_64-debian-gcc

Version: 0.1.4
Flags: --no-stop-on-test-error
Check: R code for possible problems
Result: NOTE
    blockpfGaussianOpt: no visible global function definition for ‘polygon’
    blockpfGaussianOpt: no visible global function definition for ‘lines’
    blockpfGaussianOpt: no visible global function definition for ‘points’
    getPfLineartBSData: no visible global function definition for
     ‘read.table’
    pfLineartBS: no visible global function definition for ‘dev.new’
    pfLineartBS: no visible global function definition for ‘par’
    pfLineartBSOnlinePlot: no visible global function definition for ‘plot’
    simGaussian: no visible global function definition for ‘rnorm’
    simLineart: no visible global function definition for ‘rnorm’
    simLineart: no visible global function definition for ‘rt’
    simNonlin: no visible global function definition for ‘rnorm’
    Undefined global functions or variables:
     dev.new lines par plot points polygon read.table rnorm rt
    Consider adding
     importFrom("grDevices", "dev.new")
     importFrom("graphics", "lines", "par", "plot", "points", "polygon")
     importFrom("stats", "rnorm", "rt")
     importFrom("utils", "read.table")
    to your NAMESPACE file.
Flavors: r-devel-linux-x86_64-fedora-clang, r-devel-linux-x86_64-fedora-gcc, r-devel-macos-x86_64-clang

Version: 0.1.4
Flags: --no-stop-on-test-error
Check: compiled code
Result: NOTE
    File ‘RcppSMC/libs/RcppSMC.so’:
     Found no calls to: ‘R_registerRoutines’, ‘R_useDynamicSymbols’
    
    It is good practice to register native routines and to disable symbol
    search.
    
    See ‘Writing portable packages’ in the ‘Writing R Extensions’ manual.
Flavors: r-devel-linux-x86_64-fedora-clang, r-devel-linux-x86_64-fedora-gcc, r-devel-macos-x86_64-clang