CRAN Package Check Results for Package RcppSMC

Last updated on 2017-11-22 05:49:21 CET.

Flavor Version Tinstall Tcheck Ttotal Status Flags
r-devel-linux-x86_64-debian-clang 0.2.0 75.87 16.80 92.67 OK
r-devel-linux-x86_64-debian-gcc 0.2.0 90.19 37.97 128.16 OK
r-devel-linux-x86_64-fedora-clang 0.2.0 191.31 NOTE
r-devel-linux-x86_64-fedora-gcc 0.2.0 222.51 NOTE
r-devel-windows-ix86+x86_64 0.2.0 217.00 62.00 279.00 OK
r-patched-linux-x86_64 0.2.0 83.26 17.45 100.71 OK
r-patched-solaris-x86 0.2.0 13.30 ERROR
r-release-linux-x86_64 0.2.0 83.36 17.52 100.89 OK
r-release-windows-ix86+x86_64 0.2.0 232.00 59.00 291.00 OK
r-release-osx-x86_64 0.2.0 OK
r-oldrel-windows-ix86+x86_64 0.2.0 205.00 80.00 285.00 OK
r-oldrel-osx-x86_64 0.2.0 NOTE

Check Details

Version: 0.2.0
Check: installed package size
Result: NOTE
     installed size is 6.0Mb
     sub-directories of 1Mb or more:
     libs 5.8Mb
Flavors: r-devel-linux-x86_64-fedora-clang, r-devel-linux-x86_64-fedora-gcc, r-oldrel-osx-x86_64

Version: 0.2.0
Check: whether package can be installed
Result: ERROR
    Installation failed.
Flavor: r-patched-solaris-x86