CRAN Package Check Results for Package RcppXts

Last updated on 2014-04-24 23:48:10.

Flavor Version Tinstall Tcheck Ttotal Status Flags
r-devel-linux-x86_64-debian-clang 0.0.4 4.84 18.09 22.93 NOTE
r-devel-linux-x86_64-debian-gcc 0.0.4 5.82 18.21 24.02 NOTE
r-devel-linux-x86_64-fedora-clang 0.0.4 47.69 NOTE
r-devel-linux-x86_64-fedora-gcc 0.0.4 46.87 NOTE
r-devel-osx-x86_64-clang 0.0.4 46.07 NOTE
r-devel-osx-x86_64-gcc 0.0.4 ERROR
r-devel-windows-ix86+x86_64 0.0.4 20.00 46.00 66.00 NOTE
r-patched-linux-x86_64 0.0.4 5.74 18.12 23.86 NOTE
r-patched-solaris-sparc 0.0.4 272.00 NOTE
r-patched-solaris-x86 0.0.4 66.40 NOTE
r-release-linux-ix86 0.0.4 9.00 35.00 44.00 NOTE
r-release-linux-x86_64 0.0.4 5.94 18.18 24.12 NOTE
r-release-osx-x86_64-mavericks 0.0.4 WARN
r-release-osx-x86_64-snowleopard 0.0.4 NOTE
r-release-windows-ix86+x86_64 0.0.4 19.00 44.00 63.00 NOTE
r-oldrel-windows-ix86+x86_64 0.0.4 21.00 46.00 67.00 NOTE

Check Details

Version: 0.0.4
Check: dependencies in R code
Result: NOTE
    Package in Depends field not imported from: ‘methods’
     These packages need to be imported from (in the NAMESPACE file)
     for when this namespace is loaded but not attached.
    See the information on DESCRIPTION files in the chapter ‘Creating R
    packages’ of the ‘Writing R Extensions’ manual.
Flavors: r-devel-linux-x86_64-debian-clang, r-devel-linux-x86_64-debian-gcc, r-devel-linux-x86_64-fedora-clang, r-devel-linux-x86_64-fedora-gcc, r-devel-osx-x86_64-clang, r-devel-windows-ix86+x86_64, r-patched-linux-x86_64, r-patched-solaris-sparc, r-patched-solaris-x86, r-release-linux-ix86, r-release-linux-x86_64, r-release-osx-x86_64-mavericks, r-release-windows-ix86+x86_64, r-oldrel-windows-ix86+x86_64

Version: 0.0.4
Check: package dependencies
Result: ERROR
    Package required but not available: ‘xts’
    
    See the information on DESCRIPTION files in the chapter ‘Creating R
    packages’ of the ‘Writing R Extensions’ manual.
Flavor: r-devel-osx-x86_64-gcc

Version: 0.0.4
Check: PDF version of manual
Result: WARNING
    LaTeX errors when creating PDF version.
    This typically indicates Rd problems.
    LaTeX errors found:
    ! LaTeX Error: File `upquote.sty' not found.
    
    Type X to quit or <RETURN> to proceed,
    or enter new name. (Default extension: sty)
    
    b7eb5b3/Rd2.tex:8: ==> Fatal error occurred, no output PDF file produced!
Flavor: r-release-osx-x86_64-mavericks

Version: 0.0.4
Check: dependencies in R code
Result: NOTE
    Package in Depends field not imported from: 'methods'
     These packages need to be imported from for the case when
     this namespace is loaded but not attached.
    See the information on DESCRIPTION files in the chapter 'Creating R
    packages' of the 'Writing R Extensions' manual.
Flavor: r-release-osx-x86_64-snowleopard