CRAN Package Check Results for Package RcppXts

Last updated on 2015-01-31 17:49:46.

Flavor Version Tinstall Tcheck Ttotal Status Flags
r-devel-linux-x86_64-debian-clang 0.0.4 4.60 14.02 18.62 NOTE
r-devel-linux-x86_64-debian-gcc 0.0.4 5.31 13.92 19.23 NOTE
r-devel-linux-x86_64-fedora-clang 0.0.4 44.62 NOTE
r-devel-linux-x86_64-fedora-gcc 0.0.4 43.42 NOTE
r-devel-osx-x86_64-clang 0.0.4 44.25 NOTE
r-devel-windows-ix86+x86_64 0.0.4 30.00 40.00 70.00 NOTE
r-patched-linux-x86_64 0.0.4 5.82 17.59 23.41 NOTE
r-patched-solaris-sparc 0.0.4 296.50 NOTE
r-patched-solaris-x86 0.0.4 66.70 NOTE
r-release-linux-ix86 0.0.4 7.19 24.29 31.48 NOTE
r-release-linux-x86_64 0.0.4 6.20 18.31 24.52 NOTE
r-release-osx-x86_64-mavericks 0.0.4 NOTE
r-release-osx-x86_64-snowleopard 0.0.4 NOTE
r-release-windows-ix86+x86_64 0.0.4 22.00 51.00 73.00 NOTE
r-oldrel-windows-ix86+x86_64 0.0.4 22.00 49.00 71.00 NOTE

Check Details

Version: 0.0.4
Check: dependencies in R code
Result: NOTE
    Package in Depends field not imported from: ‘methods’
     These packages need to be imported from (in the NAMESPACE file)
     for when this namespace is loaded but not attached.
Flavors: r-devel-linux-x86_64-debian-clang, r-devel-linux-x86_64-debian-gcc, r-devel-linux-x86_64-fedora-clang, r-devel-linux-x86_64-fedora-gcc, r-devel-osx-x86_64-clang, r-devel-windows-ix86+x86_64

Version: 0.0.4
Check: dependencies in R code
Result: NOTE
    Package in Depends field not imported from: ‘methods’
     These packages need to be imported from (in the NAMESPACE file)
     for when this namespace is loaded but not attached.
    See the information on DESCRIPTION files in the chapter ‘Creating R
    packages’ of the ‘Writing R Extensions’ manual.
Flavors: r-patched-linux-x86_64, r-patched-solaris-sparc, r-patched-solaris-x86, r-release-linux-ix86, r-release-linux-x86_64, r-release-osx-x86_64-mavericks, r-release-windows-ix86+x86_64, r-oldrel-windows-ix86+x86_64

Version: 0.0.4
Check: dependencies in R code
Result: NOTE
    Package in Depends field not imported from: 'methods'
     These packages need to be imported from for the case when
     this namespace is loaded but not attached.
    See the information on DESCRIPTION files in the chapter 'Creating R
    packages' of the 'Writing R Extensions' manual.
Flavor: r-release-osx-x86_64-snowleopard