CRAN Package Check Results for Package RcppXts

Last updated on 2016-06-26 00:47:17.

Flavor Version Tinstall Tcheck Ttotal Status Flags
r-devel-linux-x86_64-debian-gcc 0.0.4 6.36 14.43 20.79 NOTE
r-devel-linux-x86_64-fedora-clang 0.0.4 34.77 NOTE
r-devel-linux-x86_64-fedora-gcc 0.0.4 31.05 NOTE
r-devel-osx-x86_64-clang 0.0.4 28.19 NOTE
r-devel-windows-ix86+x86_64 0.0.4 33.00 52.00 85.00 NOTE
r-patched-linux-x86_64 0.0.4 5.63 14.26 19.89 NOTE
r-patched-solaris-sparc 0.0.4 207.20 NOTE
r-patched-solaris-x86 0.0.4 47.00 NOTE
r-release-linux-x86_64 0.0.4 5.26 14.13 19.39 NOTE
r-release-osx-x86_64-mavericks 0.0.4 NOTE
r-release-windows-ix86+x86_64 0.0.4 29.00 42.00 71.00 NOTE
r-oldrel-windows-ix86+x86_64 0.0.4 33.00 59.00 92.00 NOTE

Check Details

Version: 0.0.4
Check: dependencies in R code
Result: NOTE
    Package in Depends field not imported from: ‘methods’
     These packages need to be imported from (in the NAMESPACE file)
     for when this namespace is loaded but not attached.
Flavors: r-devel-linux-x86_64-debian-gcc, r-devel-linux-x86_64-fedora-clang, r-devel-linux-x86_64-fedora-gcc, r-devel-osx-x86_64-clang, r-devel-windows-ix86+x86_64, r-patched-linux-x86_64, r-patched-solaris-sparc, r-patched-solaris-x86, r-release-linux-x86_64, r-release-osx-x86_64-mavericks, r-release-windows-ix86+x86_64, r-oldrel-windows-ix86+x86_64

Version: 0.0.4
Check: installed package size
Result: NOTE
     installed size is 5.0Mb
     sub-directories of 1Mb or more:
     libs 5.0Mb
Flavor: r-patched-solaris-sparc