CRAN Package Check Results for Package RcppXts

Last updated on 2014-07-23 11:49:45.

Flavor Version Tinstall Tcheck Ttotal Status Flags
r-devel-linux-x86_64-debian-clang 0.0.4 4.50 16.74 21.24 NOTE
r-devel-linux-x86_64-debian-gcc 0.0.4 5.53 17.25 22.78 NOTE
r-devel-linux-x86_64-fedora-clang 0.0.4 48.19 NOTE
r-devel-linux-x86_64-fedora-gcc 0.0.4 46.35 NOTE
r-devel-osx-x86_64-clang 0.0.4 44.15 NOTE
r-devel-windows-ix86+x86_64 0.0.4 22.00 40.00 62.00 NOTE
r-patched-linux-x86_64 0.0.4 5.62 17.01 22.63 NOTE
r-patched-solaris-sparc 0.0.4 272.00 NOTE
r-patched-solaris-x86 0.0.4 66.20 NOTE
r-release-linux-ix86 0.0.4 7.42 26.00 33.41 NOTE
r-release-linux-x86_64 0.0.4 5.66 17.86 23.52 NOTE
r-release-osx-x86_64-mavericks 0.0.4 NOTE
r-release-osx-x86_64-snowleopard 0.0.4 NOTE
r-release-windows-ix86+x86_64 0.0.4 20.00 42.00 62.00 NOTE
r-oldrel-windows-ix86+x86_64 0.0.4 19.00 48.00 67.00 NOTE

Check Details

Version: 0.0.4
Check: dependencies in R code
Result: NOTE
    Package in Depends field not imported from: ‘methods’
     These packages need to be imported from (in the NAMESPACE file)
     for when this namespace is loaded but not attached.
    See the information on DESCRIPTION files in the chapter ‘Creating R
    packages’ of the ‘Writing R Extensions’ manual.
Flavors: r-devel-linux-x86_64-debian-clang, r-devel-linux-x86_64-debian-gcc, r-devel-linux-x86_64-fedora-clang, r-devel-linux-x86_64-fedora-gcc, r-devel-osx-x86_64-clang, r-devel-windows-ix86+x86_64, r-patched-linux-x86_64, r-patched-solaris-sparc, r-patched-solaris-x86, r-release-linux-ix86, r-release-linux-x86_64, r-release-osx-x86_64-mavericks, r-release-windows-ix86+x86_64, r-oldrel-windows-ix86+x86_64

Version: 0.0.4
Check: dependencies in R code
Result: NOTE
    Package in Depends field not imported from: 'methods'
     These packages need to be imported from for the case when
     this namespace is loaded but not attached.
    See the information on DESCRIPTION files in the chapter 'Creating R
    packages' of the 'Writing R Extensions' manual.
Flavor: r-release-osx-x86_64-snowleopard