CRAN Package Check Results for Package RcppXts

Last updated on 2017-06-25 22:48:20.

Flavor Version Tinstall Tcheck Ttotal Status Flags
r-devel-linux-x86_64-debian-clang 0.0.4 5.79 17.75 23.54 NOTE
r-devel-linux-x86_64-debian-gcc 0.0.4 6.27 17.87 24.14 NOTE
r-devel-linux-x86_64-fedora-clang 0.0.4 42.59 NOTE
r-devel-linux-x86_64-fedora-gcc 0.0.4 41.67 NOTE
r-devel-windows-ix86+x86_64 0.0.4 32.00 75.00 107.00 NOTE
r-patched-linux-x86_64 0.0.4 5.87 17.67 23.53 NOTE
r-patched-solaris-sparc 0.0.4 240.90 NOTE
r-patched-solaris-x86 0.0.4 57.00 NOTE
r-release-linux-x86_64 0.0.4 6.30 17.65 23.95 NOTE
r-release-windows-ix86+x86_64 0.0.4 35.00 80.00 115.00 NOTE
r-release-osx-x86_64 0.0.4 NOTE
r-oldrel-windows-ix86+x86_64 0.0.4 23.00 83.00 106.00 NOTE
r-oldrel-osx-x86_64 0.0.4 NOTE

Check Details

Version: 0.0.4
Check: dependencies in R code
Result: NOTE
    Package in Depends field not imported from: ‘methods’
     These packages need to be imported from (in the NAMESPACE file)
     for when this namespace is loaded but not attached.
Flavors: r-devel-linux-x86_64-debian-clang, r-devel-linux-x86_64-debian-gcc, r-devel-linux-x86_64-fedora-clang, r-devel-linux-x86_64-fedora-gcc, r-devel-windows-ix86+x86_64, r-patched-linux-x86_64, r-patched-solaris-sparc, r-patched-solaris-x86, r-release-linux-x86_64, r-release-windows-ix86+x86_64, r-release-osx-x86_64, r-oldrel-windows-ix86+x86_64, r-oldrel-osx-x86_64

Version: 0.0.4
Check: compiled code
Result: NOTE
    File ‘RcppXts/libs/RcppXts.so’:
     Found no calls to: ‘R_registerRoutines’, ‘R_useDynamicSymbols’
    
    It is good practice to register native routines and to disable symbol
    search.
    
    See ‘Writing portable packages’ in the ‘Writing R Extensions’ manual.
Flavors: r-devel-linux-x86_64-debian-clang, r-devel-linux-x86_64-debian-gcc, r-devel-linux-x86_64-fedora-clang, r-devel-linux-x86_64-fedora-gcc, r-patched-linux-x86_64, r-release-linux-x86_64