CRAN Package Check Results for Package RcppXts

Last updated on 2017-04-24 08:48:13.

Flavor Version Tinstall Tcheck Ttotal Status Flags
r-devel-linux-x86_64-debian-clang 0.0.4 5.75 18.27 24.02 NOTE
r-devel-linux-x86_64-debian-gcc 0.0.4 6.29 18.27 24.55 NOTE
r-devel-linux-x86_64-fedora-clang 0.0.4 42.24 NOTE --no-stop-on-test-error
r-devel-linux-x86_64-fedora-gcc 0.0.4 42.76 NOTE --no-stop-on-test-error
r-devel-windows-ix86+x86_64 0.0.4 30.00 76.00 106.00 NOTE
r-patched-linux-x86_64 0.0.4 5.40 18.20 23.60 NOTE
r-patched-solaris-sparc 0.0.4 240.90 NOTE
r-patched-solaris-x86 0.0.4 56.40 NOTE
r-release-linux-x86_64 0.0.4 5.52 18.19 23.71 NOTE
r-release-windows-ix86+x86_64 0.0.4 20.00 58.00 78.00 NOTE
r-release-osx-x86_64 0.0.4 NOTE
r-oldrel-windows-ix86+x86_64 0.0.4 21.00 48.00 69.00 NOTE
r-oldrel-osx-x86_64 0.0.4 NOTE

Check Details

Version: 0.0.4
Check: dependencies in R code
Result: NOTE
    Package in Depends field not imported from: ‘methods’
     These packages need to be imported from (in the NAMESPACE file)
     for when this namespace is loaded but not attached.
Flavors: r-devel-linux-x86_64-debian-clang, r-devel-linux-x86_64-debian-gcc, r-devel-windows-ix86+x86_64, r-patched-linux-x86_64, r-patched-solaris-sparc, r-patched-solaris-x86, r-release-linux-x86_64, r-release-windows-ix86+x86_64, r-release-osx-x86_64, r-oldrel-windows-ix86+x86_64, r-oldrel-osx-x86_64

Version: 0.0.4
Check: compiled code
Result: NOTE
    File ‘RcppXts/libs/RcppXts.so’:
     Found no calls to: ‘R_registerRoutines’, ‘R_useDynamicSymbols’
    
    It is good practice to register native routines and to disable symbol
    search.
    
    See ‘Writing portable packages’ in the ‘Writing R Extensions’ manual.
Flavors: r-devel-linux-x86_64-debian-clang, r-devel-linux-x86_64-debian-gcc, r-patched-linux-x86_64, r-release-linux-x86_64

Version: 0.0.4
Flags: --no-stop-on-test-error
Check: dependencies in R code
Result: NOTE
    Package in Depends field not imported from: ‘methods’
     These packages need to be imported from (in the NAMESPACE file)
     for when this namespace is loaded but not attached.
Flavors: r-devel-linux-x86_64-fedora-clang, r-devel-linux-x86_64-fedora-gcc

Version: 0.0.4
Flags: --no-stop-on-test-error
Check: compiled code
Result: NOTE
    File ‘RcppXts/libs/RcppXts.so’:
     Found no calls to: ‘R_registerRoutines’, ‘R_useDynamicSymbols’
    
    It is good practice to register native routines and to disable symbol
    search.
    
    See ‘Writing portable packages’ in the ‘Writing R Extensions’ manual.
Flavors: r-devel-linux-x86_64-fedora-clang, r-devel-linux-x86_64-fedora-gcc