CRAN Package Check Results for Package RcppXts

Last updated on 2017-10-17 01:48:11.

Flavor Version Tinstall Tcheck Ttotal Status Flags
r-devel-linux-x86_64-debian-clang 0.0.4 5.80 18.65 24.46 NOTE
r-devel-linux-x86_64-debian-gcc 0.0.4 5.70 21.27 26.97 NOTE
r-devel-linux-x86_64-fedora-clang 0.0.4 43.22 NOTE
r-devel-linux-x86_64-fedora-gcc 0.0.4 42.30 NOTE
r-devel-windows-ix86+x86_64 0.0.4 21.00 56.00 77.00 NOTE
r-patched-linux-x86_64 0.0.4 6.50 17.88 24.38 NOTE
r-patched-solaris-x86 0.0.4 58.70 NOTE
r-release-linux-x86_64 0.0.4 6.16 17.82 23.98 NOTE
r-release-windows-ix86+x86_64 0.0.4 34.00 57.00 91.00 NOTE
r-release-osx-x86_64 0.0.4 NOTE
r-oldrel-windows-ix86+x86_64 0.0.4 29.00 62.00 91.00 NOTE
r-oldrel-osx-x86_64 0.0.4 NOTE

Check Details

Version: 0.0.4
Check: dependencies in R code
Result: NOTE
    Package in Depends field not imported from: ‘methods’
     These packages need to be imported from (in the NAMESPACE file)
     for when this namespace is loaded but not attached.
Flavors: r-devel-linux-x86_64-debian-clang, r-devel-linux-x86_64-debian-gcc, r-devel-linux-x86_64-fedora-clang, r-devel-linux-x86_64-fedora-gcc, r-devel-windows-ix86+x86_64, r-patched-linux-x86_64, r-patched-solaris-x86, r-release-linux-x86_64, r-release-windows-ix86+x86_64, r-release-osx-x86_64, r-oldrel-windows-ix86+x86_64, r-oldrel-osx-x86_64

Version: 0.0.4
Check: compiled code
Result: NOTE
    File ‘RcppXts/libs/RcppXts.so’:
     Found no calls to: ‘R_registerRoutines’, ‘R_useDynamicSymbols’
    
    It is good practice to register native routines and to disable symbol
    search.
    
    See ‘Writing portable packages’ in the ‘Writing R Extensions’ manual.
Flavors: r-devel-linux-x86_64-debian-clang, r-devel-linux-x86_64-debian-gcc, r-devel-linux-x86_64-fedora-clang, r-devel-linux-x86_64-fedora-gcc, r-patched-linux-x86_64, r-release-linux-x86_64