CRAN Package Check Results for Package RcppXts

Last updated on 2015-05-25 10:47:20.

Flavor Version Tinstall Tcheck Ttotal Status Flags
r-devel-linux-x86_64-debian-clang 0.0.4 4.59 14.30 18.89 NOTE
r-devel-linux-x86_64-debian-gcc 0.0.4 5.39 14.18 19.58 NOTE
r-devel-linux-x86_64-fedora-clang 0.0.4 39.37 NOTE
r-devel-linux-x86_64-fedora-gcc 0.0.4 37.75 NOTE
r-devel-osx-x86_64-clang 0.0.4 37.82 NOTE
r-devel-windows-ix86+x86_64 0.0.4 22.00 42.00 64.00 NOTE
r-patched-linux-x86_64 0.0.4 5.51 14.15 19.66 NOTE
r-patched-solaris-sparc 0.0.4 250.80 NOTE
r-patched-solaris-x86 0.0.4 56.30 NOTE
r-release-linux-x86_64 0.0.4 6.16 14.37 20.52 NOTE
r-release-osx-x86_64-mavericks 0.0.4 NOTE
r-release-osx-x86_64-snowleopard 0.0.4 ERROR
r-release-windows-ix86+x86_64 0.0.4 22.00 42.00 64.00 NOTE
r-oldrel-windows-ix86+x86_64 0.0.4 22.00 49.00 71.00 NOTE

Check Details

Version: 0.0.4
Check: dependencies in R code
Result: NOTE
    Package in Depends field not imported from: ‘methods’
     These packages need to be imported from (in the NAMESPACE file)
     for when this namespace is loaded but not attached.
Flavors: r-devel-linux-x86_64-debian-clang, r-devel-linux-x86_64-debian-gcc, r-devel-linux-x86_64-fedora-clang, r-devel-linux-x86_64-fedora-gcc, r-devel-osx-x86_64-clang, r-devel-windows-ix86+x86_64, r-patched-linux-x86_64, r-patched-solaris-sparc, r-patched-solaris-x86, r-release-linux-x86_64, r-release-osx-x86_64-mavericks, r-release-windows-ix86+x86_64, r-oldrel-windows-ix86+x86_64

Version: 0.0.4
Check: package dependencies
Result: ERROR
    Package required but not available: ‘xts’
    
    See section ‘The DESCRIPTION file’ in the ‘Writing R Extensions’
    manual.
Flavor: r-release-osx-x86_64-snowleopard