CRAN Package Check Results for Package RcppXts

Last updated on 2016-12-10 16:47:26.

Flavor Version Tinstall Tcheck Ttotal Status Flags
r-devel-linux-x86_64-debian-clang 0.0.4 5.53 17.09 22.62 NOTE
r-devel-linux-x86_64-debian-gcc 0.0.4 6.08 17.12 23.20 NOTE
r-devel-linux-x86_64-fedora-clang 0.0.4 41.49 NOTE --no-stop-on-test-error
r-devel-linux-x86_64-fedora-gcc 0.0.4 40.76 NOTE --no-stop-on-test-error
r-devel-macos-x86_64-clang 0.0.4 33.12 NOTE --no-stop-on-test-error
r-devel-windows-ix86+x86_64 0.0.4 23.00 47.00 70.00 NOTE
r-patched-linux-x86_64 0.0.4 5.08 13.91 18.99 NOTE
r-patched-solaris-sparc 0.0.4 200.50 NOTE
r-patched-solaris-x86 0.0.4 45.90 NOTE
r-release-linux-x86_64 0.0.4 5.02 13.65 18.67 NOTE
r-release-osx-x86_64-mavericks 0.0.4 NOTE
r-release-windows-ix86+x86_64 0.0.4 31.00 42.00 73.00 NOTE
r-oldrel-windows-ix86+x86_64 0.0.4 33.00 49.00 82.00 NOTE

Check Details

Version: 0.0.4
Check: dependencies in R code
Result: NOTE
    Package in Depends field not imported from: ‘methods’
     These packages need to be imported from (in the NAMESPACE file)
     for when this namespace is loaded but not attached.
Flavors: r-devel-linux-x86_64-debian-clang, r-devel-linux-x86_64-debian-gcc, r-devel-windows-ix86+x86_64, r-patched-linux-x86_64, r-patched-solaris-sparc, r-patched-solaris-x86, r-release-linux-x86_64, r-release-osx-x86_64-mavericks, r-release-windows-ix86+x86_64, r-oldrel-windows-ix86+x86_64

Version: 0.0.4
Flags: --no-stop-on-test-error
Check: dependencies in R code
Result: NOTE
    Package in Depends field not imported from: ‘methods’
     These packages need to be imported from (in the NAMESPACE file)
     for when this namespace is loaded but not attached.
Flavors: r-devel-linux-x86_64-fedora-clang, r-devel-linux-x86_64-fedora-gcc, r-devel-macos-x86_64-clang