CRAN Package Check Results for Package RcppXts

Last updated on 2015-03-06 12:46:49.

Flavor Version Tinstall Tcheck Ttotal Status Flags
r-devel-linux-x86_64-debian-clang 0.0.4 4.41 14.53 18.94 NOTE
r-devel-linux-x86_64-debian-gcc 0.0.4 5.34 20.25 25.59 NOTE
r-devel-linux-x86_64-fedora-clang 0.0.4 38.25 NOTE
r-devel-linux-x86_64-fedora-gcc 0.0.4 36.81 NOTE
r-devel-osx-x86_64-clang 0.0.4 37.40 NOTE
r-devel-windows-ix86+x86_64 0.0.4 21.00 37.00 58.00 NOTE
r-patched-linux-x86_64 0.0.4 5.69 17.70 23.39 NOTE
r-patched-solaris-sparc 0.0.4 299.70 NOTE
r-patched-solaris-x86 0.0.4 68.50 NOTE
r-release-linux-ix86 0.0.4 7.78 28.61 36.39 NOTE
r-release-linux-x86_64 0.0.4 5.78 18.21 23.99 NOTE
r-release-osx-x86_64-mavericks 0.0.4 NOTE
r-release-osx-x86_64-snowleopard 0.0.4 NOTE
r-release-windows-ix86+x86_64 0.0.4 23.00 50.00 73.00 NOTE
r-oldrel-windows-ix86+x86_64 0.0.4 23.00 49.00 72.00 NOTE

Check Details

Version: 0.0.4
Check: dependencies in R code
Result: NOTE
    Package in Depends field not imported from: ‘methods’
     These packages need to be imported from (in the NAMESPACE file)
     for when this namespace is loaded but not attached.
Flavors: r-devel-linux-x86_64-debian-clang, r-devel-linux-x86_64-debian-gcc, r-devel-linux-x86_64-fedora-clang, r-devel-linux-x86_64-fedora-gcc, r-devel-osx-x86_64-clang, r-devel-windows-ix86+x86_64, r-patched-linux-x86_64, r-patched-solaris-sparc, r-patched-solaris-x86

Version: 0.0.4
Check: dependencies in R code
Result: NOTE
    Package in Depends field not imported from: ‘methods’
     These packages need to be imported from (in the NAMESPACE file)
     for when this namespace is loaded but not attached.
    See the information on DESCRIPTION files in the chapter ‘Creating R
    packages’ of the ‘Writing R Extensions’ manual.
Flavors: r-release-linux-ix86, r-release-linux-x86_64, r-release-osx-x86_64-mavericks, r-release-windows-ix86+x86_64, r-oldrel-windows-ix86+x86_64

Version: 0.0.4
Check: dependencies in R code
Result: NOTE
    Package in Depends field not imported from: 'methods'
     These packages need to be imported from for the case when
     this namespace is loaded but not attached.
    See the information on DESCRIPTION files in the chapter 'Creating R
    packages' of the 'Writing R Extensions' manual.
Flavor: r-release-osx-x86_64-snowleopard