CRAN Package Check Results for Package RcppXts

Last updated on 2014-09-18 11:48:49.

Flavor Version Tinstall Tcheck Ttotal Status Flags
r-devel-linux-x86_64-debian-clang 0.0.4 4.56 17.06 21.62 NOTE
r-devel-linux-x86_64-debian-gcc 0.0.4 5.49 16.58 22.07 NOTE
r-devel-linux-x86_64-fedora-clang 0.0.4 46.79 NOTE
r-devel-linux-x86_64-fedora-gcc 0.0.4 44.15 NOTE
r-devel-osx-x86_64-clang 0.0.4 42.12 NOTE
r-devel-windows-ix86+x86_64 0.0.4 20.00 42.00 62.00 NOTE
r-patched-linux-x86_64 0.0.4 5.71 17.62 23.34 NOTE
r-patched-solaris-sparc 0.0.4 283.00 NOTE
r-patched-solaris-x86 0.0.4 67.10 NOTE
r-release-linux-ix86 0.0.4 7.42 24.64 32.06 NOTE
r-release-linux-x86_64 0.0.4 5.69 17.79 23.48 NOTE
r-release-osx-x86_64-mavericks 0.0.4 NOTE
r-release-osx-x86_64-snowleopard 0.0.4 NOTE
r-release-windows-ix86+x86_64 0.0.4 20.00 43.00 63.00 NOTE
r-oldrel-windows-ix86+x86_64 0.0.4 22.00 48.00 70.00 NOTE

Check Details

Version: 0.0.4
Check: dependencies in R code
Result: NOTE
    Package in Depends field not imported from: ‘methods’
     These packages need to be imported from (in the NAMESPACE file)
     for when this namespace is loaded but not attached.
    See the information on DESCRIPTION files in the chapter ‘Creating R
    packages’ of the ‘Writing R Extensions’ manual.
Flavors: r-devel-linux-x86_64-debian-clang, r-devel-linux-x86_64-debian-gcc, r-devel-linux-x86_64-fedora-clang, r-devel-linux-x86_64-fedora-gcc, r-devel-osx-x86_64-clang, r-devel-windows-ix86+x86_64, r-patched-linux-x86_64, r-patched-solaris-sparc, r-patched-solaris-x86, r-release-linux-ix86, r-release-linux-x86_64, r-release-osx-x86_64-mavericks, r-release-windows-ix86+x86_64, r-oldrel-windows-ix86+x86_64

Version: 0.0.4
Check: dependencies in R code
Result: NOTE
    Package in Depends field not imported from: 'methods'
     These packages need to be imported from for the case when
     this namespace is loaded but not attached.
    See the information on DESCRIPTION files in the chapter 'Creating R
    packages' of the 'Writing R Extensions' manual.
Flavor: r-release-osx-x86_64-snowleopard