CRAN Package Check Results for Package RcppXts

Last updated on 2014-12-19 12:48:25.

Flavor Version Tinstall Tcheck Ttotal Status Flags
r-devel-linux-x86_64-debian-clang 0.0.4 4.57 17.08 21.65 NOTE
r-devel-linux-x86_64-debian-gcc 0.0.4 5.38 16.62 22.00 NOTE
r-devel-linux-x86_64-fedora-clang 0.0.4 49.68 NOTE
r-devel-linux-x86_64-fedora-gcc 0.0.4 44.70 NOTE
r-devel-osx-x86_64-clang 0.0.4 43.98 NOTE
r-devel-windows-ix86+x86_64 0.0.4 21.00 44.00 65.00 NOTE
r-patched-linux-x86_64 0.0.4 5.59 18.03 23.62 NOTE
r-patched-solaris-sparc 0.0.4 293.80 NOTE
r-patched-solaris-x86 0.0.4 65.90 NOTE
r-release-linux-ix86 0.0.4 7.15 23.50 30.65 NOTE
r-release-linux-x86_64 0.0.4 5.56 17.71 23.27 NOTE
r-release-osx-x86_64-mavericks 0.0.4 NOTE
r-release-osx-x86_64-snowleopard 0.0.4 NOTE
r-release-windows-ix86+x86_64 0.0.4 22.00 45.00 67.00 NOTE
r-oldrel-windows-ix86+x86_64 0.0.4 23.00 51.00 74.00 NOTE

Check Details

Version: 0.0.4
Check: dependencies in R code
Result: NOTE
    Package in Depends field not imported from: ‘methods’
     These packages need to be imported from (in the NAMESPACE file)
     for when this namespace is loaded but not attached.
    See the information on DESCRIPTION files in the chapter ‘Creating R
    packages’ of the ‘Writing R Extensions’ manual.
Flavors: r-devel-linux-x86_64-debian-clang, r-devel-linux-x86_64-debian-gcc, r-devel-linux-x86_64-fedora-clang, r-devel-linux-x86_64-fedora-gcc, r-devel-osx-x86_64-clang, r-devel-windows-ix86+x86_64, r-patched-linux-x86_64, r-patched-solaris-sparc, r-patched-solaris-x86, r-release-linux-ix86, r-release-linux-x86_64, r-release-osx-x86_64-mavericks, r-release-windows-ix86+x86_64, r-oldrel-windows-ix86+x86_64

Version: 0.0.4
Check: dependencies in R code
Result: NOTE
    Package in Depends field not imported from: 'methods'
     These packages need to be imported from for the case when
     this namespace is loaded but not attached.
    See the information on DESCRIPTION files in the chapter 'Creating R
    packages' of the 'Writing R Extensions' manual.
Flavor: r-release-osx-x86_64-snowleopard