CRAN Package Check Results for Package RcppXts

Last updated on 2017-02-25 07:49:26.

Flavor Version Tinstall Tcheck Ttotal Status Flags
r-devel-linux-x86_64-debian-clang 0.0.4 5.46 17.57 23.03 NOTE
r-devel-linux-x86_64-debian-gcc 0.0.4 6.29 17.89 24.18 NOTE
r-devel-linux-x86_64-fedora-clang 0.0.4 40.97 NOTE --no-stop-on-test-error
r-devel-linux-x86_64-fedora-gcc 0.0.4 41.35 NOTE --no-stop-on-test-error
r-devel-macos-x86_64-clang 0.0.4 33.22 NOTE --no-stop-on-test-error
r-devel-windows-ix86+x86_64 0.0.4 34.00 79.00 113.00 NOTE
r-patched-linux-x86_64 0.0.4 5.26 13.82 19.08 NOTE
r-patched-solaris-sparc 0.0.4 205.10 NOTE
r-patched-solaris-x86 0.0.4 49.60 NOTE
r-release-linux-x86_64 0.0.4 5.11 14.21 19.31 NOTE
r-release-osx-x86_64-mavericks 0.0.4 NOTE
r-release-windows-ix86+x86_64 0.0.4 32.00 79.00 111.00 NOTE
r-oldrel-windows-ix86+x86_64 0.0.4 47.00 63.00 110.00 NOTE

Check Details

Version: 0.0.4
Check: dependencies in R code
Result: NOTE
    Package in Depends field not imported from: ‘methods’
     These packages need to be imported from (in the NAMESPACE file)
     for when this namespace is loaded but not attached.
Flavors: r-devel-linux-x86_64-debian-clang, r-devel-linux-x86_64-debian-gcc, r-devel-windows-ix86+x86_64, r-patched-linux-x86_64, r-patched-solaris-sparc, r-patched-solaris-x86, r-release-linux-x86_64, r-release-osx-x86_64-mavericks, r-release-windows-ix86+x86_64, r-oldrel-windows-ix86+x86_64

Version: 0.0.4
Check: compiled code
Result: NOTE
    File ‘RcppXts/libs/RcppXts.so’:
     Found no calls to: ‘R_registerRoutines’, ‘R_useDynamicSymbols’
    
    It is good practice to register native routines and to disable symbol
    search.
    
    See ‘Writing portable packages’ in the ‘Writing R Extensions’ manual.
Flavors: r-devel-linux-x86_64-debian-clang, r-devel-linux-x86_64-debian-gcc

Version: 0.0.4
Flags: --no-stop-on-test-error
Check: dependencies in R code
Result: NOTE
    Package in Depends field not imported from: ‘methods’
     These packages need to be imported from (in the NAMESPACE file)
     for when this namespace is loaded but not attached.
Flavors: r-devel-linux-x86_64-fedora-clang, r-devel-linux-x86_64-fedora-gcc, r-devel-macos-x86_64-clang

Version: 0.0.4
Flags: --no-stop-on-test-error
Check: compiled code
Result: NOTE
    File ‘RcppXts/libs/RcppXts.so’:
     Found no calls to: ‘R_registerRoutines’, ‘R_useDynamicSymbols’
    
    It is good practice to register native routines and to disable symbol
    search.
    
    See ‘Writing portable packages’ in the ‘Writing R Extensions’ manual.
Flavors: r-devel-linux-x86_64-fedora-clang, r-devel-linux-x86_64-fedora-gcc, r-devel-macos-x86_64-clang