CRAN Package Check Results for Package RcppXts

Last updated on 2016-08-28 11:48:38.

Flavor Version Tinstall Tcheck Ttotal Status Flags
r-devel-linux-x86_64-debian-clang 0.0.4 5.03 13.88 18.91 NOTE
r-devel-linux-x86_64-debian-gcc 0.0.4 5.90 13.74 19.63 NOTE
r-devel-linux-x86_64-fedora-clang 0.0.4 34.61 NOTE
r-devel-linux-x86_64-fedora-gcc 0.0.4 34.23 NOTE
r-devel-osx-x86_64-clang 0.0.4 28.29 NOTE
r-devel-windows-ix86+x86_64 0.0.4 27.00 72.00 99.00 NOTE
r-patched-linux-x86_64 0.0.4 4.97 13.65 18.61 NOTE
r-patched-solaris-sparc 0.0.4 200.50 NOTE
r-patched-solaris-x86 0.0.4 46.00 NOTE
r-release-linux-x86_64 0.0.4 5.25 14.23 19.49 NOTE
r-release-osx-x86_64-mavericks 0.0.4 NOTE
r-release-windows-ix86+x86_64 0.0.4 26.00 64.00 90.00 NOTE
r-oldrel-windows-ix86+x86_64 0.0.4 21.00 49.00 70.00 NOTE

Check Details

Version: 0.0.4
Check: dependencies in R code
Result: NOTE
    Package in Depends field not imported from: ‘methods’
     These packages need to be imported from (in the NAMESPACE file)
     for when this namespace is loaded but not attached.
Flavors: r-devel-linux-x86_64-debian-clang, r-devel-linux-x86_64-debian-gcc, r-devel-linux-x86_64-fedora-clang, r-devel-linux-x86_64-fedora-gcc, r-devel-osx-x86_64-clang, r-devel-windows-ix86+x86_64, r-patched-linux-x86_64, r-patched-solaris-sparc, r-patched-solaris-x86, r-release-linux-x86_64, r-release-osx-x86_64-mavericks, r-release-windows-ix86+x86_64, r-oldrel-windows-ix86+x86_64