CRAN Package Check Results for Package RcppXts

Last updated on 2016-02-11 03:47:18.

Flavor Version Tinstall Tcheck Ttotal Status Flags
r-devel-linux-x86_64-debian-gcc 0.0.4 4.89 13.17 18.06 NOTE
r-devel-linux-x86_64-fedora-clang 0.0.4 33.88 NOTE
r-devel-linux-x86_64-fedora-gcc 0.0.4 33.41 NOTE
r-devel-osx-x86_64-clang 0.0.4 36.68 NOTE
r-devel-windows-ix86+x86_64 0.0.4 28.00 55.00 83.00 NOTE
r-patched-linux-x86_64 0.0.4 4.89 14.64 19.53 NOTE
r-patched-solaris-sparc 0.0.4 220.90 NOTE
r-patched-solaris-x86 0.0.4 49.50 NOTE
r-release-linux-x86_64 0.0.4 5.07 14.35 19.42 NOTE
r-release-osx-x86_64-mavericks 0.0.4 NOTE
r-release-windows-ix86+x86_64 0.0.4 27.00 67.00 94.00 NOTE
r-oldrel-windows-ix86+x86_64 0.0.4 30.00 71.00 101.00 NOTE

Check Details

Version: 0.0.4
Check: dependencies in R code
Result: NOTE
    Package in Depends field not imported from: ‘methods’
     These packages need to be imported from (in the NAMESPACE file)
     for when this namespace is loaded but not attached.
Flavors: r-devel-linux-x86_64-debian-gcc, r-devel-linux-x86_64-fedora-clang, r-devel-linux-x86_64-fedora-gcc, r-devel-osx-x86_64-clang, r-devel-windows-ix86+x86_64, r-patched-linux-x86_64, r-patched-solaris-sparc, r-patched-solaris-x86, r-release-linux-x86_64, r-release-osx-x86_64-mavericks, r-release-windows-ix86+x86_64, r-oldrel-windows-ix86+x86_64