CRAN Package Check Results for Package RcppXts

Last updated on 2015-04-18 17:50:59.

Flavor Version Tinstall Tcheck Ttotal Status Flags
r-devel-linux-x86_64-debian-clang 0.0.4 4.78 14.98 19.76 NOTE
r-devel-linux-x86_64-debian-gcc 0.0.4 5.32 14.78 20.10 NOTE
r-devel-linux-x86_64-fedora-clang 0.0.4 39.18 NOTE
r-devel-linux-x86_64-fedora-gcc 0.0.4 39.32 NOTE
r-devel-osx-x86_64-clang 0.0.4 38.84 NOTE
r-patched-linux-x86_64 0.0.4 5.40 13.89 19.29 NOTE
r-patched-solaris-sparc 0.0.4 244.10 NOTE
r-patched-solaris-x86 0.0.4 55.20 NOTE
r-release-linux-x86_64 0.0.4 5.34 15.83 21.16 NOTE
r-release-osx-x86_64-mavericks 0.0.4 NOTE
r-release-osx-x86_64-snowleopard 0.0.4 ERROR
r-release-windows-ix86+x86_64 0.0.4 21.00 47.00 68.00 NOTE
r-oldrel-windows-ix86+x86_64 0.0.4 24.00 64.00 88.00 NOTE

Check Details

Version: 0.0.4
Check: dependencies in R code
Result: NOTE
    Package in Depends field not imported from: ‘methods’
     These packages need to be imported from (in the NAMESPACE file)
     for when this namespace is loaded but not attached.
Flavors: r-devel-linux-x86_64-debian-clang, r-devel-linux-x86_64-debian-gcc, r-devel-linux-x86_64-fedora-clang, r-devel-linux-x86_64-fedora-gcc, r-devel-osx-x86_64-clang, r-patched-linux-x86_64, r-patched-solaris-sparc, r-patched-solaris-x86, r-release-linux-x86_64, r-release-osx-x86_64-mavericks, r-release-windows-ix86+x86_64

Version: 0.0.4
Check: package dependencies
Result: ERROR
    Package required but not available: ‘xts’
    
    See section ‘The DESCRIPTION file’ in the ‘Writing R Extensions’
    manual.
Flavor: r-release-osx-x86_64-snowleopard

Version: 0.0.4
Check: dependencies in R code
Result: NOTE
    Package in Depends field not imported from: 'methods'
     These packages need to be imported from (in the NAMESPACE file)
     for when this namespace is loaded but not attached.
    See the information on DESCRIPTION files in the chapter 'Creating R
    packages' of the 'Writing R Extensions' manual.
Flavor: r-oldrel-windows-ix86+x86_64