CRAN Package Check Results for Package RcppXts

Last updated on 2016-04-30 06:47:39.

Flavor Version Tinstall Tcheck Ttotal Status Flags
r-devel-linux-x86_64-debian-gcc 0.0.4 4.99 13.81 18.80 NOTE
r-devel-linux-x86_64-fedora-clang 0.0.4 34.63 NOTE
r-devel-linux-x86_64-fedora-gcc 0.0.4 32.69 NOTE
r-devel-osx-x86_64-clang 0.0.4 36.68 NOTE
r-devel-windows-ix86+x86_64 0.0.4 24.00 39.00 63.00 NOTE
r-patched-linux-x86_64 0.0.4 5.06 14.33 19.40 NOTE
r-patched-solaris-sparc 0.0.4 220.40 NOTE
r-patched-solaris-x86 0.0.4 46.30 NOTE
r-release-linux-x86_64 0.0.4 5.10 14.77 19.87 NOTE
r-release-osx-x86_64-mavericks 0.0.4 NOTE
r-release-windows-ix86+x86_64 0.0.4 22.00 42.00 64.00 NOTE
r-oldrel-windows-ix86+x86_64 0.0.4 31.00 55.00 86.00 NOTE

Check Details

Version: 0.0.4
Check: dependencies in R code
Result: NOTE
    Package in Depends field not imported from: ‘methods’
     These packages need to be imported from (in the NAMESPACE file)
     for when this namespace is loaded but not attached.
Flavors: r-devel-linux-x86_64-debian-gcc, r-devel-linux-x86_64-fedora-clang, r-devel-linux-x86_64-fedora-gcc, r-devel-osx-x86_64-clang, r-devel-windows-ix86+x86_64, r-patched-linux-x86_64, r-patched-solaris-sparc, r-patched-solaris-x86, r-release-linux-x86_64, r-release-osx-x86_64-mavericks, r-release-windows-ix86+x86_64, r-oldrel-windows-ix86+x86_64