CRAN Package Check Results for Package RcppXts

Last updated on 2017-05-24 10:48:28.

Flavor Version Tinstall Tcheck Ttotal Status Flags
r-devel-linux-x86_64-debian-clang 0.0.4 5.96 17.74 23.70 NOTE
r-devel-linux-x86_64-debian-gcc 0.0.4 6.14 17.87 24.01 NOTE
r-devel-linux-x86_64-fedora-clang 0.0.4 41.55 NOTE --no-stop-on-test-error
r-devel-linux-x86_64-fedora-gcc 0.0.4 43.90 NOTE --no-stop-on-test-error
r-devel-windows-ix86+x86_64 0.0.4 23.00 82.00 105.00 NOTE
r-patched-linux-x86_64 0.0.4 5.51 17.66 23.17 NOTE
r-patched-solaris-sparc 0.0.4 240.90 NOTE
r-patched-solaris-x86 0.0.4 53.90 NOTE --no-stop-on-test-error
r-release-linux-x86_64 0.0.4 5.38 17.69 23.08 NOTE
r-release-windows-ix86+x86_64 0.0.4 23.00 71.00 94.00 NOTE
r-release-osx-x86_64 0.0.4 NOTE
r-oldrel-windows-ix86+x86_64 0.0.4 30.00 64.00 94.00 NOTE
r-oldrel-osx-x86_64 0.0.4 NOTE

Check Details

Version: 0.0.4
Check: dependencies in R code
Result: NOTE
    Package in Depends field not imported from: ‘methods’
     These packages need to be imported from (in the NAMESPACE file)
     for when this namespace is loaded but not attached.
Flavors: r-devel-linux-x86_64-debian-clang, r-devel-linux-x86_64-debian-gcc, r-devel-windows-ix86+x86_64, r-patched-linux-x86_64, r-patched-solaris-sparc, r-release-linux-x86_64, r-release-windows-ix86+x86_64, r-release-osx-x86_64, r-oldrel-windows-ix86+x86_64, r-oldrel-osx-x86_64

Version: 0.0.4
Check: compiled code
Result: NOTE
    File ‘RcppXts/libs/RcppXts.so’:
     Found no calls to: ‘R_registerRoutines’, ‘R_useDynamicSymbols’
    
    It is good practice to register native routines and to disable symbol
    search.
    
    See ‘Writing portable packages’ in the ‘Writing R Extensions’ manual.
Flavors: r-devel-linux-x86_64-debian-clang, r-devel-linux-x86_64-debian-gcc, r-patched-linux-x86_64, r-release-linux-x86_64

Version: 0.0.4
Flags: --no-stop-on-test-error
Check: dependencies in R code
Result: NOTE
    Package in Depends field not imported from: ‘methods’
     These packages need to be imported from (in the NAMESPACE file)
     for when this namespace is loaded but not attached.
Flavors: r-devel-linux-x86_64-fedora-clang, r-devel-linux-x86_64-fedora-gcc, r-patched-solaris-x86

Version: 0.0.4
Flags: --no-stop-on-test-error
Check: compiled code
Result: NOTE
    File ‘RcppXts/libs/RcppXts.so’:
     Found no calls to: ‘R_registerRoutines’, ‘R_useDynamicSymbols’
    
    It is good practice to register native routines and to disable symbol
    search.
    
    See ‘Writing portable packages’ in the ‘Writing R Extensions’ manual.
Flavors: r-devel-linux-x86_64-fedora-clang, r-devel-linux-x86_64-fedora-gcc