CRAN Package Check Results for Package RcppXts

Last updated on 2016-10-01 10:47:50.

Flavor Version Tinstall Tcheck Ttotal Status Flags
r-devel-linux-x86_64-debian-clang 0.0.4 5.62 14.63 20.26 NOTE
r-devel-linux-x86_64-debian-gcc 0.0.4 5.78 14.51 20.28 NOTE
r-devel-linux-x86_64-fedora-clang 0.0.4 36.70 NOTE
r-devel-linux-x86_64-fedora-gcc 0.0.4 34.18 NOTE
r-devel-macos-x86_64-clang 0.0.4 27.68 NOTE
r-devel-windows-ix86+x86_64 0.0.4 23.00 50.00 73.00 NOTE
r-patched-linux-x86_64 0.0.4 4.95 13.91 18.86 NOTE
r-patched-solaris-sparc 0.0.4 200.50 NOTE
r-patched-solaris-x86 0.0.4 45.50 NOTE
r-release-linux-x86_64 0.0.4 5.38 14.03 19.41 NOTE
r-release-osx-x86_64-mavericks 0.0.4 NOTE
r-release-windows-ix86+x86_64 0.0.4 21.00 35.00 56.00 NOTE
r-oldrel-windows-ix86+x86_64 0.0.4 30.00 63.00 93.00 NOTE

Check Details

Version: 0.0.4
Check: dependencies in R code
Result: NOTE
    Package in Depends field not imported from: ‘methods’
     These packages need to be imported from (in the NAMESPACE file)
     for when this namespace is loaded but not attached.
Flavors: r-devel-linux-x86_64-debian-clang, r-devel-linux-x86_64-debian-gcc, r-devel-linux-x86_64-fedora-clang, r-devel-linux-x86_64-fedora-gcc, r-devel-macos-x86_64-clang, r-devel-windows-ix86+x86_64, r-patched-linux-x86_64, r-patched-solaris-sparc, r-patched-solaris-x86, r-release-linux-x86_64, r-release-osx-x86_64-mavericks, r-release-windows-ix86+x86_64, r-oldrel-windows-ix86+x86_64