CRAN Package Check Results for Package RcppXts

Last updated on 2018-04-26 06:47:46 CEST.

Flavor Version Tinstall Tcheck Ttotal Status Flags
r-devel-linux-x86_64-debian-clang 0.0.4 9.73 22.85 32.58 NOTE
r-devel-linux-x86_64-debian-gcc 0.0.4 7.42 19.12 26.54 NOTE
r-devel-linux-x86_64-fedora-clang 0.0.4 40.99 NOTE
r-devel-linux-x86_64-fedora-gcc 0.0.4 39.78 NOTE
r-devel-windows-ix86+x86_64 0.0.4 32.00 56.00 88.00 NOTE
r-patched-linux-x86_64 0.0.4 10.46 23.51 33.97 NOTE
r-patched-solaris-x86 0.0.4 58.90 NOTE
r-release-linux-x86_64 0.0.4 10.40 23.71 34.11 NOTE
r-release-windows-ix86+x86_64 0.0.4 32.00 56.00 88.00 NOTE
r-release-osx-x86_64 0.0.4 NOTE
r-oldrel-windows-ix86+x86_64 0.0.4 26.00 70.00 96.00 NOTE
r-oldrel-osx-x86_64 0.0.4 NOTE

Check Details

Version: 0.0.4
Check: dependencies in R code
Result: NOTE
    Package in Depends field not imported from: ‘methods’
     These packages need to be imported from (in the NAMESPACE file)
     for when this namespace is loaded but not attached.
Flavors: r-devel-linux-x86_64-debian-clang, r-devel-linux-x86_64-debian-gcc, r-devel-linux-x86_64-fedora-clang, r-devel-linux-x86_64-fedora-gcc, r-devel-windows-ix86+x86_64, r-patched-linux-x86_64, r-patched-solaris-x86, r-release-linux-x86_64, r-release-windows-ix86+x86_64, r-release-osx-x86_64, r-oldrel-windows-ix86+x86_64, r-oldrel-osx-x86_64

Version: 0.0.4
Check: compiled code
Result: NOTE
    File ‘RcppXts/libs/RcppXts.so’:
     Found no calls to: ‘R_registerRoutines’, ‘R_useDynamicSymbols’
    
    It is good practice to register native routines and to disable symbol
    search.
    
    See ‘Writing portable packages’ in the ‘Writing R Extensions’ manual.
Flavors: r-devel-linux-x86_64-debian-clang, r-devel-linux-x86_64-debian-gcc, r-devel-linux-x86_64-fedora-clang, r-devel-linux-x86_64-fedora-gcc, r-patched-linux-x86_64, r-release-linux-x86_64