CRAN Package Check Results for Package RcppXts

Last updated on 2018-06-22 18:46:54 CEST.

Flavor Version Tinstall Tcheck Ttotal Status Flags
r-devel-linux-x86_64-debian-clang 0.0.4 10.14 26.72 36.86 NOTE
r-devel-linux-x86_64-debian-gcc 0.0.4 8.41 21.18 29.59 NOTE
r-devel-linux-x86_64-fedora-clang 0.0.4 45.35 NOTE
r-devel-linux-x86_64-fedora-gcc 0.0.4 42.40 NOTE
r-devel-windows-ix86+x86_64 0.0.4 20.00 82.00 102.00 NOTE
r-patched-linux-x86_64 0.0.4 8.89 23.99 32.88 NOTE
r-patched-solaris-x86 0.0.4 59.80 NOTE
r-release-linux-x86_64 0.0.4 8.69 24.25 32.94 NOTE
r-release-windows-ix86+x86_64 0.0.4 22.00 55.00 77.00 NOTE
r-release-osx-x86_64 0.0.4 NOTE
r-oldrel-windows-ix86+x86_64 0.0.4 32.00 55.00 87.00 NOTE
r-oldrel-osx-x86_64 0.0.4 NOTE

Check Details

Version: 0.0.4
Check: dependencies in R code
Result: NOTE
    Package in Depends field not imported from: ‘methods’
     These packages need to be imported from (in the NAMESPACE file)
     for when this namespace is loaded but not attached.
Flavors: r-devel-linux-x86_64-debian-clang, r-devel-linux-x86_64-debian-gcc, r-devel-linux-x86_64-fedora-clang, r-devel-linux-x86_64-fedora-gcc, r-devel-windows-ix86+x86_64, r-patched-linux-x86_64, r-patched-solaris-x86, r-release-linux-x86_64, r-release-windows-ix86+x86_64, r-release-osx-x86_64, r-oldrel-windows-ix86+x86_64, r-oldrel-osx-x86_64

Version: 0.0.4
Check: compiled code
Result: NOTE
    File ‘RcppXts/libs/RcppXts.so’:
     Found no calls to: ‘R_registerRoutines’, ‘R_useDynamicSymbols’
    
    It is good practice to register native routines and to disable symbol
    search.
    
    See ‘Writing portable packages’ in the ‘Writing R Extensions’ manual.
Flavors: r-devel-linux-x86_64-debian-clang, r-devel-linux-x86_64-debian-gcc, r-devel-linux-x86_64-fedora-clang, r-devel-linux-x86_64-fedora-gcc, r-patched-linux-x86_64, r-release-linux-x86_64