CRAN Package Check Results for Package RcppXts

Last updated on 2014-11-23 12:46:39.

Flavor Version Tinstall Tcheck Ttotal Status Flags
r-devel-linux-x86_64-debian-clang 0.0.4 4.66 17.12 21.77 NOTE
r-devel-linux-x86_64-debian-gcc 0.0.4 5.52 16.89 22.41 NOTE
r-devel-linux-x86_64-fedora-clang 0.0.4 49.81 NOTE
r-devel-linux-x86_64-fedora-gcc 0.0.4 44.84 NOTE
r-devel-osx-x86_64-clang 0.0.4 45.38 NOTE
r-devel-windows-ix86+x86_64 0.0.4 21.00 45.00 66.00 NOTE
r-patched-linux-x86_64 0.0.4 5.57 17.48 23.06 NOTE
r-patched-solaris-sparc 0.0.4 293.80 NOTE
r-patched-solaris-x86 0.0.4 66.70 NOTE
r-release-linux-ix86 0.0.4 7.07 23.54 30.61 NOTE
r-release-linux-x86_64 0.0.4 5.56 17.76 23.32 NOTE
r-release-osx-x86_64-mavericks 0.0.4 NOTE
r-release-osx-x86_64-snowleopard 0.0.4 NOTE
r-release-windows-ix86+x86_64 0.0.4 24.00 44.00 68.00 NOTE
r-oldrel-windows-ix86+x86_64 0.0.4 22.00 49.00 71.00 NOTE

Check Details

Version: 0.0.4
Check: dependencies in R code
Result: NOTE
    Package in Depends field not imported from: ‘methods’
     These packages need to be imported from (in the NAMESPACE file)
     for when this namespace is loaded but not attached.
    See the information on DESCRIPTION files in the chapter ‘Creating R
    packages’ of the ‘Writing R Extensions’ manual.
Flavors: r-devel-linux-x86_64-debian-clang, r-devel-linux-x86_64-debian-gcc, r-devel-linux-x86_64-fedora-clang, r-devel-linux-x86_64-fedora-gcc, r-devel-osx-x86_64-clang, r-devel-windows-ix86+x86_64, r-patched-linux-x86_64, r-patched-solaris-sparc, r-patched-solaris-x86, r-release-linux-ix86, r-release-linux-x86_64, r-release-osx-x86_64-mavericks, r-release-windows-ix86+x86_64, r-oldrel-windows-ix86+x86_64

Version: 0.0.4
Check: dependencies in R code
Result: NOTE
    Package in Depends field not imported from: 'methods'
     These packages need to be imported from for the case when
     this namespace is loaded but not attached.
    See the information on DESCRIPTION files in the chapter 'Creating R
    packages' of the 'Writing R Extensions' manual.
Flavor: r-release-osx-x86_64-snowleopard