CRAN Package Check Results for Package RcppXts

Last updated on 2017-01-17 03:51:16.

Flavor Version Tinstall Tcheck Ttotal Status Flags
r-devel-linux-x86_64-debian-clang 0.0.4 5.55 17.13 22.68 NOTE
r-devel-linux-x86_64-debian-gcc 0.0.4 6.21 17.08 23.28 NOTE
r-devel-linux-x86_64-fedora-clang 0.0.4 40.77 NOTE --no-stop-on-test-error
r-devel-linux-x86_64-fedora-gcc 0.0.4 40.69 NOTE --no-stop-on-test-error
r-devel-macos-x86_64-clang 0.0.4 32.52 NOTE --no-stop-on-test-error
r-devel-windows-ix86+x86_64 0.0.4 31.00 61.00 92.00 NOTE
r-patched-linux-x86_64 0.0.4 5.04 13.87 18.91 NOTE
r-patched-solaris-sparc 0.0.4 205.10 NOTE
r-patched-solaris-x86 0.0.4 46.00 NOTE
r-release-linux-x86_64 0.0.4 5.12 13.71 18.83 NOTE
r-release-osx-x86_64-mavericks 0.0.4 NOTE
r-release-windows-ix86+x86_64 0.0.4 35.00 55.00 90.00 NOTE
r-oldrel-windows-ix86+x86_64 0.0.4 21.00 51.00 72.00 NOTE

Check Details

Version: 0.0.4
Check: dependencies in R code
Result: NOTE
    Package in Depends field not imported from: ‘methods’
     These packages need to be imported from (in the NAMESPACE file)
     for when this namespace is loaded but not attached.
Flavors: r-devel-linux-x86_64-debian-clang, r-devel-linux-x86_64-debian-gcc, r-devel-windows-ix86+x86_64, r-patched-linux-x86_64, r-patched-solaris-sparc, r-patched-solaris-x86, r-release-linux-x86_64, r-release-osx-x86_64-mavericks, r-release-windows-ix86+x86_64, r-oldrel-windows-ix86+x86_64

Version: 0.0.4
Flags: --no-stop-on-test-error
Check: dependencies in R code
Result: NOTE
    Package in Depends field not imported from: ‘methods’
     These packages need to be imported from (in the NAMESPACE file)
     for when this namespace is loaded but not attached.
Flavors: r-devel-linux-x86_64-fedora-clang, r-devel-linux-x86_64-fedora-gcc, r-devel-macos-x86_64-clang

Version: 0.0.4
Flags: --no-stop-on-test-error
Check: compiled code
Result: NOTE
    File ‘RcppXts/libs/RcppXts.so’:
     Found no calls to: ‘R_registerRoutines’, ‘R_useDynamicSymbols’
    
    It is good practice to use registered native symbols and disable symbol
    search.
    
    See ‘Writing portable packages’ in the ‘Writing R Extensions’ manual.
Flavor: r-devel-linux-x86_64-fedora-gcc