CRAN Package Check Results for Package RcppXts

Last updated on 2015-07-04 11:49:58.

Flavor Version Tinstall Tcheck Ttotal Status Flags
r-devel-linux-x86_64-debian-clang 0.0.4 4.40 14.72 19.12 NOTE
r-devel-linux-x86_64-debian-gcc 0.0.4 5.36 13.62 18.98 NOTE
r-devel-linux-x86_64-fedora-clang 0.0.4 37.60 NOTE
r-devel-linux-x86_64-fedora-gcc 0.0.4 37.02 NOTE
r-devel-osx-x86_64-clang 0.0.4 35.31 NOTE
r-devel-windows-ix86+x86_64 0.0.4 31.00 39.00 70.00 NOTE
r-patched-linux-x86_64 0.0.4 5.37 14.10 19.47 NOTE
r-patched-solaris-sparc 0.0.4 250.80 NOTE
r-patched-solaris-x86 0.0.4 57.00 NOTE
r-release-linux-x86_64 0.0.4 5.46 14.50 19.96 NOTE
r-release-osx-x86_64-mavericks 0.0.4 NOTE
r-release-windows-ix86+x86_64 0.0.4 33.00 57.00 90.00 NOTE
r-oldrel-windows-ix86+x86_64 0.0.4 24.00 49.00 73.00 NOTE

Check Details

Version: 0.0.4
Check: dependencies in R code
Result: NOTE
    Package in Depends field not imported from: ‘methods’
     These packages need to be imported from (in the NAMESPACE file)
     for when this namespace is loaded but not attached.
Flavors: r-devel-linux-x86_64-debian-clang, r-devel-linux-x86_64-debian-gcc, r-devel-linux-x86_64-fedora-clang, r-devel-linux-x86_64-fedora-gcc, r-devel-osx-x86_64-clang, r-devel-windows-ix86+x86_64, r-patched-linux-x86_64, r-patched-solaris-sparc, r-patched-solaris-x86, r-release-linux-x86_64, r-release-osx-x86_64-mavericks, r-release-windows-ix86+x86_64, r-oldrel-windows-ix86+x86_64