CRAN Package Check Results for Package RcppXts

Last updated on 2015-08-03 21:47:35.

Flavor Version Tinstall Tcheck Ttotal Status Flags
r-devel-linux-x86_64-debian-clang 0.0.4 4.54 14.33 18.88 NOTE
r-devel-linux-x86_64-debian-gcc 0.0.4 5.28 13.98 19.26 NOTE
r-devel-linux-x86_64-fedora-clang 0.0.4 37.88 NOTE
r-devel-linux-x86_64-fedora-gcc 0.0.4 35.76 NOTE
r-devel-osx-x86_64-clang 0.0.4 34.62 NOTE
r-devel-windows-ix86+x86_64 0.0.4 21.00 38.00 59.00 NOTE
r-patched-linux-x86_64 0.0.4 5.36 14.22 19.59 NOTE
r-patched-solaris-sparc 0.0.4 239.90 NOTE
r-patched-solaris-x86 0.0.4 54.10 NOTE
r-release-linux-x86_64 0.0.4 5.54 14.38 19.91 NOTE
r-release-osx-x86_64-mavericks 0.0.4 NOTE
r-release-windows-ix86+x86_64 0.0.4 26.00 45.00 71.00 NOTE
r-oldrel-windows-ix86+x86_64 0.0.4 30.00 51.00 81.00 NOTE

Check Details

Version: 0.0.4
Check: dependencies in R code
Result: NOTE
    Package in Depends field not imported from: ‘methods’
     These packages need to be imported from (in the NAMESPACE file)
     for when this namespace is loaded but not attached.
Flavors: r-devel-linux-x86_64-debian-clang, r-devel-linux-x86_64-debian-gcc, r-devel-linux-x86_64-fedora-clang, r-devel-linux-x86_64-fedora-gcc, r-devel-osx-x86_64-clang, r-devel-windows-ix86+x86_64, r-patched-linux-x86_64, r-patched-solaris-sparc, r-patched-solaris-x86, r-release-linux-x86_64, r-release-osx-x86_64-mavericks, r-release-windows-ix86+x86_64, r-oldrel-windows-ix86+x86_64