CRAN Package Check Results for Package RcppXts

Last updated on 2014-10-23 00:48:07.

Flavor Version Tinstall Tcheck Ttotal Status Flags
r-devel-linux-x86_64-debian-clang 0.0.4 4.61 17.10 21.71 NOTE
r-devel-linux-x86_64-debian-gcc 0.0.4 5.56 17.04 22.60 NOTE
r-devel-linux-x86_64-fedora-clang 0.0.4 47.49 NOTE
r-devel-linux-x86_64-fedora-gcc 0.0.4 44.30 NOTE
r-devel-osx-x86_64-clang 0.0.4 44.93 NOTE
r-devel-windows-ix86+x86_64 0.0.4 20.00 46.00 66.00 NOTE
r-patched-linux-x86_64 0.0.4 5.64 17.56 23.20 NOTE
r-patched-solaris-sparc 0.0.4 293.80 NOTE
r-patched-solaris-x86 0.0.4 65.40 NOTE
r-release-linux-ix86 0.0.4 7.56 24.76 32.32 NOTE
r-release-linux-x86_64 0.0.4 5.64 17.63 23.27 NOTE
r-release-osx-x86_64-mavericks 0.0.4 NOTE
r-release-osx-x86_64-snowleopard 0.0.4 NOTE
r-release-windows-ix86+x86_64 0.0.4 17.00 47.00 64.00 NOTE
r-oldrel-windows-ix86+x86_64 0.0.4 23.00 50.00 73.00 NOTE

Check Details

Version: 0.0.4
Check: dependencies in R code
Result: NOTE
    Package in Depends field not imported from: ‘methods’
     These packages need to be imported from (in the NAMESPACE file)
     for when this namespace is loaded but not attached.
    See the information on DESCRIPTION files in the chapter ‘Creating R
    packages’ of the ‘Writing R Extensions’ manual.
Flavors: r-devel-linux-x86_64-debian-clang, r-devel-linux-x86_64-debian-gcc, r-devel-linux-x86_64-fedora-clang, r-devel-linux-x86_64-fedora-gcc, r-devel-osx-x86_64-clang, r-devel-windows-ix86+x86_64, r-patched-linux-x86_64, r-patched-solaris-sparc, r-patched-solaris-x86, r-release-linux-ix86, r-release-linux-x86_64, r-release-osx-x86_64-mavericks, r-release-windows-ix86+x86_64, r-oldrel-windows-ix86+x86_64

Version: 0.0.4
Check: dependencies in R code
Result: NOTE
    Package in Depends field not imported from: 'methods'
     These packages need to be imported from for the case when
     this namespace is loaded but not attached.
    See the information on DESCRIPTION files in the chapter 'Creating R
    packages' of the 'Writing R Extensions' manual.
Flavor: r-release-osx-x86_64-snowleopard