CRAN Package Check Results for Package RcppXts

Last updated on 2017-08-18 02:49:22.

Flavor Version Tinstall Tcheck Ttotal Status Flags
r-devel-linux-x86_64-debian-clang 0.0.4 5.78 18.18 23.96 NOTE
r-devel-linux-x86_64-debian-gcc 0.0.4 6.26 17.77 24.03 NOTE
r-devel-linux-x86_64-fedora-clang 0.0.4 41.39 NOTE
r-devel-linux-x86_64-fedora-gcc 0.0.4 46.01 NOTE
r-devel-windows-ix86+x86_64 0.0.4 29.00 57.00 86.00 NOTE
r-patched-linux-x86_64 0.0.4 6.15 17.92 24.07 NOTE
r-patched-solaris-x86 0.0.4 59.10 NOTE
r-release-linux-x86_64 0.0.4 6.43 17.98 24.40 NOTE
r-release-windows-ix86+x86_64 0.0.4 23.00 57.00 80.00 NOTE
r-release-osx-x86_64 0.0.4 NOTE
r-oldrel-windows-ix86+x86_64 0.0.4 20.00 64.00 84.00 NOTE
r-oldrel-osx-x86_64 0.0.4 NOTE

Check Details

Version: 0.0.4
Check: dependencies in R code
Result: NOTE
    Package in Depends field not imported from: ‘methods’
     These packages need to be imported from (in the NAMESPACE file)
     for when this namespace is loaded but not attached.
Flavors: r-devel-linux-x86_64-debian-clang, r-devel-linux-x86_64-debian-gcc, r-devel-linux-x86_64-fedora-clang, r-devel-linux-x86_64-fedora-gcc, r-devel-windows-ix86+x86_64, r-patched-linux-x86_64, r-patched-solaris-x86, r-release-linux-x86_64, r-release-windows-ix86+x86_64, r-release-osx-x86_64, r-oldrel-windows-ix86+x86_64, r-oldrel-osx-x86_64

Version: 0.0.4
Check: compiled code
Result: NOTE
    File ‘RcppXts/libs/RcppXts.so’:
     Found no calls to: ‘R_registerRoutines’, ‘R_useDynamicSymbols’
    
    It is good practice to register native routines and to disable symbol
    search.
    
    See ‘Writing portable packages’ in the ‘Writing R Extensions’ manual.
Flavors: r-devel-linux-x86_64-debian-clang, r-devel-linux-x86_64-debian-gcc, r-devel-linux-x86_64-fedora-clang, r-devel-linux-x86_64-fedora-gcc, r-patched-linux-x86_64, r-release-linux-x86_64