CRAN Package Check Results for Package Rcsdp

Last updated on 2017-06-28 20:48:55.

Flavor Version Tinstall Tcheck Ttotal Status Flags
r-devel-linux-x86_64-debian-clang 0.1.55 8.67 13.63 22.31 NOTE
r-devel-linux-x86_64-debian-gcc 0.1.55 8.38 13.70 22.07 NOTE
r-devel-linux-x86_64-fedora-clang 0.1.55 35.57 NOTE
r-devel-linux-x86_64-fedora-gcc 0.1.55 32.26 NOTE
r-devel-windows-ix86+x86_64 0.1.55 39.00 49.00 88.00 OK
r-patched-linux-x86_64 0.1.55 8.33 14.05 22.38 NOTE
r-patched-solaris-sparc 0.1.55 229.50 OK
r-patched-solaris-x86 0.1.55 58.10 OK
r-release-linux-x86_64 0.1.55 7.97 13.46 21.42 NOTE
r-release-windows-ix86+x86_64 0.1.55 24.00 38.00 62.00 OK
r-release-osx-x86_64 0.1.55 OK
r-oldrel-windows-ix86+x86_64 0.1.55 24.00 33.00 57.00 OK
r-oldrel-osx-x86_64 0.1.55 OK

Check Details

Version: 0.1.55
Check: compiled code
Result: NOTE
    File ‘Rcsdp/libs/Rcsdp.so’:
     Found no calls to: ‘R_registerRoutines’, ‘R_useDynamicSymbols’
    
    It is good practice to register native routines and to disable symbol
    search.
    
    See ‘Writing portable packages’ in the ‘Writing R Extensions’ manual.
Flavors: r-devel-linux-x86_64-debian-clang, r-devel-linux-x86_64-debian-gcc, r-devel-linux-x86_64-fedora-clang, r-devel-linux-x86_64-fedora-gcc, r-patched-linux-x86_64, r-release-linux-x86_64