CRAN Package Check Results for Package Rcsdp

Last updated on 2017-08-17 09:47:21.

Flavor Version Tinstall Tcheck Ttotal Status Flags
r-devel-linux-x86_64-debian-clang 0.1.55 8.65 13.89 22.53 NOTE
r-devel-linux-x86_64-debian-gcc 0.1.55 8.51 13.79 22.30 NOTE
r-devel-linux-x86_64-fedora-clang 0.1.55 33.03 NOTE
r-devel-linux-x86_64-fedora-gcc 0.1.55 34.17 NOTE
r-devel-windows-ix86+x86_64 0.1.55 36.00 50.00 86.00 OK
r-patched-linux-x86_64 0.1.55 7.97 13.71 21.68 NOTE
r-patched-solaris-x86 0.1.55 58.00 OK
r-release-linux-x86_64 0.1.55 8.18 13.61 21.79 NOTE
r-release-windows-ix86+x86_64 0.1.55 24.00 38.00 62.00 OK
r-release-osx-x86_64 0.1.55 OK
r-oldrel-windows-ix86+x86_64 0.1.55 24.00 33.00 57.00 OK
r-oldrel-osx-x86_64 0.1.55 OK

Check Details

Version: 0.1.55
Check: compiled code
Result: NOTE
    File ‘Rcsdp/libs/Rcsdp.so’:
     Found no calls to: ‘R_registerRoutines’, ‘R_useDynamicSymbols’
    
    It is good practice to register native routines and to disable symbol
    search.
    
    See ‘Writing portable packages’ in the ‘Writing R Extensions’ manual.
Flavors: r-devel-linux-x86_64-debian-clang, r-devel-linux-x86_64-debian-gcc, r-devel-linux-x86_64-fedora-clang, r-devel-linux-x86_64-fedora-gcc, r-patched-linux-x86_64, r-release-linux-x86_64