CRAN Package Check Results for Package Rcsdp

Last updated on 2018-05-22 01:46:50 CEST.

Flavor Version Tinstall Tcheck Ttotal Status Flags
r-devel-linux-x86_64-debian-clang 0.1.55 11.33 18.47 29.80 NOTE
r-devel-linux-x86_64-debian-gcc 0.1.55 9.80 16.70 26.50 NOTE
r-devel-linux-x86_64-fedora-clang 0.1.55 37.38 NOTE
r-devel-linux-x86_64-fedora-gcc 0.1.55 36.40 NOTE
r-devel-windows-ix86+x86_64 0.1.55 36.00 43.00 79.00 OK
r-patched-linux-x86_64 0.1.55 11.90 20.22 32.12 NOTE
r-patched-solaris-x86 0.1.55 65.00 OK
r-release-linux-x86_64 0.1.55 12.84 20.20 33.04 NOTE
r-release-windows-ix86+x86_64 0.1.55 36.00 43.00 79.00 OK
r-release-osx-x86_64 0.1.55 OK
r-oldrel-windows-ix86+x86_64 0.1.55 24.00 38.00 62.00 OK
r-oldrel-osx-x86_64 0.1.55 OK

Check Details

Version: 0.1.55
Check: compiled code
Result: NOTE
    File ‘Rcsdp/libs/Rcsdp.so’:
     Found no calls to: ‘R_registerRoutines’, ‘R_useDynamicSymbols’
    
    It is good practice to register native routines and to disable symbol
    search.
    
    See ‘Writing portable packages’ in the ‘Writing R Extensions’ manual.
Flavors: r-devel-linux-x86_64-debian-clang, r-devel-linux-x86_64-debian-gcc, r-devel-linux-x86_64-fedora-clang, r-devel-linux-x86_64-fedora-gcc, r-patched-linux-x86_64, r-release-linux-x86_64