CRAN Package Check Results for Package Rcsdp

Last updated on 2015-08-27 23:47:07.

Flavor Version Tinstall Tcheck Ttotal Status Flags
r-devel-linux-x86_64-debian-clang 0.1.53 5.33 10.24 15.57 NOTE
r-devel-linux-x86_64-debian-gcc 0.1.53 7.18 9.64 16.82 NOTE
r-devel-linux-x86_64-fedora-clang 0.1.53 27.47 NOTE
r-devel-linux-x86_64-fedora-gcc 0.1.53 27.05 NOTE
r-devel-osx-x86_64-clang 0.1.53 29.51 OK
r-devel-windows-ix86+x86_64 0.1.53 34.00 25.00 59.00 NOTE
r-patched-linux-x86_64 0.1.53 7.09 10.09 17.18 OK
r-patched-solaris-sparc 0.1.53 182.50 OK
r-patched-solaris-x86 0.1.53 49.20 OK
r-release-linux-x86_64 0.1.53 7.14 9.94 17.08 OK
r-release-osx-x86_64-mavericks 0.1.53 OK
r-release-windows-ix86+x86_64 0.1.53 25.00 31.00 56.00 OK
r-oldrel-windows-ix86+x86_64 0.1.53 33.00 25.00 58.00 OK

Check Details

Version: 0.1.53
Check: R code for possible problems
Result: NOTE
    .not.dsTMatrix: no visible global function definition for ‘as’
    .simple_triplet_random_sym_matrix: no visible binding for global
     variable ‘rnorm’
    as.simple_triplet_sym_matrix.dsTMatrix: no visible global function
     definition for ‘as’
    Undefined global functions or variables:
     as rnorm
    Consider adding
     importFrom("methods", "as")
     importFrom("stats", "rnorm")
    to your NAMESPACE (and ensure that your DESCRIPTION Imports field
    contains 'methods').
Flavors: r-devel-linux-x86_64-debian-clang, r-devel-linux-x86_64-debian-gcc, r-devel-linux-x86_64-fedora-clang, r-devel-linux-x86_64-fedora-gcc, r-devel-windows-ix86+x86_64