CRAN Package Check Results for Package Rcsdp

Last updated on 2016-02-11 11:50:21.

Flavor Version Tinstall Tcheck Ttotal Status Flags
r-devel-linux-x86_64-debian-gcc 0.1.53 7.37 9.31 16.69 NOTE
r-devel-linux-x86_64-fedora-clang 0.1.53 26.38 NOTE
r-devel-linux-x86_64-fedora-gcc 0.1.53 25.68 NOTE
r-devel-osx-x86_64-clang 0.1.53 32.65 NOTE
r-devel-windows-ix86+x86_64 0.1.53 34.00 38.00 72.00 NOTE
r-patched-linux-x86_64 0.1.53 7.79 10.37 18.17 OK
r-patched-solaris-sparc 0.1.53 169.30 OK
r-patched-solaris-x86 0.1.53 44.30 OK
r-release-linux-x86_64 0.1.53 7.10 9.99 17.09 OK
r-release-osx-x86_64-mavericks 0.1.53 OK
r-release-windows-ix86+x86_64 0.1.53 24.00 22.00 46.00 OK
r-oldrel-windows-ix86+x86_64 0.1.53 33.00 25.00 58.00 OK

Check Details

Version: 0.1.53
Check: R code for possible problems
Result: NOTE
    .not.dsTMatrix: no visible global function definition for ‘as’
    .simple_triplet_random_sym_matrix: no visible binding for global
     variable ‘rnorm’
    as.simple_triplet_sym_matrix.dsTMatrix: no visible global function
     definition for ‘as’
    Undefined global functions or variables:
     as rnorm
    Consider adding
     importFrom("methods", "as")
     importFrom("stats", "rnorm")
    to your NAMESPACE file (and ensure that your DESCRIPTION Imports field
    contains 'methods').
Flavors: r-devel-linux-x86_64-debian-gcc, r-devel-linux-x86_64-fedora-clang, r-devel-linux-x86_64-fedora-gcc, r-devel-osx-x86_64-clang, r-devel-windows-ix86+x86_64