CRAN Package Check Results for Package Rcsdp

Last updated on 2017-10-23 02:48:48.

Flavor Version Tinstall Tcheck Ttotal Status Flags
r-devel-linux-x86_64-debian-clang 0.1.55 6.94 13.10 20.04 NOTE
r-devel-linux-x86_64-debian-gcc 0.1.55 9.42 14.16 23.59 NOTE
r-devel-linux-x86_64-fedora-clang 0.1.55 34.13 NOTE
r-devel-linux-x86_64-fedora-gcc 0.1.55 33.50 NOTE
r-devel-windows-ix86+x86_64 0.1.55 39.00 36.00 75.00 OK
r-patched-linux-x86_64 0.1.55 8.36 13.86 22.22 NOTE
r-patched-solaris-x86 0.1.55 57.50 OK
r-release-linux-x86_64 0.1.55 8.30 13.89 22.19 NOTE
r-release-windows-ix86+x86_64 0.1.55 24.00 38.00 62.00 OK
r-release-osx-x86_64 0.1.55 OK
r-oldrel-windows-ix86+x86_64 0.1.55 24.00 33.00 57.00 OK
r-oldrel-osx-x86_64 0.1.55 OK

Check Details

Version: 0.1.55
Check: compiled code
Result: NOTE
    File ‘Rcsdp/libs/Rcsdp.so’:
     Found no calls to: ‘R_registerRoutines’, ‘R_useDynamicSymbols’
    
    It is good practice to register native routines and to disable symbol
    search.
    
    See ‘Writing portable packages’ in the ‘Writing R Extensions’ manual.
Flavors: r-devel-linux-x86_64-debian-clang, r-devel-linux-x86_64-debian-gcc, r-devel-linux-x86_64-fedora-clang, r-devel-linux-x86_64-fedora-gcc, r-patched-linux-x86_64, r-release-linux-x86_64