CRAN Package Check Results for Package Rcsdp

Last updated on 2017-03-30 09:48:07.

Flavor Version Tinstall Tcheck Ttotal Status Flags
r-devel-linux-x86_64-debian-clang 0.1.55 8.92 13.14 22.06 NOTE
r-devel-linux-x86_64-debian-gcc 0.1.55 8.23 13.94 22.16 NOTE
r-devel-linux-x86_64-fedora-clang 0.1.55 35.09 NOTE --no-stop-on-test-error
r-devel-linux-x86_64-fedora-gcc 0.1.55 32.05 NOTE --no-stop-on-test-error
r-devel-macos-x86_64-clang 0.1.55 30.92 NOTE --no-stop-on-test-error
r-devel-windows-ix86+x86_64 0.1.55 25.00 35.00 60.00 OK
r-patched-linux-x86_64 0.1.55 7.48 13.51 20.99 NOTE
r-patched-solaris-sparc 0.1.55 229.50 OK
r-patched-solaris-x86 0.1.55 58.40 OK
r-release-linux-x86_64 0.1.55 7.27 10.83 18.11 OK
r-release-osx-x86_64-mavericks 0.1.55 OK
r-release-windows-ix86+x86_64 0.1.55 24.00 33.00 57.00 OK
r-oldrel-windows-ix86+x86_64 0.1.55 25.00 32.00 57.00 OK

Check Details

Version: 0.1.55
Check: compiled code
Result: NOTE
    File ‘Rcsdp/libs/Rcsdp.so’:
     Found no calls to: ‘R_registerRoutines’, ‘R_useDynamicSymbols’
    
    It is good practice to register native routines and to disable symbol
    search.
    
    See ‘Writing portable packages’ in the ‘Writing R Extensions’ manual.
Flavors: r-devel-linux-x86_64-debian-clang, r-devel-linux-x86_64-debian-gcc, r-patched-linux-x86_64

Version: 0.1.55
Flags: --no-stop-on-test-error
Check: compiled code
Result: NOTE
    File ‘Rcsdp/libs/Rcsdp.so’:
     Found no calls to: ‘R_registerRoutines’, ‘R_useDynamicSymbols’
    
    It is good practice to register native routines and to disable symbol
    search.
    
    See ‘Writing portable packages’ in the ‘Writing R Extensions’ manual.
Flavors: r-devel-linux-x86_64-fedora-clang, r-devel-linux-x86_64-fedora-gcc, r-devel-macos-x86_64-clang