CRAN Package Check Results for Package Rcsdp

Last updated on 2015-07-02 11:48:36.

Flavor Version Tinstall Tcheck Ttotal Status Flags
r-devel-linux-x86_64-debian-clang 0.1.53 5.44 9.99 15.43 NOTE
r-devel-linux-x86_64-debian-gcc 0.1.53 6.50 9.86 16.36 NOTE
r-devel-linux-x86_64-fedora-clang 0.1.53 27.73 NOTE
r-devel-linux-x86_64-fedora-gcc 0.1.53 26.32 NOTE
r-devel-osx-x86_64-clang 0.1.53 31.75 OK
r-devel-windows-ix86+x86_64 0.1.53 38.00 21.00 59.00 OK
r-patched-linux-x86_64 0.1.53 6.52 10.24 16.76 OK
r-patched-solaris-sparc 0.1.53 187.00 OK
r-patched-solaris-x86 0.1.53 47.80 OK
r-release-linux-x86_64 0.1.53 6.64 10.15 16.79 OK
r-release-osx-x86_64-mavericks 0.1.53 OK
r-release-windows-ix86+x86_64 0.1.53 25.00 22.00 47.00 OK
r-oldrel-windows-ix86+x86_64 0.1.53 33.00 25.00 58.00 OK

Check Details

Version: 0.1.53
Check: R code for possible problems
Result: NOTE
    .not.dsTMatrix: no visible global function definition for ‘as’
    .simple_triplet_random_sym_matrix: no visible binding for global
     variable ‘rnorm’
    as.simple_triplet_sym_matrix.dsTMatrix: no visible global function
     definition for ‘as’
Flavors: r-devel-linux-x86_64-debian-clang, r-devel-linux-x86_64-debian-gcc, r-devel-linux-x86_64-fedora-gcc

Version: 0.1.53
Check: R code for possible problems
Result: NOTE
    .not.dsTMatrix: no visible global function definition for ‘as’
    .simple_triplet_random_sym_matrix: no visible binding for global
     variable ‘rnorm’
    as.simple_triplet_sym_matrix.dsTMatrix: no visible global function
     definition for ‘as’
    Undefined global functions or variables:
     as rnorm
Flavor: r-devel-linux-x86_64-fedora-clang