CRAN Package Check Results for Package Rcsdp

Last updated on 2017-02-24 19:48:31.

Flavor Version Tinstall Tcheck Ttotal Status Flags
r-devel-linux-x86_64-debian-clang 0.1.55 8.47 13.39 21.85 NOTE
r-devel-linux-x86_64-debian-gcc 0.1.55 8.29 13.41 21.70 NOTE
r-devel-linux-x86_64-fedora-clang 0.1.55 34.74 NOTE --no-stop-on-test-error
r-devel-linux-x86_64-fedora-gcc 0.1.55 33.07 NOTE --no-stop-on-test-error
r-devel-macos-x86_64-clang 0.1.55 31.37 NOTE --no-stop-on-test-error
r-devel-windows-ix86+x86_64 0.1.55 31.00 49.00 80.00 OK
r-patched-linux-x86_64 0.1.55 8.02 11.41 19.43 OK
r-patched-solaris-sparc 0.1.55 179.70 OK
r-patched-solaris-x86 0.1.55 44.90 OK
r-release-linux-x86_64 0.1.55 7.65 11.39 19.04 OK
r-release-osx-x86_64-mavericks 0.1.55 OK
r-release-windows-ix86+x86_64 0.1.55 24.00 33.00 57.00 OK
r-oldrel-windows-ix86+x86_64 0.1.55 25.00 32.00 57.00 OK

Check Details

Version: 0.1.55
Check: compiled code
Result: NOTE
    File ‘Rcsdp/libs/Rcsdp.so’:
     Found no calls to: ‘R_registerRoutines’, ‘R_useDynamicSymbols’
    
    It is good practice to register native routines and to disable symbol
    search.
    
    See ‘Writing portable packages’ in the ‘Writing R Extensions’ manual.
Flavors: r-devel-linux-x86_64-debian-clang, r-devel-linux-x86_64-debian-gcc

Version: 0.1.55
Flags: --no-stop-on-test-error
Check: compiled code
Result: NOTE
    File ‘Rcsdp/libs/Rcsdp.so’:
     Found no calls to: ‘R_registerRoutines’, ‘R_useDynamicSymbols’
    
    It is good practice to register native routines and to disable symbol
    search.
    
    See ‘Writing portable packages’ in the ‘Writing R Extensions’ manual.
Flavors: r-devel-linux-x86_64-fedora-clang, r-devel-linux-x86_64-fedora-gcc, r-devel-macos-x86_64-clang