CRAN Package Check Results for Package Rd2md

Last updated on 2022-12-03 19:52:59 CET.

Flavor Version Tinstall Tcheck Ttotal Status Flags
r-devel-linux-x86_64-debian-clang 0.0.5 2.67 30.99 33.66 NOTE
r-devel-linux-x86_64-debian-gcc 0.0.5 2.11 23.96 26.07 NOTE
r-devel-linux-x86_64-fedora-clang 0.0.5 53.31 NOTE
r-devel-linux-x86_64-fedora-gcc 0.0.5 50.97 NOTE
r-devel-windows-x86_64 0.0.5 15.00 64.00 79.00 NOTE
r-patched-linux-x86_64 0.0.5 2.76 28.98 31.74 NOTE
r-release-linux-x86_64 0.0.5 2.62 29.11 31.73 NOTE
r-release-macos-arm64 0.0.5 20.00 NOTE
r-release-macos-x86_64 0.0.5 26.00 NOTE
r-release-windows-x86_64 0.0.5 11.00 67.00 78.00 NOTE
r-oldrel-macos-arm64 0.0.5 20.00 NOTE
r-oldrel-macos-x86_64 0.0.5 27.00 NOTE
r-oldrel-windows-ix86+x86_64 0.0.5 7.00 69.00 76.00 NOTE

Check Details

Version: 0.0.5
Check: LazyData
Result: NOTE
     'LazyData' is specified without a 'data' directory
Flavors: r-devel-linux-x86_64-debian-clang, r-devel-linux-x86_64-debian-gcc, r-devel-linux-x86_64-fedora-clang, r-devel-linux-x86_64-fedora-gcc, r-devel-windows-x86_64, r-patched-linux-x86_64, r-release-linux-x86_64, r-release-macos-arm64, r-release-macos-x86_64, r-release-windows-x86_64, r-oldrel-macos-arm64, r-oldrel-macos-x86_64, r-oldrel-windows-ix86+x86_64