CRAN Package Check Results for Package Rd2roxygen

Last updated on 2014-10-02 11:48:15.

Flavor Version Tinstall Tcheck Ttotal Status Flags
r-devel-linux-x86_64-debian-clang 1.5 1.11 16.97 18.08 NOTE
r-devel-linux-x86_64-debian-gcc 1.5 1.02 16.61 17.63 NOTE
r-devel-linux-x86_64-fedora-clang 1.5 36.32 OK
r-devel-linux-x86_64-fedora-gcc 1.5 35.71 OK
r-devel-osx-x86_64-clang 1.5 34.19 NOTE
r-devel-windows-ix86+x86_64 1.5 5.00 29.00 34.00 NOTE
r-patched-linux-x86_64 1.5 1.10 17.42 18.52 NOTE
r-patched-solaris-sparc 1.5 196.40 OK
r-patched-solaris-x86 1.5 50.40 NOTE
r-release-linux-ix86 1.5 1.61 24.72 26.33 NOTE
r-release-linux-x86_64 1.5 1.16 17.81 18.97 NOTE
r-release-osx-x86_64-mavericks 1.5 OK
r-release-osx-x86_64-snowleopard 1.5 OK
r-release-windows-ix86+x86_64 1.5 5.00 30.00 35.00 NOTE
r-oldrel-windows-ix86+x86_64 1.5 4.00 29.00 33.00 NOTE

Check Details

Version: 1.5
Check: re-building of vignette outputs
Result: NOTE
    Error in re-building vignettes:
     ...
    Warning: 'function (...)
    {
     .Deprecated("tidy_source", package = "formatR")
     tidy_source(...)
    }' is deprecated.
    Use 'tidy_source' instead.
    See help("Deprecated") and help("formatR-deprecated").
    pandoc: Filter pandoc-citeproc not found
    Error: processing vignette ‘Rd2roxygen.Rmd’ failed with diagnostics:
    pandoc document conversion failed with error 85
    Execution halted
Flavors: r-devel-linux-x86_64-debian-clang, r-devel-linux-x86_64-debian-gcc, r-patched-linux-x86_64, r-release-linux-ix86, r-release-linux-x86_64

Version: 1.5
Check: re-building of vignette outputs
Result: NOTE
    Error in re-building vignettes:
     ...
    Error: processing vignette 'Rd2roxygen.Rmd' failed with diagnostics:
    pandoc version 1.12.3 or higher is required and was not found.
    Execution halted
Flavors: r-devel-osx-x86_64-clang, r-devel-windows-ix86+x86_64, r-patched-solaris-x86, r-release-windows-ix86+x86_64, r-oldrel-windows-ix86+x86_64