CRAN Package Check Results for Package Rd2roxygen

Last updated on 2014-09-23 17:47:53.

Flavor Version Tinstall Tcheck Ttotal Status Flags
r-devel-linux-x86_64-debian-clang 1.5 1.04 16.44 17.48 NOTE
r-devel-linux-x86_64-debian-gcc 1.5 1.34 16.21 17.55 NOTE
r-devel-linux-x86_64-fedora-clang 1.5 37.18 OK
r-devel-linux-x86_64-fedora-gcc 1.5 35.61 OK
r-devel-osx-x86_64-clang 1.5 36.02 NOTE
r-devel-windows-ix86+x86_64 1.5 5.00 29.00 34.00 NOTE
r-patched-linux-x86_64 1.5 1.09 17.09 18.18 NOTE
r-patched-solaris-sparc 1.5 196.40 OK
r-patched-solaris-x86 1.5 50.00 NOTE
r-release-linux-ix86 1.5 1.52 24.83 26.35 NOTE
r-release-linux-x86_64 1.5 1.20 17.36 18.55 NOTE
r-release-osx-x86_64-mavericks 1.5 OK
r-release-osx-x86_64-snowleopard 1.5 OK
r-release-windows-ix86+x86_64 1.5 5.00 30.00 35.00 NOTE
r-oldrel-windows-ix86+x86_64 1.5 5.00 28.00 33.00 NOTE

Check Details

Version: 1.5
Check: re-building of vignette outputs
Result: NOTE
    Error in re-building vignettes:
     ...
    Warning: 'function (...)
    {
     .Deprecated("tidy_source", package = "formatR")
     tidy_source(...)
    }' is deprecated.
    Use 'tidy_source' instead.
    See help("Deprecated") and help("formatR-deprecated").
    pandoc: Filter pandoc-citeproc not found
    Error: processing vignette ‘Rd2roxygen.Rmd’ failed with diagnostics:
    pandoc document conversion failed with error 85
    Execution halted
Flavors: r-devel-linux-x86_64-debian-clang, r-devel-linux-x86_64-debian-gcc, r-patched-linux-x86_64, r-release-linux-ix86, r-release-linux-x86_64

Version: 1.5
Check: re-building of vignette outputs
Result: NOTE
    Error in re-building vignettes:
     ...
    Error: processing vignette 'Rd2roxygen.Rmd' failed with diagnostics:
    pandoc version 1.12.3 or higher is required and was not found.
    Execution halted
Flavors: r-devel-osx-x86_64-clang, r-devel-windows-ix86+x86_64, r-patched-solaris-x86, r-release-windows-ix86+x86_64, r-oldrel-windows-ix86+x86_64