CRAN Package Check Results for Package Rd2roxygen

Last updated on 2015-08-30 09:47:38.

Flavor Version Tinstall Tcheck Ttotal Status Flags
r-devel-linux-x86_64-debian-clang 1.6 0.94 14.06 15.01 NOTE
r-devel-linux-x86_64-debian-gcc 1.6 1.04 14.56 15.61 NOTE
r-devel-linux-x86_64-fedora-clang 1.6 29.69 NOTE
r-devel-linux-x86_64-fedora-gcc 1.6 28.49 NOTE
r-devel-osx-x86_64-clang 1.6 29.88 OK
r-devel-windows-ix86+x86_64 1.6 5.00 31.00 36.00 NOTE
r-patched-linux-x86_64 1.6 0.83 15.85 16.68 OK
r-patched-solaris-sparc 1.6 195.20 OK
r-patched-solaris-x86 1.6 48.20 OK
r-release-linux-x86_64 1.6 0.88 15.72 16.59 OK
r-release-osx-x86_64-mavericks 1.6 OK
r-release-windows-ix86+x86_64 1.6 5.00 40.00 45.00 OK
r-oldrel-windows-ix86+x86_64 1.6 7.00 36.00 43.00 OK

Check Details

Version: 1.6
Check: R code for possible problems
Result: NOTE
    Rd2roxygen: no visible global function definition for ‘timestamp’
    Rd2roxygen: no visible global function definition for ‘tail’
    Rd2roxygen: no visible global function definition for ‘flush.console’
    importRd: no visible global function definition for ‘getFromNamespace’
    importRd : <anonymous>: no visible global function definition for
     ‘packageName’
    rab: no visible global function definition for ‘head’
    reformat_code: no visible global function definition for ‘tail’
    reformat_code: no visible global function definition for
     ‘flush.console’
    roxygen_and_build: no visible global function definition for ‘head’
    Undefined global functions or variables:
     flush.console getFromNamespace head packageName tail timestamp
    Consider adding
     importFrom("utils", "flush.console", "getFromNamespace", "head",
     "packageName", "tail", "timestamp")
    to your NAMESPACE.
Flavors: r-devel-linux-x86_64-debian-clang, r-devel-linux-x86_64-debian-gcc, r-devel-linux-x86_64-fedora-clang, r-devel-linux-x86_64-fedora-gcc, r-devel-windows-ix86+x86_64