CRAN Package Check Results for Package Rd2roxygen

Last updated on 2015-05-26 11:48:41.

Flavor Version Tinstall Tcheck Ttotal Status Flags
r-devel-linux-x86_64-debian-clang 1.6 0.84 15.02 15.86 OK
r-devel-linux-x86_64-debian-gcc 1.6 0.83 14.41 15.24 OK
r-devel-linux-x86_64-fedora-clang 1.6 30.32 OK
r-devel-linux-x86_64-fedora-gcc 1.6 29.40 OK
r-devel-osx-x86_64-clang 1.6 32.37 OK
r-devel-windows-ix86+x86_64 1.6 4.00 29.00 33.00 OK
r-patched-linux-x86_64 1.6 0.88 15.16 16.04 OK
r-patched-solaris-sparc 1.6 190.80 OK
r-patched-solaris-x86 1.6 44.70 OK
r-release-linux-x86_64 1.6 0.83 14.56 15.39 OK
r-release-osx-x86_64-mavericks 1.6 OK
r-release-osx-x86_64-snowleopard 1.6 ERROR
r-release-windows-ix86+x86_64 1.6 3.00 26.00 29.00 OK
r-oldrel-windows-ix86+x86_64 1.6 6.00 38.00 44.00 OK

Check Details

Version: 1.6
Check: package dependencies
Result: ERROR
    Package required and available but unsuitable version: ‘formatR’
    
    Packages suggested but not available for checking: ‘knitr’ ‘rmarkdown’
    
    VignetteBuilder package required for checking but not installed: ‘knitr’
    
    See section ‘The DESCRIPTION file’ in the ‘Writing R Extensions’
    manual.
Flavor: r-release-osx-x86_64-snowleopard