CRAN Package Check Results for Package Rd2roxygen

Last updated on 2016-02-12 18:49:51.

Flavor Version Tinstall Tcheck Ttotal Status Flags
r-devel-linux-x86_64-debian-gcc 1.6 0.82 14.00 14.83 NOTE
r-devel-linux-x86_64-fedora-clang 1.6 27.33 NOTE
r-devel-linux-x86_64-fedora-gcc 1.6 26.21 NOTE
r-devel-osx-x86_64-clang 1.6 32.52 NOTE
r-devel-windows-ix86+x86_64 1.6 6.00 44.00 50.00 NOTE
r-patched-linux-x86_64 1.6 0.98 14.95 15.93 OK
r-patched-solaris-sparc 1.6 183.00 OK
r-patched-solaris-x86 1.6 42.40 OK
r-release-linux-x86_64 1.6 1.05 14.96 16.01 OK
r-release-osx-x86_64-mavericks 1.6 OK
r-release-windows-ix86+x86_64 1.6 5.00 44.00 49.00 OK
r-oldrel-windows-ix86+x86_64 1.6 7.00 38.00 45.00 OK

Check Details

Version: 1.6
Check: R code for possible problems
Result: NOTE
    Rd2roxygen: no visible global function definition for ‘timestamp’
    Rd2roxygen: no visible global function definition for ‘tail’
    Rd2roxygen: no visible global function definition for ‘flush.console’
    importRd: no visible global function definition for ‘getFromNamespace’
    importRd : <anonymous>: no visible global function definition for
     ‘packageName’
    rab: no visible global function definition for ‘head’
    reformat_code: no visible global function definition for ‘tail’
    reformat_code: no visible global function definition for
     ‘flush.console’
    roxygen_and_build: no visible global function definition for ‘head’
    Undefined global functions or variables:
     flush.console getFromNamespace head packageName tail timestamp
    Consider adding
     importFrom("utils", "flush.console", "getFromNamespace", "head",
     "packageName", "tail", "timestamp")
    to your NAMESPACE file.
Flavors: r-devel-linux-x86_64-debian-gcc, r-devel-linux-x86_64-fedora-clang, r-devel-linux-x86_64-fedora-gcc, r-devel-osx-x86_64-clang, r-devel-windows-ix86+x86_64