CRAN Package Check Results for Package Rd2roxygen

Last updated on 2015-07-01 13:47:30.

Flavor Version Tinstall Tcheck Ttotal Status Flags
r-devel-linux-x86_64-debian-clang 1.6 0.83 14.53 15.36 NOTE
r-devel-linux-x86_64-debian-gcc 1.6 0.85 14.24 15.09 NOTE
r-devel-linux-x86_64-fedora-clang 1.6 29.87 NOTE
r-devel-linux-x86_64-fedora-gcc 1.6 27.36 NOTE
r-devel-osx-x86_64-clang 1.6 30.67 OK
r-devel-windows-ix86+x86_64 1.6 4.00 25.00 29.00 NOTE
r-patched-linux-x86_64 1.6 0.86 14.92 15.79 OK
r-patched-solaris-sparc 1.6 190.80 OK
r-patched-solaris-x86 1.6 45.00 OK
r-release-linux-x86_64 1.6 1.15 14.76 15.90 OK
r-release-osx-x86_64-mavericks 1.6 OK
r-release-windows-ix86+x86_64 1.6 4.00 28.00 32.00 OK
r-oldrel-windows-ix86+x86_64 1.6 6.00 59.00 65.00 OK

Check Details

Version: 1.6
Check: R code for possible problems
Result: NOTE
    Rd2roxygen: no visible global function definition for ‘timestamp’
    Rd2roxygen: no visible global function definition for ‘tail’
    Rd2roxygen: no visible global function definition for ‘flush.console’
    importRd: no visible global function definition for ‘getFromNamespace’
    importRd : <anonymous>: no visible global function definition for
     ‘packageName’
    rab: no visible global function definition for ‘head’
    reformat_code: no visible global function definition for ‘tail’
    reformat_code: no visible global function definition for
     ‘flush.console’
    roxygen_and_build: no visible global function definition for ‘head’
Flavors: r-devel-linux-x86_64-debian-clang, r-devel-linux-x86_64-debian-gcc, r-devel-linux-x86_64-fedora-clang, r-devel-linux-x86_64-fedora-gcc, r-devel-windows-ix86+x86_64