CRAN Package Check Results for Package Rd2roxygen

Last updated on 2014-08-01 17:48:30.

Flavor Version Tinstall Tcheck Ttotal Status Flags
r-devel-linux-x86_64-debian-clang 1.4 1.06 18.17 19.23 OK
r-devel-linux-x86_64-debian-gcc 1.4 1.19 18.15 19.34 OK
r-devel-linux-x86_64-fedora-clang 1.4 40.04 OK
r-devel-linux-x86_64-fedora-gcc 1.4 37.55 OK
r-devel-osx-x86_64-clang 1.4 43.37 OK
r-devel-windows-ix86+x86_64 1.4 4.00 34.00 38.00 OK
r-patched-linux-x86_64 1.4 1.14 18.16 19.30 OK
r-patched-solaris-sparc 1.4 226.60 OK
r-patched-solaris-x86 1.4 56.40 OK
r-release-linux-ix86 1.4 1.53 26.53 28.06 OK
r-release-linux-x86_64 1.4 1.41 18.30 19.71 OK
r-release-osx-x86_64-mavericks 1.4 NOTE
r-release-osx-x86_64-snowleopard 1.4 NOTE
r-release-windows-ix86+x86_64 1.4 6.00 45.00 51.00 OK
r-oldrel-windows-ix86+x86_64 1.4 6.00 46.00 52.00 OK

Check Details

Version: 1.4
Check: re-building of vignette outputs
Result: NOTE
    Error in re-building vignettes:
     ...
    Warning: running command 'kpsewhich framed.sty' had status 1
    Warning in test_latex_pkg("framed", system.file("misc", "framed.sty", package = "knitr")) :
     unable to find LaTeX package 'framed'; will use a copy from knitr
    Error in texi2dvi(file = file, pdf = TRUE, clean = clean, quiet = quiet, :
     Running 'texi2dvi' on 'Rd2roxygen.tex' failed.
    LaTeX errors:
    ! LaTeX Error: File `breakurl.sty' not found.
    
    Type X to quit or <RETURN> to proceed,
    or enter new name. (Default extension: sty)
    
    ign_test/Rd2roxygen/vignettes/Rd2roxygen.tex:68: ==> Fatal error occurred, no
    output PDF file produced!
    Calls: buildVignettes -> texi2pdf -> texi2dvi
    Execution halted
Flavor: r-release-osx-x86_64-mavericks

Version: 1.4
Check: re-building of vignette outputs
Result: NOTE
    Error in re-building vignettes:
     ...
    Warning: running command 'kpsewhich framed.sty' had status 1
    Warning in test_latex_pkg("framed", system.file("misc", "framed.sty", package = "knitr")) :
     unable to find LaTeX package 'framed'; will use a copy from knitr
    Error in texi2dvi(file = file, pdf = TRUE, clean = clean, quiet = quiet, :
     Running 'texi2dvi' on 'Rd2roxygen.tex' failed.
    LaTeX errors:
    ! LaTeX Error: File `breakurl.sty' not found.
    
    Type X to quit or <RETURN> to proceed,
    or enter new name. (Default extension: sty)
    Calls: buildVignettes -> texi2pdf -> texi2dvi
    Execution halted
Flavor: r-release-osx-x86_64-snowleopard