Last updated on 2022-07-06 23:10:23 CEST.
Flavor | Version | Tinstall | Tcheck | Ttotal | Status | Flags |
---|---|---|---|---|---|---|
r-devel-linux-x86_64-debian-clang | 1.0.9 | 294.45 | 251.04 | 545.49 | NOTE | |
r-devel-linux-x86_64-debian-gcc | 1.0.9 | 240.29 | 185.33 | 425.62 | NOTE | |
r-devel-linux-x86_64-fedora-clang | 1.0.9 | 757.55 | NOTE | |||
r-devel-linux-x86_64-fedora-gcc | 1.0.9 | 674.58 | NOTE | |||
r-devel-windows-x86_64 | 1.0.9 | 336.00 | 348.00 | 684.00 | NOTE | |
r-patched-linux-x86_64 | 1.0.9 | 250.43 | 238.83 | 489.26 | OK | |
r-release-linux-x86_64 | 1.0.9 | 247.84 | 238.56 | 486.40 | OK | |
r-release-macos-arm64 | 1.0.9 | 161.00 | NOTE | |||
r-release-macos-x86_64 | 1.0.9 | 285.00 | NOTE | |||
r-release-windows-x86_64 | 1.0.9 | 563.00 | 370.00 | 933.00 | NOTE | |
r-oldrel-macos-arm64 | 1.0.9 | 138.00 | NOTE | |||
r-oldrel-macos-x86_64 | 1.0.9 | 205.00 | NOTE | |||
r-oldrel-windows-ix86+x86_64 | 1.0.9 | 637.00 | 422.00 | 1059.00 | NOTE |
Version: 1.0.9
Check: Rd files
Result: NOTE
checkRd: (-1) aux_gensamples.Rd:57: Escaped LaTeX specials: \$
checkRd: (-1) aux_gensamples.Rd:57: Escaped LaTeX specials: \^ \$
checkRd: (-1) estimate_Ustat.Rd:47: Escaped LaTeX specials: \$
checkRd: (-1) estimate_Ustat.Rd:47: Escaped LaTeX specials: \^ \$
checkRd: (-1) nonlinear_MVE.Rd:73: Escaped LaTeX specials: \&
Flavors: r-devel-linux-x86_64-debian-clang, r-devel-linux-x86_64-debian-gcc, r-devel-linux-x86_64-fedora-clang, r-devel-linux-x86_64-fedora-gcc, r-devel-windows-x86_64
Version: 1.0.9
Check: installed package size
Result: NOTE
installed size is 17.0Mb
sub-directories of 1Mb or more:
data 1.9Mb
libs 13.3Mb
Flavors: r-devel-linux-x86_64-fedora-clang, r-devel-windows-x86_64, r-release-macos-arm64, r-release-macos-x86_64, r-release-windows-x86_64, r-oldrel-macos-arm64, r-oldrel-macos-x86_64, r-oldrel-windows-ix86+x86_64
Version: 1.0.9
Check: Rd cross-references
Result: NOTE
Undeclared package ‘Rtsne’ in Rd xrefs
Flavor: r-devel-linux-x86_64-fedora-clang