CRAN Package Check Results for Package Rdrools

Last updated on 2014-04-25 05:47:23.

Flavor Version Tinstall Tcheck Ttotal Status Flags
r-devel-linux-x86_64-debian-clang 0.0.2 2.00 23.01 25.01 NOTE
r-devel-linux-x86_64-debian-gcc 0.0.2 1.99 23.15 25.14 NOTE
r-devel-linux-x86_64-fedora-clang 0.0.2 52.25 NOTE
r-devel-linux-x86_64-fedora-gcc 0.0.2 50.03 NOTE
r-devel-osx-x86_64-clang 0.0.2 49.65 NOTE
r-devel-osx-x86_64-gcc 0.0.2 NOTE
r-devel-windows-ix86+x86_64 0.0.2 4.00 37.00 41.00 NOTE
r-patched-linux-x86_64 0.0.2 1.86 23.51 25.37 NOTE
r-patched-solaris-sparc 0.0.2 295.50 NOTE
r-patched-solaris-x86 0.0.2 72.60 NOTE
r-release-linux-ix86 0.0.2 3.00 42.00 45.00 NOTE
r-release-linux-x86_64 0.0.2 1.98 23.45 25.42 NOTE
r-release-osx-x86_64-mavericks 0.0.2 WARN
r-release-osx-x86_64-snowleopard 0.0.2 NOTE
r-release-windows-ix86+x86_64 0.0.2 8.00 50.00 58.00 NOTE
r-oldrel-windows-ix86+x86_64 0.0.2 5.00 41.00 46.00 NOTE

Check Details

Version: 0.0.2
Check: DESCRIPTION meta-information
Result: NOTE
    Packages listed in more than one of Depends, Imports, Suggests, Enhances:
     ‘rJava’ ‘Rdroolsjars’
    A package should be listed in only one of these fields.
Flavors: r-devel-linux-x86_64-debian-clang, r-devel-linux-x86_64-debian-gcc, r-devel-linux-x86_64-fedora-clang, r-devel-linux-x86_64-fedora-gcc, r-devel-osx-x86_64-clang, r-devel-osx-x86_64-gcc, r-devel-windows-ix86+x86_64, r-patched-linux-x86_64, r-patched-solaris-sparc, r-patched-solaris-x86, r-release-linux-ix86, r-release-linux-x86_64, r-release-osx-x86_64-mavericks, r-release-osx-x86_64-snowleopard, r-release-windows-ix86+x86_64, r-oldrel-windows-ix86+x86_64

Version: 0.0.2
Check: top-level files
Result: NOTE
    File
     LICENSE
    is not mentioned in the DESCRIPTION file.
Flavors: r-devel-linux-x86_64-debian-clang, r-devel-linux-x86_64-debian-gcc, r-devel-linux-x86_64-fedora-clang, r-devel-linux-x86_64-fedora-gcc, r-devel-osx-x86_64-clang, r-devel-osx-x86_64-gcc, r-devel-windows-ix86+x86_64, r-patched-linux-x86_64, r-patched-solaris-sparc, r-patched-solaris-x86, r-release-linux-ix86, r-release-linux-x86_64, r-release-osx-x86_64-mavericks, r-release-osx-x86_64-snowleopard, r-release-windows-ix86+x86_64, r-oldrel-windows-ix86+x86_64

Version: 0.0.2
Check: PDF version of manual
Result: WARNING
    LaTeX errors when creating PDF version.
    This typically indicates Rd problems.
    LaTeX errors found:
    ! LaTeX Error: File `upquote.sty' not found.
    
    Type X to quit or <RETURN> to proceed,
    or enter new name. (Default extension: sty)
    
    4326b6c/Rd2.tex:8: ==> Fatal error occurred, no output PDF file produced!
Flavor: r-release-osx-x86_64-mavericks