CRAN Package Check Results for Package Rdrools

Last updated on 2017-09-22 09:47:31.

Flavor Version Tinstall Tcheck Ttotal Status Flags
r-devel-linux-x86_64-debian-clang 1.0.2 1.42 22.79 24.21 OK
r-devel-linux-x86_64-debian-gcc 1.0.2 1.38 22.32 23.70 OK
r-devel-linux-x86_64-fedora-clang 1.0.2 49.02 OK
r-devel-linux-x86_64-fedora-gcc 1.0.2 49.57 OK
r-devel-windows-ix86+x86_64 1.0.2 4.00 46.00 50.00 OK
r-patched-linux-x86_64 1.0.2 1.40 23.15 24.55 OK
r-patched-solaris-x86 1.0.2 59.30 OK
r-release-linux-x86_64 1.0.2 1.43 22.28 23.72 OK
r-release-windows-ix86+x86_64 1.0.2 4.00 49.00 53.00 OK
r-release-osx-x86_64 1.0.2 OK
r-oldrel-windows-ix86+x86_64 1.0.2 6.00 47.00 53.00 OK
r-oldrel-osx-x86_64 1.0.2 ERROR

Check Details

Version: 1.0.2
Check: examples
Result: ERROR
    Running examples in ‘Rdrools-Ex.R’ failed
    The error most likely occurred in:
    
    > ### Name: Rdrools-package
    > ### Title: A Rules Engine for R based on the popular Java based Drools
    > ### Aliases: Rdrools-package Rdrools
    > ### Keywords: rulesSession runRules Rdrools
    >
    > ### ** Examples
    >
    > library(Rdrools)
    > data(class)
    > data(rules)
    > input.columns<-c('name', 'class', 'grade', 'email')
    > output.columns<-c('address', 'subject', 'body')
    > rules.session<-rulesSession(rules, input.columns, output.columns)
    Error in .jnew("org/math/r/drools/DroolsService", rules, input.columns, :
     java.lang.UnsupportedClassVersionError: org/math/r/drools/DroolsService : Unsupported major.minor version 51.0
    Calls: rulesSession -> .jnew -> .External
    Execution halted
Flavor: r-oldrel-osx-x86_64