CRAN Package Check Results for Package Rdrools

Last updated on 2014-07-29 07:49:02.

Flavor Version Tinstall Tcheck Ttotal Status Flags
r-devel-linux-x86_64-debian-clang 0.0.2 1.78 22.68 24.46 NOTE
r-devel-linux-x86_64-debian-gcc 0.0.2 1.74 22.15 23.88 NOTE
r-devel-linux-x86_64-fedora-clang 0.0.2 52.19 NOTE
r-devel-linux-x86_64-fedora-gcc 0.0.2 49.38 NOTE
r-devel-osx-x86_64-clang 0.0.2 46.97 NOTE
r-devel-windows-ix86+x86_64 0.0.2 5.00 39.00 44.00 NOTE
r-patched-linux-x86_64 0.0.2 1.78 22.19 23.98 NOTE
r-patched-solaris-sparc 0.0.2 295.50 NOTE
r-patched-solaris-x86 0.0.2 72.30 NOTE
r-release-linux-ix86 0.0.2 2.20 29.51 31.71 NOTE
r-release-linux-x86_64 0.0.2 1.82 22.62 24.44 NOTE
r-release-osx-x86_64-mavericks 0.0.2 NOTE
r-release-osx-x86_64-snowleopard 0.0.2 NOTE
r-release-windows-ix86+x86_64 0.0.2 8.00 39.00 47.00 NOTE
r-oldrel-windows-ix86+x86_64 0.0.2 5.00 41.00 46.00 NOTE

Check Details

Version: 0.0.2
Check: DESCRIPTION meta-information
Result: NOTE
    Packages listed in more than one of Depends, Imports, Suggests, Enhances:
     rJava Rdroolsjars
    A package should be listed in only one of these fields.
Flavors: r-devel-linux-x86_64-debian-clang, r-devel-linux-x86_64-debian-gcc, r-devel-linux-x86_64-fedora-clang, r-devel-linux-x86_64-fedora-gcc, r-devel-osx-x86_64-clang, r-devel-windows-ix86+x86_64, r-patched-linux-x86_64, r-patched-solaris-sparc, r-patched-solaris-x86, r-release-linux-ix86, r-release-linux-x86_64, r-release-osx-x86_64-mavericks, r-release-osx-x86_64-snowleopard, r-release-windows-ix86+x86_64, r-oldrel-windows-ix86+x86_64

Version: 0.0.2
Check: top-level files
Result: NOTE
    File
     LICENSE
    is not mentioned in the DESCRIPTION file.
Flavors: r-devel-linux-x86_64-debian-clang, r-devel-linux-x86_64-debian-gcc, r-devel-linux-x86_64-fedora-clang, r-devel-linux-x86_64-fedora-gcc, r-devel-osx-x86_64-clang, r-devel-windows-ix86+x86_64, r-patched-linux-x86_64, r-patched-solaris-sparc, r-patched-solaris-x86, r-release-linux-ix86, r-release-linux-x86_64, r-release-osx-x86_64-mavericks, r-release-osx-x86_64-snowleopard, r-release-windows-ix86+x86_64, r-oldrel-windows-ix86+x86_64