CRAN Package Check Results for Package Rdroolsjars

Last updated on 2017-07-24 17:48:21.

Flavor Version Tinstall Tcheck Ttotal Status Flags
r-devel-linux-x86_64-debian-clang 1.0.1 3.80 23.64 27.45 OK
r-devel-linux-x86_64-debian-gcc 1.0.1 1.80 23.20 25.00 OK
r-devel-linux-x86_64-fedora-clang 1.0.1 34.11 NOTE
r-devel-linux-x86_64-fedora-gcc 1.0.1 36.62 NOTE
r-devel-windows-ix86+x86_64 1.0.1 7.00 56.00 63.00 NOTE
r-patched-linux-x86_64 1.0.1 1.84 23.29 25.13 OK
r-patched-solaris-x86 1.0.1 50.20 NOTE
r-release-linux-x86_64 1.0.1 1.70 23.65 25.35 OK
r-release-windows-ix86+x86_64 1.0.1 5.00 38.00 43.00 NOTE
r-release-osx-x86_64 1.0.1 NOTE
r-oldrel-windows-ix86+x86_64 1.0.1 8.00 47.00 55.00 NOTE
r-oldrel-osx-x86_64 1.0.1 NOTE

Check Details

Version: 1.0.1
Check: installed package size
Result: NOTE
     installed size is 10.2Mb
     sub-directories of 1Mb or more:
     java 10.1Mb
Flavors: r-devel-linux-x86_64-fedora-clang, r-devel-linux-x86_64-fedora-gcc, r-devel-windows-ix86+x86_64, r-patched-solaris-x86, r-release-windows-ix86+x86_64, r-release-osx-x86_64, r-oldrel-windows-ix86+x86_64, r-oldrel-osx-x86_64