CRAN Package Check Results for Package Rdroolsjars

Last updated on 2017-09-20 19:47:30.

Flavor Version Tinstall Tcheck Ttotal Status Flags
r-devel-linux-x86_64-debian-clang 1.0.1 1.90 17.72 19.61 OK
r-devel-linux-x86_64-debian-gcc 1.0.1 1.86 17.84 19.69 OK
r-devel-linux-x86_64-fedora-clang 1.0.1 35.13 NOTE
r-devel-linux-x86_64-fedora-gcc 1.0.1 35.97 NOTE
r-devel-windows-ix86+x86_64 1.0.1 5.00 38.00 43.00 NOTE
r-patched-linux-x86_64 1.0.1 1.73 17.94 19.67 OK
r-patched-solaris-x86 1.0.1 49.40 NOTE
r-release-linux-x86_64 1.0.1 1.70 18.51 20.21 OK
r-release-windows-ix86+x86_64 1.0.1 5.00 40.00 45.00 NOTE
r-release-osx-x86_64 1.0.1 NOTE
r-oldrel-windows-ix86+x86_64 1.0.1 8.00 47.00 55.00 NOTE
r-oldrel-osx-x86_64 1.0.1 NOTE

Check Details

Version: 1.0.1
Check: installed package size
Result: NOTE
     installed size is 10.2Mb
     sub-directories of 1Mb or more:
     java 10.1Mb
Flavors: r-devel-linux-x86_64-fedora-clang, r-devel-linux-x86_64-fedora-gcc, r-devel-windows-ix86+x86_64, r-patched-solaris-x86, r-release-windows-ix86+x86_64, r-release-osx-x86_64, r-oldrel-windows-ix86+x86_64, r-oldrel-osx-x86_64