CRAN Package Check Results for Package Rdroolsjars

Last updated on 2018-05-20 14:47:06 CEST.

Flavor Version Tinstall Tcheck Ttotal Status Flags
r-devel-linux-x86_64-debian-clang 1.0.1 2.19 33.42 35.61 OK
r-devel-linux-x86_64-debian-gcc 1.0.1 2.21 26.54 28.75 OK
r-devel-linux-x86_64-fedora-clang 1.0.1 39.74 NOTE
r-devel-linux-x86_64-fedora-gcc 1.0.1 38.17 NOTE
r-devel-windows-ix86+x86_64 1.0.1 7.00 46.00 53.00 NOTE
r-patched-linux-x86_64 1.0.1 2.15 29.32 31.47 OK
r-patched-solaris-x86 1.0.1 52.80 NOTE
r-release-linux-x86_64 1.0.1 2.81 29.54 32.35 OK
r-release-windows-ix86+x86_64 1.0.1 7.00 43.00 50.00 NOTE
r-release-osx-x86_64 1.0.1 NOTE
r-oldrel-windows-ix86+x86_64 1.0.1 7.00 51.00 58.00 NOTE
r-oldrel-osx-x86_64 1.0.1 NOTE

Check Details

Version: 1.0.1
Check: installed package size
Result: NOTE
     installed size is 10.2Mb
     sub-directories of 1Mb or more:
     java 10.1Mb
Flavors: r-devel-linux-x86_64-fedora-clang, r-devel-linux-x86_64-fedora-gcc, r-devel-windows-ix86+x86_64, r-patched-solaris-x86, r-release-windows-ix86+x86_64, r-release-osx-x86_64, r-oldrel-windows-ix86+x86_64, r-oldrel-osx-x86_64