CRAN Package Check Results for Package Rdroolsjars

Last updated on 2017-11-23 11:52:43 CET.

Flavor Version Tinstall Tcheck Ttotal Status Flags
r-devel-linux-x86_64-debian-clang 1.0.1 1.66 28.50 30.17 OK
r-devel-linux-x86_64-debian-gcc 1.0.1 1.93 47.76 49.68 OK
r-devel-linux-x86_64-fedora-clang 1.0.1 32.74 NOTE
r-devel-linux-x86_64-fedora-gcc 1.0.1 32.00 NOTE
r-devel-windows-ix86+x86_64 1.0.1 8.00 39.00 47.00 NOTE
r-patched-linux-x86_64 1.0.1 2.35 53.30 55.65 OK
r-patched-solaris-x86 1.0.1 49.80 NOTE
r-release-linux-x86_64 1.0.1 1.72 18.11 19.83 OK
r-release-windows-ix86+x86_64 1.0.1 7.00 49.00 56.00 NOTE
r-release-osx-x86_64 1.0.1 NOTE
r-oldrel-windows-ix86+x86_64 1.0.1 8.00 47.00 55.00 NOTE
r-oldrel-osx-x86_64 1.0.1 NOTE

Check Details

Version: 1.0.1
Check: installed package size
Result: NOTE
     installed size is 10.2Mb
     sub-directories of 1Mb or more:
     java 10.1Mb
Flavors: r-devel-linux-x86_64-fedora-clang, r-devel-linux-x86_64-fedora-gcc, r-devel-windows-ix86+x86_64, r-patched-solaris-x86, r-release-windows-ix86+x86_64, r-release-osx-x86_64, r-oldrel-windows-ix86+x86_64, r-oldrel-osx-x86_64