CRAN Package Check Results for Package Rdroolsjars

Last updated on 2014-07-26 11:52:26.

Flavor Version Tinstall Tcheck Ttotal Status Flags
r-devel-linux-x86_64-debian-clang 0.0.1 1.93 14.25 16.18 NOTE
r-devel-linux-x86_64-debian-gcc 0.0.1 1.85 13.74 15.60 NOTE
r-devel-linux-x86_64-fedora-clang 0.0.1 33.30 NOTE
r-devel-linux-x86_64-fedora-gcc 0.0.1 30.30 NOTE
r-devel-osx-x86_64-clang 0.0.1 29.37 NOTE
r-devel-windows-ix86+x86_64 0.0.1 6.00 25.00 31.00 NOTE
r-patched-linux-x86_64 0.0.1 2.06 14.10 16.16 NOTE
r-patched-solaris-sparc 0.0.1 200.10 NOTE
r-patched-solaris-x86 0.0.1 45.80 NOTE
r-release-linux-ix86 0.0.1 2.98 18.91 21.88 NOTE
r-release-linux-x86_64 0.0.1 1.96 14.27 16.23 NOTE
r-release-osx-x86_64-mavericks 0.0.1 NOTE
r-release-osx-x86_64-snowleopard 0.0.1 NOTE
r-release-windows-ix86+x86_64 0.0.1 7.00 25.00 32.00 NOTE
r-oldrel-windows-ix86+x86_64 0.0.1 5.00 25.00 30.00 NOTE

Check Details

Version: 0.0.1
Check: installed package size
Result: NOTE
     installed size is 8.0Mb
     sub-directories of 1Mb or more:
     java 7.9Mb
Flavors: r-devel-linux-x86_64-debian-clang, r-devel-linux-x86_64-debian-gcc, r-devel-linux-x86_64-fedora-clang, r-devel-linux-x86_64-fedora-gcc, r-devel-osx-x86_64-clang, r-devel-windows-ix86+x86_64, r-patched-linux-x86_64, r-patched-solaris-sparc, r-patched-solaris-x86, r-release-linux-ix86, r-release-linux-x86_64, r-release-osx-x86_64-mavericks, r-release-osx-x86_64-snowleopard, r-release-windows-ix86+x86_64, r-oldrel-windows-ix86+x86_64

Version: 0.0.1
Check: DESCRIPTION meta-information
Result: NOTE
    Package listed in more than one of Depends, Imports, Suggests, Enhances:
     ‘rJava’
    A package should be listed in only one of these fields.
Flavors: r-devel-linux-x86_64-debian-clang, r-devel-linux-x86_64-debian-gcc, r-devel-linux-x86_64-fedora-clang, r-devel-linux-x86_64-fedora-gcc, r-devel-osx-x86_64-clang, r-devel-windows-ix86+x86_64, r-patched-linux-x86_64, r-patched-solaris-sparc, r-patched-solaris-x86, r-release-linux-ix86, r-release-linux-x86_64, r-release-osx-x86_64-mavericks, r-release-osx-x86_64-snowleopard, r-release-windows-ix86+x86_64, r-oldrel-windows-ix86+x86_64

Version: 0.0.1
Check: top-level files
Result: NOTE
    File
     LICENSE
    is not mentioned in the DESCRIPTION file.
Flavors: r-devel-linux-x86_64-debian-clang, r-devel-linux-x86_64-debian-gcc, r-devel-linux-x86_64-fedora-clang, r-devel-linux-x86_64-fedora-gcc, r-devel-osx-x86_64-clang, r-devel-windows-ix86+x86_64, r-patched-linux-x86_64, r-patched-solaris-sparc, r-patched-solaris-x86, r-release-linux-ix86, r-release-linux-x86_64, r-release-osx-x86_64-mavericks, r-release-osx-x86_64-snowleopard, r-release-windows-ix86+x86_64, r-oldrel-windows-ix86+x86_64