CRAN Package Check Results for Package Rdroolsjars

Last updated on 2018-02-26 03:49:13 CET.

Flavor Version Tinstall Tcheck Ttotal Status Flags
r-devel-linux-x86_64-debian-clang 1.0.1 2.30 22.96 25.26 OK
r-devel-linux-x86_64-debian-gcc 1.0.1 1.92 21.37 23.29 OK
r-devel-linux-x86_64-fedora-clang 1.0.1 34.15 NOTE
r-devel-linux-x86_64-fedora-gcc 1.0.1 32.75 NOTE
r-devel-windows-ix86+x86_64 1.0.1 6.00 54.00 60.00 NOTE
r-patched-linux-x86_64 1.0.1 2.24 28.39 30.63 OK
r-patched-solaris-x86 1.0.1 50.50 NOTE
r-release-linux-x86_64 1.0.1 2.53 28.45 30.98 OK
r-release-windows-ix86+x86_64 1.0.1 7.00 51.00 58.00 NOTE
r-release-osx-x86_64 1.0.1 NOTE
r-oldrel-windows-ix86+x86_64 1.0.1 7.00 45.00 52.00 NOTE
r-oldrel-osx-x86_64 1.0.1 NOTE

Check Details

Version: 1.0.1
Check: installed package size
Result: NOTE
     installed size is 10.2Mb
     sub-directories of 1Mb or more:
     java 10.1Mb
Flavors: r-devel-linux-x86_64-fedora-clang, r-devel-linux-x86_64-fedora-gcc, r-devel-windows-ix86+x86_64, r-patched-solaris-x86, r-release-windows-ix86+x86_64, r-release-osx-x86_64, r-oldrel-windows-ix86+x86_64, r-oldrel-osx-x86_64