CRAN Package Check Results for Package Rdsm

Last updated on 2016-06-24 23:47:43.

Flavor Version Tinstall Tcheck Ttotal Status Flags
r-devel-linux-x86_64-debian-gcc 2.1.1 0.94 16.32 17.26 NOTE
r-devel-linux-x86_64-fedora-clang 2.1.1 25.35 NOTE
r-devel-linux-x86_64-fedora-gcc 2.1.1 23.48 NOTE
r-devel-osx-x86_64-clang 2.1.1 22.15 NOTE
r-patched-linux-x86_64 2.1.1 1.06 15.73 16.78 NOTE
r-patched-solaris-x86 2.1.1 43.00 NOTE
r-release-linux-x86_64 2.1.1 1.08 15.88 16.97 NOTE
r-release-osx-x86_64-mavericks 2.1.1 NOTE

Check Details

Version: 2.1.1
Check: dependencies in R code
Result: NOTE
    'library' or 'require' call to ‘synchronicity’ in package code.
     Please use :: or requireNamespace() instead.
     See section 'Suggested packages' in the 'Writing R Extensions' manual.
Flavors: r-devel-linux-x86_64-debian-gcc, r-devel-linux-x86_64-fedora-clang, r-devel-linux-x86_64-fedora-gcc, r-devel-osx-x86_64-clang, r-patched-linux-x86_64, r-patched-solaris-sparc, r-patched-solaris-x86, r-release-linux-x86_64, r-release-osx-x86_64-mavericks