CRAN Package Check Results for Package Rdsm

Last updated on 2015-11-27 17:47:37.

Flavor Version Tinstall Tcheck Ttotal Status Flags
r-devel-linux-x86_64-debian-gcc 2.1.1 0.92 13.64 14.56 NOTE
r-devel-linux-x86_64-fedora-clang 2.1.1 26.21 NOTE
r-devel-linux-x86_64-fedora-gcc 2.1.1 24.14 NOTE
r-devel-osx-x86_64-clang 2.1.1 31.55 NOTE
r-patched-linux-x86_64 2.1.1 0.97 14.55 15.52 NOTE
r-patched-solaris-sparc 2.1.1 14.50 ERROR
r-patched-solaris-x86 2.1.1 2.60 ERROR
r-release-linux-x86_64 2.1.1 0.98 15.59 16.57 NOTE
r-release-osx-x86_64-mavericks 2.1.1 NOTE
r-oldrel-windows-ix86+x86_64 2.0.0 1.00 2.00 3.00 ERROR

Check Details

Version: 2.1.1
Check: dependencies in R code
Result: NOTE
    'library' or 'require' call to ‘synchronicity’ in package code.
     Please use :: or requireNamespace() instead.
     See section 'Suggested packages' in the 'Writing R Extensions' manual.
Flavors: r-devel-linux-x86_64-debian-gcc, r-devel-linux-x86_64-fedora-clang, r-devel-linux-x86_64-fedora-gcc, r-devel-osx-x86_64-clang, r-patched-linux-x86_64, r-release-linux-x86_64, r-release-osx-x86_64-mavericks

Version: 2.1.1
Check: package dependencies
Result: ERROR
    Package required but not available: ‘bigmemory’
    See section ‘The DESCRIPTION file’ in the ‘Writing R Extensions’
Flavors: r-patched-solaris-sparc, r-patched-solaris-x86

Version: 2.0.0
Check: package dependencies
Result: ERROR
    Package required but not available: 'bigmemory'
    Package suggested but not available for checking: 'synchronicity'
    See the information on DESCRIPTION files in the chapter 'Creating R
    packages' of the 'Writing R Extensions' manual.
Flavor: r-oldrel-windows-ix86+x86_64