CRAN Package Check Results for Package Rdsm

Last updated on 2014-12-21 09:51:35.

Flavor Version Tinstall Tcheck Ttotal Status Flags
r-devel-linux-x86_64-debian-clang 2.1.1 0.92 15.32 16.24 OK
r-devel-linux-x86_64-debian-gcc 2.1.1 0.98 15.22 16.20 OK
r-devel-linux-x86_64-fedora-clang 2.1.1 30.30 OK
r-devel-linux-x86_64-fedora-gcc 2.1.1 27.63 OK
r-devel-osx-x86_64-clang 2.1.1 32.93 OK
r-patched-linux-x86_64 2.1.1 0.96 14.99 15.95 OK
r-patched-solaris-sparc 2.1.1 173.90 OK
r-patched-solaris-x86 2.1.1 48.20 OK
r-release-linux-ix86 2.1.1 1.25 21.42 22.67 OK
r-release-linux-x86_64 2.1.1 1.04 15.42 16.46 OK
r-release-osx-x86_64-mavericks 2.1.1 OK
r-release-osx-x86_64-snowleopard 2.1.1 OK
r-release-windows-ix86+x86_64 2.0.0 1.00 2.00 3.00 ERROR
r-oldrel-windows-ix86+x86_64 2.0.0 0.00 2.00 2.00 ERROR

Check Details

Version: 2.0.0
Check: package dependencies
Result: ERROR
    Package required but not available: 'bigmemory'
    
    Package suggested but not available for checking: 'synchronicity'
    
    See the information on DESCRIPTION files in the chapter 'Creating R
    packages' of the 'Writing R Extensions' manual.
Flavors: r-release-windows-ix86+x86_64, r-oldrel-windows-ix86+x86_64