CRAN Package Check Results for Package Rdsm

Last updated on 2014-11-26 03:48:04.

Flavor Version Tinstall Tcheck Ttotal Status Flags
r-devel-linux-x86_64-debian-clang 2.1.1 0.97 14.98 15.95 OK
r-devel-linux-x86_64-debian-gcc 2.1.1 0.93 14.79 15.72 OK
r-devel-linux-x86_64-fedora-clang 2.1.1 30.61 OK
r-devel-linux-x86_64-fedora-gcc 2.1.1 28.45 OK
r-devel-osx-x86_64-clang 2.1.1 33.03 OK
r-patched-linux-x86_64 2.1.1 0.96 14.95 15.91 OK
r-patched-solaris-sparc 2.1.1 173.90 OK
r-patched-solaris-x86 2.1.1 47.10 OK
r-release-linux-ix86 2.1.1 1.26 21.44 22.69 OK
r-release-linux-x86_64 2.1.1 0.99 15.68 16.66 OK
r-release-osx-x86_64-mavericks 2.1.1 OK
r-release-osx-x86_64-snowleopard 2.1.1 OK
r-release-windows-ix86+x86_64 2.0.0 1.00 2.00 3.00 ERROR
r-oldrel-windows-ix86+x86_64 2.0.0 0.00 2.00 2.00 ERROR

Check Details

Version: 2.0.0
Check: package dependencies
Result: ERROR
    Package required but not available: 'bigmemory'
    
    Package suggested but not available for checking: 'synchronicity'
    
    See the information on DESCRIPTION files in the chapter 'Creating R
    packages' of the 'Writing R Extensions' manual.
Flavors: r-release-windows-ix86+x86_64, r-oldrel-windows-ix86+x86_64