CRAN Package Check Results for Package Rdsm

Last updated on 2014-04-23 20:47:20.

Flavor Version Tinstall Tcheck Ttotal Status Flags
r-devel-linux-x86_64-debian-clang 2.0.2 0.98 16.10 17.08 OK
r-devel-linux-x86_64-debian-gcc 2.0.2 0.97 15.76 16.73 OK
r-devel-linux-x86_64-fedora-clang 2.0.2 28.61 OK
r-devel-linux-x86_64-fedora-gcc 2.0.2 28.10 OK
r-devel-osx-x86_64-clang 2.0.2 34.84 OK
r-devel-osx-x86_64-gcc 2.0.2 OK
r-patched-linux-x86_64 2.0.2 1.01 15.56 16.57 OK
r-patched-solaris-sparc 2.0.2 220.40 OK
r-patched-solaris-x86 2.0.2 56.10 OK
r-release-linux-ix86 2.0.2 2.00 32.00 34.00 OK
r-release-linux-x86_64 2.0.2 0.96 15.84 16.80 OK
r-release-osx-x86_64-mavericks 2.0.2 OK
r-release-osx-x86_64-snowleopard 2.0.2 OK
r-release-windows-ix86+x86_64 2.0.0 1.00 2.00 3.00 ERROR
r-oldrel-windows-ix86+x86_64 2.0.0 0.00 2.00 2.00 ERROR

Check Details

Version: 2.0.0
Check: package dependencies
Result: ERROR
    Package required but not available: 'bigmemory'
    
    Package suggested but not available for checking: 'synchronicity'
    
    See the information on DESCRIPTION files in the chapter 'Creating R
    packages' of the 'Writing R Extensions' manual.
Flavors: r-release-windows-ix86+x86_64, r-oldrel-windows-ix86+x86_64