CRAN Package Check Results for Package Rdsm

Last updated on 2016-05-27 17:59:01.

Flavor Version Tinstall Tcheck Ttotal Status Flags
r-devel-linux-x86_64-debian-gcc 2.1.1 0.88 15.91 16.79 NOTE
r-devel-linux-x86_64-fedora-clang 2.1.1 25.28 NOTE
r-devel-linux-x86_64-fedora-gcc 2.1.1 23.64 NOTE
r-devel-osx-x86_64-clang 2.1.1 31.57 NOTE
r-patched-linux-x86_64 2.1.1 1.06 15.23 16.30 NOTE
r-patched-solaris-sparc 2.1.1 185.90 NOTE
r-patched-solaris-x86 2.1.1 43.60 NOTE
r-release-linux-x86_64 2.1.1 0.92 15.06 15.98 NOTE
r-release-osx-x86_64-mavericks 2.1.1 NOTE

Check Details

Version: 2.1.1
Check: dependencies in R code
Result: NOTE
    'library' or 'require' call to ‘synchronicity’ in package code.
     Please use :: or requireNamespace() instead.
     See section 'Suggested packages' in the 'Writing R Extensions' manual.
Flavors: r-devel-linux-x86_64-debian-gcc, r-devel-linux-x86_64-fedora-clang, r-devel-linux-x86_64-fedora-gcc, r-devel-osx-x86_64-clang, r-patched-linux-x86_64, r-patched-solaris-sparc, r-patched-solaris-x86, r-release-linux-x86_64, r-release-osx-x86_64-mavericks