CRAN Package Check Results for Package Rdsm

Last updated on 2016-12-03 12:48:35.

Flavor Version Tinstall Tcheck Ttotal Status Flags
r-devel-linux-x86_64-debian-clang 2.1.1 1.12 17.70 18.82 NOTE
r-devel-linux-x86_64-debian-gcc 2.1.1 1.09 17.61 18.70 NOTE
r-devel-linux-x86_64-fedora-clang 2.1.1 30.00 NOTE
r-devel-linux-x86_64-fedora-gcc 2.1.1 28.97 NOTE
r-devel-macos-x86_64-clang 2.1.1 25.51 NOTE
r-patched-linux-x86_64 2.1.1 0.91 15.05 15.95 NOTE
r-patched-solaris-sparc 2.1.1 184.60 NOTE
r-patched-solaris-x86 2.1.1 42.70 NOTE
r-release-linux-x86_64 2.1.1 1.04 15.21 16.25 NOTE
r-release-osx-x86_64-mavericks 2.1.1 NOTE

Check Details

Version: 2.1.1
Check: dependencies in R code
Result: NOTE
    'library' or 'require' call to ‘synchronicity’ in package code.
     Please use :: or requireNamespace() instead.
     See section 'Suggested packages' in the 'Writing R Extensions' manual.
Flavors: r-devel-linux-x86_64-debian-clang, r-devel-linux-x86_64-debian-gcc, r-devel-linux-x86_64-fedora-clang, r-devel-linux-x86_64-fedora-gcc, r-devel-macos-x86_64-clang, r-patched-linux-x86_64, r-patched-solaris-sparc, r-patched-solaris-x86, r-release-linux-x86_64, r-release-osx-x86_64-mavericks