CRAN Package Check Results for Package Rdsm

Last updated on 2017-02-19 23:48:31.

Flavor Version Tinstall Tcheck Ttotal Status Flags
r-devel-linux-x86_64-debian-clang 2.1.1 0.96 17.29 18.25 NOTE
r-devel-linux-x86_64-debian-gcc 2.1.1 1.03 18.41 19.44 NOTE
r-devel-linux-x86_64-fedora-clang 2.1.1 28.44 NOTE --no-stop-on-test-error
r-devel-linux-x86_64-fedora-gcc 2.1.1 27.43 NOTE --no-stop-on-test-error
r-devel-macos-x86_64-clang 2.1.1 24.88 NOTE --no-stop-on-test-error
r-patched-linux-x86_64 2.1.1 1.02 15.48 16.50 NOTE
r-patched-solaris-sparc 2.1.1 188.70 NOTE
r-patched-solaris-x86 2.1.1 42.30 NOTE
r-release-linux-x86_64 2.1.1 0.94 15.05 15.99 NOTE
r-release-osx-x86_64-mavericks 2.1.1 NOTE

Check Details

Version: 2.1.1
Check: dependencies in R code
Result: NOTE
    'library' or 'require' call to ‘synchronicity’ in package code.
     Please use :: or requireNamespace() instead.
     See section 'Suggested packages' in the 'Writing R Extensions' manual.
Flavors: r-devel-linux-x86_64-debian-clang, r-devel-linux-x86_64-debian-gcc, r-patched-linux-x86_64, r-patched-solaris-sparc, r-patched-solaris-x86, r-release-linux-x86_64, r-release-osx-x86_64-mavericks

Version: 2.1.1
Flags: --no-stop-on-test-error
Check: dependencies in R code
Result: NOTE
    'library' or 'require' call to ‘synchronicity’ in package code.
     Please use :: or requireNamespace() instead.
     See section 'Suggested packages' in the 'Writing R Extensions' manual.
Flavors: r-devel-linux-x86_64-fedora-clang, r-devel-linux-x86_64-fedora-gcc, r-devel-macos-x86_64-clang