CRAN Package Check Results for Package Rdsm

Last updated on 2018-02-23 18:47:50 CET.

Flavor Version Tinstall Tcheck Ttotal Status Flags
r-devel-linux-x86_64-debian-clang 2.1.1 1.70 24.49 26.19 NOTE
r-devel-linux-x86_64-debian-gcc 2.1.1 1.20 19.39 20.59 NOTE
r-devel-linux-x86_64-fedora-clang 2.1.1 31.72 NOTE
r-devel-linux-x86_64-fedora-gcc 2.1.1 29.84 NOTE
r-patched-linux-x86_64 2.1.1 1.21 23.63 24.84 NOTE
r-patched-solaris-x86 2.1.1 50.90 NOTE
r-release-linux-x86_64 2.1.1 1.26 23.77 25.03 NOTE
r-release-osx-x86_64 2.1.1 NOTE
r-oldrel-osx-x86_64 2.1.1 NOTE

Check Details

Version: 2.1.1
Check: dependencies in R code
Result: NOTE
    'library' or 'require' call to ‘synchronicity’ in package code.
     Please use :: or requireNamespace() instead.
     See section 'Suggested packages' in the 'Writing R Extensions' manual.
Flavors: r-devel-linux-x86_64-debian-clang, r-devel-linux-x86_64-debian-gcc, r-devel-linux-x86_64-fedora-clang, r-devel-linux-x86_64-fedora-gcc, r-patched-linux-x86_64, r-patched-solaris-x86, r-release-linux-x86_64, r-release-osx-x86_64, r-oldrel-osx-x86_64