CRAN Package Check Results for Package Rdsm

Last updated on 2017-11-23 00:47:40 CET.

Flavor Version Tinstall Tcheck Ttotal Status Flags
r-devel-linux-x86_64-debian-clang 2.1.1 1.10 26.60 27.70 NOTE
r-devel-linux-x86_64-debian-gcc 2.1.1 1.19 39.58 40.77 NOTE
r-devel-linux-x86_64-fedora-clang 2.1.1 26.87 NOTE
r-devel-linux-x86_64-fedora-gcc 2.1.1 27.34 NOTE
r-patched-linux-x86_64 2.1.1 1.10 17.94 19.04 NOTE
r-patched-solaris-x86 2.1.1 50.10 NOTE
r-release-linux-x86_64 2.1.1 1.14 17.98 19.12 NOTE
r-release-osx-x86_64 2.1.1 NOTE
r-oldrel-osx-x86_64 2.1.1 NOTE

Check Details

Version: 2.1.1
Check: dependencies in R code
Result: NOTE
    'library' or 'require' call to ‘synchronicity’ in package code.
     Please use :: or requireNamespace() instead.
     See section 'Suggested packages' in the 'Writing R Extensions' manual.
Flavors: r-devel-linux-x86_64-debian-clang, r-devel-linux-x86_64-debian-gcc, r-devel-linux-x86_64-fedora-clang, r-devel-linux-x86_64-fedora-gcc, r-patched-linux-x86_64, r-patched-solaris-x86, r-release-linux-x86_64, r-release-osx-x86_64, r-oldrel-osx-x86_64