CRAN Package Check Results for Package Rdsm

Last updated on 2014-07-23 05:49:10.

Flavor Version Tinstall Tcheck Ttotal Status Flags
r-devel-linux-x86_64-debian-clang 2.0.2 0.93 14.18 15.10 OK
r-devel-linux-x86_64-debian-gcc 2.0.2 0.91 14.19 15.10 OK
r-devel-linux-x86_64-fedora-clang 2.0.2 29.93 OK
r-devel-linux-x86_64-fedora-gcc 2.0.2 27.22 OK
r-devel-osx-x86_64-clang 2.0.2 32.57 OK
r-patched-linux-x86_64 2.0.2 1.01 14.88 15.89 OK
r-patched-solaris-sparc 2.0.2 220.40 OK
r-patched-solaris-x86 2.0.2 55.70 OK
r-release-linux-ix86 2.0.2 1.38 23.45 24.83 OK
r-release-linux-x86_64 2.0.2 1.01 15.03 16.04 OK
r-release-osx-x86_64-mavericks 2.0.2 OK
r-release-osx-x86_64-snowleopard 2.0.2 OK
r-release-windows-ix86+x86_64 2.0.0 1.00 2.00 3.00 ERROR
r-oldrel-windows-ix86+x86_64 2.0.0 0.00 2.00 2.00 ERROR

Check Details

Version: 2.0.0
Check: package dependencies
Result: ERROR
    Package required but not available: 'bigmemory'
    
    Package suggested but not available for checking: 'synchronicity'
    
    See the information on DESCRIPTION files in the chapter 'Creating R
    packages' of the 'Writing R Extensions' manual.
Flavors: r-release-windows-ix86+x86_64, r-oldrel-windows-ix86+x86_64