CRAN Package Check Results for Package Rdsm

Last updated on 2016-07-29 03:48:20.

Flavor Version Tinstall Tcheck Ttotal Status Flags
r-devel-linux-x86_64-debian-clang 2.1.1 1.30 17.73 19.03 NOTE
r-devel-linux-x86_64-debian-gcc 2.1.1 1.06 18.22 19.28 NOTE
r-devel-linux-x86_64-fedora-clang 2.1.1 25.69 NOTE
r-devel-linux-x86_64-fedora-gcc 2.1.1 24.04 NOTE
r-devel-osx-x86_64-clang 2.1.1 22.08 NOTE
r-patched-linux-x86_64 2.1.1 1.08 17.11 18.19 NOTE
r-patched-solaris-sparc 2.1.1 184.60 NOTE
r-patched-solaris-x86 2.1.1 42.30 NOTE
r-release-linux-x86_64 2.1.1 1.17 18.07 19.24 NOTE
r-release-osx-x86_64-mavericks 2.1.1 NOTE

Check Details

Version: 2.1.1
Check: dependencies in R code
Result: NOTE
    'library' or 'require' call to ‘synchronicity’ in package code.
     Please use :: or requireNamespace() instead.
     See section 'Suggested packages' in the 'Writing R Extensions' manual.
Flavors: r-devel-linux-x86_64-debian-clang, r-devel-linux-x86_64-debian-gcc, r-devel-linux-x86_64-fedora-clang, r-devel-linux-x86_64-fedora-gcc, r-devel-osx-x86_64-clang, r-patched-linux-x86_64, r-patched-solaris-sparc, r-patched-solaris-x86, r-release-linux-x86_64, r-release-osx-x86_64-mavericks