CRAN Package Check Results for Package Rdsm

Last updated on 2017-03-30 20:47:21.

Flavor Version Tinstall Tcheck Ttotal Status Flags
r-devel-linux-x86_64-debian-clang 2.1.1 1.00 18.01 19.00 NOTE
r-devel-linux-x86_64-debian-gcc 2.1.1 0.97 18.12 19.09 NOTE
r-devel-linux-x86_64-fedora-clang 2.1.1 29.01 NOTE --no-stop-on-test-error
r-devel-linux-x86_64-fedora-gcc 2.1.1 28.18 NOTE --no-stop-on-test-error
r-devel-macos-x86_64-clang 2.1.1 24.37 NOTE --no-stop-on-test-error
r-patched-linux-x86_64 2.1.1 1.11 18.80 19.91 NOTE
r-patched-solaris-sparc 2.1.1 210.20 NOTE
r-patched-solaris-x86 2.1.1 49.60 NOTE
r-release-linux-x86_64 2.1.1 0.91 15.13 16.04 NOTE
r-release-osx-x86_64-mavericks 2.1.1 NOTE

Check Details

Version: 2.1.1
Check: dependencies in R code
Result: NOTE
    'library' or 'require' call to ‘synchronicity’ in package code.
     Please use :: or requireNamespace() instead.
     See section 'Suggested packages' in the 'Writing R Extensions' manual.
Flavors: r-devel-linux-x86_64-debian-clang, r-devel-linux-x86_64-debian-gcc, r-patched-linux-x86_64, r-patched-solaris-sparc, r-patched-solaris-x86, r-release-linux-x86_64, r-release-osx-x86_64-mavericks

Version: 2.1.1
Flags: --no-stop-on-test-error
Check: dependencies in R code
Result: NOTE
    'library' or 'require' call to ‘synchronicity’ in package code.
     Please use :: or requireNamespace() instead.
     See section 'Suggested packages' in the 'Writing R Extensions' manual.
Flavors: r-devel-linux-x86_64-fedora-clang, r-devel-linux-x86_64-fedora-gcc, r-devel-macos-x86_64-clang