CRAN Package Check Results for Package Rdsm

Last updated on 2014-08-22 07:50:40.

Flavor Version Tinstall Tcheck Ttotal Status Flags
r-devel-linux-x86_64-debian-clang 2.0.2 0.91 15.03 15.94 OK
r-devel-linux-x86_64-debian-gcc 2.0.2 0.91 14.21 15.12 OK
r-devel-linux-x86_64-fedora-clang 2.0.2 28.57 OK
r-devel-linux-x86_64-fedora-gcc 2.0.2 26.51 OK
r-devel-osx-x86_64-clang 2.0.2 32.16 OK
r-patched-linux-x86_64 2.0.2 1.04 14.84 15.88 OK
r-patched-solaris-sparc 2.0.2 221.80 OK
r-patched-solaris-x86 2.0.2 56.50 OK
r-release-linux-ix86 2.0.2 1.33 23.44 24.76 OK
r-release-linux-x86_64 2.0.2 1.06 15.45 16.51 OK
r-release-osx-x86_64-mavericks 2.0.2 OK
r-release-osx-x86_64-snowleopard 2.0.2 OK
r-release-windows-ix86+x86_64 2.0.0 1.00 2.00 3.00 ERROR
r-oldrel-windows-ix86+x86_64 2.0.0 0.00 2.00 2.00 ERROR

Check Details

Version: 2.0.0
Check: package dependencies
Result: ERROR
    Package required but not available: 'bigmemory'
    
    Package suggested but not available for checking: 'synchronicity'
    
    See the information on DESCRIPTION files in the chapter 'Creating R
    packages' of the 'Writing R Extensions' manual.
Flavors: r-release-windows-ix86+x86_64, r-oldrel-windows-ix86+x86_64