CRAN Package Check Results for Package Rdsm

Last updated on 2017-05-28 21:47:08.

Flavor Version Tinstall Tcheck Ttotal Status Flags
r-devel-linux-x86_64-debian-clang 2.1.1 0.95 19.19 20.14 NOTE
r-devel-linux-x86_64-debian-gcc 2.1.1 1.04 19.03 20.07 NOTE
r-devel-linux-x86_64-fedora-clang 2.1.1 29.16 NOTE
r-devel-linux-x86_64-fedora-gcc 2.1.1 27.68 NOTE
r-patched-linux-x86_64 2.1.1 1.06 20.54 21.60 NOTE
r-patched-solaris-sparc 2.1.1 210.20 NOTE
r-patched-solaris-x86 2.1.1 50.30 NOTE
r-release-linux-x86_64 2.1.1 1.07 20.81 21.88 NOTE
r-release-osx-x86_64 2.1.1 NOTE
r-oldrel-osx-x86_64 2.1.1 NOTE

Check Details

Version: 2.1.1
Check: dependencies in R code
Result: NOTE
    'library' or 'require' call to ‘synchronicity’ in package code.
     Please use :: or requireNamespace() instead.
     See section 'Suggested packages' in the 'Writing R Extensions' manual.
Flavors: r-devel-linux-x86_64-debian-clang, r-devel-linux-x86_64-debian-gcc, r-devel-linux-x86_64-fedora-clang, r-devel-linux-x86_64-fedora-gcc, r-patched-linux-x86_64, r-patched-solaris-sparc, r-patched-solaris-x86, r-release-linux-x86_64, r-release-osx-x86_64, r-oldrel-osx-x86_64