CRAN Package Check Results for Package Rdsm

Last updated on 2015-07-05 22:47:42.

Flavor Version Tinstall Tcheck Ttotal Status Flags
r-devel-linux-x86_64-debian-clang 2.1.1 0.78 12.82 13.60 NOTE
r-devel-linux-x86_64-debian-gcc 2.1.1 0.74 12.82 13.56 NOTE
r-devel-linux-x86_64-fedora-clang 2.1.1 23.79 NOTE
r-devel-linux-x86_64-fedora-gcc 2.1.1 23.19 NOTE
r-devel-osx-x86_64-clang 2.1.1 27.26 NOTE
r-patched-linux-x86_64 2.1.1 0.74 13.44 14.18 NOTE
r-patched-solaris-sparc 2.1.1 172.50 NOTE
r-patched-solaris-x86 2.1.1 42.30 NOTE
r-release-linux-x86_64 2.1.1 0.79 13.43 14.22 NOTE
r-release-osx-x86_64-mavericks 2.1.1 NOTE
r-oldrel-windows-ix86+x86_64 2.0.0 1.00 2.00 3.00 ERROR

Check Details

Version: 2.1.1
Check: dependencies in R code
Result: NOTE
    'library' or 'require' call to ‘synchronicity’ in package code.
     Please use :: or requireNamespace() instead.
     See section 'Suggested packages' in the 'Writing R Extensions' manual.
Flavors: r-devel-linux-x86_64-debian-clang, r-devel-linux-x86_64-debian-gcc, r-devel-linux-x86_64-fedora-clang, r-devel-linux-x86_64-fedora-gcc, r-devel-osx-x86_64-clang, r-patched-linux-x86_64, r-patched-solaris-sparc, r-patched-solaris-x86, r-release-linux-x86_64, r-release-osx-x86_64-mavericks

Version: 2.1.1
Check: package dependencies
Result: NOTE
    Package suggested but not available for checking: ‘synchronicity’
Flavor: r-patched-solaris-sparc

Version: 2.0.0
Check: package dependencies
Result: ERROR
    Package required but not available: 'bigmemory'
    
    Package suggested but not available for checking: 'synchronicity'
    
    See the information on DESCRIPTION files in the chapter 'Creating R
    packages' of the 'Writing R Extensions' manual.
Flavor: r-oldrel-windows-ix86+x86_64