CRAN Package Check Results for Package Rdsm

Last updated on 2014-10-02 11:48:15.

Flavor Version Tinstall Tcheck Ttotal Status Flags
r-devel-linux-x86_64-debian-clang 2.0.2 0.91 14.98 15.88 OK
r-devel-linux-x86_64-debian-gcc 2.0.2 0.95 15.00 15.95 OK
r-devel-linux-x86_64-fedora-clang 2.0.2 28.39 OK
r-devel-linux-x86_64-fedora-gcc 2.0.2 27.43 OK
r-devel-osx-x86_64-clang 2.0.2 32.29 OK
r-patched-linux-x86_64 2.0.2 0.92 16.18 17.09 OK
r-patched-solaris-sparc 2.0.2 221.80 OK
r-patched-solaris-x86 2.0.2 56.50 OK
r-release-linux-ix86 2.0.2 1.36 23.82 25.18 OK
r-release-linux-x86_64 2.0.2 0.98 16.05 17.03 OK
r-release-osx-x86_64-mavericks 2.0.2 OK
r-release-osx-x86_64-snowleopard 2.0.2 OK
r-release-windows-ix86+x86_64 2.0.0 1.00 2.00 3.00 ERROR
r-oldrel-windows-ix86+x86_64 2.0.0 0.00 2.00 2.00 ERROR

Check Details

Version: 2.0.0
Check: package dependencies
Result: ERROR
    Package required but not available: 'bigmemory'
    
    Package suggested but not available for checking: 'synchronicity'
    
    See the information on DESCRIPTION files in the chapter 'Creating R
    packages' of the 'Writing R Extensions' manual.
Flavors: r-release-windows-ix86+x86_64, r-oldrel-windows-ix86+x86_64