CRAN Package Check Results for Package Rdsm

Last updated on 2017-07-23 17:47:34.

Flavor Version Tinstall Tcheck Ttotal Status Flags
r-devel-linux-x86_64-debian-clang 2.1.1 0.91 24.90 25.81 NOTE
r-devel-linux-x86_64-debian-gcc 2.1.1 0.93 24.28 25.21 NOTE
r-devel-linux-x86_64-fedora-clang 2.1.1 28.20 NOTE
r-devel-linux-x86_64-fedora-gcc 2.1.1 29.39 NOTE
r-patched-linux-x86_64 2.1.1 1.15 24.82 25.97 NOTE
r-patched-solaris-x86 2.1.1 50.70 NOTE
r-release-linux-x86_64 2.1.1 0.95 25.36 26.31 NOTE
r-release-osx-x86_64 2.1.1 NOTE
r-oldrel-osx-x86_64 2.1.1 NOTE

Check Details

Version: 2.1.1
Check: dependencies in R code
Result: NOTE
    'library' or 'require' call to ‘synchronicity’ in package code.
     Please use :: or requireNamespace() instead.
     See section 'Suggested packages' in the 'Writing R Extensions' manual.
Flavors: r-devel-linux-x86_64-debian-clang, r-devel-linux-x86_64-debian-gcc, r-devel-linux-x86_64-fedora-clang, r-devel-linux-x86_64-fedora-gcc, r-patched-linux-x86_64, r-patched-solaris-x86, r-release-linux-x86_64, r-release-osx-x86_64, r-oldrel-osx-x86_64