CRAN Package Check Results for Package Rdsm

Last updated on 2015-04-02 08:49:39.

Flavor Version Tinstall Tcheck Ttotal Status Flags
r-devel-linux-x86_64-debian-clang 2.1.1 0.76 14.05 14.81 NOTE
r-devel-linux-x86_64-debian-gcc 2.1.1 0.74 13.14 13.88 NOTE
r-devel-linux-x86_64-fedora-clang 2.1.1 25.15 NOTE
r-devel-linux-x86_64-fedora-gcc 2.1.1 23.71 NOTE
r-devel-osx-x86_64-clang 2.1.1 34.00 NOTE
r-prerel-linux-x86_64 2.1.1 0.76 13.94 14.70 NOTE
r-prerel-solaris-sparc 2.1.1 18.20 ERROR
r-prerel-solaris-x86 2.1.1 40.50 NOTE
r-release-linux-x86_64 2.1.1 0.96 15.14 16.10 NOTE
r-release-osx-x86_64-mavericks 2.1.1 OK
r-release-osx-x86_64-snowleopard 2.1.1 OK
r-release-windows-ix86+x86_64 2.0.0 1.00 2.00 3.00 ERROR
r-oldrel-windows-ix86+x86_64 2.0.0 0.00 2.00 2.00 ERROR

Check Details

Version: 2.1.1
Check: dependencies in R code
Result: NOTE
    'library' or 'require' call to ‘synchronicity’ in package code.
     Please use :: or requireNamespace() instead.
     See section 'Suggested packages' in the 'Writing R Extensions' manual.
Flavors: r-devel-linux-x86_64-debian-clang, r-devel-linux-x86_64-debian-gcc, r-devel-linux-x86_64-fedora-clang, r-devel-linux-x86_64-fedora-gcc, r-devel-osx-x86_64-clang, r-prerel-linux-x86_64, r-prerel-solaris-x86, r-release-linux-x86_64

Version: 2.1.1
Check: package dependencies
Result: ERROR
    Package required but not available: ‘bigmemory’
    
    See section ‘The DESCRIPTION file’ in the ‘Writing R Extensions’
    manual.
Flavor: r-prerel-solaris-sparc

Version: 2.0.0
Check: package dependencies
Result: ERROR
    Package required but not available: 'bigmemory'
    
    Package suggested but not available for checking: 'synchronicity'
    
    See the information on DESCRIPTION files in the chapter 'Creating R
    packages' of the 'Writing R Extensions' manual.
Flavors: r-release-windows-ix86+x86_64, r-oldrel-windows-ix86+x86_64