CRAN Package Check Results for Package Rdsm

Last updated on 2018-06-23 16:46:53 CEST.

Flavor Version Tinstall Tcheck Ttotal Status Flags
r-devel-linux-x86_64-debian-clang 2.1.1 1.90 27.16 29.06 NOTE
r-devel-linux-x86_64-debian-gcc 2.1.1 1.29 21.48 22.77 NOTE
r-devel-linux-x86_64-fedora-clang 2.1.1 35.12 NOTE
r-devel-linux-x86_64-fedora-gcc 2.1.1 32.04 NOTE
r-patched-linux-x86_64 2.1.1 1.78 24.55 26.33 NOTE
r-patched-solaris-x86 2.1.1 55.50 NOTE
r-release-linux-x86_64 2.1.1 1.72 24.52 26.24 NOTE
r-release-osx-x86_64 2.1.1 NOTE
r-oldrel-osx-x86_64 2.1.1 NOTE

Check Details

Version: 2.1.1
Check: dependencies in R code
Result: NOTE
    'library' or 'require' call to ‘synchronicity’ in package code.
     Please use :: or requireNamespace() instead.
     See section 'Suggested packages' in the 'Writing R Extensions' manual.
Flavors: r-devel-linux-x86_64-debian-clang, r-devel-linux-x86_64-debian-gcc, r-devel-linux-x86_64-fedora-clang, r-devel-linux-x86_64-fedora-gcc, r-patched-linux-x86_64, r-patched-solaris-x86, r-release-linux-x86_64, r-release-osx-x86_64, r-oldrel-osx-x86_64