CRAN Package Check Results for Package Rdsm

Last updated on 2017-01-24 13:51:46.

Flavor Version Tinstall Tcheck Ttotal Status Flags
r-devel-linux-x86_64-debian-clang 2.1.1 1.00 17.99 18.98 NOTE
r-devel-linux-x86_64-debian-gcc 2.1.1 0.98 18.69 19.67 NOTE
r-devel-linux-x86_64-fedora-clang 2.1.1 30.09 NOTE --no-stop-on-test-error
r-devel-linux-x86_64-fedora-gcc 2.1.1 29.46 NOTE --no-stop-on-test-error
r-devel-macos-x86_64-clang 2.1.1 24.30 NOTE --no-stop-on-test-error
r-patched-linux-x86_64 2.1.1 0.94 15.25 16.20 NOTE
r-patched-solaris-sparc 2.1.1 188.70 NOTE
r-patched-solaris-x86 2.1.1 42.20 NOTE
r-release-linux-x86_64 2.1.1 1.04 15.20 16.24 NOTE
r-release-osx-x86_64-mavericks 2.1.1 NOTE

Check Details

Version: 2.1.1
Check: dependencies in R code
Result: NOTE
    'library' or 'require' call to ‘synchronicity’ in package code.
     Please use :: or requireNamespace() instead.
     See section 'Suggested packages' in the 'Writing R Extensions' manual.
Flavors: r-devel-linux-x86_64-debian-clang, r-devel-linux-x86_64-debian-gcc, r-patched-linux-x86_64, r-patched-solaris-sparc, r-patched-solaris-x86, r-release-linux-x86_64, r-release-osx-x86_64-mavericks

Version: 2.1.1
Flags: --no-stop-on-test-error
Check: dependencies in R code
Result: NOTE
    'library' or 'require' call to ‘synchronicity’ in package code.
     Please use :: or requireNamespace() instead.
     See section 'Suggested packages' in the 'Writing R Extensions' manual.
Flavors: r-devel-linux-x86_64-fedora-clang, r-devel-linux-x86_64-fedora-gcc, r-devel-macos-x86_64-clang