CRAN Package Check Results for Package Rdsm

Last updated on 2015-08-30 23:47:55.

Flavor Version Tinstall Tcheck Ttotal Status Flags
r-devel-linux-x86_64-debian-clang 2.1.1 0.68 12.28 12.95 NOTE
r-devel-linux-x86_64-debian-gcc 2.1.1 0.68 12.52 13.21 NOTE
r-devel-linux-x86_64-fedora-clang 2.1.1 23.45 NOTE
r-devel-linux-x86_64-fedora-gcc 2.1.1 21.58 NOTE
r-devel-osx-x86_64-clang 2.1.1 24.45 NOTE
r-patched-linux-x86_64 2.1.1 0.78 13.34 14.12 NOTE
r-patched-solaris-sparc 2.1.1 180.00 NOTE
r-patched-solaris-x86 2.1.1 43.20 NOTE
r-release-linux-x86_64 2.1.1 0.77 13.40 14.17 NOTE
r-release-osx-x86_64-mavericks 2.1.1 NOTE
r-oldrel-windows-ix86+x86_64 2.0.0 1.00 2.00 3.00 ERROR

Check Details

Version: 2.1.1
Check: dependencies in R code
Result: NOTE
    'library' or 'require' call to ‘synchronicity’ in package code.
     Please use :: or requireNamespace() instead.
     See section 'Suggested packages' in the 'Writing R Extensions' manual.
Flavors: r-devel-linux-x86_64-debian-clang, r-devel-linux-x86_64-debian-gcc, r-devel-linux-x86_64-fedora-clang, r-devel-linux-x86_64-fedora-gcc, r-devel-osx-x86_64-clang, r-patched-linux-x86_64, r-patched-solaris-sparc, r-patched-solaris-x86, r-release-linux-x86_64, r-release-osx-x86_64-mavericks

Version: 2.1.1
Check: package dependencies
Result: NOTE
    Package suggested but not available for checking: ‘synchronicity’
Flavor: r-patched-solaris-sparc

Version: 2.0.0
Check: package dependencies
Result: ERROR
    Package required but not available: 'bigmemory'
    
    Package suggested but not available for checking: 'synchronicity'
    
    See the information on DESCRIPTION files in the chapter 'Creating R
    packages' of the 'Writing R Extensions' manual.
Flavor: r-oldrel-windows-ix86+x86_64