CRAN Package Check Results for Package ReCiPa

Last updated on 2017-11-19 19:50:44.

Flavor Version Tinstall Tcheck Ttotal Status Flags
r-devel-linux-x86_64-debian-clang 3.0 0.66 10.75 11.41 NOTE
r-devel-linux-x86_64-debian-gcc 3.0 0.61 23.44 24.04 NOTE
r-devel-linux-x86_64-fedora-clang 3.0 17.75 NOTE
r-devel-linux-x86_64-fedora-gcc 3.0 17.78 NOTE
r-devel-windows-ix86+x86_64 3.0 3.00 26.00 29.00 NOTE
r-patched-linux-x86_64 3.0 0.63 10.89 11.53 NOTE
r-patched-solaris-x86 3.0 26.20 NOTE
r-release-linux-x86_64 3.0 0.54 10.86 11.40 NOTE
r-release-windows-ix86+x86_64 3.0 2.00 27.00 29.00 NOTE
r-release-osx-x86_64 3.0 NOTE
r-oldrel-windows-ix86+x86_64 3.0 2.00 23.00 25.00 NOTE
r-oldrel-osx-x86_64 3.0 NOTE

Check Details

Version: 3.0
Check: R code for possible problems
Result: NOTE
    ReCiPa: no visible global function definition for ‘count.fields’
    ReCiPa: no visible global function definition for ‘read.table’
    Undefined global functions or variables:
     count.fields read.table
    Consider adding
     importFrom("utils", "count.fields", "read.table")
    to your NAMESPACE file.
Flavors: r-devel-linux-x86_64-debian-clang, r-devel-linux-x86_64-debian-gcc, r-devel-linux-x86_64-fedora-clang, r-devel-linux-x86_64-fedora-gcc, r-devel-windows-ix86+x86_64, r-patched-linux-x86_64, r-patched-solaris-x86, r-release-linux-x86_64, r-release-windows-ix86+x86_64, r-release-osx-x86_64, r-oldrel-windows-ix86+x86_64, r-oldrel-osx-x86_64