CRAN Package Check Results for Package ReCiPa

Last updated on 2016-12-09 23:49:52.

Flavor Version Tinstall Tcheck Ttotal Status Flags
r-devel-linux-x86_64-debian-clang 3.0 0.58 10.37 10.95 NOTE
r-devel-linux-x86_64-debian-gcc 3.0 0.61 10.42 11.03 NOTE
r-devel-linux-x86_64-fedora-clang 3.0 18.54 NOTE --no-stop-on-test-error
r-devel-linux-x86_64-fedora-gcc 3.0 18.06 NOTE --no-stop-on-test-error
r-devel-macos-x86_64-clang 3.0 16.57 NOTE --no-stop-on-test-error
r-devel-windows-ix86+x86_64 3.0 4.00 35.00 39.00 NOTE
r-patched-linux-x86_64 3.0 0.49 8.74 9.23 NOTE
r-patched-solaris-sparc 3.0 92.80 NOTE
r-patched-solaris-x86 3.0 21.20 NOTE
r-release-linux-x86_64 3.0 0.51 8.93 9.43 NOTE
r-release-osx-x86_64-mavericks 3.0 NOTE
r-release-windows-ix86+x86_64 3.0 2.00 23.00 25.00 NOTE
r-oldrel-windows-ix86+x86_64 3.0 2.00 21.00 23.00 OK

Check Details

Version: 3.0
Check: R code for possible problems
Result: NOTE
    ReCiPa: no visible global function definition for ‘count.fields’
    ReCiPa: no visible global function definition for ‘read.table’
    Undefined global functions or variables:
     count.fields read.table
    Consider adding
     importFrom("utils", "count.fields", "read.table")
    to your NAMESPACE file.
Flavors: r-devel-linux-x86_64-debian-clang, r-devel-linux-x86_64-debian-gcc, r-devel-windows-ix86+x86_64, r-patched-linux-x86_64, r-patched-solaris-sparc, r-patched-solaris-x86, r-release-linux-x86_64, r-release-osx-x86_64-mavericks, r-release-windows-ix86+x86_64

Version: 3.0
Flags: --no-stop-on-test-error
Check: R code for possible problems
Result: NOTE
    ReCiPa: no visible global function definition for ‘count.fields’
    ReCiPa: no visible global function definition for ‘read.table’
    Undefined global functions or variables:
     count.fields read.table
    Consider adding
     importFrom("utils", "count.fields", "read.table")
    to your NAMESPACE file.
Flavors: r-devel-linux-x86_64-fedora-clang, r-devel-linux-x86_64-fedora-gcc, r-devel-macos-x86_64-clang