CRAN Package Check Results for Package ReCiPa

Last updated on 2016-08-24 20:54:32.

Flavor Version Tinstall Tcheck Ttotal Status Flags
r-devel-linux-x86_64-debian-clang 3.0 0.50 9.03 9.52 NOTE
r-devel-linux-x86_64-debian-gcc 3.0 2.48 8.89 11.38 NOTE
r-devel-linux-x86_64-fedora-clang 3.0 15.56 NOTE
r-devel-linux-x86_64-fedora-gcc 3.0 14.75 NOTE
r-devel-osx-x86_64-clang 3.0 14.45 NOTE
r-devel-windows-ix86+x86_64 3.0 3.00 23.00 26.00 NOTE
r-patched-linux-x86_64 3.0 0.45 8.92 9.37 NOTE
r-patched-solaris-sparc 3.0 92.80 NOTE
r-patched-solaris-x86 3.0 21.30 NOTE
r-release-linux-x86_64 3.0 0.54 8.99 9.54 NOTE
r-release-osx-x86_64-mavericks 3.0 NOTE
r-release-windows-ix86+x86_64 3.0 3.00 34.00 37.00 NOTE
r-oldrel-windows-ix86+x86_64 3.0 2.00 15.00 17.00 OK

Check Details

Version: 3.0
Check: R code for possible problems
Result: NOTE
    ReCiPa: no visible global function definition for ‘count.fields’
    ReCiPa: no visible global function definition for ‘read.table’
    Undefined global functions or variables:
     count.fields read.table
    Consider adding
     importFrom("utils", "count.fields", "read.table")
    to your NAMESPACE file.
Flavors: r-devel-linux-x86_64-debian-clang, r-devel-linux-x86_64-debian-gcc, r-devel-linux-x86_64-fedora-clang, r-devel-linux-x86_64-fedora-gcc, r-devel-osx-x86_64-clang, r-devel-windows-ix86+x86_64, r-patched-linux-x86_64, r-patched-solaris-sparc, r-patched-solaris-x86, r-release-linux-x86_64, r-release-osx-x86_64-mavericks, r-release-windows-ix86+x86_64