CRAN Package Check Results for Package ReCiPa

Last updated on 2016-05-06 20:47:12.

Flavor Version Tinstall Tcheck Ttotal Status Flags
r-devel-linux-x86_64-debian-gcc 3.0 0.46 8.73 9.19 NOTE
r-devel-linux-x86_64-fedora-clang 3.0 15.35 NOTE
r-devel-linux-x86_64-fedora-gcc 3.0 14.11 NOTE
r-devel-osx-x86_64-clang 3.0 19.07 NOTE
r-devel-windows-ix86+x86_64 3.0 3.00 34.00 37.00 NOTE
r-patched-linux-x86_64 3.0 0.44 8.68 9.12 NOTE
r-patched-solaris-sparc 3.0 91.90 NOTE
r-patched-solaris-x86 3.0 21.50 NOTE
r-release-linux-x86_64 3.0 0.47 8.69 9.16 NOTE
r-release-osx-x86_64-mavericks 3.0 NOTE
r-release-windows-ix86+x86_64 3.0 3.00 34.00 37.00 NOTE
r-oldrel-windows-ix86+x86_64 3.0 2.00 15.00 17.00 OK

Check Details

Version: 3.0
Check: R code for possible problems
Result: NOTE
    ReCiPa: no visible global function definition for ‘count.fields’
    ReCiPa: no visible global function definition for ‘read.table’
    Undefined global functions or variables:
     count.fields read.table
    Consider adding
     importFrom("utils", "count.fields", "read.table")
    to your NAMESPACE file.
Flavors: r-devel-linux-x86_64-debian-gcc, r-devel-linux-x86_64-fedora-clang, r-devel-linux-x86_64-fedora-gcc, r-devel-osx-x86_64-clang, r-devel-windows-ix86+x86_64, r-patched-linux-x86_64, r-patched-solaris-sparc, r-patched-solaris-x86, r-release-linux-x86_64, r-release-osx-x86_64-mavericks, r-release-windows-ix86+x86_64