CRAN Package Check Results for Package ReCiPa

Last updated on 2016-06-30 11:48:01.

Flavor Version Tinstall Tcheck Ttotal Status Flags
r-devel-linux-x86_64-debian-gcc 3.0 0.48 9.45 9.93 NOTE
r-devel-linux-x86_64-fedora-clang 3.0 15.24 NOTE
r-devel-linux-x86_64-fedora-gcc 3.0 14.29 NOTE
r-devel-osx-x86_64-clang 3.0 14.48 NOTE
r-devel-windows-ix86+x86_64 3.0 3.00 25.00 28.00 NOTE
r-patched-linux-x86_64 3.0 0.45 9.16 9.61 NOTE
r-patched-solaris-sparc 3.0 92.80 NOTE
r-patched-solaris-x86 3.0 21.70 NOTE
r-release-linux-x86_64 3.0 0.48 8.73 9.21 NOTE
r-release-osx-x86_64-mavericks 3.0 NOTE
r-release-windows-ix86+x86_64 3.0 3.00 34.00 37.00 NOTE
r-oldrel-windows-ix86+x86_64 3.0 2.00 15.00 17.00 OK

Check Details

Version: 3.0
Check: R code for possible problems
Result: NOTE
    ReCiPa: no visible global function definition for ‘count.fields’
    ReCiPa: no visible global function definition for ‘read.table’
    Undefined global functions or variables:
     count.fields read.table
    Consider adding
     importFrom("utils", "count.fields", "read.table")
    to your NAMESPACE file.
Flavors: r-devel-linux-x86_64-debian-gcc, r-devel-linux-x86_64-fedora-clang, r-devel-linux-x86_64-fedora-gcc, r-devel-osx-x86_64-clang, r-devel-windows-ix86+x86_64, r-patched-linux-x86_64, r-patched-solaris-sparc, r-patched-solaris-x86, r-release-linux-x86_64, r-release-osx-x86_64-mavericks, r-release-windows-ix86+x86_64