CRAN Package Check Results for Package ReCiPa

Last updated on 2018-04-21 13:47:05 CEST.

Flavor Version Tinstall Tcheck Ttotal Status Flags
r-devel-linux-x86_64-debian-clang 3.0 1.29 16.39 17.68 NOTE
r-devel-linux-x86_64-debian-gcc 3.0 0.98 13.56 14.54 NOTE
r-devel-linux-x86_64-fedora-clang 3.0 21.14 NOTE
r-devel-linux-x86_64-fedora-gcc 3.0 19.69 NOTE
r-devel-windows-ix86+x86_64 3.0 3.00 36.00 39.00 NOTE
r-devel-osx-x86_64 3.0 NOTE
r-patched-linux-x86_64 3.0 0.94 16.29 17.23 NOTE
r-patched-solaris-x86 3.0 32.40 NOTE
r-release-linux-x86_64 3.0 0.71 15.62 16.33 NOTE
r-release-windows-ix86+x86_64 3.0 2.00 27.00 29.00 NOTE
r-release-osx-x86_64 3.0 NOTE
r-oldrel-windows-ix86+x86_64 3.0 2.00 23.00 25.00 NOTE

Check Details

Version: 3.0
Check: R code for possible problems
Result: NOTE
    ReCiPa: no visible global function definition for ‘count.fields’
    ReCiPa: no visible global function definition for ‘read.table’
    Undefined global functions or variables:
     count.fields read.table
    Consider adding
     importFrom("utils", "count.fields", "read.table")
    to your NAMESPACE file.
Flavors: r-devel-linux-x86_64-debian-clang, r-devel-linux-x86_64-debian-gcc, r-devel-linux-x86_64-fedora-clang, r-devel-linux-x86_64-fedora-gcc, r-devel-windows-ix86+x86_64, r-devel-osx-x86_64, r-patched-linux-x86_64, r-patched-solaris-x86, r-release-linux-x86_64, r-release-windows-ix86+x86_64, r-release-osx-x86_64, r-oldrel-windows-ix86+x86_64