CRAN Package Check Results for Package ReCiPa

Last updated on 2017-09-24 11:48:34.

Flavor Version Tinstall Tcheck Ttotal Status Flags
r-devel-linux-x86_64-debian-clang 3.0 0.53 11.20 11.73 NOTE
r-devel-linux-x86_64-debian-gcc 3.0 0.66 11.13 11.80 NOTE
r-devel-linux-x86_64-fedora-clang 3.0 18.52 NOTE
r-devel-linux-x86_64-fedora-gcc 3.0 18.51 NOTE
r-devel-windows-ix86+x86_64 3.0 3.00 25.00 28.00 NOTE
r-patched-linux-x86_64 3.0 0.77 11.15 11.92 NOTE
r-patched-solaris-x86 3.0 26.20 NOTE
r-release-linux-x86_64 3.0 0.56 10.99 11.55 NOTE
r-release-windows-ix86+x86_64 3.0 2.00 27.00 29.00 NOTE
r-release-osx-x86_64 3.0 NOTE
r-oldrel-windows-ix86+x86_64 3.0 2.00 23.00 25.00 NOTE
r-oldrel-osx-x86_64 3.0 NOTE

Check Details

Version: 3.0
Check: R code for possible problems
Result: NOTE
    ReCiPa: no visible global function definition for ‘count.fields’
    ReCiPa: no visible global function definition for ‘read.table’
    Undefined global functions or variables:
     count.fields read.table
    Consider adding
     importFrom("utils", "count.fields", "read.table")
    to your NAMESPACE file.
Flavors: r-devel-linux-x86_64-debian-clang, r-devel-linux-x86_64-debian-gcc, r-devel-linux-x86_64-fedora-clang, r-devel-linux-x86_64-fedora-gcc, r-devel-windows-ix86+x86_64, r-patched-linux-x86_64, r-patched-solaris-x86, r-release-linux-x86_64, r-release-windows-ix86+x86_64, r-release-osx-x86_64, r-oldrel-windows-ix86+x86_64, r-oldrel-osx-x86_64