CRAN Package Check Results for Package ReCiPa

Last updated on 2015-08-05 08:48:43.

Flavor Version Tinstall Tcheck Ttotal Status Flags
r-devel-linux-x86_64-debian-clang 3.0 0.45 8.20 8.65 NOTE
r-devel-linux-x86_64-debian-gcc 3.0 0.42 8.10 8.52 NOTE
r-devel-linux-x86_64-fedora-clang 3.0 16.31 NOTE
r-devel-linux-x86_64-fedora-gcc 3.0 15.09 NOTE
r-devel-osx-x86_64-clang 3.0 17.35 OK
r-devel-windows-ix86+x86_64 3.0 2.00 16.00 18.00 NOTE
r-patched-linux-x86_64 3.0 0.46 8.55 9.01 OK
r-patched-solaris-sparc 3.0 109.70 OK
r-patched-solaris-x86 3.0 25.90 OK
r-release-linux-x86_64 3.0 0.43 8.68 9.12 OK
r-release-osx-x86_64-mavericks 3.0 OK
r-release-windows-ix86+x86_64 3.0 2.00 15.00 17.00 OK
r-oldrel-windows-ix86+x86_64 3.0 3.00 17.00 20.00 OK

Check Details

Version: 3.0
Check: R code for possible problems
Result: NOTE
    ReCiPa: no visible global function definition for ‘count.fields’
    ReCiPa: no visible global function definition for ‘read.table’
    Undefined global functions or variables:
     count.fields read.table
    Consider adding
     importFrom("utils", "count.fields", "read.table")
    to your NAMESPACE.
Flavors: r-devel-linux-x86_64-debian-clang, r-devel-linux-x86_64-debian-gcc, r-devel-linux-x86_64-fedora-clang, r-devel-linux-x86_64-fedora-gcc, r-devel-windows-ix86+x86_64