CRAN Package Check Results for Package ReCiPa

Last updated on 2016-02-13 11:54:33.

Flavor Version Tinstall Tcheck Ttotal Status Flags
r-devel-linux-x86_64-debian-gcc 3.0 0.44 8.17 8.61 NOTE
r-devel-linux-x86_64-fedora-clang 3.0 14.79 NOTE
r-devel-linux-x86_64-fedora-gcc 3.0 13.95 NOTE
r-devel-osx-x86_64-clang 3.0 18.67 NOTE
r-devel-windows-ix86+x86_64 3.0 3.00 28.00 31.00 NOTE
r-patched-linux-x86_64 3.0 0.47 8.65 9.12 OK
r-patched-solaris-sparc 3.0 97.90 OK
r-patched-solaris-x86 3.0 22.40 OK
r-release-linux-x86_64 3.0 0.48 8.35 8.83 OK
r-release-osx-x86_64-mavericks 3.0 OK
r-release-windows-ix86+x86_64 3.0 2.00 15.00 17.00 OK
r-oldrel-windows-ix86+x86_64 3.0 3.00 17.00 20.00 OK

Check Details

Version: 3.0
Check: R code for possible problems
Result: NOTE
    ReCiPa: no visible global function definition for ‘count.fields’
    ReCiPa: no visible global function definition for ‘read.table’
    Undefined global functions or variables:
     count.fields read.table
    Consider adding
     importFrom("utils", "count.fields", "read.table")
    to your NAMESPACE file.
Flavors: r-devel-linux-x86_64-debian-gcc, r-devel-linux-x86_64-fedora-clang, r-devel-linux-x86_64-fedora-gcc, r-devel-osx-x86_64-clang, r-devel-windows-ix86+x86_64