CRAN Package Check Results for Package ReCiPa

Last updated on 2017-05-29 16:48:37.

Flavor Version Tinstall Tcheck Ttotal Status Flags
r-devel-linux-x86_64-debian-clang 3.0 0.70 11.17 11.88 NOTE
r-devel-linux-x86_64-debian-gcc 3.0 0.52 10.76 11.28 NOTE
r-devel-linux-x86_64-fedora-clang 3.0 18.11 NOTE
r-devel-linux-x86_64-fedora-gcc 3.0 17.16 NOTE
r-devel-windows-ix86+x86_64 3.0 3.00 42.00 45.00 NOTE
r-patched-linux-x86_64 3.0 0.53 10.97 11.51 NOTE
r-patched-solaris-sparc 3.0 110.50 NOTE
r-patched-solaris-x86 3.0 26.00 NOTE
r-release-linux-x86_64 3.0 0.64 11.20 11.84 NOTE
r-release-windows-ix86+x86_64 3.0 2.00 25.00 27.00 NOTE
r-release-osx-x86_64 3.0 NOTE
r-oldrel-windows-ix86+x86_64 3.0 2.00 23.00 25.00 NOTE
r-oldrel-osx-x86_64 3.0 NOTE

Check Details

Version: 3.0
Check: R code for possible problems
Result: NOTE
    ReCiPa: no visible global function definition for ‘count.fields’
    ReCiPa: no visible global function definition for ‘read.table’
    Undefined global functions or variables:
     count.fields read.table
    Consider adding
     importFrom("utils", "count.fields", "read.table")
    to your NAMESPACE file.
Flavors: r-devel-linux-x86_64-debian-clang, r-devel-linux-x86_64-debian-gcc, r-devel-linux-x86_64-fedora-clang, r-devel-linux-x86_64-fedora-gcc, r-devel-windows-ix86+x86_64, r-patched-linux-x86_64, r-patched-solaris-sparc, r-patched-solaris-x86, r-release-linux-x86_64, r-release-windows-ix86+x86_64, r-release-osx-x86_64, r-oldrel-windows-ix86+x86_64, r-oldrel-osx-x86_64