CRAN Package Check Results for Package ReCiPa

Last updated on 2015-09-02 06:48:11.

Flavor Version Tinstall Tcheck Ttotal Status Flags
r-devel-linux-x86_64-debian-clang 3.0 0.42 8.39 8.82 NOTE
r-devel-linux-x86_64-debian-gcc 3.0 0.41 8.08 8.48 NOTE
r-devel-linux-x86_64-fedora-clang 3.0 16.13 NOTE
r-devel-linux-x86_64-fedora-gcc 3.0 15.37 NOTE
r-devel-osx-x86_64-clang 3.0 17.00 OK
r-devel-windows-ix86+x86_64 3.0 2.00 17.00 19.00 NOTE
r-patched-linux-x86_64 3.0 0.44 8.82 9.26 OK
r-patched-solaris-sparc 3.0 109.70 OK
r-patched-solaris-x86 3.0 26.90 OK
r-release-linux-x86_64 3.0 0.45 9.49 9.94 OK
r-release-osx-x86_64-mavericks 3.0 OK
r-release-windows-ix86+x86_64 3.0 2.00 22.00 24.00 OK
r-oldrel-windows-ix86+x86_64 3.0 3.00 17.00 20.00 OK

Check Details

Version: 3.0
Check: R code for possible problems
Result: NOTE
    ReCiPa: no visible global function definition for ‘count.fields’
    ReCiPa: no visible global function definition for ‘read.table’
    Undefined global functions or variables:
     count.fields read.table
    Consider adding
     importFrom("utils", "count.fields", "read.table")
    to your NAMESPACE.
Flavors: r-devel-linux-x86_64-debian-clang, r-devel-linux-x86_64-debian-gcc, r-devel-linux-x86_64-fedora-clang, r-devel-linux-x86_64-fedora-gcc, r-devel-windows-ix86+x86_64