CRAN Package Check Results for Package ReCiPa

Last updated on 2015-07-07 14:48:25.

Flavor Version Tinstall Tcheck Ttotal Status Flags
r-devel-linux-x86_64-debian-clang 3.0 0.43 8.45 8.88 NOTE
r-devel-linux-x86_64-debian-gcc 3.0 0.42 8.14 8.56 NOTE
r-devel-linux-x86_64-fedora-clang 3.0 16.16 NOTE
r-devel-linux-x86_64-fedora-gcc 3.0 15.16 NOTE
r-devel-osx-x86_64-clang 3.0 18.32 OK
r-devel-windows-ix86+x86_64 3.0 2.00 17.00 19.00 NOTE
r-patched-linux-x86_64 3.0 0.44 8.72 9.15 OK
r-patched-solaris-sparc 3.0 111.80 OK
r-patched-solaris-x86 3.0 26.20 OK
r-release-linux-x86_64 3.0 0.43 8.57 9.00 OK
r-release-osx-x86_64-mavericks 3.0 OK
r-release-windows-ix86+x86_64 3.0 2.00 15.00 17.00 OK
r-oldrel-windows-ix86+x86_64 3.0 3.00 17.00 20.00 OK

Check Details

Version: 3.0
Check: R code for possible problems
Result: NOTE
    ReCiPa: no visible global function definition for ‘count.fields’
    ReCiPa: no visible global function definition for ‘read.table’
    Undefined global functions or variables:
     count.fields read.table
Flavors: r-devel-linux-x86_64-debian-clang, r-devel-linux-x86_64-debian-gcc, r-devel-linux-x86_64-fedora-clang, r-devel-linux-x86_64-fedora-gcc, r-devel-windows-ix86+x86_64