CRAN Package Check Results for Package ReacTran

Last updated on 2014-11-27 19:49:55.

Flavor Version Tinstall Tcheck Ttotal Status Flags
r-devel-linux-x86_64-debian-clang 1.4.1 3.18 46.58 49.75 NOTE
r-devel-linux-x86_64-debian-gcc 1.4.1 3.07 47.19 50.26 NOTE
r-devel-linux-x86_64-fedora-clang 1.4.1 96.67 NOTE
r-devel-linux-x86_64-fedora-gcc 1.4.1 97.57 NOTE
r-devel-osx-x86_64-clang 1.4.1 88.86 NOTE
r-devel-windows-ix86+x86_64 1.4.1 10.00 79.00 89.00 NOTE
r-patched-linux-x86_64 1.4.1 3.44 48.44 51.88 NOTE
r-patched-solaris-sparc 1.4.1 601.40 NOTE
r-patched-solaris-x86 1.4.1 125.50 NOTE
r-release-linux-ix86 1.4.1 4.41 53.73 58.14 NOTE
r-release-linux-x86_64 1.4.1 3.34 46.74 50.08 NOTE
r-release-osx-x86_64-mavericks 1.4.1 NOTE
r-release-osx-x86_64-snowleopard 1.4.1 OK
r-release-windows-ix86+x86_64 1.4.1 11.00 79.00 90.00 NOTE
r-oldrel-windows-ix86+x86_64 1.4.1 11.00 83.00 94.00 NOTE

Check Details

Version: 1.4.1
Check: dependencies in R code
Result: NOTE
    Packages in Depends field not imported from:
     ‘deSolve’ ‘rootSolve’ ‘shape’
     These packages need to be imported from (in the NAMESPACE file)
     for when this namespace is loaded but not attached.
    See the information on DESCRIPTION files in the chapter ‘Creating R
    packages’ of the ‘Writing R Extensions’ manual.
Flavors: r-devel-linux-x86_64-debian-clang, r-devel-linux-x86_64-debian-gcc, r-devel-linux-x86_64-fedora-clang, r-devel-linux-x86_64-fedora-gcc, r-devel-osx-x86_64-clang, r-devel-windows-ix86+x86_64, r-patched-linux-x86_64, r-patched-solaris-sparc, r-patched-solaris-x86, r-release-linux-ix86, r-release-linux-x86_64, r-release-osx-x86_64-mavericks, r-release-windows-ix86+x86_64, r-oldrel-windows-ix86+x86_64

Version: 1.4.1
Check: R code for possible problems
Result: NOTE
    advection.1D: no visible global function definition for ‘timestep’
    advection.volume.1D: no visible global function definition for
     ‘timestep’
Flavors: r-devel-linux-x86_64-debian-clang, r-devel-linux-x86_64-debian-gcc, r-devel-linux-x86_64-fedora-clang, r-devel-linux-x86_64-fedora-gcc, r-devel-osx-x86_64-clang, r-devel-windows-ix86+x86_64, r-patched-linux-x86_64, r-patched-solaris-sparc, r-patched-solaris-x86, r-release-linux-ix86, r-release-linux-x86_64, r-release-windows-ix86+x86_64