CRAN Package Check Results for Package ReacTran

Last updated on 2014-12-21 23:47:09.

Flavor Version Tinstall Tcheck Ttotal Status Flags
r-devel-linux-x86_64-debian-clang 1.4.1 3.26 45.76 49.02 NOTE
r-devel-linux-x86_64-debian-gcc 1.4.1 3.18 44.79 47.97 NOTE
r-devel-linux-x86_64-fedora-clang 1.4.1 95.78 NOTE
r-devel-linux-x86_64-fedora-gcc 1.4.1 92.81 NOTE
r-devel-osx-x86_64-clang 1.4.1 89.05 NOTE
r-devel-windows-ix86+x86_64 1.4.1 15.00 103.00 118.00 NOTE
r-patched-linux-x86_64 1.4.1 3.22 46.28 49.50 NOTE
r-patched-solaris-sparc 1.4.1 601.40 NOTE
r-patched-solaris-x86 1.4.1 126.20 NOTE
r-release-linux-ix86 1.4.1 4.43 53.40 57.84 NOTE
r-release-linux-x86_64 1.4.1 3.17 46.88 50.05 NOTE
r-release-osx-x86_64-mavericks 1.4.1 NOTE
r-release-osx-x86_64-snowleopard 1.4.1 OK
r-release-windows-ix86+x86_64 1.4.1 11.00 79.00 90.00 NOTE
r-oldrel-windows-ix86+x86_64 1.4.1 11.00 83.00 94.00 NOTE

Check Details

Version: 1.4.1
Check: dependencies in R code
Result: NOTE
    Packages in Depends field not imported from:
     ‘deSolve’ ‘rootSolve’ ‘shape’
     These packages need to be imported from (in the NAMESPACE file)
     for when this namespace is loaded but not attached.
    See the information on DESCRIPTION files in the chapter ‘Creating R
    packages’ of the ‘Writing R Extensions’ manual.
Flavors: r-devel-linux-x86_64-debian-clang, r-devel-linux-x86_64-debian-gcc, r-devel-linux-x86_64-fedora-clang, r-devel-linux-x86_64-fedora-gcc, r-devel-osx-x86_64-clang, r-devel-windows-ix86+x86_64, r-patched-linux-x86_64, r-patched-solaris-sparc, r-patched-solaris-x86, r-release-linux-ix86, r-release-linux-x86_64, r-release-osx-x86_64-mavericks, r-release-windows-ix86+x86_64, r-oldrel-windows-ix86+x86_64

Version: 1.4.1
Check: R code for possible problems
Result: NOTE
    advection.1D: no visible global function definition for ‘timestep’
    advection.volume.1D: no visible global function definition for
     ‘timestep’
Flavors: r-devel-linux-x86_64-debian-clang, r-devel-linux-x86_64-debian-gcc, r-devel-linux-x86_64-fedora-clang, r-devel-linux-x86_64-fedora-gcc, r-devel-osx-x86_64-clang, r-devel-windows-ix86+x86_64, r-patched-linux-x86_64, r-patched-solaris-sparc, r-patched-solaris-x86, r-release-linux-ix86, r-release-linux-x86_64, r-release-windows-ix86+x86_64