CRAN Package Check Results for Package ReacTran

Last updated on 2014-04-23 12:48:26.

Flavor Version Tinstall Tcheck Ttotal Status Flags
r-devel-linux-x86_64-debian-clang 1.4.1 3.33 45.11 48.44 NOTE
r-devel-linux-x86_64-debian-gcc 1.4.1 3.22 44.42 47.64 NOTE
r-devel-linux-x86_64-fedora-clang 1.4.1 99.66 NOTE
r-devel-linux-x86_64-fedora-gcc 1.4.1 97.83 NOTE
r-devel-osx-x86_64-clang 1.4.1 87.72 NOTE
r-devel-osx-x86_64-gcc 1.4.1 NOTE
r-devel-windows-ix86+x86_64 1.4.1 9.00 83.00 92.00 NOTE
r-patched-linux-x86_64 1.4.1 3.38 44.00 47.39 NOTE
r-patched-solaris-sparc 1.4.1 603.10 NOTE
r-patched-solaris-x86 1.4.1 126.80 NOTE
r-release-linux-ix86 1.4.1 5.00 75.00 80.00 NOTE
r-release-linux-x86_64 1.4.1 3.61 44.71 48.32 NOTE
r-release-osx-x86_64-mavericks 1.4.1 NOTE
r-release-osx-x86_64-snowleopard 1.4.1 OK
r-release-windows-ix86+x86_64 1.4.1 15.00 104.00 119.00 NOTE
r-oldrel-windows-ix86+x86_64 1.4.1 10.00 86.00 96.00 NOTE

Check Details

Version: 1.4.1
Check: dependencies in R code
Result: NOTE
    Packages in Depends field not imported from:
     ‘deSolve’ ‘rootSolve’ ‘shape’
     These packages need to be imported from (in the NAMESPACE file)
     for when this namespace is loaded but not attached.
    See the information on DESCRIPTION files in the chapter ‘Creating R
    packages’ of the ‘Writing R Extensions’ manual.
Flavors: r-devel-linux-x86_64-debian-clang, r-devel-linux-x86_64-debian-gcc, r-devel-linux-x86_64-fedora-clang, r-devel-linux-x86_64-fedora-gcc, r-devel-osx-x86_64-clang, r-devel-osx-x86_64-gcc, r-devel-windows-ix86+x86_64, r-patched-linux-x86_64, r-patched-solaris-sparc, r-patched-solaris-x86, r-release-linux-ix86, r-release-linux-x86_64, r-release-osx-x86_64-mavericks, r-release-windows-ix86+x86_64, r-oldrel-windows-ix86+x86_64