CRAN Package Check Results for Package ReacTran

Last updated on 2016-12-07 16:47:21.

Flavor Version Tinstall Tcheck Ttotal Status Flags
r-devel-linux-x86_64-debian-clang 1.4.2 3.70 50.42 54.12 NOTE
r-devel-linux-x86_64-debian-gcc 1.4.2 3.82 49.77 53.59 NOTE
r-devel-linux-x86_64-fedora-clang 1.4.2 96.01 NOTE --no-stop-on-test-error
r-devel-linux-x86_64-fedora-gcc 1.4.2 93.75 NOTE --no-stop-on-test-error
r-devel-macos-x86_64-clang 1.4.2 74.52 NOTE
r-devel-windows-ix86+x86_64 1.4.2 20.00 148.00 168.00 NOTE
r-patched-linux-x86_64 1.4.2 3.35 39.11 42.46 NOTE
r-patched-solaris-sparc 1.4.2 482.60 NOTE
r-patched-solaris-x86 1.4.2 92.30 NOTE
r-release-linux-x86_64 1.4.2 3.18 39.18 42.36 NOTE
r-release-osx-x86_64-mavericks 1.4.2 NOTE
r-release-windows-ix86+x86_64 1.4.2 10.00 91.00 101.00 NOTE
r-oldrel-windows-ix86+x86_64 1.4.2 10.00 95.00 105.00 OK

Check Details

Version: 1.4.2
Check: R code for possible problems
Result: NOTE
    contour.prop.2D: no visible global function definition for ‘contour’
    contour.prop.2D: no visible global function definition for
     ‘filled.contour’
    plot.grid.1D: no visible global function definition for ‘par’
    plot.grid.1D: no visible global function definition for ‘plot’
    plot.grid.1D: no visible global function definition for ‘points’
    plot.grid.1D: no visible global function definition for ‘legend’
    plot.prop.1D: no visible binding for global variable ‘plot’
    polar2cart: no visible global function definition for ‘approxfun’
    setup.grid.1D: no visible global function definition for ‘uniroot’
    setup.grid.1D: no visible global function definition for ‘diffinv’
    setup.prop.1D: no visible global function definition for ‘approx’
    setup.prop.1D: no visible global function definition for ‘splinefun’
    Undefined global functions or variables:
     approx approxfun contour diffinv filled.contour legend par plot
     points splinefun uniroot
    Consider adding
     importFrom("graphics", "contour", "filled.contour", "legend", "par",
     "plot", "points")
     importFrom("stats", "approx", "approxfun", "diffinv", "splinefun",
     "uniroot")
    to your NAMESPACE file.
Flavors: r-devel-linux-x86_64-debian-clang, r-devel-linux-x86_64-debian-gcc, r-devel-macos-x86_64-clang, r-devel-windows-ix86+x86_64, r-patched-linux-x86_64, r-patched-solaris-sparc, r-patched-solaris-x86, r-release-linux-x86_64, r-release-osx-x86_64-mavericks, r-release-windows-ix86+x86_64

Version: 1.4.2
Flags: --no-stop-on-test-error
Check: R code for possible problems
Result: NOTE
    contour.prop.2D: no visible global function definition for ‘contour’
    contour.prop.2D: no visible global function definition for
     ‘filled.contour’
    plot.grid.1D: no visible global function definition for ‘par’
    plot.grid.1D: no visible global function definition for ‘plot’
    plot.grid.1D: no visible global function definition for ‘points’
    plot.grid.1D: no visible global function definition for ‘legend’
    plot.prop.1D: no visible binding for global variable ‘plot’
    polar2cart: no visible global function definition for ‘approxfun’
    setup.grid.1D: no visible global function definition for ‘uniroot’
    setup.grid.1D: no visible global function definition for ‘diffinv’
    setup.prop.1D: no visible global function definition for ‘approx’
    setup.prop.1D: no visible global function definition for ‘splinefun’
    Undefined global functions or variables:
     approx approxfun contour diffinv filled.contour legend par plot
     points splinefun uniroot
    Consider adding
     importFrom("graphics", "contour", "filled.contour", "legend", "par",
     "plot", "points")
     importFrom("stats", "approx", "approxfun", "diffinv", "splinefun",
     "uniroot")
    to your NAMESPACE file.
Flavors: r-devel-linux-x86_64-fedora-clang, r-devel-linux-x86_64-fedora-gcc