CRAN Package Check Results for Package ReacTran

Last updated on 2015-09-03 14:48:32.

Flavor Version Tinstall Tcheck Ttotal Status Flags
r-devel-linux-x86_64-debian-clang 1.4.2 3.04 42.02 45.05 NOTE
r-devel-linux-x86_64-debian-gcc 1.4.2 3.06 42.93 45.99 NOTE
r-devel-linux-x86_64-fedora-clang 1.4.2 85.18 NOTE
r-devel-linux-x86_64-fedora-gcc 1.4.2 81.36 NOTE
r-devel-osx-x86_64-clang 1.4.2 74.81 OK
r-devel-windows-ix86+x86_64 1.4.2 12.00 84.00 96.00 NOTE
r-patched-linux-x86_64 1.4.2 3.20 43.67 46.88 OK
r-patched-solaris-sparc 1.4.2 632.90 OK
r-patched-solaris-x86 1.4.2 122.30 OK
r-release-linux-x86_64 1.4.2 3.26 44.66 47.93 OK
r-release-osx-x86_64-mavericks 1.4.2 OK
r-release-windows-ix86+x86_64 1.4.2 11.00 113.00 124.00 OK
r-oldrel-windows-ix86+x86_64 1.4.2 12.00 99.00 111.00 OK

Check Details

Version: 1.4.2
Check: R code for possible problems
Result: NOTE
    contour.prop.2D: no visible global function definition for ‘contour’
    contour.prop.2D: no visible global function definition for
     ‘filled.contour’
    plot.grid.1D: no visible global function definition for ‘par’
    plot.grid.1D: no visible global function definition for ‘plot’
    plot.grid.1D: no visible global function definition for ‘points’
    plot.grid.1D: no visible global function definition for ‘legend’
    plot.prop.1D: no visible binding for global variable ‘plot’
    polar2cart: no visible global function definition for ‘approxfun’
    setup.grid.1D: no visible global function definition for ‘uniroot’
    setup.grid.1D: no visible global function definition for ‘diffinv’
    setup.prop.1D: no visible global function definition for ‘approx’
    setup.prop.1D: no visible global function definition for ‘splinefun’
    Undefined global functions or variables:
     approx approxfun contour diffinv filled.contour legend par plot
     points splinefun uniroot
    Consider adding
     importFrom("graphics", "contour", "filled.contour", "legend", "par",
     "plot", "points")
     importFrom("stats", "approx", "approxfun", "diffinv", "splinefun",
     "uniroot")
    to your NAMESPACE.
Flavors: r-devel-linux-x86_64-debian-clang, r-devel-linux-x86_64-debian-gcc, r-devel-linux-x86_64-fedora-clang, r-devel-linux-x86_64-fedora-gcc, r-devel-windows-ix86+x86_64