CRAN Package Check Results for Package Rearrangement

Last updated on 2014-07-31 09:49:27.

Flavor Version Tinstall Tcheck Ttotal Status Flags
r-devel-linux-x86_64-debian-clang 1.0 1.12 29.91 31.04 NOTE
r-devel-linux-x86_64-debian-gcc 1.0 1.03 30.00 31.02 NOTE
r-devel-linux-x86_64-fedora-clang 1.0 69.30 NOTE
r-devel-linux-x86_64-fedora-gcc 1.0 66.30 NOTE
r-devel-osx-x86_64-clang 1.0 54.28 NOTE
r-devel-windows-ix86+x86_64 1.0 3.00 46.00 49.00 NOTE
r-patched-linux-x86_64 1.0 1.01 30.09 31.10 NOTE
r-patched-solaris-sparc 1.0 367.10 NOTE
r-patched-solaris-x86 1.0 83.20 NOTE
r-release-linux-ix86 1.0 1.40 39.62 41.02 NOTE
r-release-linux-x86_64 1.0 1.08 30.14 31.23 NOTE
r-release-osx-x86_64-mavericks 1.0 NOTE
r-release-osx-x86_64-snowleopard 1.0 NOTE
r-release-windows-ix86+x86_64 1.0 7.00 63.00 70.00 NOTE
r-oldrel-windows-ix86+x86_64 1.0 6.00 112.00 118.00 NOTE

Check Details

Version: 1.0
Check: for old-style vignette sources
Result: NOTE
    Vignette sources only in inst/doc :
     vignette.Rnw
    A vignettes directory is required as from R 3.1.0
    and these will not be indexed nor checked
Flavors: r-devel-linux-x86_64-debian-clang, r-devel-linux-x86_64-debian-gcc, r-devel-linux-x86_64-fedora-clang, r-devel-linux-x86_64-fedora-gcc, r-devel-osx-x86_64-clang, r-devel-windows-ix86+x86_64, r-patched-linux-x86_64, r-patched-solaris-sparc, r-patched-solaris-x86, r-release-linux-ix86, r-release-linux-x86_64, r-release-osx-x86_64-mavericks, r-release-osx-x86_64-snowleopard, r-release-windows-ix86+x86_64

Version: 1.0
Check: Rd line widths
Result: NOTE
    Rd file 'Rearrangement-package.Rd':
     \examples lines wider than 100 characters:
     plot(age,height,pch=21,bg='gray',cex=.5,xlab="Age(years)",ylab="Height(cms)", main="CEF (Regression Splines)",col='gray')
     formula <- height~I(sin(nage))+I(cos(nage))+I(sin(2*nage))+I(cos(2*nage))+I(sin(3*nage))+I(cos(3*nage))+ I(sin(4*nage)) + I(cos(4*nage) ... [TRUNCATED]
    
    Rd file 'lines.conint.Rd':
     \examples lines wider than 100 characters:
     formula<-height~I(sin(nage))+I(cos(nage))+I(sin(2*nage))+I(cos(2*nage))+I(sin(3*nage))+I(cos(3*nage))+I(sin(4*nage))+I(cos(4*nage))
     axis(1, at = seq(-2*pi*min(age)/(max(age)-min(age)), 2*pi+1, by=5*2*pi/(max(age)-min(age))), label = seq(0, max(age)+1, by=5))
    
    Rd file 'plot.conint.Rd':
     \examples lines wider than 100 characters:
     formula <- height ~ I(sin(nage))+I(cos(nage))+I(sin(2*nage))+I(cos(2*nage))+I(sin(3*nage))+I(cos(3*nage))+I(sin(4*nage))+I(cos(4*nage))
    
    Rd file 'points.conint.Rd':
     \examples lines wider than 100 characters:
     formula<-height~I(sin(nage))+I(cos(nage))+I(sin(2*nage))+I(cos(2*nage))+I(sin(3*nage))+I(cos(3*nage))+I(sin(4*nage))+I(cos(4*nage))
    
    Rd file 'polygon.conint.Rd':
     \examples lines wider than 100 characters:
     formula <- height~I(sin(nage))+I(cos(nage))+I(sin(2*nage))+I(cos(2*nage))+I(sin(3*nage))+I(cos(3*nage))+I(sin(4*nage))+I(cos(4*nage))
     plot(nage,height,pch=21,bg='gray',cex=0.5,xlab="Age (years)",ylab="Height (cms)",col='gray',xaxt='n')
     axis(1, at = seq(-2*pi*min(age)/(max(age)-min(age)), 2*pi+1,by=5*2*pi/(max(age)-min(age))), label = seq(0, max(age)+1, by=5))
    
    Rd file 'rconint.Rd':
     \examples lines wider than 100 characters:
     formula <- height ~ I(sin(nage))+I(cos(nage))+I(sin(2*nage))+I(cos(2*nage))+I(sin(3*nage))+I(cos(3*nage))+I(sin(4*nage))+I(cos(4*nage))
     axis(1, at = seq(-2*pi*min(age)/(max(age)-min(age)), 2*pi+1,by=5*2*pi/(max(age)-min(age))), label = seq(0, max(age)+1, by=5))
     legend(min(nage),max(height),c("95% CI Original","95% CI Rearranged"),lty=c(1,1),lwd=c(2,2),col=c("lightgray","darkgray"),bty="n");
    
    Rd file 'rearrangement.Rd':
     \examples lines wider than 100 characters:
     plot(age,height,pch=21,bg='gray',cex=.5,xlab="Age (years)",ylab="Height (cms)",main="CEF (Regression Splines)",col='gray')
     fform <- height ~ I(sin(nage))+I(cos(nage))+I(sin(2*nage))+I(cos(2*nage))+I(sin(3*nage))+I(cos(3*nage))+I(sin(4*nage))+I(cos(4*nage))
     freg <- rbind(1, sin(nages), cos(nages), sin(2*nages), cos(2*nages),sin(3*nages), cos(3*nages), sin(4*nages), cos(4*nages) )
     persp(taus[tdom],ages[adom],rrfcqf[tdom,adom],xlab='quantile',ylab='age',zlab='height',col='lightgreen',theta=315,phi=25,shade=.5)
     contour(taus,ages,rrfcqf,xlab='quantile',ylab='age',col='green',levels=10*c(ceiling(min(fcqf)/10):floor(max(fcqf)/10)))
    
    Rd file 'simconboot.Rd':
     \usage lines wider than 90 characters:
     simconboot(x,y,estimator,formula,B=200,alpha=0.05,sampsize=length(x),seed=8,colInt=c(5:39)/2,...)
     \examples lines wider than 100 characters:
     formula <- height~I(sin(nage))+I(cos(nage))+I(sin(2*nage))+I(cos(2*nage))+I(sin(3*nage))+I(cos(3*nage))+I(sin(4*nage))+I(cos(4*nage))
     axis(1, at = seq(-2*pi*min(age)/(max(age)-min(age)), 2*pi+1, by=5*2*pi/(max(age)-min(age))), label = seq(0, max(age)+1, by=5))
    
    These lines will be truncated in the PDF manual.
Flavors: r-devel-linux-x86_64-fedora-clang, r-devel-linux-x86_64-fedora-gcc

Version: 1.0
Check: for old-style vignette sources
Result: NOTE
    Vignette sources only in 'inst/doc':
     'vignette.Rnw'
    A 'vignettes' directory will be required as from R 3.1.0
Flavor: r-oldrel-windows-ix86+x86_64