CRAN Package Check Results for Package RecordLinkage

Last updated on 2017-06-28 03:48:53.

Flavor Version Tinstall Tcheck Ttotal Status Flags
r-devel-linux-x86_64-debian-clang 0.4-10 6.10 108.12 114.22 NOTE
r-devel-linux-x86_64-debian-gcc 0.4-10 6.26 106.59 112.84 NOTE
r-devel-linux-x86_64-fedora-clang 0.4-10 226.45 NOTE
r-devel-linux-x86_64-fedora-gcc 0.4-10 222.96 NOTE
r-devel-windows-ix86+x86_64 0.4-10 36.00 244.00 280.00 OK
r-patched-linux-x86_64 0.4-10 6.31 108.28 114.59 NOTE
r-patched-solaris-sparc 0.4-10 1358.70 NOTE
r-patched-solaris-x86 0.4-10 295.40 NOTE
r-release-linux-x86_64 0.4-10 5.95 108.82 114.76 NOTE
r-release-windows-ix86+x86_64 0.4-10 24.00 313.00 337.00 OK
r-release-osx-x86_64 0.4-10 OK
r-oldrel-windows-ix86+x86_64 0.4-10 32.00 288.00 320.00 OK
r-oldrel-osx-x86_64 0.4-10 OK

Check Details

Version: 0.4-10
Check: S3 generic/method consistency
Result: NOTE
    Found the following apparent S3 methods exported but not registered:
     [.RLBigData [.RLResult [.RecLinkData [.RecLinkResult
    See section ‘Registering S3 methods’ in the ‘Writing R Extensions’
    manual.
Flavors: r-devel-linux-x86_64-debian-clang, r-devel-linux-x86_64-debian-gcc, r-devel-linux-x86_64-fedora-clang, r-devel-linux-x86_64-fedora-gcc, r-patched-linux-x86_64, r-patched-solaris-sparc, r-patched-solaris-x86

Version: 0.4-10
Check: compiled code
Result: NOTE
    File ‘RecordLinkage/libs/RecordLinkage.so’:
     Found no calls to: ‘R_registerRoutines’, ‘R_useDynamicSymbols’
    
    It is good practice to register native routines and to disable symbol
    search.
    
    See ‘Writing portable packages’ in the ‘Writing R Extensions’ manual.
Flavors: r-devel-linux-x86_64-debian-clang, r-devel-linux-x86_64-debian-gcc, r-devel-linux-x86_64-fedora-clang, r-devel-linux-x86_64-fedora-gcc, r-patched-linux-x86_64, r-release-linux-x86_64