CRAN Package Check Results for Package RecordLinkage

Last updated on 2017-05-23 18:48:41.

Flavor Version Tinstall Tcheck Ttotal Status Flags
r-devel-linux-x86_64-debian-clang 0.4-10 6.03 106.65 112.68 NOTE
r-devel-linux-x86_64-debian-gcc 0.4-10 5.89 104.75 110.64 NOTE
r-devel-linux-x86_64-fedora-clang 0.4-10 220.75 NOTE --no-stop-on-test-error
r-devel-linux-x86_64-fedora-gcc 0.4-10 216.77 NOTE --no-stop-on-test-error
r-devel-windows-ix86+x86_64 0.4-10 32.00 256.00 288.00 OK
r-patched-linux-x86_64 0.4-10 5.86 104.63 110.49 NOTE
r-patched-solaris-sparc 0.4-10 1499.60 OK
r-patched-solaris-x86 0.4-10 288.30 OK
r-release-linux-x86_64 0.4-10 5.69 105.54 111.23 NOTE
r-release-windows-ix86+x86_64 0.4-10 24.00 345.00 369.00 OK
r-release-osx-x86_64 0.4-10 OK
r-oldrel-windows-ix86+x86_64 0.4-10 31.00 292.00 323.00 OK
r-oldrel-osx-x86_64 0.4-10 OK

Check Details

Version: 0.4-10
Check: compiled code
Result: NOTE
    File ‘RecordLinkage/libs/RecordLinkage.so’:
     Found no calls to: ‘R_registerRoutines’, ‘R_useDynamicSymbols’
    
    It is good practice to register native routines and to disable symbol
    search.
    
    See ‘Writing portable packages’ in the ‘Writing R Extensions’ manual.
Flavors: r-devel-linux-x86_64-debian-clang, r-devel-linux-x86_64-debian-gcc, r-patched-linux-x86_64, r-release-linux-x86_64

Version: 0.4-10
Flags: --no-stop-on-test-error
Check: compiled code
Result: NOTE
    File ‘RecordLinkage/libs/RecordLinkage.so’:
     Found no calls to: ‘R_registerRoutines’, ‘R_useDynamicSymbols’
    
    It is good practice to register native routines and to disable symbol
    search.
    
    See ‘Writing portable packages’ in the ‘Writing R Extensions’ manual.
Flavors: r-devel-linux-x86_64-fedora-clang, r-devel-linux-x86_64-fedora-gcc