CRAN Package Check Results for Package RecordLinkage

Last updated on 2015-04-21 11:53:07.

Flavor Version Tinstall Tcheck Ttotal Status Flags
r-devel-linux-x86_64-debian-clang 0.4-7 3.73 123.45 127.18 NOTE
r-devel-linux-x86_64-debian-gcc 0.4-7 3.88 122.99 126.87 NOTE
r-devel-linux-x86_64-fedora-clang 0.4-7 242.27 NOTE
r-devel-linux-x86_64-fedora-gcc 0.4-7 236.33 NOTE
r-devel-osx-x86_64-clang 0.4-7 195.19 NOTE
r-devel-windows-ix86+x86_64 0.4-7 28.00 319.00 347.00 OK
r-patched-linux-x86_64 0.4-7 4.09 125.33 129.42 NOTE
r-patched-solaris-sparc 0.4-7 1605.60 OK
r-patched-solaris-x86 0.4-7 309.50 OK
r-release-linux-x86_64 0.4-7 4.08 123.16 127.24 NOTE
r-release-osx-x86_64-mavericks 0.4-7 OK
r-release-osx-x86_64-snowleopard 0.4-7 OK
r-release-windows-ix86+x86_64 0.4-7 15.00 245.00 260.00 OK
r-oldrel-windows-ix86+x86_64 0.4-7 24.00 284.00 308.00 OK

Check Details

Version: 0.4-7
Check: S3 generic/method consistency
Result: NOTE
    Found the following apparent S3 methods exported but not registered:
     print.summaryRLBigDataDedup print.summaryRLBigDataLinkage
     print.summaryRLResult summary.RLBigDataDedup summary.RLBigDataLinkage
     summary.RLResult summary.RecLinkData summary.RecLinkResult
    See section ‘Registering S3 methods’ in the ‘Writing R Extensions’
    manual.
Flavors: r-devel-linux-x86_64-debian-clang, r-devel-linux-x86_64-debian-gcc, r-devel-linux-x86_64-fedora-clang, r-devel-linux-x86_64-fedora-gcc, r-devel-osx-x86_64-clang, r-patched-linux-x86_64, r-release-linux-x86_64