CRAN Package Check Results for Package RecordLinkage

Last updated on 2017-12-11 08:48:55 CET.

Flavor Version Tinstall Tcheck Ttotal Status Flags
r-devel-linux-x86_64-debian-clang 0.4-10 7.40 143.01 150.41 NOTE
r-devel-linux-x86_64-debian-gcc 0.4-10 7.27 122.63 129.90 NOTE
r-devel-linux-x86_64-fedora-clang 0.4-10 208.76 NOTE
r-devel-linux-x86_64-fedora-gcc 0.4-10 204.26 NOTE
r-devel-windows-ix86+x86_64 0.4-10 36.00 316.00 352.00 OK
r-patched-linux-x86_64 0.4-10 7.81 166.69 174.50 NOTE
r-patched-solaris-x86 0.4-10 298.00 NOTE
r-release-linux-x86_64 0.4-10 8.85 169.21 178.06 NOTE
r-release-windows-ix86+x86_64 0.4-10 27.00 261.00 288.00 OK
r-release-osx-x86_64 0.4-10 OK
r-oldrel-windows-ix86+x86_64 0.4-10 26.00 353.00 379.00 OK
r-oldrel-osx-x86_64 0.4-10 OK

Check Details

Version: 0.4-10
Check: S3 generic/method consistency
Result: NOTE
    Found the following apparent S3 methods exported but not registered:
     [.RLBigData [.RLResult [.RecLinkData [.RecLinkResult
    See section ‘Registering S3 methods’ in the ‘Writing R Extensions’
    manual.
Flavors: r-devel-linux-x86_64-debian-clang, r-devel-linux-x86_64-debian-gcc, r-devel-linux-x86_64-fedora-clang, r-devel-linux-x86_64-fedora-gcc, r-patched-linux-x86_64, r-patched-solaris-x86, r-release-linux-x86_64

Version: 0.4-10
Check: compiled code
Result: NOTE
    File ‘RecordLinkage/libs/RecordLinkage.so’:
     Found no calls to: ‘R_registerRoutines’, ‘R_useDynamicSymbols’
    
    It is good practice to register native routines and to disable symbol
    search.
    
    See ‘Writing portable packages’ in the ‘Writing R Extensions’ manual.
Flavors: r-devel-linux-x86_64-debian-clang, r-devel-linux-x86_64-debian-gcc, r-devel-linux-x86_64-fedora-clang, r-devel-linux-x86_64-fedora-gcc, r-patched-linux-x86_64, r-release-linux-x86_64