CRAN Package Check Results for Package RecordLinkage

Last updated on 2015-03-26 23:47:52.

Flavor Version Tinstall Tcheck Ttotal Status Flags
r-devel-linux-x86_64-debian-clang 0.4-7 3.76 122.56 126.33 NOTE
r-devel-linux-x86_64-debian-gcc 0.4-7 4.21 122.14 126.36 NOTE
r-devel-linux-x86_64-fedora-clang 0.4-7 234.56 NOTE
r-devel-linux-x86_64-fedora-gcc 0.4-7 228.56 NOTE
r-devel-osx-x86_64-clang 0.4-7 193.10 NOTE
r-prerel-windows-ix86+x86_64 0.4-7 20.00 255.00 275.00 OK
r-prerel-linux-x86_64 0.4-7 3.96 121.18 125.15 NOTE
r-prerel-solaris-sparc 0.4-7 1605.60 OK
r-prerel-solaris-x86 0.4-7 307.70 OK
r-release-linux-x86_64 0.4-7 5.40 140.23 145.63 OK
r-release-osx-x86_64-mavericks 0.4-7 OK
r-release-osx-x86_64-snowleopard 0.4-7 OK
r-release-windows-ix86+x86_64 0.4-7 25.00 301.00 326.00 OK
r-oldrel-windows-ix86+x86_64 0.4-7 24.00 315.00 339.00 OK

Check Details

Version: 0.4-7
Check: S3 generic/method consistency
Result: NOTE
    Found the following apparent S3 methods exported but not registered:
     print.summaryRLBigDataDedup print.summaryRLBigDataLinkage
     print.summaryRLResult summary.RLBigDataDedup summary.RLBigDataLinkage
     summary.RLResult summary.RecLinkData summary.RecLinkResult
    See section ‘Registering S3 methods’ in the ‘Writing R Extensions’
    manual.
Flavors: r-devel-linux-x86_64-debian-clang, r-devel-linux-x86_64-debian-gcc, r-devel-linux-x86_64-fedora-clang, r-devel-linux-x86_64-fedora-gcc, r-devel-osx-x86_64-clang, r-prerel-linux-x86_64