CRAN Package Check Results for Package RecordLinkage

Last updated on 2018-04-25 15:48:25 CEST.

Flavor Version Tinstall Tcheck Ttotal Status Flags
r-devel-linux-x86_64-debian-clang 0.4-10 12.90 160.45 173.35 NOTE
r-devel-linux-x86_64-debian-gcc 0.4-10 11.24 121.69 132.93 NOTE
r-devel-linux-x86_64-fedora-clang 0.4-10 208.81 NOTE
r-devel-linux-x86_64-fedora-gcc 0.4-10 203.22 NOTE
r-devel-windows-ix86+x86_64 0.4-10 40.00 240.00 280.00 OK
r-patched-linux-x86_64 0.4-10 14.90 153.03 167.93 NOTE
r-patched-solaris-x86 0.4-10 297.60 NOTE
r-release-linux-x86_64 0.4-10 13.66 154.07 167.73 NOTE
r-release-windows-ix86+x86_64 0.4-10 40.00 240.00 280.00 OK
r-release-osx-x86_64 0.4-10 OK
r-oldrel-windows-ix86+x86_64 0.4-10 27.00 248.00 275.00 OK
r-oldrel-osx-x86_64 0.4-10 OK

Check Details

Version: 0.4-10
Check: S3 generic/method consistency
Result: NOTE
    Found the following apparent S3 methods exported but not registered:
     [.RLBigData [.RLResult [.RecLinkData [.RecLinkResult
    See section ‘Registering S3 methods’ in the ‘Writing R Extensions’
    manual.
Flavors: r-devel-linux-x86_64-debian-clang, r-devel-linux-x86_64-debian-gcc, r-devel-linux-x86_64-fedora-clang, r-devel-linux-x86_64-fedora-gcc, r-patched-linux-x86_64, r-patched-solaris-x86, r-release-linux-x86_64

Version: 0.4-10
Check: compiled code
Result: NOTE
    File ‘RecordLinkage/libs/RecordLinkage.so’:
     Found no calls to: ‘R_registerRoutines’, ‘R_useDynamicSymbols’
    
    It is good practice to register native routines and to disable symbol
    search.
    
    See ‘Writing portable packages’ in the ‘Writing R Extensions’ manual.
Flavors: r-devel-linux-x86_64-debian-clang, r-devel-linux-x86_64-debian-gcc, r-devel-linux-x86_64-fedora-clang, r-devel-linux-x86_64-fedora-gcc, r-patched-linux-x86_64, r-release-linux-x86_64