CRAN Package Check Results for Package RecordLinkage

Last updated on 2017-03-25 15:48:07.

Flavor Version Tinstall Tcheck Ttotal Status Flags
r-devel-linux-x86_64-debian-clang 0.4-10 6.12 107.42 113.54 NOTE
r-devel-linux-x86_64-debian-gcc 0.4-10 6.12 105.56 111.68 NOTE
r-devel-linux-x86_64-fedora-clang 0.4-10 223.55 NOTE --no-stop-on-test-error
r-devel-linux-x86_64-fedora-gcc 0.4-10 221.19 NOTE --no-stop-on-test-error
r-devel-macos-x86_64-clang 0.4-10 158.31 NOTE --no-stop-on-test-error
r-patched-linux-x86_64 0.4-10 5.98 105.90 111.88 NOTE
r-patched-solaris-sparc 0.4-10 1499.60 OK
r-patched-solaris-x86 0.4-10 297.20 OK
r-release-linux-x86_64 0.4-10 5.89 100.57 106.46 OK
r-release-osx-x86_64-mavericks 0.4-10 OK
r-release-windows-ix86+x86_64 0.4-10 34.00 295.00 329.00 OK
r-oldrel-windows-ix86+x86_64 0.4-10 24.00 360.00 384.00 OK

Check Details

Version: 0.4-10
Check: compiled code
Result: NOTE
    File ‘RecordLinkage/libs/RecordLinkage.so’:
     Found no calls to: ‘R_registerRoutines’, ‘R_useDynamicSymbols’
    
    It is good practice to register native routines and to disable symbol
    search.
    
    See ‘Writing portable packages’ in the ‘Writing R Extensions’ manual.
Flavors: r-devel-linux-x86_64-debian-clang, r-devel-linux-x86_64-debian-gcc, r-patched-linux-x86_64

Version: 0.4-10
Flags: --no-stop-on-test-error
Check: compiled code
Result: NOTE
    File ‘RecordLinkage/libs/RecordLinkage.so’:
     Found no calls to: ‘R_registerRoutines’, ‘R_useDynamicSymbols’
    
    It is good practice to register native routines and to disable symbol
    search.
    
    See ‘Writing portable packages’ in the ‘Writing R Extensions’ manual.
Flavors: r-devel-linux-x86_64-fedora-clang, r-devel-linux-x86_64-fedora-gcc, r-devel-macos-x86_64-clang