CRAN Package Check Results for Package RecordLinkage

Last updated on 2014-04-23 20:47:20.

Flavor Version Tinstall Tcheck Ttotal Status Flags
r-devel-linux-x86_64-debian-clang 0.4-1 4.85 219.87 224.72 NOTE
r-devel-linux-x86_64-debian-gcc 0.4-1 5.06 228.12 233.18 NOTE
r-devel-linux-x86_64-fedora-clang 0.4-1 455.17 NOTE
r-devel-linux-x86_64-fedora-gcc 0.4-1 444.56 NOTE
r-devel-osx-x86_64-clang 0.4-1 326.36 NOTE
r-devel-osx-x86_64-gcc 0.4-1 NOTE
r-devel-windows-ix86+x86_64 0.4-1 20.00 503.00 523.00 NOTE
r-patched-linux-x86_64 0.4-1 5.03 220.18 225.21 NOTE
r-patched-solaris-sparc 0.4-1 2579.70 NOTE
r-patched-solaris-x86 0.4-1 532.20 NOTE
r-release-linux-ix86 0.4-1 9.00 353.00 362.00 NOTE
r-release-linux-x86_64 0.4-1 5.03 225.03 230.06 NOTE
r-release-osx-x86_64-mavericks 0.4-1 WARN
r-release-osx-x86_64-snowleopard 0.4-1 NOTE
r-release-windows-ix86+x86_64 0.4-1 23.00 497.00 520.00 NOTE
r-oldrel-windows-ix86+x86_64 0.4-1 23.00 474.00 497.00 NOTE

Memtest notes: valgrind valgrind

Check Details

Version: 0.4-1
Check: package dependencies
Result: NOTE
    Depends: includes the non-default packages:
     ‘e1071’ ‘rpart’ ‘ada’ ‘ipred’ ‘evd’ ‘RSQLite’ ‘data.table’ ‘ff’
     ‘ffbase’
    Adding so many packages to the search path is excessive and importing
    selectively is preferable.
Flavors: r-devel-linux-x86_64-debian-clang, r-devel-linux-x86_64-debian-gcc, r-devel-linux-x86_64-fedora-clang, r-devel-linux-x86_64-fedora-gcc, r-devel-osx-x86_64-clang, r-devel-osx-x86_64-gcc, r-devel-windows-ix86+x86_64, r-patched-linux-x86_64, r-patched-solaris-sparc, r-patched-solaris-x86, r-release-linux-ix86, r-release-linux-x86_64, r-release-osx-x86_64-mavericks, r-release-osx-x86_64-snowleopard, r-release-windows-ix86+x86_64

Version: 0.4-1
Check: dependencies in R code
Result: NOTE
    Packages in Depends field not imported from:
     ‘RSQLite’ ‘ada’ ‘data.table’ ‘e1071’ ‘evd’ ‘ffbase’ ‘ipred’ ‘methods’
     ‘rpart’
     These packages need to be imported from (in the NAMESPACE file)
     for when this namespace is loaded but not attached.
    See the information on DESCRIPTION files in the chapter ‘Creating R
    packages’ of the ‘Writing R Extensions’ manual.
Flavors: r-devel-linux-x86_64-debian-clang, r-devel-linux-x86_64-debian-gcc, r-devel-linux-x86_64-fedora-clang, r-devel-linux-x86_64-fedora-gcc, r-devel-osx-x86_64-clang, r-devel-osx-x86_64-gcc, r-devel-windows-ix86+x86_64, r-patched-linux-x86_64, r-patched-solaris-sparc, r-patched-solaris-x86, r-release-linux-ix86, r-release-linux-x86_64, r-release-osx-x86_64-mavericks, r-release-windows-ix86+x86_64, r-oldrel-windows-ix86+x86_64

Version: 0.4-1
Check: R code for possible problems
Result: NOTE
    countpattern: warning in tabulate(xpat, nb = 2^nvar): partial argument
     match of 'nb' to 'nbins'
    .ffpredict: no visible binding for global variable ‘i1’
    .ffpredict: no visible binding for global variable ‘i2’
    loadRLObject: no visible binding for global variable ‘patterns’
    loadRLObject: no visible binding for global variable ‘Wdata’
    loadRLObject: no visible binding for global variable ‘WdataInd’
    loadRLObject: no visible binding for global variable ‘M’
    loadRLObject: no visible binding for global variable ‘U’
    trainSupv: no visible global function definition for ‘nnet’
    getErrorMeasures,RLResult: no visible binding for global variable ‘i1’
    getErrorMeasures,RLResult: no visible binding for global variable ‘i2’
    getMinimalTrain,RLBigData: no visible binding for global variable ‘i1’
    getMinimalTrain,RLBigData: no visible binding for global variable ‘i2’
    getMinimalTrain,RecLinkData: no visible binding for global variable
     ‘ID’
    getParetoThreshold,RLBigData: no visible binding for global variable
     ‘i1’
    getParetoThreshold,RLBigData: no visible binding for global variable
     ‘i2’
    getPatternCounts,RLBigData: no visible binding for global variable ‘i1’
    getPatternCounts,RLBigData: no visible binding for global variable ‘i2’
    optimalThreshold,RLBigData: no visible binding for global variable ‘i2’
    optimalThreshold,RLBigData: no visible binding for global variable ‘i1’
    optimalThreshold,RLBigData: no visible binding for global variable
     ‘is_match’
    optimalThreshold,RLBigData: no visible binding for global variable ‘W’
    optimalThreshold,RLBigData: no visible binding for global variable
     ‘nMatch’
    optimalThreshold,RLBigData: no visible binding for global variable
     ‘nAll’
    optimalThreshold,RLBigData: no visible binding for global variable
     ‘nNonMatch’
    optimalThreshold,RecLinkData: no visible binding for global variable
     ‘is_match’
    optimalThreshold,RecLinkData: no visible binding for global variable
     ‘Wdata’
Flavors: r-devel-linux-x86_64-debian-clang, r-devel-linux-x86_64-debian-gcc, r-devel-linux-x86_64-fedora-clang, r-devel-linux-x86_64-fedora-gcc, r-devel-osx-x86_64-clang, r-devel-osx-x86_64-gcc, r-devel-windows-ix86+x86_64, r-patched-linux-x86_64, r-patched-solaris-sparc, r-patched-solaris-x86, r-release-linux-ix86, r-release-linux-x86_64, r-release-osx-x86_64-mavericks, r-release-windows-ix86+x86_64, r-oldrel-windows-ix86+x86_64

Version: 0.4-1
Check: Rd line widths
Result: NOTE
    Rd file 'RLBigData-constructors.rd':
     \usage lines wider than 90 characters:
     RLBigDataDedup(dataset, identity = NA, blockfld = list(), exclude = numeric(0), strcmp = numeric(0), strcmpfun = "jarowinkler", phoneti ... [TRUNCATED]
     RLBigDataLinkage(dataset1, dataset2, identity1 = NA, identity2 = NA, blockfld = list(), exclude = numeric(0), strcmp = numeric(0), strc ... [TRUNCATED]
    
    Rd file 'getPairsBackend.Rd':
     \usage lines wider than 90 characters:
     getPairsBackend(object, filter.match, filter.link = c("nonlink", "possible", "link"), max.weight = Inf, min.weight = -Inf, withMatch = ... [TRUNCATED]
    
    These lines will be truncated in the PDF manual.
Flavors: r-devel-linux-x86_64-fedora-clang, r-devel-linux-x86_64-fedora-gcc

Version: 0.4-1
Check: PDF version of manual
Result: WARNING
    LaTeX errors when creating PDF version.
    This typically indicates Rd problems.
    LaTeX errors found:
    ! LaTeX Error: File `upquote.sty' not found.
    
    Type X to quit or <RETURN> to proceed,
    or enter new name. (Default extension: sty)
    
    6d8f312/Rd2.tex:8: ==> Fatal error occurred, no output PDF file produced!
Flavor: r-release-osx-x86_64-mavericks

Version: 0.4-1
Check: dependencies in R code
Result: NOTE
    Packages in Depends field not imported from:
     'RSQLite' 'ada' 'data.table' 'e1071' 'evd' 'ffbase' 'ipred' 'methods'
     'rpart'
     These packages need to be imported from for the case when
     this namespace is loaded but not attached.
    See the information on DESCRIPTION files in the chapter 'Creating R
    packages' of the 'Writing R Extensions' manual.
Flavor: r-release-osx-x86_64-snowleopard

Version: 0.4-1
Check: R code for possible problems
Result: NOTE
    countpattern: warning in tabulate(xpat, nb = 2^nvar): partial argument
     match of 'nb' to 'nbins'
    .computeMRL: no visible binding for global variable '.N'
    .ffpredict: no visible binding for global variable 'i1'
    .ffpredict: no visible binding for global variable 'i2'
    loadRLObject: no visible binding for global variable 'patterns'
    loadRLObject: no visible binding for global variable 'Wdata'
    loadRLObject: no visible binding for global variable 'WdataInd'
    loadRLObject: no visible binding for global variable 'M'
    loadRLObject: no visible binding for global variable 'U'
    trainSupv: no visible global function definition for 'nnet'
    getErrorMeasures,RLResult: no visible binding for global variable 'i1'
    getErrorMeasures,RLResult: no visible binding for global variable 'i2'
    getMinimalTrain,RLBigData: no visible binding for global variable 'i1'
    getMinimalTrain,RLBigData: no visible binding for global variable 'i2'
    getMinimalTrain,RecLinkData: no visible binding for global variable
     'ID'
    getParetoThreshold,RLBigData: no visible binding for global variable
     'i1'
    getParetoThreshold,RLBigData: no visible binding for global variable
     'i2'
    getPatternCounts,RLBigData: no visible binding for global variable 'i1'
    getPatternCounts,RLBigData: no visible binding for global variable 'i2'
    optimalThreshold,RLBigData: no visible binding for global variable 'i2'
    optimalThreshold,RLBigData: no visible binding for global variable 'i1'
    optimalThreshold,RLBigData: no visible binding for global variable
     'is_match'
    optimalThreshold,RLBigData: no visible binding for global variable 'W'
    optimalThreshold,RLBigData: no visible binding for global variable
     'nMatch'
    optimalThreshold,RLBigData: no visible binding for global variable
     'nAll'
    optimalThreshold,RLBigData: no visible binding for global variable
     'nNonMatch'
    optimalThreshold,RecLinkData: no visible binding for global variable
     'is_match'
    optimalThreshold,RecLinkData: no visible binding for global variable
     'Wdata'
Flavor: r-release-osx-x86_64-snowleopard