CRAN Package Check Results for Package RecordLinkage

Last updated on 2017-02-21 15:50:43.

Flavor Version Tinstall Tcheck Ttotal Status Flags
r-devel-linux-x86_64-debian-clang 0.4-10 6.07 106.56 112.63 NOTE
r-devel-linux-x86_64-debian-gcc 0.4-10 6.52 107.68 114.21 NOTE
r-devel-linux-x86_64-fedora-clang 0.4-10 219.20 NOTE --no-stop-on-test-error
r-devel-linux-x86_64-fedora-gcc 0.4-10 218.19 NOTE --no-stop-on-test-error
r-devel-macos-x86_64-clang 0.4-10 160.18 NOTE --no-stop-on-test-error
r-devel-windows-ix86+x86_64 0.4-10 38.00 333.00 371.00 OK
r-patched-linux-x86_64 0.4-10 5.87 101.11 106.98 OK
r-patched-solaris-sparc 0.4-10 1295.50 OK
r-patched-solaris-x86 0.4-10 270.70 OK
r-release-linux-x86_64 0.4-10 6.00 101.19 107.19 OK
r-release-osx-x86_64-mavericks 0.4-10 OK
r-release-windows-ix86+x86_64 0.4-10 26.00 311.00 337.00 OK
r-oldrel-windows-ix86+x86_64 0.4-10 32.00 418.00 450.00 OK

Check Details

Version: 0.4-10
Check: compiled code
Result: NOTE
    File ‘RecordLinkage/libs/RecordLinkage.so’:
     Found no calls to: ‘R_registerRoutines’, ‘R_useDynamicSymbols’
    
    It is good practice to register native routines and to disable symbol
    search.
    
    See ‘Writing portable packages’ in the ‘Writing R Extensions’ manual.
Flavors: r-devel-linux-x86_64-debian-clang, r-devel-linux-x86_64-debian-gcc

Version: 0.4-10
Flags: --no-stop-on-test-error
Check: compiled code
Result: NOTE
    File ‘RecordLinkage/libs/RecordLinkage.so’:
     Found no calls to: ‘R_registerRoutines’, ‘R_useDynamicSymbols’
    
    It is good practice to register native routines and to disable symbol
    search.
    
    See ‘Writing portable packages’ in the ‘Writing R Extensions’ manual.
Flavors: r-devel-linux-x86_64-fedora-clang, r-devel-linux-x86_64-fedora-gcc, r-devel-macos-x86_64-clang