CRAN Package Check Results for Package RecordLinkage

Last updated on 2015-01-25 09:51:37.

Flavor Version Tinstall Tcheck Ttotal Status Flags
r-devel-linux-x86_64-debian-clang 0.4-7 4.79 137.50 142.29 OK
r-devel-linux-x86_64-debian-gcc 0.4-7 5.07 135.67 140.74 OK
r-devel-linux-x86_64-fedora-clang 0.4-7 286.51 NOTE
r-devel-linux-x86_64-fedora-gcc 0.4-7 272.22 NOTE
r-devel-osx-x86_64-clang 0.4-7 216.35 NOTE
r-devel-windows-ix86+x86_64 0.4-7 25.00 296.00 321.00 OK
r-patched-linux-x86_64 0.4-7 5.62 139.88 145.51 OK
r-patched-solaris-sparc 0.4-7 1653.70 OK
r-patched-solaris-x86 0.4-7 364.30 OK
r-release-linux-ix86 0.4-7 19.76 202.06 221.82 OK
r-release-linux-x86_64 0.4-7 5.24 145.23 150.48 OK
r-release-osx-x86_64-mavericks 0.4-7 OK
r-release-osx-x86_64-snowleopard 0.4-7 OK
r-release-windows-ix86+x86_64 0.4-7 25.00 293.00 318.00 OK
r-oldrel-windows-ix86+x86_64 0.4-7 25.00 294.00 319.00 OK

Check Details

Version: 0.4-7
Check: S3 generic/method consistency
Result: NOTE
    Found the following apparent S3 methods exported but not registered:
     print.summaryRLBigDataDedup print.summaryRLBigDataLinkage
     print.summaryRLResult summary.RLBigDataDedup summary.RLBigDataLinkage
     summary.RLResult summary.RecLinkData summary.RecLinkResult
    See section ‘Registering S3 methods’ in the ‘Writing R Extensions’
    manual.
Flavors: r-devel-linux-x86_64-fedora-clang, r-devel-linux-x86_64-fedora-gcc, r-devel-osx-x86_64-clang