CRAN Package Check Results for Package RecordLinkage

Last updated on 2017-08-17 07:47:20.

Flavor Version Tinstall Tcheck Ttotal Status Flags
r-devel-linux-x86_64-debian-clang 0.4-10 6.28 109.78 116.07 NOTE
r-devel-linux-x86_64-debian-gcc 0.4-10 6.58 108.31 114.88 NOTE
r-devel-linux-x86_64-fedora-clang 0.4-10 223.55 NOTE
r-devel-linux-x86_64-fedora-gcc 0.4-10 230.24 NOTE
r-devel-windows-ix86+x86_64 0.4-10 22.00 245.00 267.00 OK
r-patched-linux-x86_64 0.4-10 6.95 108.94 115.89 NOTE
r-patched-solaris-x86 0.4-10 297.00 NOTE
r-release-linux-x86_64 0.4-10 6.98 107.35 114.33 NOTE
r-release-windows-ix86+x86_64 0.4-10 24.00 259.00 283.00 OK
r-release-osx-x86_64 0.4-10 OK
r-oldrel-windows-ix86+x86_64 0.4-10 25.00 214.00 239.00 OK
r-oldrel-osx-x86_64 0.4-10 OK

Check Details

Version: 0.4-10
Check: S3 generic/method consistency
Result: NOTE
    Found the following apparent S3 methods exported but not registered:
     [.RLBigData [.RLResult [.RecLinkData [.RecLinkResult
    See section ‘Registering S3 methods’ in the ‘Writing R Extensions’
    manual.
Flavors: r-devel-linux-x86_64-debian-clang, r-devel-linux-x86_64-debian-gcc, r-devel-linux-x86_64-fedora-clang, r-devel-linux-x86_64-fedora-gcc, r-patched-linux-x86_64, r-patched-solaris-x86, r-release-linux-x86_64

Version: 0.4-10
Check: compiled code
Result: NOTE
    File ‘RecordLinkage/libs/RecordLinkage.so’:
     Found no calls to: ‘R_registerRoutines’, ‘R_useDynamicSymbols’
    
    It is good practice to register native routines and to disable symbol
    search.
    
    See ‘Writing portable packages’ in the ‘Writing R Extensions’ manual.
Flavors: r-devel-linux-x86_64-debian-clang, r-devel-linux-x86_64-debian-gcc, r-devel-linux-x86_64-fedora-clang, r-devel-linux-x86_64-fedora-gcc, r-patched-linux-x86_64, r-release-linux-x86_64