CRAN Package Check Results for Package RecordLinkage

Last updated on 2018-06-25 16:50:08 CEST.

Flavor Version Tinstall Tcheck Ttotal Status Flags
r-devel-linux-x86_64-debian-clang 0.4-10 15.62 158.95 174.57 NOTE
r-devel-linux-x86_64-debian-gcc 0.4-10 13.78 133.55 147.33 NOTE
r-devel-linux-x86_64-fedora-clang 0.4-10 232.92 NOTE
r-devel-linux-x86_64-fedora-gcc 0.4-10 220.06 NOTE
r-devel-windows-ix86+x86_64 0.4-10 42.00 272.00 314.00 OK
r-patched-linux-x86_64 0.4-10 13.90 158.19 172.09 NOTE
r-patched-solaris-x86 0.4-10 297.30 NOTE
r-release-linux-x86_64 0.4-10 14.97 156.77 171.74 NOTE
r-release-windows-ix86+x86_64 0.4-10 38.00 302.00 340.00 OK
r-release-osx-x86_64 0.4-10 OK
r-oldrel-windows-ix86+x86_64 0.4-10 22.00 244.00 266.00 OK
r-oldrel-osx-x86_64 0.4-10 OK

Additional issues

gcc8

Check Details

Version: 0.4-10
Check: S3 generic/method consistency
Result: NOTE
    Found the following apparent S3 methods exported but not registered:
     [.RLBigData [.RLResult [.RecLinkData [.RecLinkResult
    See section ‘Registering S3 methods’ in the ‘Writing R Extensions’
    manual.
Flavors: r-devel-linux-x86_64-debian-clang, r-devel-linux-x86_64-debian-gcc, r-devel-linux-x86_64-fedora-clang, r-devel-linux-x86_64-fedora-gcc, r-patched-linux-x86_64, r-patched-solaris-x86, r-release-linux-x86_64

Version: 0.4-10
Check: compiled code
Result: NOTE
    File ‘RecordLinkage/libs/RecordLinkage.so’:
     Found no calls to: ‘R_registerRoutines’, ‘R_useDynamicSymbols’
    
    It is good practice to register native routines and to disable symbol
    search.
    
    See ‘Writing portable packages’ in the ‘Writing R Extensions’ manual.
Flavors: r-devel-linux-x86_64-debian-clang, r-devel-linux-x86_64-debian-gcc, r-devel-linux-x86_64-fedora-clang, r-devel-linux-x86_64-fedora-gcc, r-patched-linux-x86_64, r-release-linux-x86_64