CRAN Package Check Results for Package RecordLinkage

Last updated on 2016-07-24 09:48:01.

Flavor Version Tinstall Tcheck Ttotal Status Flags
r-devel-linux-x86_64-debian-clang 0.4-9 7.19 114.51 121.71 OK
r-devel-linux-x86_64-debian-gcc 0.4-9 7.59 114.87 122.46 OK
r-devel-linux-x86_64-fedora-clang 0.4-9 205.32 OK
r-devel-linux-x86_64-fedora-gcc 0.4-9 197.57 OK
r-devel-osx-x86_64-clang 0.4-9 149.22 OK
r-devel-windows-ix86+x86_64 0.4-9 20.00 242.00 262.00 NOTE
r-patched-linux-x86_64 0.4-9 6.87 113.12 119.98 OK
r-patched-solaris-sparc 0.4-9 1297.60 OK
r-patched-solaris-x86 0.4-9 267.90 OK
r-release-linux-x86_64 0.4-9 6.43 113.58 120.01 OK
r-release-osx-x86_64-mavericks 0.4-9 OK
r-release-windows-ix86+x86_64 0.4-9 20.00 246.00 266.00 NOTE
r-oldrel-windows-ix86+x86_64 0.4-9 31.00 346.00 377.00 OK

Check Details

Version: 0.4-9
Check: R code for possible problems
Result: NOTE
    getParetoThreshold,RLBigData: no visible global function definition for
     'bringToTop'
    getParetoThreshold,RecLinkData: no visible global function definition
     for 'bringToTop'
    Undefined global functions or variables:
     bringToTop
    Consider adding
     importFrom("grDevices", "bringToTop")
    to your NAMESPACE file.
Flavors: r-devel-windows-ix86+x86_64, r-release-windows-ix86+x86_64