CRAN Package Check Results for Package RecordLinkage

Last updated on 2015-08-02 23:48:17.

Flavor Version Tinstall Tcheck Ttotal Status Flags
r-devel-linux-x86_64-debian-clang 0.4-8 3.76 122.66 126.42 NOTE
r-devel-linux-x86_64-debian-gcc 0.4-8 4.12 128.12 132.24 NOTE
r-devel-linux-x86_64-fedora-clang 0.4-8 234.67 NOTE
r-devel-linux-x86_64-fedora-gcc 0.4-8 227.19 NOTE
r-devel-osx-x86_64-clang 0.4-8 168.52 OK
r-devel-windows-ix86+x86_64 0.4-8 19.00 273.00 292.00 NOTE
r-patched-linux-x86_64 0.4-8 4.56 124.23 128.79 OK
r-patched-solaris-sparc 0.4-8 1598.70 OK
r-patched-solaris-x86 0.4-8 316.90 OK
r-release-linux-x86_64 0.4-8 4.18 126.60 130.79 OK
r-release-osx-x86_64-mavericks 0.4-8 OK
r-release-windows-ix86+x86_64 0.4-8 26.00 287.00 313.00 OK
r-oldrel-windows-ix86+x86_64 0.4-8 35.00 343.00 378.00 OK

Check Details

Version: 0.4-8
Check: R code for possible problems
Result: NOTE
    .ffpredict: no visible global function definition for ‘txtProgressBar’
    .ffpredict: no visible global function definition for
     ‘setTxtProgressBar’
    .toFF: no visible global function definition for ‘txtProgressBar’
    .toFF: no visible global function definition for ‘setTxtProgressBar’
    getThresholds: no visible global function definition for ‘head’
    getThresholds: no visible global function definition for ‘tail’
    loadRLObject: no visible global function definition for ‘unzip’
    plotMRL: no visible global function definition for ‘plot’
    plotMRL: no visible global function definition for ‘abline’
    plotMRL: no visible global function definition for ‘extendrange’
    plotMRL: no visible global function definition for ‘box’
    plotMRL: no visible global function definition for ‘points’
    summary.RLBigDataDedup: no visible global function definition for
     ‘hist’
    summary.RLBigDataLinkage: no visible global function definition for
     ‘hist’
    summary.RecLinkData: no visible global function definition for ‘hist’
    editMatch,RLBigData: no visible global function definition for ‘edit’
    editMatch,RecLinkData: no visible global function definition for ‘edit’
    emWeights,RLBigData: no visible global function definition for
     ‘flush.console’
    emWeights,RLBigData: no visible global function definition for
     ‘txtProgressBar’
    emWeights,RLBigData: no visible global function definition for
     ‘setTxtProgressBar’
    fsWeights,RLBigData: no visible global function definition for
     ‘txtProgressBar’
    fsWeights,RLBigData: no visible global function definition for
     ‘setTxtProgressBar’
    getPairs,RLBigData: no visible global function definition for
     ‘txtProgressBar’
    getPairs,RLBigData: no visible global function definition for
     ‘setTxtProgressBar’
    getPairs,RLResult: no visible global function definition for
     ‘txtProgressBar’
    getPairs,RLResult: no visible global function definition for
     ‘setTxtProgressBar’
    getParetoThreshold,RLBigData: no visible global function definition for
     ‘flush.console’
    getParetoThreshold,RLBigData: no visible global function definition for
     ‘identify’
    getParetoThreshold,RecLinkData: no visible global function definition
     for ‘flush.console’
    getParetoThreshold,RecLinkData: no visible global function definition
     for ‘identify’
    getPatternCounts,RLBigData: no visible global function definition for
     ‘txtProgressBar’
    getPatternCounts,RLBigData: no visible global function definition for
     ‘setTxtProgressBar’
    optimalThreshold,RLBigData: no visible global function definition for
     ‘txtProgressBar’
    optimalThreshold,RLBigData: no visible global function definition for
     ‘setTxtProgressBar’
    saveRLObject,RLBigData: no visible global function definition for ‘zip’
    Undefined global functions or variables:
     abline box edit extendrange flush.console head hist identify plot
     points setTxtProgressBar tail txtProgressBar unzip zip
    Consider adding
     importFrom("grDevices", "extendrange")
     importFrom("graphics", "abline", "box", "hist", "identify", "plot",
     "points")
     importFrom("utils", "edit", "flush.console", "head",
     "setTxtProgressBar", "tail", "txtProgressBar", "unzip",
     "zip")
    to your NAMESPACE.
Flavors: r-devel-linux-x86_64-debian-clang, r-devel-linux-x86_64-debian-gcc, r-devel-linux-x86_64-fedora-clang, r-devel-linux-x86_64-fedora-gcc

Version: 0.4-8
Check: R code for possible problems
Result: NOTE
    .ffpredict: no visible global function definition for 'txtProgressBar'
    .ffpredict: no visible global function definition for
     'setTxtProgressBar'
    .toFF: no visible global function definition for 'txtProgressBar'
    .toFF: no visible global function definition for 'setTxtProgressBar'
    getThresholds: no visible global function definition for 'head'
    getThresholds: no visible global function definition for 'tail'
    loadRLObject: no visible global function definition for 'unzip'
    plotMRL: no visible global function definition for 'plot'
    plotMRL: no visible global function definition for 'abline'
    plotMRL: no visible global function definition for 'extendrange'
    plotMRL: no visible global function definition for 'box'
    plotMRL: no visible global function definition for 'points'
    summary.RLBigDataDedup: no visible global function definition for
     'hist'
    summary.RLBigDataLinkage: no visible global function definition for
     'hist'
    summary.RecLinkData: no visible global function definition for 'hist'
    editMatch,RLBigData: no visible global function definition for 'edit'
    editMatch,RecLinkData: no visible global function definition for 'edit'
    emWeights,RLBigData: no visible global function definition for
     'flush.console'
    emWeights,RLBigData: no visible global function definition for
     'txtProgressBar'
    emWeights,RLBigData: no visible global function definition for
     'setTxtProgressBar'
    fsWeights,RLBigData: no visible global function definition for
     'txtProgressBar'
    fsWeights,RLBigData: no visible global function definition for
     'setTxtProgressBar'
    getPairs,RLBigData: no visible global function definition for
     'txtProgressBar'
    getPairs,RLBigData: no visible global function definition for
     'setTxtProgressBar'
    getPairs,RLResult: no visible global function definition for
     'txtProgressBar'
    getPairs,RLResult: no visible global function definition for
     'setTxtProgressBar'
    getParetoThreshold,RLBigData: no visible global function definition for
     'flush.console'
    getParetoThreshold,RLBigData: no visible global function definition for
     'bringToTop'
    getParetoThreshold,RLBigData: no visible global function definition for
     'identify'
    getParetoThreshold,RecLinkData: no visible global function definition
     for 'flush.console'
    getParetoThreshold,RecLinkData: no visible global function definition
     for 'bringToTop'
    getParetoThreshold,RecLinkData: no visible global function definition
     for 'identify'
    getPatternCounts,RLBigData: no visible global function definition for
     'txtProgressBar'
    getPatternCounts,RLBigData: no visible global function definition for
     'setTxtProgressBar'
    optimalThreshold,RLBigData: no visible global function definition for
     'txtProgressBar'
    optimalThreshold,RLBigData: no visible global function definition for
     'setTxtProgressBar'
    saveRLObject,RLBigData: no visible global function definition for 'zip'
    Undefined global functions or variables:
     abline box bringToTop edit extendrange flush.console head hist
     identify plot points setTxtProgressBar tail txtProgressBar unzip zip
    Consider adding
     importFrom("grDevices", "bringToTop", "extendrange")
     importFrom("graphics", "abline", "box", "hist", "identify", "plot",
     "points")
     importFrom("utils", "edit", "flush.console", "head",
     "setTxtProgressBar", "tail", "txtProgressBar", "unzip",
     "zip")
    to your NAMESPACE.
Flavor: r-devel-windows-ix86+x86_64