CRAN Package Check Results for Package RecordLinkage

Last updated on 2016-05-30 03:47:47.

Flavor Version Tinstall Tcheck Ttotal Status Flags
r-devel-linux-x86_64-debian-gcc 0.4-9 5.84 104.71 110.56 OK
r-devel-linux-x86_64-fedora-clang 0.4-9 202.98 OK
r-devel-linux-x86_64-fedora-gcc 0.4-9 194.59 OK
r-devel-osx-x86_64-clang 0.4-9 203.30 OK
r-devel-windows-ix86+x86_64 0.4-9 19.00 238.00 257.00 NOTE
r-patched-linux-x86_64 0.4-9 5.97 104.94 110.90 OK
r-patched-solaris-sparc 0.4-9 1307.30 OK
r-patched-solaris-x86 0.4-9 266.60 OK
r-release-linux-x86_64 0.4-9 5.88 104.85 110.72 OK
r-release-osx-x86_64-mavericks 0.4-9 OK
r-release-windows-ix86+x86_64 0.4-9 27.00 250.00 277.00 NOTE
r-oldrel-windows-ix86+x86_64 0.4-9 24.00 349.00 373.00 OK

Check Details

Version: 0.4-9
Check: R code for possible problems
Result: NOTE
    getParetoThreshold,RLBigData: no visible global function definition for
     'bringToTop'
    getParetoThreshold,RecLinkData: no visible global function definition
     for 'bringToTop'
    Undefined global functions or variables:
     bringToTop
    Consider adding
     importFrom("grDevices", "bringToTop")
    to your NAMESPACE file.
Flavors: r-devel-windows-ix86+x86_64, r-release-windows-ix86+x86_64