CRAN Package Check Results for Package RecordLinkage

Last updated on 2017-04-26 03:48:31.

Flavor Version Tinstall Tcheck Ttotal Status Flags
r-devel-linux-x86_64-debian-clang 0.4-10 6.11 106.45 112.56 NOTE
r-devel-linux-x86_64-debian-gcc 0.4-10 5.98 104.93 110.91 NOTE
r-devel-linux-x86_64-fedora-clang 0.4-10 225.36 NOTE --no-stop-on-test-error
r-devel-linux-x86_64-fedora-gcc 0.4-10 218.14 NOTE --no-stop-on-test-error
r-devel-windows-ix86+x86_64 0.4-10 33.00 303.00 336.00 OK
r-patched-linux-x86_64 0.4-10 5.88 106.74 112.62 NOTE
r-patched-solaris-sparc 0.4-10 1499.60 OK
r-patched-solaris-x86 0.4-10 288.70 OK
r-release-linux-x86_64 0.4-10 6.11 105.18 111.29 NOTE
r-release-windows-ix86+x86_64 0.4-10 26.00 252.00 278.00 OK
r-release-osx-x86_64 0.4-10 OK
r-oldrel-windows-ix86+x86_64 0.4-10 23.00 218.00 241.00 OK
r-oldrel-osx-x86_64 0.4-10 OK

Check Details

Version: 0.4-10
Check: compiled code
Result: NOTE
    File ‘RecordLinkage/libs/RecordLinkage.so’:
     Found no calls to: ‘R_registerRoutines’, ‘R_useDynamicSymbols’
    
    It is good practice to register native routines and to disable symbol
    search.
    
    See ‘Writing portable packages’ in the ‘Writing R Extensions’ manual.
Flavors: r-devel-linux-x86_64-debian-clang, r-devel-linux-x86_64-debian-gcc, r-patched-linux-x86_64, r-release-linux-x86_64

Version: 0.4-10
Flags: --no-stop-on-test-error
Check: compiled code
Result: NOTE
    File ‘RecordLinkage/libs/RecordLinkage.so’:
     Found no calls to: ‘R_registerRoutines’, ‘R_useDynamicSymbols’
    
    It is good practice to register native routines and to disable symbol
    search.
    
    See ‘Writing portable packages’ in the ‘Writing R Extensions’ manual.
Flavors: r-devel-linux-x86_64-fedora-clang, r-devel-linux-x86_64-fedora-gcc