CRAN Package Check Results for Package RecordLinkage

Last updated on 2015-02-27 20:49:44.

Flavor Version Tinstall Tcheck Ttotal Status Flags
r-devel-linux-x86_64-debian-clang 0.4-7 3.76 122.74 126.50 NOTE
r-devel-linux-x86_64-debian-gcc 0.4-7 3.81 123.95 127.76 NOTE
r-devel-linux-x86_64-fedora-clang 0.4-7 236.85 NOTE
r-devel-linux-x86_64-fedora-gcc 0.4-7 226.92 NOTE
r-devel-osx-x86_64-clang 0.4-7 185.68 NOTE
r-devel-windows-ix86+x86_64 0.4-7 26.00 251.00 277.00 OK
r-patched-linux-x86_64 0.4-7 5.83 143.84 149.66 OK
r-patched-solaris-sparc 0.4-7 1653.70 OK
r-patched-solaris-x86 OK
r-release-linux-ix86 0.4-7 6.98 205.21 212.19 OK
r-release-linux-x86_64 0.4-7 5.57 141.92 147.49 OK
r-release-osx-x86_64-mavericks 0.4-7 OK
r-release-osx-x86_64-snowleopard 0.4-7 OK
r-release-windows-ix86+x86_64 0.4-7 26.00 296.00 322.00 OK
r-oldrel-windows-ix86+x86_64 0.4-7 26.00 297.00 323.00 OK

Check Details

Version: 0.4-7
Check: S3 generic/method consistency
Result: NOTE
    Found the following apparent S3 methods exported but not registered:
     print.summaryRLBigDataDedup print.summaryRLBigDataLinkage
     print.summaryRLResult summary.RLBigDataDedup summary.RLBigDataLinkage
     summary.RLResult summary.RecLinkData summary.RecLinkResult
    See section ‘Registering S3 methods’ in the ‘Writing R Extensions’
    manual.
Flavors: r-devel-linux-x86_64-debian-clang, r-devel-linux-x86_64-debian-gcc, r-devel-linux-x86_64-fedora-clang, r-devel-linux-x86_64-fedora-gcc, r-devel-osx-x86_64-clang