CRAN Package Check Results for Package RefFreeEWAS

Last updated on 2017-11-18 12:48:37.

Flavor Version Tinstall Tcheck Ttotal Status Flags
r-devel-linux-x86_64-debian-clang 2.1 1.50 41.39 42.89 OK
r-devel-linux-x86_64-debian-gcc 2.1 1.78 42.13 43.91 OK
r-devel-linux-x86_64-fedora-clang 2.1 77.08 OK
r-devel-linux-x86_64-fedora-gcc 2.1 75.38 OK
r-devel-windows-ix86+x86_64 2.1 13.00 73.00 86.00 OK
r-patched-linux-x86_64 2.1 1.56 41.71 43.27 OK
r-patched-solaris-x86 2.1 128.30 OK
r-release-linux-x86_64 2.1 1.53 42.90 44.43 OK
r-release-windows-ix86+x86_64 2.1 6.00 105.00 111.00 OK
r-release-osx-x86_64 2.1 ERROR
r-oldrel-windows-ix86+x86_64 2.1 6.00 90.00 96.00 OK
r-oldrel-osx-x86_64 2.1 OK

Check Details

Version: 2.1
Check: package dependencies
Result: ERROR
    Package required but not available: ‘isva’
    
    See section ‘The DESCRIPTION file’ in the ‘Writing R Extensions’
    manual.
Flavor: r-release-osx-x86_64