CRAN Package Check Results for Package RegressionFactory

Last updated on 2022-12-06 04:51:56 CET.

Flavor Version Tinstall Tcheck Ttotal Status Flags
r-devel-linux-x86_64-debian-clang 0.7.4 1.69 33.24 34.93 NOTE
r-devel-linux-x86_64-debian-gcc 0.7.4 1.91 25.94 27.85 NOTE
r-devel-linux-x86_64-fedora-clang 0.7.4 56.83 NOTE
r-devel-linux-x86_64-fedora-gcc 0.7.4 66.03 NOTE
r-devel-windows-x86_64 0.7.4 28.00 84.00 112.00 OK
r-patched-linux-x86_64 0.7.4 2.90 31.33 34.23 NOTE
r-release-linux-x86_64 0.7.4 2.07 31.23 33.30 NOTE
r-release-macos-arm64 0.7.4 19.00 OK
r-release-macos-x86_64 0.7.4 28.00 OK
r-release-windows-x86_64 0.7.4 53.00 81.00 134.00 OK
r-oldrel-macos-arm64 0.7.4 26.00 OK
r-oldrel-macos-x86_64 0.7.4 43.00 OK
r-oldrel-windows-ix86+x86_64 0.7.4 6.00 68.00 74.00 OK

Check Details

Version: 0.7.4
Check: package dependencies
Result: NOTE
    Package suggested but not available for checking: 'MfUSampler'
Flavors: r-devel-linux-x86_64-debian-clang, r-devel-linux-x86_64-debian-gcc, r-devel-linux-x86_64-fedora-clang, r-devel-linux-x86_64-fedora-gcc, r-patched-linux-x86_64, r-release-linux-x86_64