CRAN Package Check Results for Package ReliabilityTheory

Last updated on 2015-08-30 09:47:38.

Flavor Version Tinstall Tcheck Ttotal Status Flags
r-devel-linux-x86_64-debian-clang 0.1.4 1.66 31.36 33.03 NOTE
r-devel-linux-x86_64-debian-gcc 0.1.4 2.02 30.44 32.45 NOTE
r-devel-linux-x86_64-fedora-clang 0.1.4 67.78 NOTE
r-devel-linux-x86_64-fedora-gcc 0.1.4 62.64 NOTE
r-devel-osx-x86_64-clang 0.1.4 56.64 OK
r-devel-windows-ix86+x86_64 0.1.4 7.00 57.00 64.00 NOTE
r-patched-linux-x86_64 0.1.4 1.49 30.74 32.23 OK
r-patched-solaris-sparc 0.1.4 503.00 OK
r-patched-solaris-x86 0.1.4 96.40 OK
r-release-linux-x86_64 0.1.4 1.60 30.12 31.72 OK
r-release-osx-x86_64-mavericks 0.1.4 OK
r-release-windows-ix86+x86_64 0.1.4 7.00 59.00 66.00 OK
r-oldrel-windows-ix86+x86_64 0.1.4 13.00 102.00 115.00 OK

Check Details

Version: 0.1.4
Check: R code for possible problems
Result: NOTE
    computeSystemSurvivalSignature: no visible global function definition
     for ‘na.omit’
    maskedInferenceEXCHCustom: no visible global function definition for
     ‘dbinom’
    maskedInferenceEXCHExponential: no visible global function definition
     for ‘rnorm’
    maskedInferenceEXCHExponential: no visible global function definition
     for ‘rgamma’
    maskedInferenceEXCHExponential : <anonymous>: no visible global
     function definition for ‘pexp’
    maskedInferenceEXCHExponential : <anonymous>: no visible global
     function definition for ‘dexp’
    maskedInferenceIIDCustom: no visible global function definition for
     ‘dbinom’
    maskedInferenceIIDExponential : <anonymous>: no visible global function
     definition for ‘pexp’
    maskedInferenceIIDExponential : <anonymous>: no visible global function
     definition for ‘dexp’
    maskedInferenceIIDExponential: no visible global function definition
     for ‘rgamma’
    rexpCompGivenParm: no visible global function definition for ‘runif’
    rexpCompGivenParm: no visible global function definition for ‘rexp’
    rexpParmGivenDataEXCH: no visible global function definition for
     ‘optim’
    rexpParmGivenDataEXCH: no visible global function definition for
     ‘rgamma’
    rexpParmGivenDataIID: no visible global function definition for
     ‘rgamma’
    Undefined global functions or variables:
     dbinom dexp na.omit optim pexp rexp rgamma rnorm runif
    Consider adding
     importFrom("stats", "dbinom", "dexp", "na.omit", "optim", "pexp",
     "rexp", "rgamma", "rnorm", "runif")
    to your NAMESPACE.
Flavors: r-devel-linux-x86_64-debian-clang, r-devel-linux-x86_64-debian-gcc, r-devel-linux-x86_64-fedora-clang, r-devel-linux-x86_64-fedora-gcc, r-devel-windows-ix86+x86_64