CRAN Package Check Results for Package ReliabilityTheory

Last updated on 2015-07-02 23:47:32.

Flavor Version Tinstall Tcheck Ttotal Status Flags
r-devel-linux-x86_64-debian-clang 0.1.4 1.53 30.46 31.99 NOTE
r-devel-linux-x86_64-debian-gcc 0.1.4 1.57 30.05 31.62 NOTE
r-devel-linux-x86_64-fedora-clang 0.1.4 67.69 NOTE
r-devel-linux-x86_64-fedora-gcc 0.1.4 62.39 NOTE
r-devel-osx-x86_64-clang 0.1.4 63.68 OK
r-devel-windows-ix86+x86_64 0.1.4 5.00 55.00 60.00 NOTE
r-patched-linux-x86_64 0.1.4 1.54 30.44 31.98 OK
r-patched-solaris-sparc 0.1.4 480.00 OK
r-patched-solaris-x86 0.1.4 89.20 OK
r-release-linux-x86_64 0.1.4 2.21 32.58 34.79 OK
r-release-osx-x86_64-mavericks 0.1.4 OK
r-release-windows-ix86+x86_64 0.1.4 5.00 54.00 59.00 OK
r-oldrel-windows-ix86+x86_64 0.1.4 10.00 67.00 77.00 OK

Check Details

Version: 0.1.4
Check: R code for possible problems
Result: NOTE
    computeSystemSurvivalSignature: no visible global function definition
     for ‘na.omit’
    maskedInferenceEXCHCustom: no visible global function definition for
     ‘dbinom’
    maskedInferenceEXCHExponential: no visible global function definition
     for ‘rnorm’
    maskedInferenceEXCHExponential: no visible global function definition
     for ‘rgamma’
    maskedInferenceEXCHExponential : <anonymous>: no visible global
     function definition for ‘pexp’
    maskedInferenceEXCHExponential : <anonymous>: no visible global
     function definition for ‘dexp’
    maskedInferenceIIDCustom: no visible global function definition for
     ‘dbinom’
    maskedInferenceIIDExponential : <anonymous>: no visible global function
     definition for ‘pexp’
    maskedInferenceIIDExponential : <anonymous>: no visible global function
     definition for ‘dexp’
    maskedInferenceIIDExponential: no visible global function definition
     for ‘rgamma’
    rexpCompGivenParm: no visible global function definition for ‘runif’
    rexpCompGivenParm: no visible global function definition for ‘rexp’
    rexpParmGivenDataEXCH: no visible global function definition for
     ‘optim’
    rexpParmGivenDataEXCH: no visible global function definition for
     ‘rgamma’
    rexpParmGivenDataIID: no visible global function definition for
     ‘rgamma’
    Undefined global functions or variables:
     dbinom dexp na.omit optim pexp rexp rgamma rnorm runif
Flavors: r-devel-linux-x86_64-debian-clang, r-devel-linux-x86_64-fedora-clang, r-devel-linux-x86_64-fedora-gcc, r-devel-windows-ix86+x86_64

Version: 0.1.4
Check: R code for possible problems
Result: NOTE
    computeSystemSurvivalSignature: no visible global function definition
     for ‘na.omit’
    maskedInferenceEXCHCustom: no visible global function definition for
     ‘dbinom’
    maskedInferenceEXCHExponential: no visible global function definition
     for ‘rnorm’
    maskedInferenceEXCHExponential: no visible global function definition
     for ‘rgamma’
    maskedInferenceEXCHExponential : <anonymous>: no visible global
     function definition for ‘pexp’
    maskedInferenceEXCHExponential : <anonymous>: no visible global
     function definition for ‘dexp’
    maskedInferenceIIDCustom: no visible global function definition for
     ‘dbinom’
    maskedInferenceIIDExponential : <anonymous>: no visible global function
     definition for ‘pexp’
    maskedInferenceIIDExponential : <anonymous>: no visible global function
     definition for ‘dexp’
    maskedInferenceIIDExponential: no visible global function definition
     for ‘rgamma’
    rexpCompGivenParm: no visible global function definition for ‘runif’
    rexpCompGivenParm: no visible global function definition for ‘rexp’
    rexpParmGivenDataEXCH: no visible global function definition for
     ‘optim’
    rexpParmGivenDataEXCH: no visible global function definition for
     ‘rgamma’
    rexpParmGivenDataIID: no visible global function definition for
     ‘rgamma’
Flavor: r-devel-linux-x86_64-debian-gcc