CRAN Package Check Results for Package ReliabilityTheory

Last updated on 2014-04-23 20:47:20.

Flavor Version Tinstall Tcheck Ttotal Status Flags
r-devel-linux-x86_64-debian-clang 0.1.1 2.40 21.81 24.21 NOTE
r-devel-linux-x86_64-debian-gcc 0.1.1 2.32 21.62 23.94 NOTE
r-devel-linux-x86_64-fedora-clang 0.1.1 45.16 NOTE
r-devel-linux-x86_64-fedora-gcc 0.1.1 43.09 NOTE
r-devel-osx-x86_64-clang 0.1.1 48.43 NOTE
r-devel-osx-x86_64-gcc 0.1.1 ERROR
r-devel-windows-ix86+x86_64 0.1.1 7.00 36.00 43.00 NOTE
r-patched-linux-x86_64 0.1.1 2.29 21.32 23.61 NOTE
r-patched-solaris-sparc 0.1.1 261.80 NOTE
r-patched-solaris-x86 0.1.1 67.80 NOTE
r-release-linux-ix86 0.1.1 4.00 40.00 44.00 NOTE
r-release-linux-x86_64 0.1.1 2.45 21.74 24.19 NOTE
r-release-osx-x86_64-mavericks 0.1.1 WARN
r-release-osx-x86_64-snowleopard 0.1.1 NOTE
r-release-windows-ix86+x86_64 0.1.1 7.00 39.00 46.00 NOTE
r-oldrel-windows-ix86+x86_64 0.1.1 6.00 39.00 45.00 NOTE

Check Details

Version: 0.1.1
Check: dependencies in R code
Result: NOTE
    Package in Depends field not imported from: ‘igraph’
     These packages need to be imported from (in the NAMESPACE file)
     for when this namespace is loaded but not attached.
    See the information on DESCRIPTION files in the chapter ‘Creating R
    packages’ of the ‘Writing R Extensions’ manual.
Flavors: r-devel-linux-x86_64-debian-clang, r-devel-linux-x86_64-debian-gcc, r-devel-linux-x86_64-fedora-clang, r-devel-linux-x86_64-fedora-gcc, r-devel-osx-x86_64-clang, r-devel-windows-ix86+x86_64, r-patched-linux-x86_64, r-patched-solaris-sparc, r-patched-solaris-x86, r-release-linux-ix86, r-release-linux-x86_64, r-release-osx-x86_64-mavericks, r-release-windows-ix86+x86_64, r-oldrel-windows-ix86+x86_64

Version: 0.1.1
Check: Rd line widths
Result: NOTE
    Rd file 'maskedInferenceEXCHCustom.Rd':
     \usage lines wider than 90 characters:
     maskedInferenceEXCHCustom(t, signature, cdfComp, pdfComp, rParmGivenData, rCompGivenParm, startCompParm, startHypParm, iter, ...)
     \examples lines wider than 100 characters:
     # Please inspect the source of this package, file MaskedLifetimeInference_Exponential.R for example usage (see details section)
    
    Rd file 'maskedInferenceEXCHExponential.Rd':
     \usage lines wider than 90 characters:
     maskedInferenceEXCHExponential(t, signature, iter, priorMu_Mu, priorSigma_Mu, priorMu_Sigma, priorSigma_Sigma)
     \examples lines wider than 100 characters:
     # Some masked system lifetime data for an exchangeable collection of systems with Exponential component lifetime, rate drawn from the p ... [TRUNCATED]
     # Load the signatures of order 4 simply connected coherent systems -- the data above correspond to simulations from system number 3
     ## Not run: samps <- maskedInferenceEXCHExponential(t, sccsO4[[3]]$signature, 2000, priorMu_Mu=1, priorSigma_Mu=0.5, priorMu_Sigma=1, p ... [TRUNCATED]
     # Or perform inference on rate parameter and topology jointly, taking as candidate set all possible simply connected coherent systems o ... [TRUNCATED]
     ## Not run: samps <- maskedInferenceEXCHExponential(t, sccsO4, 2000, priorMu_Mu=1, priorSigma_Mu=0.5, priorMu_Sigma=1, priorSigma_Sigma ... [TRUNCATED]
    
    Rd file 'maskedInferenceIIDCustom.Rd':
     \usage lines wider than 90 characters:
     maskedInferenceIIDCustom(t, signature, cdfComp, pdfComp, rParmGivenData, rCompGivenParm, startParm, iter, ...)
     \examples lines wider than 100 characters:
     # Please inspect the source of this package, file MaskedLifetimeInference_Exponential.R for example usage (see details section)
    
    Rd file 'maskedInferenceIIDExponential.Rd':
     \examples lines wider than 100 characters:
     # Load the signatures of order 4 simply connected coherent systems -- the data above correspond to simulations from system number 3
     ## Not run: samps <- maskedInferenceIIDExponential(t, sccsO4[[3]]$signature, 2000, priorShape=9, priorScale=0.5)
     # Or perform inference on rate parameter and topology jointly, taking as candidate set all possible simply connected coherent systems o ... [TRUNCATED]
    
    Rd file 'simulateSystem.Rd':
     \examples lines wider than 100 characters:
     # Simulate 20 masked lifetimes of a two component series system with Exponential(2) component lifetimes
    
    Rd file 'systemGraphToGenerator.Rd':
     \examples lines wider than 100 characters:
     # Get the generator representing a repairable 5 component 'bridge' system with failure rate 1 and repair rate 365.
    
    These lines will be truncated in the PDF manual.
Flavors: r-devel-linux-x86_64-fedora-clang, r-devel-linux-x86_64-fedora-gcc

Version: 0.1.1
Check: package dependencies
Result: ERROR
    Packages required but not available: ‘igraph’ ‘PhaseType’
    
    See the information on DESCRIPTION files in the chapter ‘Creating R
    packages’ of the ‘Writing R Extensions’ manual.
Flavor: r-devel-osx-x86_64-gcc

Version: 0.1.1
Check: PDF version of manual
Result: WARNING
    LaTeX errors when creating PDF version.
    This typically indicates Rd problems.
    LaTeX errors found:
    ! LaTeX Error: File `upquote.sty' not found.
    
    Type X to quit or <RETURN> to proceed,
    or enter new name. (Default extension: sty)
    
    6fbcabb/Rd2.tex:8: ==> Fatal error occurred, no output PDF file produced!
Flavor: r-release-osx-x86_64-mavericks

Version: 0.1.1
Check: dependencies in R code
Result: NOTE
    Package in Depends field not imported from: 'igraph'
     These packages need to be imported from for the case when
     this namespace is loaded but not attached.
    See the information on DESCRIPTION files in the chapter 'Creating R
    packages' of the 'Writing R Extensions' manual.
Flavor: r-release-osx-x86_64-snowleopard