CRAN Package Check Results for Package ReliabilityTheory

Last updated on 2015-05-22 21:46:40.

Flavor Version Tinstall Tcheck Ttotal Status Flags
r-devel-linux-x86_64-debian-clang 0.1.4 1.53 31.18 32.71 OK
r-devel-linux-x86_64-debian-gcc 0.1.4 1.59 30.28 31.88 OK
r-devel-linux-x86_64-fedora-clang 0.1.4 67.58 OK
r-devel-linux-x86_64-fedora-gcc 0.1.4 63.25 OK
r-devel-osx-x86_64-clang 0.1.4 63.00 OK
r-devel-windows-ix86+x86_64 0.1.4 6.00 56.00 62.00 OK
r-patched-linux-x86_64 0.1.4 1.51 29.87 31.38 OK
r-patched-solaris-sparc 0.1.4 480.00 OK
r-patched-solaris-x86 0.1.4 86.40 OK
r-release-linux-x86_64 0.1.4 1.48 33.04 34.53 OK
r-release-osx-x86_64-mavericks 0.1.4 OK
r-release-osx-x86_64-snowleopard 0.1.4 ERROR
r-release-windows-ix86+x86_64 0.1.4 5.00 57.00 62.00 OK
r-oldrel-windows-ix86+x86_64 0.1.4 10.00 64.00 74.00 OK

Check Details

Version: 0.1.4
Check: package dependencies
Result: ERROR
    Packages required but not available: ‘igraph’ ‘PhaseType’
    
    See section ‘The DESCRIPTION file’ in the ‘Writing R Extensions’
    manual.
Flavor: r-release-osx-x86_64-snowleopard