CRAN Package Check Results for Package Renext

Last updated on 2014-04-25 05:47:23.

Flavor Version Tinstall Tcheck Ttotal Status Flags
r-devel-linux-x86_64-debian-clang 2.1-0 1.45 193.40 194.85 OK
r-devel-linux-x86_64-debian-gcc 2.1-0 1.34 33.90 35.24 OK
r-devel-linux-x86_64-fedora-clang 2.1-0 77.56 OK
r-devel-linux-x86_64-fedora-gcc 2.1-0 73.64 OK
r-devel-osx-x86_64-clang 2.1-0 60.48 OK
r-devel-osx-x86_64-gcc 2.1-0 NOTE
r-devel-windows-ix86+x86_64 2.1-0 3.00 47.00 50.00 OK
r-patched-linux-x86_64 2.1-0 1.40 33.74 35.14 OK
r-patched-solaris-sparc 2.1-0 390.60 OK
r-patched-solaris-x86 2.1-0 84.50 OK
r-release-linux-ix86 2.1-0 2.00 57.00 59.00 OK
r-release-linux-x86_64 2.1-0 1.38 34.83 36.21 OK
r-release-osx-x86_64-mavericks 2.1-0 WARN
r-release-osx-x86_64-snowleopard 2.1-0 OK
r-release-windows-ix86+x86_64 2.1-0 4.00 48.00 52.00 OK
r-oldrel-windows-ix86+x86_64 2.1-0 5.00 49.00 54.00 OK

Check Details

Version: 2.1-0
Check: package dependencies
Result: NOTE
    Package suggested but not available for checking: ‘XML’
Flavor: r-devel-osx-x86_64-gcc

Version: 2.1-0
Check: R code for possible problems
Result: NOTE
    parse.eventsNode: no visible global function definition for
     ‘xmlElementsByTagName’
    parse.eventsNode: no visible global function definition for
     ‘xmlGetAttr’
    parse.eventsNode: no visible global function definition for ‘xmlValue’
    parse.periodsNode: no visible global function definition for
     ‘xmlElementsByTagName’
    parse.periodsNode: no visible global function definition for
     ‘xmlGetAttr’
    read.eventsFile: no visible global function definition for ‘xmlGetAttr’
    read.periodsFile: no visible global function definition for
     ‘xmlGetAttr’
    readOrParse.events: no visible global function definition for
     ‘xmlElementsByTagName’
    readOrParse.periods: no visible global function definition for
     ‘xmlElementsByTagName’
    readXML: no visible global function definition for ‘xmlTreeParse’
    readXML: no visible global function definition for ‘xmlRoot’
    readXML: no visible global function definition for
     ‘xmlElementsByTagName’
    readXML: no visible binding for global variable ‘xmlGetAttr’
    readXML: no visible global function definition for ‘xmlGetAttr’
Flavor: r-devel-osx-x86_64-gcc

Version: 2.1-0
Check: PDF version of manual
Result: WARNING
    LaTeX errors when creating PDF version.
    This typically indicates Rd problems.
    LaTeX errors found:
    ! LaTeX Error: File `upquote.sty' not found.
    
    Type X to quit or <RETURN> to proceed,
    or enter new name. (Default extension: sty)
    
    08eaef/Rd2.tex:8: ==> Fatal error occurred, no output PDF file produced!
Flavor: r-release-osx-x86_64-mavericks