CRAN Package Check Results for Package Renext

Last updated on 2014-11-29 03:52:02.

Flavor Version Tinstall Tcheck Ttotal Status Flags
r-devel-linux-x86_64-debian-clang 2.1-0 1.34 32.74 34.08 NOTE
r-devel-linux-x86_64-debian-gcc 2.1-0 1.26 32.44 33.70 NOTE
r-devel-linux-x86_64-fedora-clang 2.1-0 71.28 NOTE
r-devel-linux-x86_64-fedora-gcc 2.1-0 69.05 NOTE
r-devel-osx-x86_64-clang 2.1-0 60.39 NOTE
r-devel-windows-ix86+x86_64 2.1-0 4.00 41.00 45.00 NOTE
r-patched-linux-x86_64 2.1-0 1.76 34.13 35.90 NOTE
r-patched-solaris-sparc 2.1-0 370.20 NOTE
r-patched-solaris-x86 2.1-0 78.30 NOTE
r-release-linux-ix86 2.1-0 1.77 39.44 41.21 NOTE
r-release-linux-x86_64 2.1-0 1.36 35.86 37.22 NOTE
r-release-osx-x86_64-mavericks 2.1-0 OK
r-release-osx-x86_64-snowleopard 2.1-0 OK
r-release-windows-ix86+x86_64 2.1-0 5.00 52.00 57.00 NOTE
r-oldrel-windows-ix86+x86_64 2.1-0 6.00 52.00 58.00 OK

Check Details

Version: 2.1-0
Check: R code for possible problems
Result: NOTE
    parse.eventsNode: no visible global function definition for
     ‘xmlElementsByTagName’
    parse.eventsNode: no visible global function definition for
     ‘xmlGetAttr’
    parse.eventsNode: no visible global function definition for ‘xmlValue’
    parse.periodsNode: no visible global function definition for
     ‘xmlElementsByTagName’
    parse.periodsNode: no visible global function definition for
     ‘xmlGetAttr’
    read.eventsFile: no visible global function definition for ‘xmlGetAttr’
    read.periodsFile: no visible global function definition for
     ‘xmlGetAttr’
    readOrParse.events: no visible global function definition for
     ‘xmlElementsByTagName’
    readOrParse.periods: no visible global function definition for
     ‘xmlElementsByTagName’
    readXML: no visible global function definition for ‘xmlTreeParse’
    readXML: no visible global function definition for ‘xmlRoot’
    readXML: no visible global function definition for
     ‘xmlElementsByTagName’
    readXML: no visible binding for global variable ‘xmlGetAttr’
    readXML: no visible global function definition for ‘xmlGetAttr’
Flavors: r-devel-linux-x86_64-debian-clang, r-devel-linux-x86_64-debian-gcc, r-devel-linux-x86_64-fedora-clang, r-devel-linux-x86_64-fedora-gcc, r-devel-osx-x86_64-clang, r-devel-windows-ix86+x86_64, r-patched-linux-x86_64, r-patched-solaris-sparc, r-patched-solaris-x86, r-release-linux-ix86, r-release-linux-x86_64, r-release-windows-ix86+x86_64