CRAN Package Check Results for Package Renext

Last updated on 2014-08-31 05:50:18.

Flavor Version Tinstall Tcheck Ttotal Status Flags
r-devel-linux-x86_64-debian-clang 2.1-0 1.28 29.69 30.97 NOTE
r-devel-linux-x86_64-debian-gcc 2.1-0 1.22 28.83 30.05 NOTE
r-devel-linux-x86_64-fedora-clang 2.1-0 76.03 NOTE
r-devel-linux-x86_64-fedora-gcc 2.1-0 64.84 NOTE
r-devel-osx-x86_64-clang 2.1-0 54.97 NOTE
r-devel-windows-ix86+x86_64 2.1-0 4.00 45.00 49.00 NOTE
r-patched-linux-x86_64 2.1-0 1.27 32.71 33.98 OK
r-patched-solaris-sparc 2.1-0 394.70 OK
r-patched-solaris-x86 2.1-0 90.30 OK
r-release-linux-ix86 2.1-0 1.89 43.00 44.88 OK
r-release-linux-x86_64 2.1-0 1.30 35.20 36.50 OK
r-release-osx-x86_64-mavericks 2.1-0 OK
r-release-osx-x86_64-snowleopard 2.1-0 OK
r-release-windows-ix86+x86_64 2.1-0 4.00 54.00 58.00 OK
r-oldrel-windows-ix86+x86_64 2.1-0 7.00 55.00 62.00 OK

Check Details

Version: 2.1-0
Check: R code for possible problems
Result: NOTE
    parse.eventsNode: no visible global function definition for
     ‘xmlElementsByTagName’
    parse.eventsNode: no visible global function definition for
     ‘xmlGetAttr’
    parse.eventsNode: no visible global function definition for ‘xmlValue’
    parse.periodsNode: no visible global function definition for
     ‘xmlElementsByTagName’
    parse.periodsNode: no visible global function definition for
     ‘xmlGetAttr’
    read.eventsFile: no visible global function definition for ‘xmlGetAttr’
    read.periodsFile: no visible global function definition for
     ‘xmlGetAttr’
    readOrParse.events: no visible global function definition for
     ‘xmlElementsByTagName’
    readOrParse.periods: no visible global function definition for
     ‘xmlElementsByTagName’
    readXML: no visible global function definition for ‘xmlTreeParse’
    readXML: no visible global function definition for ‘xmlRoot’
    readXML: no visible global function definition for
     ‘xmlElementsByTagName’
    readXML: no visible binding for global variable ‘xmlGetAttr’
    readXML: no visible global function definition for ‘xmlGetAttr’
Flavors: r-devel-linux-x86_64-debian-clang, r-devel-linux-x86_64-debian-gcc, r-devel-linux-x86_64-fedora-clang, r-devel-linux-x86_64-fedora-gcc, r-devel-osx-x86_64-clang, r-devel-windows-ix86+x86_64