CRAN Package Check Results for Package Renext

Last updated on 2015-08-30 09:47:38.

Flavor Version Tinstall Tcheck Ttotal Status Flags
r-devel-linux-x86_64-debian-clang 3.0-0 1.58 49.66 51.24 NOTE
r-devel-linux-x86_64-debian-gcc 3.0-0 1.74 50.45 52.19 NOTE
r-devel-linux-x86_64-fedora-clang 3.0-0 100.33 NOTE
r-devel-linux-x86_64-fedora-gcc 3.0-0 94.75 NOTE
r-devel-osx-x86_64-clang 3.0-0 76.36 OK
r-devel-windows-ix86+x86_64 3.0-0 11.00 77.00 88.00 NOTE
r-patched-linux-x86_64 3.0-0 1.70 49.89 51.60 OK
r-patched-solaris-sparc 3.0-0 597.10 OK
r-patched-solaris-x86 3.0-0 113.40 OK
r-release-linux-x86_64 3.0-0 1.81 50.88 52.69 OK
r-release-osx-x86_64-mavericks 3.0-0 OK
r-release-windows-ix86+x86_64 3.0-0 11.00 86.00 97.00 OK
r-oldrel-windows-ix86+x86_64 3.0-0 11.00 116.00 127.00 OK

Check Details

Version: 3.0-0
Check: R code for possible problems
Result: NOTE
    NBlevy: no visible global function definition for ‘col2rgb’
    NBlevy: no visible global function definition for ‘rgb’
    OT2MAX: no visible global function definition for ‘is’
    OT2MAX: no visible global function definition for ‘col2rgb’
    OT2MAX: no visible global function definition for ‘rgb’
    Renouv: no visible global function definition for ‘is’
    barplotRenouv: no visible global function definition for ‘is’
    cleanInt: no visible global function definition for ‘is’
    expplot: no visible global function definition for ‘col2rgb’
    expplot: no visible global function definition for ‘rgb’
    gof.date: no visible global function definition for ‘is’
    interevt: no visible global function definition for ‘is’
    lines.Renouv: no visible global function definition for ‘is’
    makeMAXdata: no visible global function definition for ‘is’
    makeOTSdata: no visible global function definition for ‘is’
    read.eventsFile: no visible global function definition for ‘read.csv’
    read.eventsFile: no visible global function definition for ‘head’
    read.eventsFile: no visible global function definition for ‘tail’
    read.periodsFile: no visible global function definition for ‘read.csv’
    read.periodsFile: no visible global function definition for ‘head’
    read.periodsFile: no visible global function definition for ‘tail’
    readXML: no visible global function definition for ‘as’
    skip2noskip: no visible global function definition for ‘is’
    timeints2bounds: no visible global function definition for ‘is’
    translude: no visible global function definition for ‘col2rgb’
    weibplot: no visible global function definition for ‘col2rgb’
    weibplot: no visible global function definition for ‘rgb’
    Undefined global functions or variables:
     as col2rgb head is read.csv rgb tail
    Consider adding
     importFrom("grDevices", "col2rgb", "rgb")
     importFrom("methods", "as", "is")
     importFrom("utils", "head", "read.csv", "tail")
    to your NAMESPACE (and ensure that your DESCRIPTION Imports field
    contains 'methods').
Flavors: r-devel-linux-x86_64-debian-clang, r-devel-linux-x86_64-debian-gcc, r-devel-linux-x86_64-fedora-clang, r-devel-linux-x86_64-fedora-gcc, r-devel-windows-ix86+x86_64