CRAN Package Check Results for Package Renext

Last updated on 2014-10-31 05:47:28.

Flavor Version Tinstall Tcheck Ttotal Status Flags
r-devel-linux-x86_64-debian-clang 2.1-0 1.37 32.76 34.12 NOTE
r-devel-linux-x86_64-debian-gcc 2.1-0 1.27 32.53 33.80 NOTE
r-devel-linux-x86_64-fedora-clang 2.1-0 68.40 NOTE
r-devel-linux-x86_64-fedora-gcc 2.1-0 65.37 NOTE
r-devel-osx-x86_64-clang 2.1-0 58.24 NOTE
r-devel-windows-ix86+x86_64 2.1-0 4.00 44.00 48.00 NOTE
r-patched-linux-x86_64 2.1-0 2.02 34.31 36.33 NOTE
r-patched-solaris-sparc 2.1-0 370.20 NOTE
r-patched-solaris-x86 2.1-0 78.70 NOTE
r-release-linux-ix86 2.1-0 1.86 43.48 45.34 OK
r-release-linux-x86_64 2.1-0 1.29 35.97 37.26 OK
r-release-osx-x86_64-mavericks 2.1-0 OK
r-release-osx-x86_64-snowleopard 2.1-0 OK
r-release-windows-ix86+x86_64 2.1-0 4.00 51.00 55.00 OK
r-oldrel-windows-ix86+x86_64 2.1-0 4.00 51.00 55.00 OK

Check Details

Version: 2.1-0
Check: R code for possible problems
Result: NOTE
    parse.eventsNode: no visible global function definition for
     ‘xmlElementsByTagName’
    parse.eventsNode: no visible global function definition for
     ‘xmlGetAttr’
    parse.eventsNode: no visible global function definition for ‘xmlValue’
    parse.periodsNode: no visible global function definition for
     ‘xmlElementsByTagName’
    parse.periodsNode: no visible global function definition for
     ‘xmlGetAttr’
    read.eventsFile: no visible global function definition for ‘xmlGetAttr’
    read.periodsFile: no visible global function definition for
     ‘xmlGetAttr’
    readOrParse.events: no visible global function definition for
     ‘xmlElementsByTagName’
    readOrParse.periods: no visible global function definition for
     ‘xmlElementsByTagName’
    readXML: no visible global function definition for ‘xmlTreeParse’
    readXML: no visible global function definition for ‘xmlRoot’
    readXML: no visible global function definition for
     ‘xmlElementsByTagName’
    readXML: no visible binding for global variable ‘xmlGetAttr’
    readXML: no visible global function definition for ‘xmlGetAttr’
Flavors: r-devel-linux-x86_64-debian-clang, r-devel-linux-x86_64-debian-gcc, r-devel-linux-x86_64-fedora-clang, r-devel-linux-x86_64-fedora-gcc, r-devel-osx-x86_64-clang, r-devel-windows-ix86+x86_64, r-patched-linux-x86_64, r-patched-solaris-sparc, r-patched-solaris-x86