CRAN Package Check Results for Package Renext

Last updated on 2015-04-27 10:48:56.

Flavor Version Tinstall Tcheck Ttotal Status Flags
r-devel-linux-x86_64-debian-clang 2.1-0 1.19 32.69 33.88 NOTE
r-devel-linux-x86_64-debian-gcc 2.1-0 1.22 30.92 32.14 NOTE
r-devel-linux-x86_64-fedora-clang 2.1-0 64.03 NOTE
r-devel-linux-x86_64-fedora-gcc 2.1-0 59.05 NOTE
r-devel-osx-x86_64-clang 2.1-0 52.96 NOTE
r-devel-windows-ix86+x86_64 2.1-0 6.00 77.00 83.00 NOTE
r-patched-linux-x86_64 2.1-0 1.28 32.52 33.79 NOTE
r-patched-solaris-sparc 2.1-0 369.70 NOTE
r-patched-solaris-x86 2.1-0 72.60 NOTE
r-release-linux-x86_64 2.1-0 1.29 31.28 32.57 NOTE
r-release-osx-x86_64-mavericks 2.1-0 NOTE
r-release-osx-x86_64-snowleopard 2.1-0 NOTE
r-release-windows-ix86+x86_64 2.1-0 7.00 60.00 67.00 NOTE
r-oldrel-windows-ix86+x86_64 2.1-0 4.00 48.00 52.00 NOTE

Check Details

Version: 2.1-0
Check: S3 generic/method consistency
Result: NOTE
    Found the following apparent S3 methods exported but not registered:
     format.summary.Renouv
    See section ‘Registering S3 methods’ in the ‘Writing R Extensions’
    manual.
Flavors: r-devel-linux-x86_64-debian-clang, r-devel-linux-x86_64-debian-gcc, r-devel-linux-x86_64-fedora-clang, r-devel-linux-x86_64-fedora-gcc, r-devel-osx-x86_64-clang, r-patched-solaris-x86

Version: 2.1-0
Check: R code for possible problems
Result: NOTE
    parse.eventsNode: no visible global function definition for
     ‘xmlElementsByTagName’
    parse.eventsNode: no visible global function definition for
     ‘xmlGetAttr’
    parse.eventsNode: no visible global function definition for ‘xmlValue’
    parse.periodsNode: no visible global function definition for
     ‘xmlElementsByTagName’
    parse.periodsNode: no visible global function definition for
     ‘xmlGetAttr’
    read.eventsFile: no visible global function definition for ‘xmlGetAttr’
    read.periodsFile: no visible global function definition for
     ‘xmlGetAttr’
    readOrParse.events: no visible global function definition for
     ‘xmlElementsByTagName’
    readOrParse.periods: no visible global function definition for
     ‘xmlElementsByTagName’
    readXML: no visible global function definition for ‘xmlTreeParse’
    readXML: no visible global function definition for ‘xmlRoot’
    readXML: no visible global function definition for
     ‘xmlElementsByTagName’
    readXML: no visible binding for global variable ‘xmlGetAttr’
    readXML: no visible global function definition for ‘xmlGetAttr’
Flavors: r-devel-linux-x86_64-debian-clang, r-devel-linux-x86_64-debian-gcc, r-devel-linux-x86_64-fedora-clang, r-devel-linux-x86_64-fedora-gcc, r-devel-osx-x86_64-clang, r-devel-windows-ix86+x86_64, r-patched-solaris-sparc, r-patched-solaris-x86, r-release-osx-x86_64-mavericks, r-release-osx-x86_64-snowleopard, r-release-windows-ix86+x86_64, r-oldrel-windows-ix86+x86_64

Version: 2.1-0
Check: package dependencies
Result: NOTE
    Package suggested but not available for checking: ‘XML’
Flavor: r-release-osx-x86_64-snowleopard