CRAN Package Check Results for Package Renext

Last updated on 2015-05-26 10:49:27.

Flavor Version Tinstall Tcheck Ttotal Status Flags
r-devel-linux-x86_64-debian-clang 2.1-10 1.38 31.40 32.78 OK
r-devel-linux-x86_64-debian-gcc 2.1-10 1.67 31.19 32.86 OK
r-devel-linux-x86_64-fedora-clang 2.1-10 63.27 OK
r-devel-linux-x86_64-fedora-gcc 2.1-10 60.37 OK
r-devel-osx-x86_64-clang 2.1-10 55.02 OK
r-devel-windows-ix86+x86_64 2.1-10 5.00 44.00 49.00 OK
r-patched-linux-x86_64 2.1-10 1.78 30.76 32.55 OK
r-patched-solaris-sparc 2.1-10 359.00 OK
r-patched-solaris-x86 2.1-10 71.50 OK
r-release-linux-x86_64 2.1-10 1.91 33.34 35.25 OK
r-release-osx-x86_64-mavericks 2.1-10 OK
r-release-osx-x86_64-snowleopard 2.1-10 NOTE
r-release-windows-ix86+x86_64 2.1-10 5.00 41.00 46.00 OK
r-oldrel-windows-ix86+x86_64 2.1-10 6.00 46.00 52.00 OK

Check Details

Version: 2.1-10
Check: package dependencies
Result: NOTE
    Package suggested but not available for checking: ‘XML’
Flavor: r-release-osx-x86_64-snowleopard