CRAN Package Check Results for Package Renext

Last updated on 2014-09-19 08:49:38.

Flavor Version Tinstall Tcheck Ttotal Status Flags
r-devel-linux-x86_64-debian-clang 2.1-0 1.45 33.02 34.48 NOTE
r-devel-linux-x86_64-debian-gcc 2.1-0 1.23 31.99 33.22 NOTE
r-devel-linux-x86_64-fedora-clang 2.1-0 68.01 NOTE
r-devel-linux-x86_64-fedora-gcc 2.1-0 67.51 NOTE
r-devel-osx-x86_64-clang 2.1-0 56.07 NOTE
r-devel-windows-ix86+x86_64 2.1-0 4.00 42.00 46.00 NOTE
r-patched-linux-x86_64 2.1-0 1.27 35.60 36.88 OK
r-patched-solaris-sparc 2.1-0 394.70 OK
r-patched-solaris-x86 2.1-0 82.40 OK
r-release-linux-ix86 2.1-0 1.82 43.13 44.95 OK
r-release-linux-x86_64 2.1-0 1.29 35.86 37.15 OK
r-release-osx-x86_64-mavericks 2.1-0 OK
r-release-osx-x86_64-snowleopard 2.1-0 OK
r-release-windows-ix86+x86_64 2.1-0 4.00 53.00 57.00 OK
r-oldrel-windows-ix86+x86_64 2.1-0 5.00 47.00 52.00 OK

Check Details

Version: 2.1-0
Check: R code for possible problems
Result: NOTE
    parse.eventsNode: no visible global function definition for
     ‘xmlElementsByTagName’
    parse.eventsNode: no visible global function definition for
     ‘xmlGetAttr’
    parse.eventsNode: no visible global function definition for ‘xmlValue’
    parse.periodsNode: no visible global function definition for
     ‘xmlElementsByTagName’
    parse.periodsNode: no visible global function definition for
     ‘xmlGetAttr’
    read.eventsFile: no visible global function definition for ‘xmlGetAttr’
    read.periodsFile: no visible global function definition for
     ‘xmlGetAttr’
    readOrParse.events: no visible global function definition for
     ‘xmlElementsByTagName’
    readOrParse.periods: no visible global function definition for
     ‘xmlElementsByTagName’
    readXML: no visible global function definition for ‘xmlTreeParse’
    readXML: no visible global function definition for ‘xmlRoot’
    readXML: no visible global function definition for
     ‘xmlElementsByTagName’
    readXML: no visible binding for global variable ‘xmlGetAttr’
    readXML: no visible global function definition for ‘xmlGetAttr’
Flavors: r-devel-linux-x86_64-debian-clang, r-devel-linux-x86_64-debian-gcc, r-devel-linux-x86_64-fedora-clang, r-devel-linux-x86_64-fedora-gcc, r-devel-osx-x86_64-clang, r-devel-windows-ix86+x86_64