CRAN Package Check Results for Package Renext

Last updated on 2015-01-25 19:47:49.

Flavor Version Tinstall Tcheck Ttotal Status Flags
r-devel-linux-x86_64-debian-clang 2.1-0 1.21 31.32 32.53 NOTE
r-devel-linux-x86_64-debian-gcc 2.1-0 1.24 32.63 33.87 NOTE
r-devel-linux-x86_64-fedora-clang 2.1-0 70.52 NOTE
r-devel-linux-x86_64-fedora-gcc 2.1-0 67.55 NOTE
r-devel-osx-x86_64-clang 2.1-0 59.95 NOTE
r-devel-windows-ix86+x86_64 2.1-0 6.00 47.00 53.00 NOTE
r-patched-linux-x86_64 2.1-0 1.66 34.25 35.91 NOTE
r-patched-solaris-sparc 2.1-0 397.20 NOTE
r-patched-solaris-x86 2.1-0 79.20 NOTE
r-release-linux-ix86 2.1-0 1.80 39.50 41.30 NOTE
r-release-linux-x86_64 2.1-0 1.34 33.72 35.06 NOTE
r-release-osx-x86_64-mavericks 2.1-0 NOTE
r-release-osx-x86_64-snowleopard 2.1-0 OK
r-release-windows-ix86+x86_64 2.1-0 5.00 52.00 57.00 NOTE
r-oldrel-windows-ix86+x86_64 2.1-0 5.00 51.00 56.00 OK

Check Details

Version: 2.1-0
Check: R code for possible problems
Result: NOTE
    parse.eventsNode: no visible global function definition for
     ‘xmlElementsByTagName’
    parse.eventsNode: no visible global function definition for
     ‘xmlGetAttr’
    parse.eventsNode: no visible global function definition for ‘xmlValue’
    parse.periodsNode: no visible global function definition for
     ‘xmlElementsByTagName’
    parse.periodsNode: no visible global function definition for
     ‘xmlGetAttr’
    read.eventsFile: no visible global function definition for ‘xmlGetAttr’
    read.periodsFile: no visible global function definition for
     ‘xmlGetAttr’
    readOrParse.events: no visible global function definition for
     ‘xmlElementsByTagName’
    readOrParse.periods: no visible global function definition for
     ‘xmlElementsByTagName’
    readXML: no visible global function definition for ‘xmlTreeParse’
    readXML: no visible global function definition for ‘xmlRoot’
    readXML: no visible global function definition for
     ‘xmlElementsByTagName’
    readXML: no visible binding for global variable ‘xmlGetAttr’
    readXML: no visible global function definition for ‘xmlGetAttr’
Flavors: r-devel-linux-x86_64-debian-clang, r-devel-linux-x86_64-debian-gcc, r-devel-linux-x86_64-fedora-clang, r-devel-linux-x86_64-fedora-gcc, r-devel-osx-x86_64-clang, r-devel-windows-ix86+x86_64, r-patched-linux-x86_64, r-patched-solaris-sparc, r-patched-solaris-x86, r-release-linux-ix86, r-release-linux-x86_64, r-release-osx-x86_64-mavericks, r-release-windows-ix86+x86_64

Version: 2.1-0
Check: S3 generic/method consistency
Result: NOTE
    Found the following apparent S3 methods exported but not registered:
     format.summary.Renouv
    See section ‘Registering S3 methods’ in the ‘Writing R Extensions’
    manual.
Flavors: r-devel-linux-x86_64-fedora-clang, r-devel-linux-x86_64-fedora-gcc, r-devel-osx-x86_64-clang