CRAN Package Check Results for Package RenextGUI

Last updated on 2015-01-31 17:49:47.

Flavor Version Tinstall Tcheck Ttotal Status Flags
r-devel-linux-x86_64-debian-clang 1.0-2 2.33 32.60 34.93 NOTE
r-devel-linux-x86_64-debian-gcc 1.0-2 2.18 31.98 34.16 NOTE
r-devel-linux-x86_64-fedora-clang 1.0-2 79.16 NOTE
r-devel-linux-x86_64-fedora-gcc 1.0-2 71.72 NOTE
r-devel-osx-x86_64-clang 1.0-2 78.15 NOTE
r-devel-windows-ix86+x86_64 1.0-2 10.00 45.00 55.00 NOTE
r-patched-linux-x86_64 1.0-2 2.67 38.80 41.47 NOTE
r-patched-solaris-sparc 1.0-2 478.10 NOTE
r-patched-solaris-x86 1.0-2 117.20 NOTE
r-release-linux-ix86 1.0-2 3.20 51.20 54.40 NOTE
r-release-linux-x86_64 1.0-2 2.51 39.22 41.73 NOTE
r-release-osx-x86_64-mavericks 1.0-2 NOTE
r-release-osx-x86_64-snowleopard 1.0-2 OK
r-release-windows-ix86+x86_64 1.0-2 10.00 55.00 65.00 NOTE
r-oldrel-windows-ix86+x86_64 1.0-2 9.00 54.00 63.00 OK

Check Details

Version: 1.0-2
Check: dependencies in R code
Result: NOTE
    'library' or 'require' call to ‘R2HTML’ in package code.
     Please use :: or requireNamespace() instead.
     See section 'Suggested packages' in the 'Writing R Extensions' manual.
Flavors: r-devel-linux-x86_64-debian-clang, r-devel-linux-x86_64-debian-gcc, r-devel-linux-x86_64-fedora-clang, r-devel-linux-x86_64-fedora-gcc, r-devel-osx-x86_64-clang, r-devel-windows-ix86+x86_64

Version: 1.0-2
Check: R code for possible problems
Result: NOTE
    HTML.summary.Renouv: no visible global function definition for ‘HTML’
    RenextGUI : actHTMLRes: no visible global function definition for
     ‘HTML’
    RenextGUI : actHTMLRes: no visible global function definition for
     ‘HTMLInsertGraph’
Flavors: r-devel-linux-x86_64-debian-clang, r-devel-linux-x86_64-debian-gcc, r-devel-linux-x86_64-fedora-clang, r-devel-linux-x86_64-fedora-gcc, r-devel-osx-x86_64-clang, r-devel-windows-ix86+x86_64, r-patched-linux-x86_64, r-patched-solaris-sparc, r-patched-solaris-x86, r-release-linux-ix86, r-release-linux-x86_64, r-release-osx-x86_64-mavericks, r-release-windows-ix86+x86_64