CRAN Package Check Results for Package RenextGUI

Last updated on 2015-09-03 09:47:11.

Flavor Version Tinstall Tcheck Ttotal Status Flags
r-devel-linux-x86_64-debian-clang 1.3-0 2.06 33.86 35.92 OK
r-devel-linux-x86_64-debian-gcc 1.3-0 2.21 34.18 36.39 OK
r-devel-linux-x86_64-fedora-clang 1.3-0 68.87 OK
r-devel-linux-x86_64-fedora-gcc 1.3-0 65.51 OK
r-devel-osx-x86_64-clang 1.3-0 59.03 OK
r-devel-windows-ix86+x86_64 1.3-0 11.00 91.00 102.00 OK
r-patched-linux-x86_64 1.3-0 2.20 34.86 37.06 OK
r-patched-solaris-sparc 1.3-0 443.80 OK
r-patched-solaris-x86 1.3-0 100.60 OK
r-release-linux-x86_64 1.3-0 2.31 35.05 37.36 OK
r-release-osx-x86_64-mavericks 1.3-0 ERROR
r-release-windows-ix86+x86_64 1.3-0 9.00 82.00 91.00 OK
r-oldrel-windows-ix86+x86_64 1.3-0 14.00 68.00 82.00 OK

Check Details

Version: 1.3-0
Check: whether package can be installed
Result: ERROR
    Installation failed.
Flavor: r-release-osx-x86_64-mavericks