CRAN Package Check Results for Package RenextGUI

Last updated on 2015-03-01 00:49:48.

Flavor Version Tinstall Tcheck Ttotal Status Flags
r-devel-linux-x86_64-debian-clang 1.0-2 2.33 34.10 36.43 NOTE
r-devel-linux-x86_64-debian-gcc 1.0-2 2.47 32.14 34.61 NOTE
r-devel-linux-x86_64-fedora-clang 1.0-2 69.06 NOTE
r-devel-linux-x86_64-fedora-gcc 1.0-2 66.60 NOTE
r-devel-osx-x86_64-clang 1.0-2 66.10 NOTE
r-devel-windows-ix86+x86_64 1.0-2 11.00 44.00 55.00 NOTE
r-patched-linux-x86_64 1.0-2 2.87 39.11 41.98 NOTE
r-patched-solaris-sparc 1.0-2 490.40 NOTE
r-patched-solaris-x86 1.0-2 117.70 NOTE
r-release-linux-ix86 1.0-2 3.44 51.41 54.85 NOTE
r-release-linux-x86_64 1.0-2 2.78 38.86 41.64 NOTE
r-release-osx-x86_64-mavericks 1.0-2 NOTE
r-release-osx-x86_64-snowleopard 1.0-2 OK
r-release-windows-ix86+x86_64 1.0-2 10.00 57.00 67.00 NOTE
r-oldrel-windows-ix86+x86_64 1.0-2 10.00 54.00 64.00 OK

Check Details

Version: 1.0-2
Check: DESCRIPTION meta-information
Result: NOTE
    Malformed Description field: should contain one or more complete sentences.
Flavors: r-devel-linux-x86_64-debian-clang, r-devel-linux-x86_64-debian-gcc, r-devel-linux-x86_64-fedora-clang, r-devel-linux-x86_64-fedora-gcc, r-devel-osx-x86_64-clang, r-devel-windows-ix86+x86_64

Version: 1.0-2
Check: dependencies in R code
Result: NOTE
    'library' or 'require' call to ‘R2HTML’ in package code.
     Please use :: or requireNamespace() instead.
     See section 'Suggested packages' in the 'Writing R Extensions' manual.
Flavors: r-devel-linux-x86_64-debian-clang, r-devel-linux-x86_64-debian-gcc, r-devel-linux-x86_64-fedora-clang, r-devel-linux-x86_64-fedora-gcc, r-devel-osx-x86_64-clang, r-devel-windows-ix86+x86_64, r-patched-linux-x86_64, r-patched-solaris-sparc, r-patched-solaris-x86

Version: 1.0-2
Check: R code for possible problems
Result: NOTE
    HTML.summary.Renouv: no visible global function definition for ‘HTML’
    RenextGUI : actHTMLRes: no visible global function definition for
     ‘HTML’
    RenextGUI : actHTMLRes: no visible global function definition for
     ‘HTMLInsertGraph’
Flavors: r-devel-linux-x86_64-debian-clang, r-devel-linux-x86_64-debian-gcc, r-devel-linux-x86_64-fedora-clang, r-devel-linux-x86_64-fedora-gcc, r-devel-osx-x86_64-clang, r-devel-windows-ix86+x86_64, r-patched-linux-x86_64, r-patched-solaris-sparc, r-patched-solaris-x86, r-release-linux-ix86, r-release-linux-x86_64, r-release-osx-x86_64-mavericks, r-release-windows-ix86+x86_64