CRAN Package Check Results for Package RenextGUI

Last updated on 2014-09-03 08:53:39.

Flavor Version Tinstall Tcheck Ttotal Status Flags
r-devel-linux-x86_64-debian-clang 1.0-2 2.64 35.33 37.97 NOTE
r-devel-linux-x86_64-debian-gcc 1.0-2 2.49 34.48 36.97 NOTE
r-devel-linux-x86_64-fedora-clang 1.0-2 86.92 NOTE
r-devel-linux-x86_64-fedora-gcc 1.0-2 82.16 NOTE
r-devel-osx-x86_64-clang 1.0-2 71.82 NOTE
r-devel-windows-ix86+x86_64 1.0-2 8.00 57.00 65.00 NOTE
r-patched-linux-x86_64 1.0-2 2.66 36.06 38.72 OK
r-patched-solaris-sparc 1.0-2 452.00 OK
r-patched-solaris-x86 1.0-2 120.70 OK
r-release-linux-ix86 1.0-2 3.56 51.40 54.97 OK
r-release-linux-x86_64 1.0-2 2.75 36.64 39.40 OK
r-release-osx-x86_64-mavericks 1.0-2 OK
r-release-osx-x86_64-snowleopard 1.0-2 OK
r-release-windows-ix86+x86_64 1.0-2 8.00 52.00 60.00 OK
r-oldrel-windows-ix86+x86_64 1.0-2 10.00 57.00 67.00 OK

Check Details

Version: 1.0-2
Check: R code for possible problems
Result: NOTE
    HTML.summary.Renouv: no visible global function definition for ‘HTML’
    RenextGUI : actHTMLRes: no visible global function definition for
     ‘HTML’
    RenextGUI : actHTMLRes: no visible global function definition for
     ‘HTMLInsertGraph’
Flavors: r-devel-linux-x86_64-debian-clang, r-devel-linux-x86_64-debian-gcc, r-devel-linux-x86_64-fedora-clang, r-devel-linux-x86_64-fedora-gcc, r-devel-osx-x86_64-clang, r-devel-windows-ix86+x86_64