CRAN Package Check Results for Package RenextGUI

Last updated on 2016-05-26 18:01:06.

Flavor Version Tinstall Tcheck Ttotal Status Flags
r-devel-linux-x86_64-debian-gcc 1.3-0 2.12 35.66 37.79 OK
r-devel-linux-x86_64-fedora-clang 1.3-0 64.20 OK
r-devel-linux-x86_64-fedora-gcc 1.3-0 61.71 OK
r-devel-osx-x86_64-clang 1.3-0 68.39 OK
r-devel-windows-ix86+x86_64 1.3-0 5.00 59.00 64.00 OK
r-patched-linux-x86_64 1.3-0 2.00 35.29 37.29 OK
r-patched-solaris-sparc 1.3-0 381.20 OK
r-patched-solaris-x86 1.3-0 87.90 OK
r-release-linux-x86_64 1.3-0 2.04 35.15 37.19 OK
r-release-osx-x86_64-mavericks 1.3-0 ERROR
r-release-windows-ix86+x86_64 1.3-0 13.00 56.00 69.00 OK
r-oldrel-windows-ix86+x86_64 1.3-0 8.00 83.00 91.00 OK

Check Details

Version: 1.3-0
Check: whether package can be installed
Result: ERROR
    Installation failed.
Flavor: r-release-osx-x86_64-mavericks