CRAN Package Check Results for Package RenextGUI

Last updated on 2014-12-21 03:48:24.

Flavor Version Tinstall Tcheck Ttotal Status Flags
r-devel-linux-x86_64-debian-clang 1.0-2 2.49 38.92 41.42 NOTE
r-devel-linux-x86_64-debian-gcc 1.0-2 2.33 37.18 39.51 NOTE
r-devel-linux-x86_64-fedora-clang 1.0-2 86.77 NOTE
r-devel-linux-x86_64-fedora-gcc 1.0-2 77.91 NOTE
r-devel-osx-x86_64-clang 1.0-2 78.08 NOTE
r-devel-windows-ix86+x86_64 1.0-2 9.00 56.00 65.00 NOTE
r-patched-linux-x86_64 1.0-2 2.62 38.11 40.72 NOTE
r-patched-solaris-sparc 1.0-2 450.70 NOTE
r-patched-solaris-x86 1.0-2 116.90 NOTE
r-release-linux-ix86 1.0-2 3.19 46.68 49.87 NOTE
r-release-linux-x86_64 1.0-2 2.49 38.61 41.10 NOTE
r-release-osx-x86_64-mavericks 1.0-2 OK
r-release-osx-x86_64-snowleopard 1.0-2 OK
r-release-windows-ix86+x86_64 1.0-2 10.00 55.00 65.00 NOTE
r-oldrel-windows-ix86+x86_64 1.0-2 10.00 58.00 68.00 OK

Check Details

Version: 1.0-2
Check: R code for possible problems
Result: NOTE
    HTML.summary.Renouv: no visible global function definition for ‘HTML’
    RenextGUI : actHTMLRes: no visible global function definition for
     ‘HTML’
    RenextGUI : actHTMLRes: no visible global function definition for
     ‘HTMLInsertGraph’
Flavors: r-devel-linux-x86_64-debian-clang, r-devel-linux-x86_64-debian-gcc, r-devel-linux-x86_64-fedora-clang, r-devel-linux-x86_64-fedora-gcc, r-devel-osx-x86_64-clang, r-devel-windows-ix86+x86_64, r-patched-linux-x86_64, r-patched-solaris-sparc, r-patched-solaris-x86, r-release-linux-ix86, r-release-linux-x86_64, r-release-windows-ix86+x86_64