CRAN Package Check Results for Package RenextGUI

Last updated on 2014-08-29 23:48:57.

Flavor Version Tinstall Tcheck Ttotal Status Flags
r-devel-linux-x86_64-debian-clang 1.0-2 2.56 35.26 37.82 NOTE
r-devel-linux-x86_64-debian-gcc 1.0-2 2.49 34.28 36.77 NOTE
r-devel-linux-x86_64-fedora-clang 1.0-2 93.04 NOTE
r-devel-linux-x86_64-fedora-gcc 1.0-2 80.85 NOTE
r-devel-osx-x86_64-clang 1.0-2 72.10 NOTE
r-devel-windows-ix86+x86_64 1.0-2 10.00 53.00 63.00 NOTE
r-patched-linux-x86_64 1.0-2 2.50 36.66 39.16 OK
r-patched-solaris-sparc 1.0-2 452.00 OK
r-patched-solaris-x86 1.0-2 122.60 OK
r-release-linux-ix86 1.0-2 3.56 48.17 51.73 OK
r-release-linux-x86_64 1.0-2 2.55 37.12 39.67 OK
r-release-osx-x86_64-mavericks 1.0-2 OK
r-release-osx-x86_64-snowleopard 1.0-2 OK
r-release-windows-ix86+x86_64 1.0-2 8.00 57.00 65.00 OK
r-oldrel-windows-ix86+x86_64 1.0-2 10.00 57.00 67.00 OK

Check Details

Version: 1.0-2
Check: R code for possible problems
Result: NOTE
    HTML.summary.Renouv: no visible global function definition for ‘HTML’
    RenextGUI : actHTMLRes: no visible global function definition for
     ‘HTML’
    RenextGUI : actHTMLRes: no visible global function definition for
     ‘HTMLInsertGraph’
Flavors: r-devel-linux-x86_64-debian-clang, r-devel-linux-x86_64-debian-gcc, r-devel-linux-x86_64-fedora-clang, r-devel-linux-x86_64-fedora-gcc, r-devel-osx-x86_64-clang, r-devel-windows-ix86+x86_64