CRAN Package Check Results for Package RenextGUI

Last updated on 2014-04-25 05:47:23.

Flavor Version Tinstall Tcheck Ttotal Status Flags
r-devel-linux-x86_64-debian-clang 1.0-2 2.78 39.16 41.94 OK
r-devel-linux-x86_64-debian-gcc 1.0-2 2.72 38.54 41.26 OK
r-devel-linux-x86_64-fedora-clang 1.0-2 89.33 OK
r-devel-linux-x86_64-fedora-gcc 1.0-2 85.91 OK
r-devel-osx-x86_64-clang 1.0-2 77.02 OK
r-devel-osx-x86_64-gcc 1.0-2 OK
r-devel-windows-ix86+x86_64 1.0-2 8.00 49.00 57.00 OK
r-patched-linux-x86_64 1.0-2 2.61 37.96 40.56 OK
r-patched-solaris-sparc 1.0-2 455.30 OK
r-patched-solaris-x86 1.0-2 128.20 OK
r-release-linux-ix86 1.0-2 4.00 66.00 70.00 OK
r-release-linux-x86_64 1.0-2 2.80 38.99 41.78 OK
r-release-osx-x86_64-mavericks 1.0-2 WARN
r-release-osx-x86_64-snowleopard 1.0-2 OK
r-release-windows-ix86+x86_64 1.0-2 8.00 54.00 62.00 OK
r-oldrel-windows-ix86+x86_64 1.0-2 9.00 54.00 63.00 OK

Check Details

Version: 1.0-2
Check: PDF version of manual
Result: WARNING
    LaTeX errors when creating PDF version.
    This typically indicates Rd problems.
    LaTeX errors found:
    ! LaTeX Error: File `upquote.sty' not found.
    
    Type X to quit or <RETURN> to proceed,
    or enter new name. (Default extension: sty)
    
    cd10ac/Rd2.tex:8: ==> Fatal error occurred, no output PDF file produced!
Flavor: r-release-osx-x86_64-mavericks