CRAN Package Check Results for Package RenextGUI

Last updated on 2015-08-04 14:48:15.

Flavor Version Tinstall Tcheck Ttotal Status Flags
r-devel-linux-x86_64-debian-clang 1.3-0 2.22 34.94 37.17 OK
r-devel-linux-x86_64-debian-gcc 1.3-0 2.17 34.72 36.89 OK
r-devel-linux-x86_64-fedora-clang 1.3-0 72.06 OK
r-devel-linux-x86_64-fedora-gcc 1.3-0 68.63 OK
r-devel-osx-x86_64-clang 1.3-0 61.15 OK
r-devel-windows-ix86+x86_64 1.3-0 10.00 52.00 62.00 OK
r-patched-linux-x86_64 1.3-0 2.36 33.54 35.90 OK
r-patched-solaris-sparc 1.3-0 443.80 OK
r-patched-solaris-x86 1.3-0 98.90 OK
r-release-linux-x86_64 1.3-0 2.28 34.63 36.92 OK
r-release-osx-x86_64-mavericks 1.3-0 ERROR
r-release-windows-ix86+x86_64 1.3-0 10.00 81.00 91.00 OK
r-oldrel-windows-ix86+x86_64 1.3-0 13.00 93.00 106.00 OK

Check Details

Version: 1.3-0
Check: whether package can be installed
Result: ERROR
    Installation failed.
Flavor: r-release-osx-x86_64-mavericks