CRAN Package Check Results for Package RenextGUI

Last updated on 2014-10-25 11:48:45.

Flavor Version Tinstall Tcheck Ttotal Status Flags
r-devel-linux-x86_64-debian-clang 1.0-2 2.54 37.84 40.38 NOTE
r-devel-linux-x86_64-debian-gcc 1.0-2 2.41 37.69 40.10 NOTE
r-devel-linux-x86_64-fedora-clang 1.0-2 87.74 NOTE
r-devel-linux-x86_64-fedora-gcc 1.0-2 79.91 NOTE
r-devel-osx-x86_64-clang 1.0-2 77.05 NOTE
r-devel-windows-ix86+x86_64 1.0-2 9.00 52.00 61.00 NOTE
r-patched-linux-x86_64 1.0-2 2.52 38.97 41.49 NOTE
r-patched-solaris-sparc 1.0-2 450.70 NOTE
r-patched-solaris-x86 1.0-2 115.80 NOTE
r-release-linux-ix86 1.0-2 3.60 49.12 52.72 OK
r-release-linux-x86_64 1.0-2 2.74 39.14 41.88 OK
r-release-osx-x86_64-mavericks 1.0-2 OK
r-release-osx-x86_64-snowleopard 1.0-2 OK
r-release-windows-ix86+x86_64 1.0-2 9.00 55.00 64.00 OK
r-oldrel-windows-ix86+x86_64 1.0-2 11.00 58.00 69.00 OK

Check Details

Version: 1.0-2
Check: R code for possible problems
Result: NOTE
    HTML.summary.Renouv: no visible global function definition for ‘HTML’
    RenextGUI : actHTMLRes: no visible global function definition for
     ‘HTML’
    RenextGUI : actHTMLRes: no visible global function definition for
     ‘HTMLInsertGraph’
Flavors: r-devel-linux-x86_64-debian-clang, r-devel-linux-x86_64-debian-gcc, r-devel-linux-x86_64-fedora-clang, r-devel-linux-x86_64-fedora-gcc, r-devel-osx-x86_64-clang, r-devel-windows-ix86+x86_64, r-patched-linux-x86_64, r-patched-solaris-sparc, r-patched-solaris-x86