CRAN Package Check Results for Package RenextGUI

Last updated on 2016-06-24 23:47:43.

Flavor Version Tinstall Tcheck Ttotal Status Flags
r-devel-linux-x86_64-debian-gcc 1.3-0 2.40 38.73 41.14 OK
r-devel-linux-x86_64-fedora-clang 1.3-0 65.90 OK
r-devel-linux-x86_64-fedora-gcc 1.3-0 60.79 OK
r-devel-osx-x86_64-clang 1.3-0 53.43 OK
r-devel-windows-ix86+x86_64 1.3-0 12.00 91.00 103.00 OK
r-patched-linux-x86_64 1.3-0 2.68 37.52 40.21 OK
r-patched-solaris-x86 1.3-0 87.60 OK
r-release-linux-x86_64 1.3-0 2.16 37.68 39.84 OK
r-release-osx-x86_64-mavericks 1.3-0 ERROR
r-release-windows-ix86+x86_64 1.3-0 9.00 86.00 95.00 OK
r-oldrel-windows-ix86+x86_64 1.3-0 13.00 84.00 97.00 OK

Check Details

Version: 1.3-0
Check: whether package can be installed
Result: ERROR
    Installation failed.
Flavor: r-release-osx-x86_64-mavericks