CRAN Package Check Results for Package RenextGUI

Last updated on 2015-07-03 16:47:34.

Flavor Version Tinstall Tcheck Ttotal Status Flags
r-devel-linux-x86_64-debian-clang 1.0-2 2.09 33.29 35.38 NOTE
r-devel-linux-x86_64-debian-gcc 1.3-0 2.28 33.69 35.98 OK
r-devel-linux-x86_64-fedora-clang 1.3-0 44.10 OK
r-devel-linux-x86_64-fedora-gcc 1.3-0 60.92 OK
r-devel-osx-x86_64-clang 1.3-0 63.02 OK
r-devel-windows-ix86+x86_64 1.3-0 14.00 74.00 88.00 OK
r-patched-linux-x86_64 1.0-2 2.45 33.74 36.20 NOTE
r-patched-solaris-sparc 1.3-0 417.40 OK
r-patched-solaris-x86 1.3-0 92.30 OK
r-release-linux-x86_64 1.3-0 2.11 33.87 35.98 OK
r-release-osx-x86_64-mavericks 1.3-0 ERROR
r-release-windows-ix86+x86_64 1.3-0 12.00 71.00 83.00 OK
r-oldrel-windows-ix86+x86_64 1.3-0 18.00 89.00 107.00 OK

Check Details

Version: 1.0-2
Check: DESCRIPTION meta-information
Result: NOTE
    Malformed Description field: should contain one or more complete sentences.
Flavors: r-devel-linux-x86_64-debian-clang, r-patched-linux-x86_64

Version: 1.0-2
Check: dependencies in R code
Result: NOTE
    'library' or 'require' call to ‘R2HTML’ in package code.
     Please use :: or requireNamespace() instead.
     See section 'Suggested packages' in the 'Writing R Extensions' manual.
Flavors: r-devel-linux-x86_64-debian-clang, r-patched-linux-x86_64

Version: 1.0-2
Check: R code for possible problems
Result: NOTE
    HTML.summary.Renouv: no visible global function definition for ‘HTML’
    HTML.summary.Renouv: no visible global function definition for ‘symnum’
    RenextGUI : plotData: no visible global function definition for ‘plot’
    RenextGUI : tryReadCsv: no visible global function definition for ‘is’
    RenextGUI : tryReadCsv: no visible global function definition for
     ‘alarm’
    RenextGUI : tryReadCsv: no visible global function definition for
     ‘count.fields’
    RenextGUI : tryReadCsv: no visible global function definition for
     ‘read.table’
    RenextGUI : tryReadCsv: no visible global function definition for
     ‘head’
    RenextGUI : tryReadCsv: no visible global function definition for ‘str’
    RenextGUI : validNewCsvProject: no visible global function definition
     for ‘alarm’
    RenextGUI : validNewCsvProject: no visible global function definition
     for ‘str’
    RenextGUI : fitProj: no visible global function definition for ‘alarm’
    RenextGUI : fitProj: no visible global function definition for ‘head’
    RenextGUI : fitProj: no visible global function definition for ‘is’
    RenextGUI : validNewFit: no visible global function definition for
     ‘alarm’
    RenextGUI : actHTMLRes: no visible global function definition for ‘is’
    RenextGUI : actHTMLRes: no visible global function definition for
     ‘alarm’
    RenextGUI : actHTMLRes: no visible global function definition for
     ‘installed.packages’
    RenextGUI : actHTMLRes: no visible global function definition for
     ‘HTML’
    RenextGUI : actHTMLRes: no visible global function definition for ‘png’
    RenextGUI : actHTMLRes: no visible global function definition for ‘svg’
    RenextGUI : actHTMLRes: no visible global function definition for
     ‘dev.off’
    RenextGUI : actHTMLRes: no visible global function definition for
     ‘HTMLInsertGraph’
    RenextGUI : actHTMLRes: no visible global function definition for
     ‘browseURL’
    RenextGUI : HTMLRes: no visible global function definition for ‘alarm’
    RenextGUI : actDumpRes: no visible global function definition for ‘is’
    RenextGUI : actDumpRes: no visible global function definition for
     ‘alarm’
    RenextGUI : dumpRes: no visible global function definition for ‘alarm’
    RenextGUI : dumpFitAndRes: no visible global function definition for
     ‘installed.packages’
    RenextGUI : coef2Clipboard: no visible global function definition for
     ‘write.table’
    RenextGUI : coef2Clipboard: no visible global function definition for
     ‘is’
    RenextGUI : coef2Clipboard: no visible global function definition for
     ‘alarm’
    RenextGUI : pred2Clipboard: no visible global function definition for
     ‘write.table’
    RenextGUI : pred2Clipboard: no visible global function definition for
     ‘is’
    RenextGUI : pred2Clipboard: no visible global function definition for
     ‘alarm’
    RenextGUI : plotRes: no visible global function definition for
     ‘dev.new’
    RenextGUI : plotRes: no visible global function definition for
     ‘packageVersion’
    RenextGUI : plotRes: no visible global function definition for ‘plot’
    RenextGUI : plotRes: no visible global function definition for ‘alarm’
    RenextGUI : delRes: no visible global function definition for ‘alarm’
    RenextGUI : validRlOptions: no visible global function definition for
     ‘is’
    RenextGUI : validRlOptions: no visible global function definition for
     ‘alarm’
    guessThreshold: no visible global function definition for ‘quantile’
    Undefined global functions or variables:
     HTML HTMLInsertGraph alarm browseURL count.fields dev.new dev.off
     head installed.packages is packageVersion plot png quantile
     read.table str svg symnum write.table
Flavor: r-devel-linux-x86_64-debian-clang

Version: 1.0-2
Check: R code for possible problems
Result: NOTE
    HTML.summary.Renouv: no visible global function definition for ‘HTML’
    RenextGUI : actHTMLRes: no visible global function definition for
     ‘HTML’
    RenextGUI : actHTMLRes: no visible global function definition for
     ‘HTMLInsertGraph’
Flavor: r-patched-linux-x86_64

Version: 1.3-0
Check: whether package can be installed
Result: ERROR
    Installation failed.
Flavor: r-release-osx-x86_64-mavericks