CRAN Package Check Results for Package RenextGUI

Last updated on 2015-05-27 03:48:21.

Flavor Version Tinstall Tcheck Ttotal Status Flags
r-devel-linux-x86_64-debian-clang 1.0-2 2.12 34.15 36.26 NOTE
r-devel-linux-x86_64-debian-gcc 1.0-2 2.38 32.83 35.21 NOTE
r-devel-linux-x86_64-fedora-clang 1.0-2 71.55 NOTE
r-devel-linux-x86_64-fedora-gcc 1.0-2 69.17 NOTE
r-devel-osx-x86_64-clang 1.0-2 65.92 NOTE
r-devel-windows-ix86+x86_64 1.0-2 6.00 46.00 52.00 NOTE
r-patched-linux-x86_64 1.0-2 2.14 32.66 34.80 NOTE
r-patched-solaris-sparc 1.0-2 411.30 NOTE
r-patched-solaris-x86 1.0-2 98.50 NOTE
r-release-linux-x86_64 1.0-2 2.26 33.38 35.64 NOTE
r-release-osx-x86_64-mavericks 1.0-2 NOTE
r-release-osx-x86_64-snowleopard 1.0-2 NOTE
r-release-windows-ix86+x86_64 1.0-2 7.00 48.00 55.00 NOTE
r-oldrel-windows-ix86+x86_64 1.0-2 10.00 54.00 64.00 NOTE

Check Details

Version: 1.0-2
Check: DESCRIPTION meta-information
Result: NOTE
    Malformed Description field: should contain one or more complete sentences.
Flavors: r-devel-linux-x86_64-debian-clang, r-devel-linux-x86_64-debian-gcc, r-devel-linux-x86_64-fedora-clang, r-devel-linux-x86_64-fedora-gcc, r-devel-osx-x86_64-clang, r-devel-windows-ix86+x86_64, r-patched-linux-x86_64, r-patched-solaris-sparc, r-patched-solaris-x86, r-release-linux-x86_64, r-release-osx-x86_64-mavericks, r-release-osx-x86_64-snowleopard, r-release-windows-ix86+x86_64

Version: 1.0-2
Check: dependencies in R code
Result: NOTE
    'library' or 'require' call to ‘R2HTML’ in package code.
     Please use :: or requireNamespace() instead.
     See section 'Suggested packages' in the 'Writing R Extensions' manual.
Flavors: r-devel-linux-x86_64-debian-clang, r-devel-linux-x86_64-debian-gcc, r-devel-linux-x86_64-fedora-clang, r-devel-linux-x86_64-fedora-gcc, r-devel-osx-x86_64-clang, r-devel-windows-ix86+x86_64, r-patched-linux-x86_64, r-patched-solaris-sparc, r-patched-solaris-x86, r-release-linux-x86_64, r-release-osx-x86_64-mavericks, r-release-osx-x86_64-snowleopard, r-release-windows-ix86+x86_64, r-oldrel-windows-ix86+x86_64

Version: 1.0-2
Check: R code for possible problems
Result: NOTE
    HTML.summary.Renouv: no visible global function definition for ‘HTML’
    RenextGUI : actHTMLRes: no visible global function definition for
     ‘HTML’
    RenextGUI : actHTMLRes: no visible global function definition for
     ‘HTMLInsertGraph’
Flavors: r-devel-linux-x86_64-debian-clang, r-devel-linux-x86_64-debian-gcc, r-devel-linux-x86_64-fedora-clang, r-devel-linux-x86_64-fedora-gcc, r-devel-osx-x86_64-clang, r-devel-windows-ix86+x86_64, r-patched-linux-x86_64, r-patched-solaris-sparc, r-patched-solaris-x86, r-release-linux-x86_64, r-release-osx-x86_64-mavericks, r-release-osx-x86_64-snowleopard, r-release-windows-ix86+x86_64, r-oldrel-windows-ix86+x86_64