CRAN Package Check Results for Package RenextGUI

Last updated on 2014-11-22 03:49:38.

Flavor Version Tinstall Tcheck Ttotal Status Flags
r-devel-linux-x86_64-debian-clang 1.0-2 2.54 37.94 40.48 NOTE
r-devel-linux-x86_64-debian-gcc 1.0-2 2.39 37.61 40.00 NOTE
r-devel-linux-x86_64-fedora-clang 1.0-2 87.03 NOTE
r-devel-linux-x86_64-fedora-gcc 1.0-2 82.24 NOTE
r-devel-osx-x86_64-clang 1.0-2 81.51 NOTE
r-devel-windows-ix86+x86_64 1.0-2 9.00 78.00 87.00 NOTE
r-patched-linux-x86_64 1.0-2 2.54 39.19 41.73 NOTE
r-patched-solaris-sparc 1.0-2 450.70 NOTE
r-patched-solaris-x86 1.0-2 114.80 NOTE
r-release-linux-ix86 1.0-2 3.11 46.67 49.78 NOTE
r-release-linux-x86_64 1.0-2 2.54 39.39 41.93 NOTE
r-release-osx-x86_64-mavericks 1.0-2 OK
r-release-osx-x86_64-snowleopard 1.0-2 OK
r-release-windows-ix86+x86_64 1.0-2 14.00 60.00 74.00 NOTE
r-oldrel-windows-ix86+x86_64 1.0-2 8.00 60.00 68.00 OK

Check Details

Version: 1.0-2
Check: R code for possible problems
Result: NOTE
    HTML.summary.Renouv: no visible global function definition for ‘HTML’
    RenextGUI : actHTMLRes: no visible global function definition for
     ‘HTML’
    RenextGUI : actHTMLRes: no visible global function definition for
     ‘HTMLInsertGraph’
Flavors: r-devel-linux-x86_64-debian-clang, r-devel-linux-x86_64-debian-gcc, r-devel-linux-x86_64-fedora-clang, r-devel-linux-x86_64-fedora-gcc, r-devel-osx-x86_64-clang, r-devel-windows-ix86+x86_64, r-patched-linux-x86_64, r-patched-solaris-sparc, r-patched-solaris-x86, r-release-linux-ix86, r-release-linux-x86_64, r-release-windows-ix86+x86_64