CRAN Package Check Results for Package RenextGUI

Last updated on 2015-04-01 16:52:12.

Flavor Version Tinstall Tcheck Ttotal Status Flags
r-devel-linux-x86_64-debian-clang 1.0-2 2.14 32.92 35.06 NOTE
r-devel-linux-x86_64-debian-gcc 1.0-2 2.22 32.60 34.82 NOTE
r-devel-linux-x86_64-fedora-clang 1.0-2 70.98 NOTE
r-devel-linux-x86_64-fedora-gcc 1.0-2 66.66 NOTE
r-devel-osx-x86_64-clang 1.0-2 70.33 NOTE
r-prerel-windows-ix86+x86_64 1.0-2 8.00 47.00 55.00 NOTE
r-prerel-linux-x86_64 1.0-2 2.08 32.60 34.69 NOTE
r-prerel-solaris-sparc 1.0-2 418.30 NOTE
r-prerel-solaris-x86 1.0-2 97.00 NOTE
r-release-linux-x86_64 1.0-2 3.02 38.26 41.28 NOTE
r-release-osx-x86_64-mavericks 1.0-2 NOTE
r-release-osx-x86_64-snowleopard 1.0-2 OK
r-release-windows-ix86+x86_64 1.0-2 9.00 57.00 66.00 NOTE
r-oldrel-windows-ix86+x86_64 1.0-2 9.00 56.00 65.00 OK

Check Details

Version: 1.0-2
Check: DESCRIPTION meta-information
Result: NOTE
    Malformed Description field: should contain one or more complete sentences.
Flavors: r-devel-linux-x86_64-debian-clang, r-devel-linux-x86_64-debian-gcc, r-devel-linux-x86_64-fedora-clang, r-devel-linux-x86_64-fedora-gcc, r-devel-osx-x86_64-clang, r-prerel-windows-ix86+x86_64, r-prerel-linux-x86_64, r-prerel-solaris-sparc, r-prerel-solaris-x86

Version: 1.0-2
Check: dependencies in R code
Result: NOTE
    'library' or 'require' call to ‘R2HTML’ in package code.
     Please use :: or requireNamespace() instead.
     See section 'Suggested packages' in the 'Writing R Extensions' manual.
Flavors: r-devel-linux-x86_64-debian-clang, r-devel-linux-x86_64-debian-gcc, r-devel-linux-x86_64-fedora-clang, r-devel-linux-x86_64-fedora-gcc, r-devel-osx-x86_64-clang, r-prerel-windows-ix86+x86_64, r-prerel-linux-x86_64, r-prerel-solaris-sparc, r-prerel-solaris-x86, r-release-linux-x86_64, r-release-windows-ix86+x86_64

Version: 1.0-2
Check: R code for possible problems
Result: NOTE
    HTML.summary.Renouv: no visible global function definition for ‘HTML’
    RenextGUI : actHTMLRes: no visible global function definition for
     ‘HTML’
    RenextGUI : actHTMLRes: no visible global function definition for
     ‘HTMLInsertGraph’
Flavors: r-devel-linux-x86_64-debian-clang, r-devel-linux-x86_64-debian-gcc, r-devel-linux-x86_64-fedora-clang, r-devel-linux-x86_64-fedora-gcc, r-devel-osx-x86_64-clang, r-prerel-windows-ix86+x86_64, r-prerel-linux-x86_64, r-prerel-solaris-sparc, r-prerel-solaris-x86, r-release-linux-x86_64, r-release-osx-x86_64-mavericks, r-release-windows-ix86+x86_64