CRAN Package Check Results for Package Reol

Last updated on 2015-04-20 02:48:43.

Flavor Version Tinstall Tcheck Ttotal Status Flags
r-devel-linux-x86_64-debian-clang 1.55 1.57 52.20 53.77 NOTE
r-devel-linux-x86_64-debian-gcc 1.55 1.51 53.74 55.25 NOTE
r-devel-linux-x86_64-fedora-clang 1.55 91.90 NOTE
r-devel-linux-x86_64-fedora-gcc 1.55 86.47 NOTE
r-devel-osx-x86_64-clang 1.55 85.62 NOTE
r-devel-windows-ix86+x86_64 1.55 9.00 113.00 122.00 NOTE
r-patched-linux-x86_64 1.55 1.54 51.76 53.29 NOTE
r-patched-solaris-sparc 1.55 525.90 NOTE
r-patched-solaris-x86 1.55 100.90 NOTE
r-release-linux-x86_64 1.55 1.67 51.21 52.88 NOTE
r-release-osx-x86_64-mavericks 1.55 NOTE
r-release-osx-x86_64-snowleopard 1.55 ERROR
r-release-windows-ix86+x86_64 1.55 3.00 76.00 79.00 NOTE
r-oldrel-windows-ix86+x86_64 1.55 5.00 77.00 82.00 NOTE

Check Details

Version: 1.55
Check: data for non-ASCII characters
Result: NOTE
     Note: found 6 marked UTF-8 strings
Flavors: r-devel-linux-x86_64-debian-clang, r-devel-linux-x86_64-debian-gcc, r-devel-linux-x86_64-fedora-clang, r-devel-linux-x86_64-fedora-gcc, r-devel-osx-x86_64-clang, r-devel-windows-ix86+x86_64, r-patched-linux-x86_64, r-patched-solaris-sparc, r-patched-solaris-x86, r-release-linux-x86_64, r-release-osx-x86_64-mavericks, r-release-windows-ix86+x86_64, r-oldrel-windows-ix86+x86_64

Version: 1.55
Check: package dependencies
Result: ERROR
    Package required but not available: ‘XML’
    
    See section ‘The DESCRIPTION file’ in the ‘Writing R Extensions’
    manual.
Flavor: r-release-osx-x86_64-snowleopard