CRAN Package Check Results for Package Reol

Last updated on 2017-08-21 09:48:19.

Flavor Version Tinstall Tcheck Ttotal Status Flags
r-devel-linux-x86_64-debian-clang 1.55 1.60 53.74 55.34 NOTE
r-devel-linux-x86_64-debian-gcc 1.55 1.66 51.52 53.18 NOTE
r-devel-linux-x86_64-fedora-clang 1.55 81.02 NOTE
r-devel-linux-x86_64-fedora-gcc 1.55 81.67 NOTE
r-devel-windows-ix86+x86_64 1.55 5.00 141.00 146.00 NOTE
r-patched-linux-x86_64 1.55 1.75 54.77 56.52 NOTE
r-patched-solaris-x86 1.55 97.30 NOTE
r-release-linux-x86_64 1.55 1.67 56.00 57.67 NOTE
r-release-windows-ix86+x86_64 1.55 9.00 86.00 95.00 NOTE
r-release-osx-x86_64 1.55 NOTE
r-oldrel-windows-ix86+x86_64 1.55 5.00 82.00 87.00 NOTE
r-oldrel-osx-x86_64 1.55 NOTE

Check Details

Version: 1.55
Check: R code for possible problems
Result: NOTE
    MakeHierarchyTree: no visible global function definition for
     ‘as.formula’
    Undefined global functions or variables:
     as.formula
    Consider adding
     importFrom("stats", "as.formula")
    to your NAMESPACE file.
Flavors: r-devel-linux-x86_64-debian-clang, r-devel-linux-x86_64-debian-gcc, r-devel-linux-x86_64-fedora-clang, r-devel-linux-x86_64-fedora-gcc, r-devel-windows-ix86+x86_64, r-patched-linux-x86_64, r-patched-solaris-x86, r-release-linux-x86_64, r-release-windows-ix86+x86_64, r-release-osx-x86_64, r-oldrel-windows-ix86+x86_64, r-oldrel-osx-x86_64

Version: 1.55
Check: files in ‘vignettes’
Result: NOTE
    Package has no Sweave vignette sources and no VignetteBuilder field.
Flavors: r-devel-linux-x86_64-debian-clang, r-devel-linux-x86_64-debian-gcc, r-devel-linux-x86_64-fedora-clang, r-devel-linux-x86_64-fedora-gcc, r-devel-windows-ix86+x86_64, r-patched-linux-x86_64, r-patched-solaris-x86, r-release-linux-x86_64, r-release-windows-ix86+x86_64, r-release-osx-x86_64

Version: 1.55
Check: data for non-ASCII characters
Result: NOTE
     Note: found 6 marked UTF-8 strings
Flavors: r-devel-linux-x86_64-fedora-clang, r-devel-linux-x86_64-fedora-gcc, r-patched-solaris-x86, r-release-osx-x86_64, r-oldrel-osx-x86_64