CRAN Package Check Results for Package Reol

Last updated on 2017-02-28 12:49:40.

Flavor Version Tinstall Tcheck Ttotal Status Flags
r-devel-linux-x86_64-debian-clang 1.55 1.74 55.22 56.96 NOTE
r-devel-linux-x86_64-debian-gcc 1.55 1.66 54.75 56.41 NOTE
r-devel-linux-x86_64-fedora-clang 1.55 84.98 NOTE --no-stop-on-test-error
r-devel-linux-x86_64-fedora-gcc 1.55 81.21 NOTE --no-stop-on-test-error
r-devel-macos-x86_64-clang 1.55 65.09 NOTE --no-stop-on-test-error
r-devel-windows-ix86+x86_64 1.55 5.00 112.00 117.00 NOTE
r-patched-linux-x86_64 1.55 1.63 51.62 53.25 NOTE
r-patched-solaris-sparc 1.55 486.00 NOTE
r-patched-solaris-x86 1.55 90.30 NOTE
r-release-linux-x86_64 1.55 1.63 54.42 56.05 NOTE
r-release-osx-x86_64-mavericks 1.55 NOTE
r-release-windows-ix86+x86_64 1.55 6.00 104.00 110.00 NOTE
r-oldrel-windows-ix86+x86_64 1.55 5.00 102.00 107.00 NOTE

Check Details

Version: 1.55
Check: R code for possible problems
Result: NOTE
    MakeHierarchyTree: no visible global function definition for
     ‘as.formula’
    Undefined global functions or variables:
     as.formula
    Consider adding
     importFrom("stats", "as.formula")
    to your NAMESPACE file.
Flavors: r-devel-linux-x86_64-debian-clang, r-devel-linux-x86_64-debian-gcc, r-devel-windows-ix86+x86_64, r-patched-linux-x86_64, r-patched-solaris-sparc, r-patched-solaris-x86, r-release-linux-x86_64, r-release-osx-x86_64-mavericks, r-release-windows-ix86+x86_64

Version: 1.55
Check: files in ‘vignettes’
Result: NOTE
    Package has no Sweave vignette sources and no VignetteBuilder field.
Flavors: r-devel-linux-x86_64-debian-clang, r-devel-linux-x86_64-debian-gcc, r-devel-windows-ix86+x86_64

Version: 1.55
Flags: --no-stop-on-test-error
Check: R code for possible problems
Result: NOTE
    MakeHierarchyTree: no visible global function definition for
     ‘as.formula’
    Undefined global functions or variables:
     as.formula
    Consider adding
     importFrom("stats", "as.formula")
    to your NAMESPACE file.
Flavors: r-devel-linux-x86_64-fedora-clang, r-devel-linux-x86_64-fedora-gcc, r-devel-macos-x86_64-clang

Version: 1.55
Flags: --no-stop-on-test-error
Check: data for non-ASCII characters
Result: NOTE
     Note: found 6 marked UTF-8 strings
Flavors: r-devel-linux-x86_64-fedora-clang, r-devel-linux-x86_64-fedora-gcc, r-devel-macos-x86_64-clang

Version: 1.55
Flags: --no-stop-on-test-error
Check: files in ‘vignettes’
Result: NOTE
    Package has no Sweave vignette sources and no VignetteBuilder field.
Flavors: r-devel-linux-x86_64-fedora-clang, r-devel-linux-x86_64-fedora-gcc, r-devel-macos-x86_64-clang

Version: 1.55
Check: data for non-ASCII characters
Result: NOTE
     Note: found 6 marked UTF-8 strings
Flavors: r-patched-solaris-sparc, r-patched-solaris-x86, r-release-osx-x86_64-mavericks, r-oldrel-windows-ix86+x86_64