CRAN Package Check Results for Package Reol

Last updated on 2014-08-30 03:51:12.

Flavor Version Tinstall Tcheck Ttotal Status Flags
r-devel-linux-x86_64-debian-clang 1.55 1.94 53.49 55.42 NOTE
r-devel-linux-x86_64-debian-gcc 1.55 1.92 54.78 56.70 NOTE
r-devel-linux-x86_64-fedora-clang 1.55 112.17 NOTE
r-devel-linux-x86_64-fedora-gcc 1.55 98.84 NOTE
r-devel-osx-x86_64-clang 1.55 86.49 NOTE
r-devel-windows-ix86+x86_64 1.55 9.00 77.00 86.00 NOTE
r-patched-linux-x86_64 1.55 2.19 60.57 62.76 NOTE
r-patched-solaris-sparc 1.55 588.80 NOTE
r-patched-solaris-x86 1.55 124.60 NOTE
r-release-linux-ix86 1.55 2.53 69.38 71.91 NOTE
r-release-linux-x86_64 1.55 2.03 59.41 61.44 NOTE
r-release-osx-x86_64-mavericks 1.55 NOTE
r-release-osx-x86_64-snowleopard 1.55 NOTE
r-release-windows-ix86+x86_64 1.55 6.00 85.00 91.00 NOTE
r-oldrel-windows-ix86+x86_64 1.55 7.00 88.00 95.00 NOTE

Check Details

Version: 1.55
Check: data for non-ASCII characters
Result: NOTE
     Note: found 6 marked UTF-8 strings
Flavors: r-devel-linux-x86_64-debian-clang, r-devel-linux-x86_64-debian-gcc, r-devel-linux-x86_64-fedora-clang, r-devel-linux-x86_64-fedora-gcc, r-devel-osx-x86_64-clang, r-devel-windows-ix86+x86_64, r-patched-linux-x86_64, r-patched-solaris-sparc, r-patched-solaris-x86, r-release-linux-ix86, r-release-linux-x86_64, r-release-osx-x86_64-mavericks, r-release-osx-x86_64-snowleopard, r-release-windows-ix86+x86_64, r-oldrel-windows-ix86+x86_64