CRAN Package Check Results for Package Reol

Last updated on 2014-10-22 23:49:00.

Flavor Version Tinstall Tcheck Ttotal Status Flags
r-devel-linux-x86_64-debian-clang 1.55 2.14 87.64 89.78 NOTE
r-devel-linux-x86_64-debian-gcc 1.55 1.96 56.94 58.90 NOTE
r-devel-linux-x86_64-fedora-clang 1.55 102.38 NOTE
r-devel-linux-x86_64-fedora-gcc 1.55 95.72 NOTE
r-devel-osx-x86_64-clang 1.55 93.15 NOTE
r-devel-windows-ix86+x86_64 1.55 7.00 72.00 79.00 NOTE
r-patched-linux-x86_64 1.55 2.12 61.23 63.34 NOTE
r-patched-solaris-sparc 1.55 588.80 NOTE
r-patched-solaris-x86 1.55 122.30 NOTE
r-release-linux-ix86 1.55 2.60 70.22 72.82 NOTE
r-release-linux-x86_64 1.55 2.95 59.20 62.15 NOTE
r-release-osx-x86_64-mavericks 1.55 NOTE
r-release-osx-x86_64-snowleopard 1.55 NOTE
r-release-windows-ix86+x86_64 1.55 5.00 86.00 91.00 NOTE
r-oldrel-windows-ix86+x86_64 1.55 6.00 91.00 97.00 NOTE

Check Details

Version: 1.55
Check: data for non-ASCII characters
Result: NOTE
     Note: found 6 marked UTF-8 strings
Flavors: r-devel-linux-x86_64-debian-clang, r-devel-linux-x86_64-debian-gcc, r-devel-linux-x86_64-fedora-clang, r-devel-linux-x86_64-fedora-gcc, r-devel-osx-x86_64-clang, r-devel-windows-ix86+x86_64, r-patched-linux-x86_64, r-patched-solaris-sparc, r-patched-solaris-x86, r-release-linux-ix86, r-release-linux-x86_64, r-release-osx-x86_64-mavericks, r-release-osx-x86_64-snowleopard, r-release-windows-ix86+x86_64, r-oldrel-windows-ix86+x86_64