CRAN Package Check Results for Package Reol

Last updated on 2015-05-30 13:47:32.

Flavor Version Tinstall Tcheck Ttotal Status Flags
r-devel-linux-x86_64-debian-clang 1.55 1.56 48.46 50.01 NOTE
r-devel-linux-x86_64-debian-gcc 1.55 1.53 51.20 52.73 NOTE
r-devel-linux-x86_64-fedora-clang 1.55 84.15 NOTE
r-devel-linux-x86_64-fedora-gcc 1.55 78.90 NOTE
r-devel-osx-x86_64-clang 1.55 86.25 NOTE
r-devel-windows-ix86+x86_64 1.55 5.00 67.00 72.00 NOTE
r-patched-linux-x86_64 1.55 1.55 54.21 55.76 NOTE
r-patched-solaris-sparc 1.55 498.70 NOTE
r-patched-solaris-x86 1.55 100.10 NOTE
r-release-linux-x86_64 1.55 1.53 55.02 56.55 NOTE
r-release-osx-x86_64-mavericks 1.55 NOTE
r-release-osx-x86_64-snowleopard 1.55 ERROR
r-release-windows-ix86+x86_64 1.55 6.00 67.00 73.00 NOTE
r-oldrel-windows-ix86+x86_64 1.55 6.00 75.00 81.00 NOTE

Check Details

Version: 1.55
Check: data for non-ASCII characters
Result: NOTE
     Note: found 6 marked UTF-8 strings
Flavors: r-devel-linux-x86_64-debian-clang, r-devel-linux-x86_64-debian-gcc, r-devel-linux-x86_64-fedora-clang, r-devel-linux-x86_64-fedora-gcc, r-devel-osx-x86_64-clang, r-devel-windows-ix86+x86_64, r-patched-linux-x86_64, r-patched-solaris-sparc, r-patched-solaris-x86, r-release-linux-x86_64, r-release-osx-x86_64-mavericks, r-release-windows-ix86+x86_64, r-oldrel-windows-ix86+x86_64

Version: 1.55
Check: package dependencies
Result: ERROR
    Package required but not available: ‘XML’
    
    See section ‘The DESCRIPTION file’ in the ‘Writing R Extensions’
    manual.
Flavor: r-release-osx-x86_64-snowleopard