CRAN Package Check Results for Package Reol

Last updated on 2015-03-03 19:50:38.

Flavor Version Tinstall Tcheck Ttotal Status Flags
r-devel-linux-x86_64-debian-clang 1.55 1.76 53.84 55.60 NOTE
r-devel-linux-x86_64-debian-gcc 1.55 1.54 50.45 51.99 NOTE
r-devel-linux-x86_64-fedora-clang 1.55 87.41 NOTE
r-devel-linux-x86_64-fedora-gcc 1.55 82.98 NOTE
r-devel-osx-x86_64-clang 1.55 83.00 NOTE
r-devel-windows-ix86+x86_64 1.55 11.00 88.00 99.00 NOTE
r-patched-linux-x86_64 1.55 2.22 58.27 60.50 NOTE
r-patched-solaris-sparc 1.55 609.50 NOTE
r-patched-solaris-x86 1.55 121.50 NOTE
r-release-linux-ix86 1.55 2.61 91.82 94.43 NOTE
r-release-linux-x86_64 1.55 2.00 63.14 65.15 NOTE
r-release-osx-x86_64-mavericks 1.55 NOTE
r-release-osx-x86_64-snowleopard 1.55 NOTE
r-release-windows-ix86+x86_64 1.55 11.00 115.00 126.00 NOTE
r-oldrel-windows-ix86+x86_64 1.55 7.00 81.00 88.00 NOTE

Check Details

Version: 1.55
Check: data for non-ASCII characters
Result: NOTE
     Note: found 6 marked UTF-8 strings
Flavors: r-devel-linux-x86_64-debian-clang, r-devel-linux-x86_64-debian-gcc, r-devel-linux-x86_64-fedora-clang, r-devel-linux-x86_64-fedora-gcc, r-devel-osx-x86_64-clang, r-devel-windows-ix86+x86_64, r-patched-linux-x86_64, r-patched-solaris-sparc, r-patched-solaris-x86, r-release-linux-ix86, r-release-linux-x86_64, r-release-osx-x86_64-mavericks, r-release-osx-x86_64-snowleopard, r-release-windows-ix86+x86_64, r-oldrel-windows-ix86+x86_64