CRAN Package Check Results for Package Reol

Last updated on 2016-05-25 23:48:02.

Flavor Version Tinstall Tcheck Ttotal Status Flags
r-devel-linux-x86_64-debian-gcc 1.55 1.53 52.80 54.32 NOTE
r-devel-linux-x86_64-fedora-clang 1.55 77.39 NOTE
r-devel-linux-x86_64-fedora-gcc 1.55 75.47 NOTE
r-devel-osx-x86_64-clang 1.55 91.01 NOTE
r-devel-windows-ix86+x86_64 1.55 4.00 85.00 89.00 NOTE
r-patched-linux-x86_64 1.55 1.59 49.53 51.12 NOTE
r-patched-solaris-sparc 1.55 476.00 NOTE
r-patched-solaris-x86 1.55 92.70 NOTE
r-release-linux-x86_64 1.55 1.55 51.87 53.42 NOTE
r-release-osx-x86_64-mavericks 1.55 NOTE
r-release-windows-ix86+x86_64 1.55 6.00 162.00 168.00 ERROR
r-oldrel-windows-ix86+x86_64 1.55 6.00 74.00 80.00 NOTE

Check Details

Version: 1.55
Check: R code for possible problems
Result: NOTE
    MakeHierarchyTree: no visible global function definition for
     ‘as.formula’
    Undefined global functions or variables:
     as.formula
    Consider adding
     importFrom("stats", "as.formula")
    to your NAMESPACE file.
Flavors: r-devel-linux-x86_64-debian-gcc, r-devel-linux-x86_64-fedora-clang, r-devel-linux-x86_64-fedora-gcc, r-devel-osx-x86_64-clang, r-devel-windows-ix86+x86_64, r-patched-linux-x86_64, r-patched-solaris-sparc, r-patched-solaris-x86, r-release-linux-x86_64, r-release-osx-x86_64-mavericks, r-release-windows-ix86+x86_64

Version: 1.55
Check: data for non-ASCII characters
Result: NOTE
     Note: found 6 marked UTF-8 strings
Flavors: r-devel-linux-x86_64-fedora-clang, r-devel-linux-x86_64-fedora-gcc, r-devel-osx-x86_64-clang, r-patched-solaris-sparc, r-patched-solaris-x86, r-release-osx-x86_64-mavericks, r-oldrel-windows-ix86+x86_64

Version: 1.55
Check: examples
Result: ERROR
    Running examples in 'Reol-Ex.R' failed
    The error most likely occurred in:
    
    > ### Name: MatchTaxatoEOLID
    > ### Title: Matches Taxa to and eolID
    > ### Aliases: MatchTaxatoEOLID
    >
    > ### ** Examples
    >
    > bears<-c("Ursus americanus", "Ursus thibetanus", "Ursus maritimus")
    > MatchTaxatoEOLID(bears, exact=TRUE)
    XML declaration allowed only at the start of the document
    Opening and ending tag mismatch: hr line 14 and body
    Opening and ending tag mismatch: body line 9 and html
    Premature end of data in tag html line 5
    Error: 1: XML declaration allowed only at the start of the document
    2: Opening and ending tag mismatch: hr line 14 and body
    3: Opening and ending tag mismatch: body line 9 and html
    4: Premature end of data in tag html line 5
    Execution halted
Flavor: r-release-windows-ix86+x86_64