CRAN Package Check Results for Package Reol

Last updated on 2016-08-30 22:47:46.

Flavor Version Tinstall Tcheck Ttotal Status Flags
r-devel-linux-x86_64-debian-clang 1.55 1.44 52.47 53.91 NOTE
r-devel-linux-x86_64-debian-gcc 1.55 1.55 47.55 49.10 NOTE
r-devel-linux-x86_64-fedora-clang 1.55 77.32 NOTE
r-devel-linux-x86_64-fedora-gcc 1.55 74.24 NOTE
r-devel-osx-x86_64-clang 1.55 62.29 NOTE
r-devel-windows-ix86+x86_64 1.55 7.00 120.00 127.00 NOTE
r-patched-linux-x86_64 1.55 1.46 52.07 53.53 NOTE
r-patched-solaris-sparc 1.55 471.90 NOTE
r-patched-solaris-x86 1.55 90.50 NOTE
r-release-linux-x86_64 1.55 1.61 52.48 54.08 NOTE
r-release-osx-x86_64-mavericks 1.55 NOTE
r-release-windows-ix86+x86_64 1.55 7.00 103.00 110.00 NOTE
r-oldrel-windows-ix86+x86_64 1.55 7.00 115.00 122.00 NOTE

Check Details

Version: 1.55
Check: R code for possible problems
Result: NOTE
    MakeHierarchyTree: no visible global function definition for
     ‘as.formula’
    Undefined global functions or variables:
     as.formula
    Consider adding
     importFrom("stats", "as.formula")
    to your NAMESPACE file.
Flavors: r-devel-linux-x86_64-debian-clang, r-devel-linux-x86_64-debian-gcc, r-devel-linux-x86_64-fedora-clang, r-devel-linux-x86_64-fedora-gcc, r-devel-osx-x86_64-clang, r-devel-windows-ix86+x86_64, r-patched-linux-x86_64, r-patched-solaris-sparc, r-patched-solaris-x86, r-release-linux-x86_64, r-release-osx-x86_64-mavericks, r-release-windows-ix86+x86_64

Version: 1.55
Check: data for non-ASCII characters
Result: NOTE
     Note: found 6 marked UTF-8 strings
Flavors: r-devel-linux-x86_64-fedora-clang, r-devel-linux-x86_64-fedora-gcc, r-devel-osx-x86_64-clang, r-patched-solaris-sparc, r-patched-solaris-x86, r-release-osx-x86_64-mavericks, r-oldrel-windows-ix86+x86_64