CRAN Package Check Results for Package Reol

Last updated on 2016-06-27 03:47:49.

Flavor Version Tinstall Tcheck Ttotal Status Flags
r-devel-linux-x86_64-debian-gcc 1.55 1.48 49.76 51.24 NOTE
r-devel-linux-x86_64-fedora-clang 1.55 76.19 NOTE
r-devel-linux-x86_64-fedora-gcc 1.55 73.00 NOTE
r-devel-osx-x86_64-clang 1.55 64.74 NOTE
r-devel-windows-ix86+x86_64 1.55 3.00 82.00 85.00 NOTE
r-patched-linux-x86_64 1.55 1.58 52.89 54.46 NOTE
r-patched-solaris-sparc 1.55 471.90 NOTE
r-patched-solaris-x86 1.55 91.20 NOTE
r-release-linux-x86_64 1.55 1.66 52.31 53.97 NOTE
r-release-osx-x86_64-mavericks 1.55 NOTE
r-release-windows-ix86+x86_64 1.55 4.00 82.00 86.00 NOTE
r-oldrel-windows-ix86+x86_64 1.55 9.00 108.00 117.00 NOTE

Check Details

Version: 1.55
Check: R code for possible problems
Result: NOTE
    MakeHierarchyTree: no visible global function definition for
     ‘as.formula’
    Undefined global functions or variables:
     as.formula
    Consider adding
     importFrom("stats", "as.formula")
    to your NAMESPACE file.
Flavors: r-devel-linux-x86_64-debian-gcc, r-devel-linux-x86_64-fedora-clang, r-devel-linux-x86_64-fedora-gcc, r-devel-osx-x86_64-clang, r-devel-windows-ix86+x86_64, r-patched-linux-x86_64, r-patched-solaris-sparc, r-patched-solaris-x86, r-release-linux-x86_64, r-release-osx-x86_64-mavericks, r-release-windows-ix86+x86_64

Version: 1.55
Check: data for non-ASCII characters
Result: NOTE
     Note: found 6 marked UTF-8 strings
Flavors: r-devel-linux-x86_64-fedora-clang, r-devel-linux-x86_64-fedora-gcc, r-devel-osx-x86_64-clang, r-patched-solaris-sparc, r-patched-solaris-x86, r-release-osx-x86_64-mavericks, r-oldrel-windows-ix86+x86_64