CRAN Package Check Results for Package Reol

Last updated on 2016-02-06 13:48:29.

Flavor Version Tinstall Tcheck Ttotal Status Flags
r-devel-linux-x86_64-debian-gcc 1.55 1.46 45.92 47.38 NOTE
r-devel-linux-x86_64-fedora-clang 1.55 79.32 NOTE
r-devel-linux-x86_64-fedora-gcc 1.55 75.06 NOTE
r-devel-osx-x86_64-clang 1.55 91.33 NOTE
r-devel-windows-ix86+x86_64 1.55 7.00 81.00 88.00 NOTE
r-patched-linux-x86_64 1.55 1.64 63.28 64.91 NOTE
r-patched-solaris-sparc 1.55 474.90 NOTE
r-patched-solaris-x86 1.55 92.80 NOTE
r-release-linux-x86_64 1.55 1.63 48.45 50.08 NOTE
r-release-osx-x86_64-mavericks 1.55 NOTE
r-release-windows-ix86+x86_64 1.55 6.00 78.00 84.00 NOTE
r-oldrel-windows-ix86+x86_64 1.55 11.00 96.00 107.00 NOTE

Check Details

Version: 1.55
Check: R code for possible problems
Result: NOTE
    MakeHierarchyTree: no visible global function definition for
     ‘as.formula’
    Undefined global functions or variables:
     as.formula
    Consider adding
     importFrom("stats", "as.formula")
    to your NAMESPACE.
Flavors: r-devel-linux-x86_64-debian-gcc, r-devel-linux-x86_64-fedora-clang, r-devel-linux-x86_64-fedora-gcc, r-devel-windows-ix86+x86_64

Version: 1.55
Check: data for non-ASCII characters
Result: NOTE
     Note: found 6 marked UTF-8 strings
Flavors: r-devel-linux-x86_64-fedora-clang, r-devel-linux-x86_64-fedora-gcc, r-devel-osx-x86_64-clang, r-patched-linux-x86_64, r-patched-solaris-sparc, r-patched-solaris-x86, r-release-linux-x86_64, r-release-osx-x86_64-mavericks, r-release-windows-ix86+x86_64, r-oldrel-windows-ix86+x86_64

Version: 1.55
Check: R code for possible problems
Result: NOTE
    MakeHierarchyTree: no visible global function definition for
     ‘as.formula’
    Undefined global functions or variables:
     as.formula
    Consider adding
     importFrom("stats", "as.formula")
    to your NAMESPACE file.
Flavor: r-devel-osx-x86_64-clang