CRAN Package Check Results for Package Reol

Last updated on 2014-11-28 19:51:27.

Flavor Version Tinstall Tcheck Ttotal Status Flags
r-devel-linux-x86_64-debian-clang 1.55 1.88 56.97 58.85 NOTE
r-devel-linux-x86_64-debian-gcc 1.55 1.89 52.93 54.82 NOTE
r-devel-linux-x86_64-fedora-clang 1.55 102.73 NOTE
r-devel-linux-x86_64-fedora-gcc 1.55 98.45 NOTE
r-devel-osx-x86_64-clang 1.55 89.76 NOTE
r-devel-windows-ix86+x86_64 1.55 6.00 76.00 82.00 NOTE
r-patched-linux-x86_64 1.55 1.98 66.06 68.04 NOTE
r-patched-solaris-sparc 1.55 588.80 NOTE
r-patched-solaris-x86 1.55 120.50 NOTE
r-release-linux-ix86 1.55 2.37 66.40 68.77 NOTE
r-release-linux-x86_64 1.55 1.98 58.56 60.54 NOTE
r-release-osx-x86_64-mavericks 1.55 NOTE
r-release-osx-x86_64-snowleopard 1.55 NOTE
r-release-windows-ix86+x86_64 1.55 6.00 82.00 88.00 NOTE
r-oldrel-windows-ix86+x86_64 1.55 6.00 83.00 89.00 NOTE

Check Details

Version: 1.55
Check: data for non-ASCII characters
Result: NOTE
     Note: found 6 marked UTF-8 strings
Flavors: r-devel-linux-x86_64-debian-clang, r-devel-linux-x86_64-debian-gcc, r-devel-linux-x86_64-fedora-clang, r-devel-linux-x86_64-fedora-gcc, r-devel-osx-x86_64-clang, r-devel-windows-ix86+x86_64, r-patched-linux-x86_64, r-patched-solaris-sparc, r-patched-solaris-x86, r-release-linux-ix86, r-release-linux-x86_64, r-release-osx-x86_64-mavericks, r-release-osx-x86_64-snowleopard, r-release-windows-ix86+x86_64, r-oldrel-windows-ix86+x86_64