CRAN Package Check Results for Package Reol

Last updated on 2015-07-06 10:47:16.

Flavor Version Tinstall Tcheck Ttotal Status Flags
r-devel-linux-x86_64-debian-clang 1.55 1.51 51.68 53.20 NOTE
r-devel-linux-x86_64-debian-gcc 1.55 1.51 50.15 51.66 NOTE
r-devel-linux-x86_64-fedora-clang 1.55 82.34 NOTE
r-devel-linux-x86_64-fedora-gcc 1.55 77.21 NOTE
r-devel-osx-x86_64-clang 1.55 76.30 NOTE
r-devel-windows-ix86+x86_64 1.55 7.00 70.00 77.00 NOTE
r-patched-linux-x86_64 1.55 1.46 50.27 51.73 NOTE
r-patched-solaris-sparc 1.55 498.70 NOTE
r-patched-solaris-x86 1.55 99.80 NOTE
r-release-linux-x86_64 1.55 1.52 52.30 53.82 NOTE
r-release-osx-x86_64-mavericks 1.55 NOTE
r-release-windows-ix86+x86_64 1.55 7.00 69.00 76.00 NOTE
r-oldrel-windows-ix86+x86_64 1.55 8.00 80.00 88.00 NOTE

Check Details

Version: 1.55
Check: R code for possible problems
Result: NOTE
    MakeHierarchyTree: no visible global function definition for
     ‘as.formula’
    Undefined global functions or variables:
     as.formula
Flavors: r-devel-linux-x86_64-debian-clang, r-devel-linux-x86_64-debian-gcc, r-devel-linux-x86_64-fedora-clang, r-devel-linux-x86_64-fedora-gcc, r-devel-windows-ix86+x86_64

Version: 1.55
Check: data for non-ASCII characters
Result: NOTE
     Note: found 6 marked UTF-8 strings
Flavors: r-devel-linux-x86_64-debian-clang, r-devel-linux-x86_64-debian-gcc, r-devel-linux-x86_64-fedora-clang, r-devel-linux-x86_64-fedora-gcc, r-devel-osx-x86_64-clang, r-devel-windows-ix86+x86_64, r-patched-linux-x86_64, r-patched-solaris-sparc, r-patched-solaris-x86, r-release-linux-x86_64, r-release-osx-x86_64-mavericks, r-release-windows-ix86+x86_64, r-oldrel-windows-ix86+x86_64