CRAN Package Check Results for Package Reol

Last updated on 2015-08-04 09:47:32.

Flavor Version Tinstall Tcheck Ttotal Status Flags
r-devel-linux-x86_64-debian-clang 1.55 1.56 51.36 52.92 NOTE
r-devel-linux-x86_64-debian-gcc 1.55 1.48 50.80 52.28 NOTE
r-devel-linux-x86_64-fedora-clang 1.55 82.99 NOTE
r-devel-linux-x86_64-fedora-gcc 1.55 77.81 NOTE
r-devel-osx-x86_64-clang 1.55 73.79 NOTE
r-devel-windows-ix86+x86_64 1.55 9.00 80.00 89.00 NOTE
r-patched-linux-x86_64 1.55 1.85 50.71 52.56 NOTE
r-patched-solaris-sparc 1.55 516.60 NOTE
r-patched-solaris-x86 1.55 99.30 NOTE
r-release-linux-x86_64 1.55 1.98 50.95 52.93 NOTE
r-release-osx-x86_64-mavericks 1.55 NOTE
r-release-windows-ix86+x86_64 1.55 7.00 101.00 108.00 NOTE
r-oldrel-windows-ix86+x86_64 1.55 7.00 121.00 128.00 NOTE

Check Details

Version: 1.55
Check: R code for possible problems
Result: NOTE
    MakeHierarchyTree: no visible global function definition for
     ‘as.formula’
    Undefined global functions or variables:
     as.formula
    Consider adding
     importFrom("stats", "as.formula")
    to your NAMESPACE.
Flavors: r-devel-linux-x86_64-debian-clang, r-devel-linux-x86_64-debian-gcc, r-devel-linux-x86_64-fedora-clang, r-devel-linux-x86_64-fedora-gcc, r-devel-windows-ix86+x86_64

Version: 1.55
Check: data for non-ASCII characters
Result: NOTE
     Note: found 6 marked UTF-8 strings
Flavors: r-devel-linux-x86_64-debian-clang, r-devel-linux-x86_64-debian-gcc, r-devel-linux-x86_64-fedora-clang, r-devel-linux-x86_64-fedora-gcc, r-devel-osx-x86_64-clang, r-devel-windows-ix86+x86_64, r-patched-linux-x86_64, r-patched-solaris-sparc, r-patched-solaris-x86, r-release-linux-x86_64, r-release-osx-x86_64-mavericks, r-release-windows-ix86+x86_64, r-oldrel-windows-ix86+x86_64