CRAN Package Check Results for Package Reol

Last updated on 2016-07-25 18:50:34.

Flavor Version Tinstall Tcheck Ttotal Status Flags
r-devel-linux-x86_64-debian-clang 1.55 2.46 58.40 60.86 NOTE
r-devel-linux-x86_64-debian-gcc 1.55 2.13 57.99 60.12 NOTE
r-devel-linux-x86_64-fedora-clang 1.55 77.07 NOTE
r-devel-linux-x86_64-fedora-gcc 1.55 73.05 NOTE
r-devel-osx-x86_64-clang 1.55 61.63 NOTE
r-devel-windows-ix86+x86_64 1.55 6.00 110.00 116.00 NOTE
r-patched-linux-x86_64 1.55 1.90 57.92 59.82 NOTE
r-patched-solaris-sparc 1.55 471.90 NOTE
r-patched-solaris-x86 1.55 90.90 NOTE
r-release-linux-x86_64 1.55 2.42 58.64 61.05 NOTE
r-release-osx-x86_64-mavericks 1.55 NOTE
r-release-windows-ix86+x86_64 1.55 7.00 76.00 83.00 NOTE
r-oldrel-windows-ix86+x86_64 1.55 6.00 79.00 85.00 NOTE

Check Details

Version: 1.55
Check: R code for possible problems
Result: NOTE
    MakeHierarchyTree: no visible global function definition for
     ‘as.formula’
    Undefined global functions or variables:
     as.formula
    Consider adding
     importFrom("stats", "as.formula")
    to your NAMESPACE file.
Flavors: r-devel-linux-x86_64-debian-clang, r-devel-linux-x86_64-debian-gcc, r-devel-linux-x86_64-fedora-clang, r-devel-linux-x86_64-fedora-gcc, r-devel-osx-x86_64-clang, r-devel-windows-ix86+x86_64, r-patched-linux-x86_64, r-patched-solaris-sparc, r-patched-solaris-x86, r-release-linux-x86_64, r-release-osx-x86_64-mavericks, r-release-windows-ix86+x86_64

Version: 1.55
Check: data for non-ASCII characters
Result: NOTE
     Note: found 6 marked UTF-8 strings
Flavors: r-devel-linux-x86_64-fedora-clang, r-devel-linux-x86_64-fedora-gcc, r-devel-osx-x86_64-clang, r-patched-solaris-sparc, r-patched-solaris-x86, r-release-osx-x86_64-mavericks, r-oldrel-windows-ix86+x86_64