CRAN Package Check Results for Package Reol

Last updated on 2014-04-23 17:47:52.

Flavor Version Tinstall Tcheck Ttotal Status Flags
r-devel-linux-x86_64-debian-clang 1.55 2.19 63.16 65.35 NOTE
r-devel-linux-x86_64-debian-gcc 1.55 2.24 62.00 64.24 NOTE
r-devel-linux-x86_64-fedora-clang 1.55 113.78 NOTE
r-devel-linux-x86_64-fedora-gcc 1.55 109.95 NOTE
r-devel-osx-x86_64-clang 1.55 53.66 NOTE
r-devel-osx-x86_64-gcc 1.53 ERROR
r-devel-windows-ix86+x86_64 1.55 7.00 79.00 86.00 NOTE
r-patched-linux-x86_64 1.55 2.17 58.36 60.53 NOTE
r-patched-solaris-sparc 1.55 593.30 NOTE
r-patched-solaris-x86 1.55 123.00 NOTE
r-release-linux-ix86 1.55 4.00 86.00 90.00 NOTE
r-release-linux-x86_64 1.55 2.24 63.94 66.18 NOTE
r-release-osx-x86_64-mavericks 1.55 NOTE
r-release-osx-x86_64-snowleopard 1.53 NOTE
r-release-windows-ix86+x86_64 1.55 6.00 81.00 87.00 NOTE
r-oldrel-windows-ix86+x86_64 1.55 7.00 78.00 85.00 NOTE

Check Details

Version: 1.55
Check: data for non-ASCII characters
Result: NOTE
     Note: found 6 marked UTF-8 strings
Flavors: r-devel-linux-x86_64-debian-clang, r-devel-linux-x86_64-debian-gcc, r-devel-linux-x86_64-fedora-clang, r-devel-linux-x86_64-fedora-gcc, r-devel-osx-x86_64-clang, r-devel-windows-ix86+x86_64, r-patched-linux-x86_64, r-patched-solaris-sparc, r-patched-solaris-x86, r-release-linux-ix86, r-release-linux-x86_64, r-release-osx-x86_64-mavericks, r-release-windows-ix86+x86_64, r-oldrel-windows-ix86+x86_64

Version: 1.53
Check: package dependencies
Result: ERROR
    Package required but not available: ‘XML’
    
    See the information on DESCRIPTION files in the chapter ‘Creating R
    packages’ of the ‘Writing R Extensions’ manual.
Flavor: r-devel-osx-x86_64-gcc

Version: 1.53
Check: data for non-ASCII characters
Result: NOTE
     Note: found 6 marked UTF-8 strings
Flavor: r-release-osx-x86_64-snowleopard