CRAN Package Check Results for Package Reol

Last updated on 2014-07-25 10:52:04.

Flavor Version Tinstall Tcheck Ttotal Status Flags
r-devel-linux-x86_64-debian-clang 1.55 2.08 59.02 61.09 NOTE
r-devel-linux-x86_64-debian-gcc 1.55 1.97 57.54 59.51 NOTE
r-devel-linux-x86_64-fedora-clang 1.55 110.91 NOTE
r-devel-linux-x86_64-fedora-gcc 1.55 106.56 NOTE
r-devel-osx-x86_64-clang 1.55 88.84 NOTE
r-devel-windows-ix86+x86_64 1.55 6.00 79.00 85.00 NOTE
r-patched-linux-x86_64 1.55 2.15 59.19 61.34 NOTE
r-patched-solaris-sparc 1.55 593.30 NOTE
r-patched-solaris-x86 1.55 126.50 NOTE
r-release-linux-ix86 1.55 2.64 69.36 72.00 NOTE
r-release-linux-x86_64 1.55 2.12 58.85 60.97 NOTE
r-release-osx-x86_64-mavericks 1.55 NOTE
r-release-osx-x86_64-snowleopard 1.55 NOTE
r-release-windows-ix86+x86_64 1.55 6.00 86.00 92.00 NOTE
r-oldrel-windows-ix86+x86_64 1.55 6.00 77.00 83.00 NOTE

Check Details

Version: 1.55
Check: data for non-ASCII characters
Result: NOTE
     Note: found 6 marked UTF-8 strings
Flavors: r-devel-linux-x86_64-debian-clang, r-devel-linux-x86_64-debian-gcc, r-devel-linux-x86_64-fedora-clang, r-devel-linux-x86_64-fedora-gcc, r-devel-osx-x86_64-clang, r-devel-windows-ix86+x86_64, r-patched-linux-x86_64, r-patched-solaris-sparc, r-patched-solaris-x86, r-release-linux-ix86, r-release-linux-x86_64, r-release-osx-x86_64-mavericks, r-release-osx-x86_64-snowleopard, r-release-windows-ix86+x86_64, r-oldrel-windows-ix86+x86_64