CRAN Package Check Results for Package Reol

Last updated on 2017-10-21 22:46:55.

Flavor Version Tinstall Tcheck Ttotal Status Flags
r-devel-linux-x86_64-debian-clang 1.55 1.78 51.36 53.14 NOTE
r-devel-linux-x86_64-debian-gcc 1.55 2.09 53.48 55.57 NOTE
r-devel-linux-x86_64-fedora-clang 1.55 82.92 NOTE
r-devel-linux-x86_64-fedora-gcc 1.55 84.38 NOTE
r-devel-windows-ix86+x86_64 1.55 5.00 104.00 109.00 NOTE
r-patched-linux-x86_64 1.55 1.66 51.18 52.84 NOTE
r-patched-solaris-x86 1.55 97.80 NOTE
r-release-linux-x86_64 1.55 1.66 48.83 50.49 NOTE
r-release-windows-ix86+x86_64 1.55 10.00 109.00 119.00 NOTE
r-release-osx-x86_64 1.55 NOTE
r-oldrel-windows-ix86+x86_64 1.55 4.00 107.00 111.00 NOTE
r-oldrel-osx-x86_64 1.55 NOTE

Check Details

Version: 1.55
Check: R code for possible problems
Result: NOTE
    MakeHierarchyTree: no visible global function definition for
     ‘as.formula’
    Undefined global functions or variables:
     as.formula
    Consider adding
     importFrom("stats", "as.formula")
    to your NAMESPACE file.
Flavors: r-devel-linux-x86_64-debian-clang, r-devel-linux-x86_64-debian-gcc, r-devel-linux-x86_64-fedora-clang, r-devel-linux-x86_64-fedora-gcc, r-devel-windows-ix86+x86_64, r-patched-linux-x86_64, r-patched-solaris-x86, r-release-linux-x86_64, r-release-windows-ix86+x86_64, r-release-osx-x86_64, r-oldrel-windows-ix86+x86_64, r-oldrel-osx-x86_64

Version: 1.55
Check: files in ‘vignettes’
Result: NOTE
    Package has no Sweave vignette sources and no VignetteBuilder field.
Flavors: r-devel-linux-x86_64-debian-clang, r-devel-linux-x86_64-debian-gcc, r-devel-linux-x86_64-fedora-clang, r-devel-linux-x86_64-fedora-gcc, r-devel-windows-ix86+x86_64, r-patched-linux-x86_64, r-patched-solaris-x86, r-release-linux-x86_64, r-release-windows-ix86+x86_64, r-release-osx-x86_64

Version: 1.55
Check: data for non-ASCII characters
Result: NOTE
     Note: found 6 marked UTF-8 strings
Flavors: r-devel-linux-x86_64-fedora-clang, r-devel-linux-x86_64-fedora-gcc, r-patched-solaris-x86, r-release-osx-x86_64, r-oldrel-osx-x86_64