CRAN Package Check Results for Package Reol

Last updated on 2016-09-29 23:47:46.

Flavor Version Tinstall Tcheck Ttotal Status Flags
r-devel-linux-x86_64-debian-clang 1.55 1.48 50.38 51.86 NOTE
r-devel-linux-x86_64-debian-gcc 1.55 1.52 45.05 46.57 NOTE
r-devel-linux-x86_64-fedora-clang 1.55 82.92 NOTE
r-devel-linux-x86_64-fedora-gcc 1.55 73.57 NOTE
r-devel-macos-x86_64-clang 1.55 59.49 NOTE
r-devel-windows-ix86+x86_64 1.55 5.00 95.00 100.00 NOTE
r-patched-linux-x86_64 1.55 1.46 44.89 46.35 NOTE
r-patched-solaris-sparc 1.55 471.90 NOTE
r-patched-solaris-x86 1.55 89.90 NOTE
r-release-linux-x86_64 1.55 1.53 48.29 49.82 NOTE
r-release-osx-x86_64-mavericks 1.55 NOTE
r-release-windows-ix86+x86_64 1.55 5.00 92.00 97.00 NOTE
r-oldrel-windows-ix86+x86_64 1.55 10.00 96.00 106.00 NOTE

Check Details

Version: 1.55
Check: R code for possible problems
Result: NOTE
    MakeHierarchyTree: no visible global function definition for
     ‘as.formula’
    Undefined global functions or variables:
     as.formula
    Consider adding
     importFrom("stats", "as.formula")
    to your NAMESPACE file.
Flavors: r-devel-linux-x86_64-debian-clang, r-devel-linux-x86_64-debian-gcc, r-devel-linux-x86_64-fedora-clang, r-devel-linux-x86_64-fedora-gcc, r-devel-macos-x86_64-clang, r-devel-windows-ix86+x86_64, r-patched-linux-x86_64, r-patched-solaris-sparc, r-patched-solaris-x86, r-release-linux-x86_64, r-release-osx-x86_64-mavericks, r-release-windows-ix86+x86_64

Version: 1.55
Check: files in ‘vignettes’
Result: NOTE
    Package has no Sweave vignette sources and no VignetteBuilder field.
Flavors: r-devel-linux-x86_64-debian-clang, r-devel-linux-x86_64-debian-gcc, r-devel-linux-x86_64-fedora-clang, r-devel-linux-x86_64-fedora-gcc, r-devel-macos-x86_64-clang, r-devel-windows-ix86+x86_64

Version: 1.55
Check: data for non-ASCII characters
Result: NOTE
     Note: found 6 marked UTF-8 strings
Flavors: r-devel-linux-x86_64-fedora-clang, r-devel-linux-x86_64-fedora-gcc, r-devel-macos-x86_64-clang, r-patched-solaris-sparc, r-patched-solaris-x86, r-release-osx-x86_64-mavericks, r-oldrel-windows-ix86+x86_64