CRAN Package Check Results for Package Reol

Last updated on 2014-12-20 01:49:25.

Flavor Version Tinstall Tcheck Ttotal Status Flags
r-devel-linux-x86_64-debian-clang 1.55 2.04 54.98 57.02 NOTE
r-devel-linux-x86_64-debian-gcc 1.55 2.04 57.42 59.46 NOTE
r-devel-linux-x86_64-fedora-clang 1.55 102.71 NOTE
r-devel-linux-x86_64-fedora-gcc 1.55 95.85 NOTE
r-devel-osx-x86_64-clang 1.55 94.06 NOTE
r-devel-windows-ix86+x86_64 1.55 6.00 73.00 79.00 NOTE
r-patched-linux-x86_64 1.55 2.00 60.91 62.91 NOTE
r-patched-solaris-sparc 1.55 588.80 NOTE
r-patched-solaris-x86 1.55 124.10 NOTE
r-release-linux-ix86 1.55 2.46 67.01 69.47 NOTE
r-release-linux-x86_64 1.55 2.00 61.35 63.36 NOTE
r-release-osx-x86_64-mavericks 1.55 NOTE
r-release-osx-x86_64-snowleopard 1.55 NOTE
r-release-windows-ix86+x86_64 1.55 7.00 87.00 94.00 NOTE
r-oldrel-windows-ix86+x86_64 1.55 7.00 78.00 85.00 NOTE

Check Details

Version: 1.55
Check: data for non-ASCII characters
Result: NOTE
     Note: found 6 marked UTF-8 strings
Flavors: r-devel-linux-x86_64-debian-clang, r-devel-linux-x86_64-debian-gcc, r-devel-linux-x86_64-fedora-clang, r-devel-linux-x86_64-fedora-gcc, r-devel-osx-x86_64-clang, r-devel-windows-ix86+x86_64, r-patched-linux-x86_64, r-patched-solaris-sparc, r-patched-solaris-x86, r-release-linux-ix86, r-release-linux-x86_64, r-release-osx-x86_64-mavericks, r-release-osx-x86_64-snowleopard, r-release-windows-ix86+x86_64, r-oldrel-windows-ix86+x86_64