CRAN Package Check Results for Package Reol

Last updated on 2015-02-01 15:47:45.

Flavor Version Tinstall Tcheck Ttotal Status Flags
r-devel-linux-x86_64-debian-clang 1.55 1.71 80.04 81.75 NOTE
r-devel-linux-x86_64-debian-gcc 1.55 1.54 49.73 51.28 NOTE
r-devel-linux-x86_64-fedora-clang 1.55 97.02 NOTE
r-devel-linux-x86_64-fedora-gcc 1.55 83.06 NOTE
r-devel-osx-x86_64-clang 1.55 89.42 NOTE
r-devel-windows-ix86+x86_64 1.55 7.00 65.00 72.00 NOTE
r-patched-linux-x86_64 1.55 2.10 61.24 63.34 NOTE
r-patched-solaris-sparc 1.55 618.50 NOTE
r-patched-solaris-x86 1.55 120.10 NOTE
r-release-linux-ix86 1.55 2.52 70.58 73.09 NOTE
r-release-linux-x86_64 1.55 2.05 65.35 67.40 NOTE
r-release-osx-x86_64-mavericks 1.55 NOTE
r-release-osx-x86_64-snowleopard 1.55 NOTE
r-release-windows-ix86+x86_64 1.55 7.00 88.00 95.00 NOTE
r-oldrel-windows-ix86+x86_64 1.55 7.00 81.00 88.00 NOTE

Check Details

Version: 1.55
Check: data for non-ASCII characters
Result: NOTE
     Note: found 6 marked UTF-8 strings
Flavors: r-devel-linux-x86_64-debian-clang, r-devel-linux-x86_64-debian-gcc, r-devel-linux-x86_64-fedora-clang, r-devel-linux-x86_64-fedora-gcc, r-devel-osx-x86_64-clang, r-devel-windows-ix86+x86_64, r-patched-linux-x86_64, r-patched-solaris-sparc, r-patched-solaris-x86, r-release-linux-ix86, r-release-linux-x86_64, r-release-osx-x86_64-mavericks, r-release-osx-x86_64-snowleopard, r-release-windows-ix86+x86_64, r-oldrel-windows-ix86+x86_64