CRAN Package Check Results for Package Reol

Last updated on 2017-06-22 13:47:11.

Flavor Version Tinstall Tcheck Ttotal Status Flags
r-devel-linux-x86_64-debian-clang 1.55 1.66 58.80 60.46 NOTE
r-devel-linux-x86_64-debian-gcc 1.55 1.89 60.91 62.80 NOTE
r-devel-linux-x86_64-fedora-clang 1.55 83.90 NOTE
r-devel-linux-x86_64-fedora-gcc 1.55 81.92 NOTE
r-devel-windows-ix86+x86_64 1.55 10.00 102.00 112.00 NOTE
r-patched-linux-x86_64 1.55 1.68 63.83 65.51 NOTE
r-patched-solaris-sparc 1.55 493.20 NOTE
r-patched-solaris-x86 1.55 97.70 NOTE
r-release-linux-x86_64 1.55 1.68 55.50 57.18 NOTE
r-release-windows-ix86+x86_64 1.55 8.00 118.00 126.00 NOTE
r-release-osx-x86_64 1.55 NOTE
r-oldrel-windows-ix86+x86_64 1.55 8.00 87.00 95.00 NOTE
r-oldrel-osx-x86_64 1.55 NOTE

Check Details

Version: 1.55
Check: R code for possible problems
Result: NOTE
    MakeHierarchyTree: no visible global function definition for
     ‘as.formula’
    Undefined global functions or variables:
     as.formula
    Consider adding
     importFrom("stats", "as.formula")
    to your NAMESPACE file.
Flavors: r-devel-linux-x86_64-debian-clang, r-devel-linux-x86_64-debian-gcc, r-devel-linux-x86_64-fedora-clang, r-devel-linux-x86_64-fedora-gcc, r-devel-windows-ix86+x86_64, r-patched-linux-x86_64, r-patched-solaris-sparc, r-patched-solaris-x86, r-release-linux-x86_64, r-release-windows-ix86+x86_64, r-release-osx-x86_64, r-oldrel-windows-ix86+x86_64, r-oldrel-osx-x86_64

Version: 1.55
Check: files in ‘vignettes’
Result: NOTE
    Package has no Sweave vignette sources and no VignetteBuilder field.
Flavors: r-devel-linux-x86_64-debian-clang, r-devel-linux-x86_64-debian-gcc, r-devel-linux-x86_64-fedora-clang, r-devel-linux-x86_64-fedora-gcc, r-devel-windows-ix86+x86_64, r-patched-linux-x86_64, r-patched-solaris-sparc, r-patched-solaris-x86, r-release-linux-x86_64, r-release-windows-ix86+x86_64, r-release-osx-x86_64

Version: 1.55
Check: data for non-ASCII characters
Result: NOTE
     Note: found 6 marked UTF-8 strings
Flavors: r-devel-linux-x86_64-fedora-clang, r-devel-linux-x86_64-fedora-gcc, r-patched-solaris-sparc, r-patched-solaris-x86, r-release-osx-x86_64, r-oldrel-osx-x86_64