CRAN Package Check Results for Package Reol

Last updated on 2017-04-27 10:48:43.

Flavor Version Tinstall Tcheck Ttotal Status Flags
r-devel-linux-x86_64-debian-clang 1.55 1.72 55.27 56.99 NOTE
r-devel-linux-x86_64-debian-gcc 1.55 1.67 52.51 54.18 NOTE
r-devel-linux-x86_64-fedora-clang 1.55 84.12 NOTE --no-stop-on-test-error
r-devel-linux-x86_64-fedora-gcc 1.55 80.70 NOTE --no-stop-on-test-error
r-devel-windows-ix86+x86_64 1.55 5.00 111.00 116.00 NOTE
r-patched-linux-x86_64 1.55 1.72 54.34 56.05 NOTE
r-patched-solaris-sparc 1.55 493.20 NOTE
r-patched-solaris-x86 1.55 95.80 NOTE
r-release-linux-x86_64 1.55 1.64 56.54 58.18 NOTE
r-release-windows-ix86+x86_64 1.55 5.00 90.00 95.00 NOTE
r-release-osx-x86_64 1.55 NOTE
r-oldrel-windows-ix86+x86_64 1.55 4.00 117.00 121.00 NOTE
r-oldrel-osx-x86_64 1.55 NOTE

Check Details

Version: 1.55
Check: R code for possible problems
Result: NOTE
    MakeHierarchyTree: no visible global function definition for
     ‘as.formula’
    Undefined global functions or variables:
     as.formula
    Consider adding
     importFrom("stats", "as.formula")
    to your NAMESPACE file.
Flavors: r-devel-linux-x86_64-debian-clang, r-devel-linux-x86_64-debian-gcc, r-devel-windows-ix86+x86_64, r-patched-linux-x86_64, r-patched-solaris-sparc, r-patched-solaris-x86, r-release-linux-x86_64, r-release-windows-ix86+x86_64, r-release-osx-x86_64, r-oldrel-windows-ix86+x86_64, r-oldrel-osx-x86_64

Version: 1.55
Check: files in ‘vignettes’
Result: NOTE
    Package has no Sweave vignette sources and no VignetteBuilder field.
Flavors: r-devel-linux-x86_64-debian-clang, r-devel-linux-x86_64-debian-gcc, r-devel-windows-ix86+x86_64, r-patched-linux-x86_64, r-patched-solaris-sparc, r-patched-solaris-x86, r-release-linux-x86_64, r-release-windows-ix86+x86_64, r-release-osx-x86_64

Version: 1.55
Flags: --no-stop-on-test-error
Check: R code for possible problems
Result: NOTE
    MakeHierarchyTree: no visible global function definition for
     ‘as.formula’
    Undefined global functions or variables:
     as.formula
    Consider adding
     importFrom("stats", "as.formula")
    to your NAMESPACE file.
Flavors: r-devel-linux-x86_64-fedora-clang, r-devel-linux-x86_64-fedora-gcc

Version: 1.55
Flags: --no-stop-on-test-error
Check: data for non-ASCII characters
Result: NOTE
     Note: found 6 marked UTF-8 strings
Flavors: r-devel-linux-x86_64-fedora-clang, r-devel-linux-x86_64-fedora-gcc

Version: 1.55
Flags: --no-stop-on-test-error
Check: files in ‘vignettes’
Result: NOTE
    Package has no Sweave vignette sources and no VignetteBuilder field.
Flavors: r-devel-linux-x86_64-fedora-clang, r-devel-linux-x86_64-fedora-gcc

Version: 1.55
Check: data for non-ASCII characters
Result: NOTE
     Note: found 6 marked UTF-8 strings
Flavors: r-patched-solaris-sparc, r-patched-solaris-x86, r-release-osx-x86_64, r-oldrel-osx-x86_64