CRAN Package Check Results for Package RepeatedHighDim

Last updated on 2014-04-17 06:46:56.

Flavor Version Tinstall Tcheck Ttotal Status Flags
r-devel-linux-x86_64-debian-clang 2.0.0 0.80 128.93 129.72 NOTE
r-devel-linux-x86_64-debian-gcc 2.0.0 0.85 21.25 22.10 NOTE
r-devel-linux-x86_64-fedora-clang 2.0.0 42.86 NOTE
r-devel-linux-x86_64-fedora-gcc 2.0.0 40.48 NOTE
r-devel-macosx-x86_64-clang 2.0.0 40.11 NOTE
r-devel-macosx-x86_64-gcc 2.0.0 NOTE
r-devel-windows-ix86+x86_64 2.0.0 3.00 31.00 34.00 NOTE
r-patched-linux-x86_64 2.0.0 0.88 21.08 21.95 NOTE
r-patched-solaris-sparc 2.0.0 241.20 NOTE
r-patched-solaris-x86 2.0.0 55.50 NOTE
r-release-linux-ix86 2.0.0 2.00 39.00 41.00 NOTE
r-release-linux-x86_64 2.0.0 0.82 20.88 21.71 NOTE
r-release-macosx-x86_64 2.0.0 OK
r-release-windows-ix86+x86_64 2.0.0 3.00 32.00 35.00 NOTE
r-oldrel-windows-ix86+x86_64 2.0.0 3.00 40.00 43.00 NOTE

Check Details

Version: 2.0.0
Check: dependencies in R code
Result: NOTE
    Packages in Depends field not imported from:
     ‘MASS’ ‘nlme’
     These packages need to be imported from (in the NAMESPACE file)
     for when this namespace is loaded but not attached.
    See the information on DESCRIPTION files in the chapter ‘Creating R
    packages’ of the ‘Writing R Extensions’ manual.
Flavors: r-devel-linux-x86_64-debian-clang, r-devel-linux-x86_64-debian-gcc, r-devel-linux-x86_64-fedora-clang, r-devel-linux-x86_64-fedora-gcc, r-devel-macosx-x86_64-clang, r-devel-macosx-x86_64-gcc, r-devel-windows-ix86+x86_64, r-patched-linux-x86_64, r-patched-solaris-sparc, r-patched-solaris-x86, r-release-linux-ix86, r-release-linux-x86_64, r-release-windows-ix86+x86_64, r-oldrel-windows-ix86+x86_64