CRAN Package Check Results for Package RepeatedHighDim

Last updated on 2014-07-25 14:47:42.

Flavor Version Tinstall Tcheck Ttotal Status Flags
r-devel-linux-x86_64-debian-clang 2.0.0 0.76 20.30 21.06 NOTE
r-devel-linux-x86_64-debian-gcc 2.0.0 0.75 21.38 22.14 NOTE
r-devel-linux-x86_64-fedora-clang 2.0.0 43.39 NOTE
r-devel-linux-x86_64-fedora-gcc 2.0.0 41.55 NOTE
r-devel-osx-x86_64-clang 2.0.0 39.48 NOTE
r-devel-windows-ix86+x86_64 2.0.0 3.00 33.00 36.00 NOTE
r-patched-linux-x86_64 2.0.0 0.77 19.86 20.63 NOTE
r-patched-solaris-sparc 2.0.0 241.20 NOTE
r-patched-solaris-x86 2.0.0 54.90 NOTE
r-release-linux-ix86 2.0.0 1.08 28.05 29.12 NOTE
r-release-linux-x86_64 2.0.0 0.80 20.32 21.12 NOTE
r-release-osx-x86_64-mavericks 2.0.0 NOTE
r-release-osx-x86_64-snowleopard 2.0.0 OK
r-release-windows-ix86+x86_64 2.0.0 3.00 37.00 40.00 NOTE
r-oldrel-windows-ix86+x86_64 2.0.0 4.00 33.00 37.00 NOTE

Check Details

Version: 2.0.0
Check: dependencies in R code
Result: NOTE
    Packages in Depends field not imported from:
     ‘MASS’ ‘nlme’
     These packages need to be imported from (in the NAMESPACE file)
     for when this namespace is loaded but not attached.
    See the information on DESCRIPTION files in the chapter ‘Creating R
    packages’ of the ‘Writing R Extensions’ manual.
Flavors: r-devel-linux-x86_64-debian-clang, r-devel-linux-x86_64-debian-gcc, r-devel-linux-x86_64-fedora-clang, r-devel-linux-x86_64-fedora-gcc, r-devel-osx-x86_64-clang, r-devel-windows-ix86+x86_64, r-patched-linux-x86_64, r-patched-solaris-sparc, r-patched-solaris-x86, r-release-linux-ix86, r-release-linux-x86_64, r-release-osx-x86_64-mavericks, r-release-windows-ix86+x86_64, r-oldrel-windows-ix86+x86_64