CRAN Package Check Results for Package RepeatedHighDim

Last updated on 2017-04-24 20:47:37.

Flavor Version Tinstall Tcheck Ttotal Status Flags
r-devel-linux-x86_64-debian-clang 2.0.0 0.90 21.20 22.11 NOTE
r-devel-linux-x86_64-debian-gcc 2.0.0 0.91 20.56 21.46 NOTE
r-devel-linux-x86_64-fedora-clang 2.0.0 37.92 NOTE --no-stop-on-test-error
r-devel-linux-x86_64-fedora-gcc 2.0.0 36.91 NOTE --no-stop-on-test-error
r-devel-windows-ix86+x86_64 2.0.0 NOTE
r-patched-linux-x86_64 2.0.0 0.89 20.73 21.62 NOTE
r-patched-solaris-sparc 2.0.0 232.00 NOTE
r-patched-solaris-x86 2.0.0 48.70 NOTE
r-release-linux-x86_64 2.0.0 1.01 20.74 21.75 NOTE
r-release-windows-ix86+x86_64 2.0.0 3.00 43.00 46.00 NOTE
r-release-osx-x86_64 2.0.0 NOTE
r-oldrel-windows-ix86+x86_64 2.0.0 3.00 41.00 44.00 NOTE
r-oldrel-osx-x86_64 2.0.0 NOTE

Check Details

Version: 2.0.0
Check: DESCRIPTION meta-information
Result: NOTE
    Malformed Title field: should not end in a period.
Flavors: r-devel-linux-x86_64-debian-clang, r-devel-linux-x86_64-debian-gcc, r-devel-windows-ix86+x86_64, r-patched-linux-x86_64, r-patched-solaris-sparc, r-patched-solaris-x86, r-release-linux-x86_64, r-release-windows-ix86+x86_64, r-release-osx-x86_64, r-oldrel-windows-ix86+x86_64, r-oldrel-osx-x86_64

Version: 2.0.0
Check: dependencies in R code
Result: NOTE
    Packages in Depends field not imported from:
     ‘MASS’ ‘nlme’
     These packages need to be imported from (in the NAMESPACE file)
     for when this namespace is loaded but not attached.
Flavors: r-devel-linux-x86_64-debian-clang, r-devel-linux-x86_64-debian-gcc, r-devel-windows-ix86+x86_64, r-patched-linux-x86_64, r-patched-solaris-sparc, r-patched-solaris-x86, r-release-linux-x86_64, r-release-windows-ix86+x86_64, r-release-osx-x86_64, r-oldrel-windows-ix86+x86_64, r-oldrel-osx-x86_64

Version: 2.0.0
Check: R code for possible problems
Result: NOTE
    GlobTestMissing: no visible global function definition for ‘lme’
    GlobTestMissing: no visible global function definition for ‘anova’
    TestStatSP: no visible global function definition for ‘pf’
    TestStatSimple: no visible global function definition for ‘ginv’
    TestStatSimple: no visible global function definition for ‘pf’
    Undefined global functions or variables:
     anova ginv lme pf
    Consider adding
     importFrom("stats", "anova", "pf")
    to your NAMESPACE file.
Flavors: r-devel-linux-x86_64-debian-clang, r-devel-linux-x86_64-debian-gcc, r-devel-windows-ix86+x86_64, r-patched-linux-x86_64, r-patched-solaris-sparc, r-patched-solaris-x86, r-release-linux-x86_64, r-release-windows-ix86+x86_64, r-release-osx-x86_64, r-oldrel-windows-ix86+x86_64, r-oldrel-osx-x86_64

Version: 2.0.0
Flags: --no-stop-on-test-error
Check: DESCRIPTION meta-information
Result: NOTE
    Malformed Title field: should not end in a period.
Flavors: r-devel-linux-x86_64-fedora-clang, r-devel-linux-x86_64-fedora-gcc

Version: 2.0.0
Flags: --no-stop-on-test-error
Check: dependencies in R code
Result: NOTE
    Packages in Depends field not imported from:
     ‘MASS’ ‘nlme’
     These packages need to be imported from (in the NAMESPACE file)
     for when this namespace is loaded but not attached.
Flavors: r-devel-linux-x86_64-fedora-clang, r-devel-linux-x86_64-fedora-gcc

Version: 2.0.0
Flags: --no-stop-on-test-error
Check: R code for possible problems
Result: NOTE
    GlobTestMissing: no visible global function definition for ‘lme’
    GlobTestMissing: no visible global function definition for ‘anova’
    TestStatSP: no visible global function definition for ‘pf’
    TestStatSimple: no visible global function definition for ‘ginv’
    TestStatSimple: no visible global function definition for ‘pf’
    Undefined global functions or variables:
     anova ginv lme pf
    Consider adding
     importFrom("stats", "anova", "pf")
    to your NAMESPACE file.
Flavors: r-devel-linux-x86_64-fedora-clang, r-devel-linux-x86_64-fedora-gcc