CRAN Package Check Results for Package RepeatedHighDim

Last updated on 2015-05-26 08:48:04.

Flavor Version Tinstall Tcheck Ttotal Status Flags
r-devel-linux-x86_64-debian-clang 2.0.0 0.69 18.85 19.54 NOTE
r-devel-linux-x86_64-debian-gcc 2.0.0 0.66 17.74 18.40 NOTE
r-devel-linux-x86_64-fedora-clang 2.0.0 36.43 NOTE
r-devel-linux-x86_64-fedora-gcc 2.0.0 35.18 NOTE
r-devel-osx-x86_64-clang 2.0.0 35.98 NOTE
r-devel-windows-ix86+x86_64 2.0.0 3.00 37.00 40.00 NOTE
r-patched-linux-x86_64 2.0.0 0.72 18.17 18.89 NOTE
r-patched-solaris-sparc 2.0.0 228.90 NOTE
r-patched-solaris-x86 2.0.0 50.00 NOTE
r-release-linux-x86_64 2.0.0 0.69 18.14 18.83 NOTE
r-release-osx-x86_64-mavericks 2.0.0 NOTE
r-release-osx-x86_64-snowleopard 2.0.0 NOTE
r-release-windows-ix86+x86_64 2.0.0 3.00 34.00 37.00 NOTE
r-oldrel-windows-ix86+x86_64 2.0.0 4.00 32.00 36.00 NOTE

Check Details

Version: 2.0.0
Check: DESCRIPTION meta-information
Result: NOTE
    Malformed Title field: should not end in a period.
Flavors: r-devel-linux-x86_64-debian-clang, r-devel-linux-x86_64-debian-gcc, r-devel-linux-x86_64-fedora-clang, r-devel-linux-x86_64-fedora-gcc, r-devel-osx-x86_64-clang, r-devel-windows-ix86+x86_64, r-patched-linux-x86_64, r-patched-solaris-sparc, r-patched-solaris-x86, r-release-linux-x86_64, r-release-osx-x86_64-mavericks, r-release-osx-x86_64-snowleopard, r-release-windows-ix86+x86_64

Version: 2.0.0
Check: dependencies in R code
Result: NOTE
    Packages in Depends field not imported from:
     ‘MASS’ ‘nlme’
     These packages need to be imported from (in the NAMESPACE file)
     for when this namespace is loaded but not attached.
Flavors: r-devel-linux-x86_64-debian-clang, r-devel-linux-x86_64-debian-gcc, r-devel-linux-x86_64-fedora-clang, r-devel-linux-x86_64-fedora-gcc, r-devel-osx-x86_64-clang, r-devel-windows-ix86+x86_64, r-patched-linux-x86_64, r-patched-solaris-sparc, r-patched-solaris-x86, r-release-linux-x86_64, r-release-osx-x86_64-mavericks, r-release-osx-x86_64-snowleopard, r-release-windows-ix86+x86_64, r-oldrel-windows-ix86+x86_64

Version: 2.0.0
Check: R code for possible problems
Result: NOTE
    GlobTestMissing: no visible global function definition for ‘lme’
    TestStatSimple: no visible global function definition for ‘ginv’
Flavors: r-devel-linux-x86_64-debian-clang, r-devel-linux-x86_64-debian-gcc, r-devel-linux-x86_64-fedora-clang, r-devel-linux-x86_64-fedora-gcc, r-devel-osx-x86_64-clang, r-devel-windows-ix86+x86_64, r-patched-linux-x86_64, r-patched-solaris-sparc, r-patched-solaris-x86, r-release-linux-x86_64, r-release-osx-x86_64-mavericks, r-release-osx-x86_64-snowleopard, r-release-windows-ix86+x86_64, r-oldrel-windows-ix86+x86_64