CRAN Package Check Results for Package RepeatedHighDim

Last updated on 2015-07-02 19:47:31.

Flavor Version Tinstall Tcheck Ttotal Status Flags
r-devel-linux-x86_64-debian-clang 2.0.0 0.76 18.59 19.35 NOTE
r-devel-linux-x86_64-debian-gcc 2.0.0 0.67 17.74 18.41 NOTE
r-devel-linux-x86_64-fedora-clang 2.0.0 35.72 NOTE
r-devel-linux-x86_64-fedora-gcc 2.0.0 34.41 NOTE
r-devel-osx-x86_64-clang 2.0.0 33.96 NOTE
r-devel-windows-ix86+x86_64 2.0.0 3.00 32.00 35.00 NOTE
r-patched-linux-x86_64 2.0.0 0.69 18.71 19.40 NOTE
r-patched-solaris-sparc 2.0.0 228.90 NOTE
r-patched-solaris-x86 2.0.0 49.70 NOTE
r-release-linux-x86_64 2.0.0 0.69 18.11 18.80 NOTE
r-release-osx-x86_64-mavericks 2.0.0 NOTE
r-release-windows-ix86+x86_64 2.0.0 3.00 32.00 35.00 NOTE
r-oldrel-windows-ix86+x86_64 2.0.0 4.00 34.00 38.00 NOTE

Check Details

Version: 2.0.0
Check: DESCRIPTION meta-information
Result: NOTE
    Malformed Title field: should not end in a period.
Flavors: r-devel-linux-x86_64-debian-clang, r-devel-linux-x86_64-debian-gcc, r-devel-linux-x86_64-fedora-clang, r-devel-linux-x86_64-fedora-gcc, r-devel-osx-x86_64-clang, r-devel-windows-ix86+x86_64, r-patched-linux-x86_64, r-patched-solaris-sparc, r-patched-solaris-x86, r-release-linux-x86_64, r-release-osx-x86_64-mavericks, r-release-windows-ix86+x86_64

Version: 2.0.0
Check: dependencies in R code
Result: NOTE
    Packages in Depends field not imported from:
     ‘MASS’ ‘nlme’
     These packages need to be imported from (in the NAMESPACE file)
     for when this namespace is loaded but not attached.
Flavors: r-devel-linux-x86_64-debian-clang, r-devel-linux-x86_64-debian-gcc, r-devel-linux-x86_64-fedora-clang, r-devel-linux-x86_64-fedora-gcc, r-devel-osx-x86_64-clang, r-devel-windows-ix86+x86_64, r-patched-linux-x86_64, r-patched-solaris-sparc, r-patched-solaris-x86, r-release-linux-x86_64, r-release-osx-x86_64-mavericks, r-release-windows-ix86+x86_64, r-oldrel-windows-ix86+x86_64

Version: 2.0.0
Check: R code for possible problems
Result: NOTE
    GlobTestMissing: no visible global function definition for ‘lme’
    GlobTestMissing: no visible global function definition for ‘anova’
    TestStatSP: no visible global function definition for ‘pf’
    TestStatSimple: no visible global function definition for ‘ginv’
    TestStatSimple: no visible global function definition for ‘pf’
    Undefined global functions or variables:
     anova ginv lme pf
Flavors: r-devel-linux-x86_64-debian-clang, r-devel-linux-x86_64-fedora-clang, r-devel-linux-x86_64-fedora-gcc

Version: 2.0.0
Check: R code for possible problems
Result: NOTE
    GlobTestMissing: no visible global function definition for ‘lme’
    GlobTestMissing: no visible global function definition for ‘anova’
    TestStatSP: no visible global function definition for ‘pf’
    TestStatSimple: no visible global function definition for ‘ginv’
    TestStatSimple: no visible global function definition for ‘pf’
Flavors: r-devel-linux-x86_64-debian-gcc, r-devel-windows-ix86+x86_64

Version: 2.0.0
Check: R code for possible problems
Result: NOTE
    GlobTestMissing: no visible global function definition for ‘lme’
    TestStatSimple: no visible global function definition for ‘ginv’
    Undefined global functions or variables:
     ginv lme
Flavor: r-devel-osx-x86_64-clang

Version: 2.0.0
Check: R code for possible problems
Result: NOTE
    GlobTestMissing: no visible global function definition for ‘lme’
    TestStatSimple: no visible global function definition for ‘ginv’
Flavors: r-patched-linux-x86_64, r-patched-solaris-sparc, r-patched-solaris-x86, r-release-linux-x86_64, r-release-osx-x86_64-mavericks, r-release-windows-ix86+x86_64, r-oldrel-windows-ix86+x86_64