CRAN Package Check Results for Package RepeatedHighDim

Last updated on 2016-09-26 11:51:47.

Flavor Version Tinstall Tcheck Ttotal Status Flags
r-devel-linux-x86_64-debian-clang 2.0.0 0.72 18.50 19.22 NOTE
r-devel-linux-x86_64-debian-gcc 2.0.0 0.78 18.61 19.38 NOTE
r-devel-linux-x86_64-fedora-clang 2.0.0 35.66 NOTE
r-devel-linux-x86_64-fedora-gcc 2.0.0 33.74 NOTE
r-devel-macos-x86_64-clang 2.0.0 28.55 NOTE
r-devel-windows-ix86+x86_64 2.0.0 5.00 56.00 61.00 NOTE
r-patched-linux-x86_64 2.0.0 0.65 18.19 18.84 NOTE
r-patched-solaris-sparc 2.0.0 215.40 NOTE
r-patched-solaris-x86 2.0.0 43.70 NOTE
r-release-linux-x86_64 2.0.0 0.69 18.30 18.99 NOTE
r-release-osx-x86_64-mavericks 2.0.0 NOTE
r-release-windows-ix86+x86_64 2.0.0 8.00 64.00 72.00 NOTE
r-oldrel-windows-ix86+x86_64 2.0.0 6.00 48.00 54.00 NOTE

Check Details

Version: 2.0.0
Check: DESCRIPTION meta-information
Result: NOTE
    Malformed Title field: should not end in a period.
Flavors: r-devel-linux-x86_64-debian-clang, r-devel-linux-x86_64-debian-gcc, r-devel-linux-x86_64-fedora-clang, r-devel-linux-x86_64-fedora-gcc, r-devel-macos-x86_64-clang, r-devel-windows-ix86+x86_64, r-patched-linux-x86_64, r-patched-solaris-sparc, r-patched-solaris-x86, r-release-linux-x86_64, r-release-osx-x86_64-mavericks, r-release-windows-ix86+x86_64, r-oldrel-windows-ix86+x86_64

Version: 2.0.0
Check: dependencies in R code
Result: NOTE
    Packages in Depends field not imported from:
     ‘MASS’ ‘nlme’
     These packages need to be imported from (in the NAMESPACE file)
     for when this namespace is loaded but not attached.
Flavors: r-devel-linux-x86_64-debian-clang, r-devel-linux-x86_64-debian-gcc, r-devel-linux-x86_64-fedora-clang, r-devel-linux-x86_64-fedora-gcc, r-devel-macos-x86_64-clang, r-devel-windows-ix86+x86_64, r-patched-linux-x86_64, r-patched-solaris-sparc, r-patched-solaris-x86, r-release-linux-x86_64, r-release-osx-x86_64-mavericks, r-release-windows-ix86+x86_64, r-oldrel-windows-ix86+x86_64

Version: 2.0.0
Check: R code for possible problems
Result: NOTE
    GlobTestMissing: no visible global function definition for ‘lme’
    GlobTestMissing: no visible global function definition for ‘anova’
    TestStatSP: no visible global function definition for ‘pf’
    TestStatSimple: no visible global function definition for ‘ginv’
    TestStatSimple: no visible global function definition for ‘pf’
    Undefined global functions or variables:
     anova ginv lme pf
    Consider adding
     importFrom("stats", "anova", "pf")
    to your NAMESPACE file.
Flavors: r-devel-linux-x86_64-debian-clang, r-devel-linux-x86_64-debian-gcc, r-devel-linux-x86_64-fedora-clang, r-devel-linux-x86_64-fedora-gcc, r-devel-macos-x86_64-clang, r-devel-windows-ix86+x86_64, r-patched-linux-x86_64, r-patched-solaris-sparc, r-patched-solaris-x86, r-release-linux-x86_64, r-release-osx-x86_64-mavericks, r-release-windows-ix86+x86_64

Version: 2.0.0
Check: R code for possible problems
Result: NOTE
    GlobTestMissing: no visible global function definition for 'lme'
    TestStatSimple: no visible global function definition for 'ginv'
Flavor: r-oldrel-windows-ix86+x86_64