CRAN Package Check Results for Package RepeatedHighDim

Last updated on 2015-01-29 16:48:35.

Flavor Version Tinstall Tcheck Ttotal Status Flags
r-devel-linux-x86_64-debian-clang 2.0.0 0.72 18.31 19.04 NOTE
r-devel-linux-x86_64-debian-gcc 2.0.0 0.70 18.29 19.00 NOTE
r-devel-linux-x86_64-fedora-clang 2.0.0 40.37 NOTE
r-devel-linux-x86_64-fedora-gcc 2.0.0 38.06 NOTE
r-devel-osx-x86_64-clang 2.0.0 40.59 NOTE
r-devel-windows-ix86+x86_64 2.0.0 4.00 33.00 37.00 NOTE
r-patched-linux-x86_64 2.0.0 0.79 20.78 21.58 NOTE
r-patched-solaris-sparc 2.0.0 256.00 NOTE
r-patched-solaris-x86 2.0.0 55.90 NOTE
r-release-linux-ix86 2.0.0 1.07 27.45 28.52 NOTE
r-release-linux-x86_64 2.0.0 0.79 22.10 22.89 NOTE
r-release-osx-x86_64-mavericks 2.0.0 NOTE
r-release-osx-x86_64-snowleopard 2.0.0 OK
r-release-windows-ix86+x86_64 2.0.0 4.00 35.00 39.00 NOTE
r-oldrel-windows-ix86+x86_64 2.0.0 4.00 39.00 43.00 NOTE

Check Details

Version: 2.0.0
Check: dependencies in R code
Result: NOTE
    Packages in Depends field not imported from:
     ‘MASS’ ‘nlme’
     These packages need to be imported from (in the NAMESPACE file)
     for when this namespace is loaded but not attached.
Flavors: r-devel-linux-x86_64-debian-clang, r-devel-linux-x86_64-debian-gcc, r-devel-linux-x86_64-fedora-clang, r-devel-linux-x86_64-fedora-gcc, r-devel-osx-x86_64-clang, r-devel-windows-ix86+x86_64

Version: 2.0.0
Check: R code for possible problems
Result: NOTE
    GlobTestMissing: no visible global function definition for ‘lme’
    TestStatSimple: no visible global function definition for ‘ginv’
Flavors: r-devel-linux-x86_64-debian-clang, r-devel-linux-x86_64-debian-gcc, r-devel-linux-x86_64-fedora-clang, r-devel-linux-x86_64-fedora-gcc, r-devel-osx-x86_64-clang, r-devel-windows-ix86+x86_64, r-patched-linux-x86_64, r-patched-solaris-sparc, r-patched-solaris-x86, r-release-linux-ix86, r-release-linux-x86_64, r-release-osx-x86_64-mavericks, r-release-windows-ix86+x86_64

Version: 2.0.0
Check: dependencies in R code
Result: NOTE
    Packages in Depends field not imported from:
     ‘MASS’ ‘nlme’
     These packages need to be imported from (in the NAMESPACE file)
     for when this namespace is loaded but not attached.
    See the information on DESCRIPTION files in the chapter ‘Creating R
    packages’ of the ‘Writing R Extensions’ manual.
Flavors: r-patched-linux-x86_64, r-patched-solaris-sparc, r-patched-solaris-x86, r-release-linux-ix86, r-release-linux-x86_64, r-release-osx-x86_64-mavericks, r-release-windows-ix86+x86_64, r-oldrel-windows-ix86+x86_64